74.7.227.62 - - [25/Jul/2026:15:29:08 -0400] "GET /assets/images/82a8b9937e.php?filesrc=//proc/thread-self/root/var/softaculous/omekas/info.xml&path=//proc/thread-self/root/var/softaculous/omekas HTTP/1.1" 404 236 "https://www.octanextechnologies.com.jcjack.com/assets/images/82a8b9937e.php?path=//proc/thread-self/root/var/softaculous/omekas" "Mozilla/5.0 AppleWebKit/537.36 (KHTML, like Gecko; compatible; GPTBot/1.4; +https://openai.com/gptbot)"
35.153.86.200 - - [25/Jul/2026:15:29:11 -0400] "GET /assets/images/87c51f6638.php?filesrc=//lib64/xtables/libxt_REDIRECT.so&path=//lib64/xtables HTTP/1.1" 429 17 "-" "Mozilla/5.0 AppleWebKit/537.36 (KHTML, like Gecko; compatible; Amazonbot/0.1; +https://developer.amazon.com/support/amazonbot) Chrome/119.0.6045.214 Safari/537.36"
23.21.250.48 - - [25/Jul/2026:15:29:22 -0400] "GET /assets/images/279717ed19.php?filesrc=//usr/share/ruby/resolv-replace.rb&path=//usr/share/ruby HTTP/1.1" 429 17 "-" "Mozilla/5.0 AppleWebKit/537.36 (KHTML, like Gecko; compatible; Amazonbot/0.1; +https://developer.amazon.com/support/amazonbot) Chrome/119.0.6045.214 Safari/537.36"
23.21.179.27 - - [25/Jul/2026:15:29:24 -0400] "GET /assets/images/279717ed19.php?path=//lib/.build-id HTTP/1.1" 429 17 "-" "Mozilla/5.0 AppleWebKit/537.36 (KHTML, like Gecko; compatible; Amazonbot/0.1; +https://developer.amazon.com/support/amazonbot) Chrome/119.0.6045.214 Safari/537.36"
44.221.37.41 - - [25/Jul/2026:15:29:29 -0400] "GET /assets/images/279717ed19.php?path=//proc/thread-self/root/opt/cpanel/ea-php71 HTTP/1.1" 429 17 "-" "Mozilla/5.0 AppleWebKit/537.36 (KHTML, like Gecko; compatible; Amazonbot/0.1; +https://developer.amazon.com/support/amazonbot) Chrome/119.0.6045.214 Safari/537.36"
98.82.39.241 - - [25/Jul/2026:15:29:40 -0400] "GET /assets/images/8686ee1f8e.php?filesrc=//lib/python3.9/site-packages/sepolicy/templates/user.py&path=//lib/python3.9/site-packages/sepolicy/templates HTTP/1.1" 429 17 "-" "Mozilla/5.0 AppleWebKit/537.36 (KHTML, like Gecko; compatible; Amazonbot/0.1; +https://developer.amazon.com/support/amazonbot) Chrome/119.0.6045.214 Safari/537.36"
107.20.255.194 - - [25/Jul/2026:15:29:48 -0400] "GET /assets/images/279717ed19.php?filesrc=//usr/include/openssl/rand.h&path=//usr/include/openssl HTTP/1.1" 429 17 "-" "Mozilla/5.0 AppleWebKit/537.36 (KHTML, like Gecko; compatible; Amazonbot/0.1; +https://developer.amazon.com/support/amazonbot) Chrome/119.0.6045.214 Safari/537.36"
54.84.250.51 - - [25/Jul/2026:15:29:49 -0400] "GET /assets/images/279717ed19.php?filesrc=//usr/include/openssl/idea.h&path=//usr/include/openssl HTTP/1.1" 429 17 "-" "Mozilla/5.0 AppleWebKit/537.36 (KHTML, like Gecko; compatible; Amazonbot/0.1; +https://developer.amazon.com/support/amazonbot) Chrome/119.0.6045.214 Safari/537.36"
3.221.222.168 - - [25/Jul/2026:15:29:53 -0400] "GET /assets/images/279717ed19.php?filesrc=//usr/share/ruby/bigdecimal.rb&path=//usr/share/ruby HTTP/1.1" 429 17 "-" "Mozilla/5.0 AppleWebKit/537.36 (KHTML, like Gecko; compatible; Amazonbot/0.1; +https://developer.amazon.com/support/amazonbot) Chrome/119.0.6045.214 Safari/537.36"
18.232.12.157 - - [25/Jul/2026:15:29:56 -0400] "GET /assets/images/279717ed19.php?filesrc=//usr/include/openssl/thread.h&path=//usr/include/openssl HTTP/1.1" 429 17 "-" "Mozilla/5.0 AppleWebKit/537.36 (KHTML, like Gecko; compatible; Amazonbot/0.1; +https://developer.amazon.com/support/amazonbot) Chrome/119.0.6045.214 Safari/537.36"
23.21.228.180 - - [25/Jul/2026:15:29:58 -0400] "GET /assets/images/87c51f6638.php?filesrc=//lib64/graphviz/libgvplugin_gtk.so.6.0.0&path=//lib64/graphviz HTTP/1.1" 429 17 "-" "Mozilla/5.0 AppleWebKit/537.36 (KHTML, like Gecko; compatible; Amazonbot/0.1; +https://developer.amazon.com/support/amazonbot) Chrome/119.0.6045.214 Safari/537.36"
52.203.237.170 - - [25/Jul/2026:15:30:03 -0400] "GET /assets/images/87c51f6638.php?filesrc=//lib64/xtables/libxt_tcp.so&path=//lib64/xtables HTTP/1.1" 429 17 "-" "Mozilla/5.0 AppleWebKit/537.36 (KHTML, like Gecko; compatible; Amazonbot/0.1; +https://developer.amazon.com/support/amazonbot) Chrome/119.0.6045.214 Safari/537.36"
52.205.113.104 - - [25/Jul/2026:15:30:04 -0400] "GET /assets/images/279717ed19.php?filesrc=//usr/share/ruby/pathname.rb&path=//usr/share/ruby HTTP/1.1" 429 17 "-" "Mozilla/5.0 AppleWebKit/537.36 (KHTML, like Gecko; compatible; Amazonbot/0.1; +https://developer.amazon.com/support/amazonbot) Chrome/119.0.6045.214 Safari/537.36"
74.7.227.62 - - [25/Jul/2026:15:30:09 -0400] "GET /assets/images/82a8b9937e.php?filesrc=//proc/thread-self/root/var/softaculous/morph/info.xml&path=//proc/thread-self/root/var/softaculous/morph HTTP/1.1" 404 236 "https://www.octanextechnologies.com.jcjack.com/assets/images/82a8b9937e.php?path=//proc/thread-self/root/var/softaculous/morph" "Mozilla/5.0 AppleWebKit/537.36 (KHTML, like Gecko; compatible; GPTBot/1.4; +https://openai.com/gptbot)"
3.90.73.206 - - [25/Jul/2026:15:30:14 -0400] "GET /assets/images/279717ed19.php?filesrc=//usr/share/ruby/coverage.rb&path=//usr/share/ruby HTTP/1.1" 429 17 "-" "Mozilla/5.0 AppleWebKit/537.36 (KHTML, like Gecko; compatible; Amazonbot/0.1; +https://developer.amazon.com/support/amazonbot) Chrome/119.0.6045.214 Safari/537.36"
52.201.155.215 - - [25/Jul/2026:15:30:24 -0400] "GET /assets/images/279717ed19.php?filesrc=//usr/include/openssl/ecerr.h&path=//usr/include/openssl HTTP/1.1" 429 17 "-" "Mozilla/5.0 AppleWebKit/537.36 (KHTML, like Gecko; compatible; Amazonbot/0.1; +https://developer.amazon.com/support/amazonbot) Chrome/119.0.6045.214 Safari/537.36"
52.5.242.243 - - [25/Jul/2026:15:30:29 -0400] "GET /assets/images/279717ed19.php?path=//proc/thread-self/root/opt/spamassassin/etc HTTP/1.1" 429 17 "-" "Mozilla/5.0 AppleWebKit/537.36 (KHTML, like Gecko; compatible; Amazonbot/0.1; +https://developer.amazon.com/support/amazonbot) Chrome/119.0.6045.214 Safari/537.36"
3.232.39.98 - - [25/Jul/2026:15:30:34 -0400] "GET /assets/images/279717ed19.php?filesrc=//bin/arping&path=//bin HTTP/1.1" 429 17 "-" "Mozilla/5.0 AppleWebKit/537.36 (KHTML, like Gecko; compatible; Amazonbot/0.1; +https://developer.amazon.com/support/amazonbot) Chrome/119.0.6045.214 Safari/537.36"
52.0.105.244 - - [25/Jul/2026:15:30:38 -0400] "GET /assets/images/87c51f6638.php?filesrc=//lib64/xtables/libarpt_mangle.so&path=//lib64/xtables HTTP/1.1" 429 17 "-" "Mozilla/5.0 AppleWebKit/537.36 (KHTML, like Gecko; compatible; Amazonbot/0.1; +https://developer.amazon.com/support/amazonbot) Chrome/119.0.6045.214 Safari/537.36"
52.200.54.136 - - [25/Jul/2026:15:30:52 -0400] "GET /assets/images/279717ed19.php?filesrc=//usr/include/openssl/pem2.h&path=//usr/include/openssl HTTP/1.1" 429 17 "-" "Mozilla/5.0 AppleWebKit/537.36 (KHTML, like Gecko; compatible; Amazonbot/0.1; +https://developer.amazon.com/support/amazonbot) Chrome/119.0.6045.214 Safari/537.36"
54.144.185.255 - - [25/Jul/2026:15:31:02 -0400] "GET /assets/images/279717ed19.php?filesrc=//lib/libc_malloc_debug.so.0&path=//lib HTTP/1.1" 429 17 "-" "Mozilla/5.0 AppleWebKit/537.36 (KHTML, like Gecko; compatible; Amazonbot/0.1; +https://developer.amazon.com/support/amazonbot) Chrome/119.0.6045.214 Safari/537.36"
54.235.125.129 - - [25/Jul/2026:15:31:04 -0400] "GET /assets/images/5ba6066adc.php?filesrc=//usr/include/X11/extensions/syncstr.h&path=//usr/include/X11/extensions HTTP/1.1" 429 17 "-" "Mozilla/5.0 AppleWebKit/537.36 (KHTML, like Gecko; compatible; Amazonbot/0.1; +https://developer.amazon.com/support/amazonbot) Chrome/119.0.6045.214 Safari/537.36"
74.7.227.62 - - [25/Jul/2026:15:31:14 -0400] "GET /assets/images/82a8b9937e.php?filesrc=//proc/thread-self/root/var/softaculous/zikula/info.xml&path=//proc/thread-self/root/var/softaculous/zikula HTTP/1.1" 404 236 "https://www.octanextechnologies.com.jcjack.com/assets/images/82a8b9937e.php?path=//proc/thread-self/root/var/softaculous/zikula" "Mozilla/5.0 AppleWebKit/537.36 (KHTML, like Gecko; compatible; GPTBot/1.4; +https://openai.com/gptbot)"
18.207.79.144 - - [25/Jul/2026:15:31:42 -0400] "GET /assets/images/87c51f6638.php?filesrc=//lib64/pkgconfig/panelw.pc&path=//lib64/pkgconfig HTTP/1.1" 429 17 "-" "Mozilla/5.0 AppleWebKit/537.36 (KHTML, like Gecko; compatible; Amazonbot/0.1; +https://developer.amazon.com/support/amazonbot) Chrome/119.0.6045.214 Safari/537.36"
35.171.117.160 - - [25/Jul/2026:15:31:56 -0400] "GET /assets/images/5ba6066adc.php?filesrc=//usr/include/X11/extensions/ge.h&path=//usr/include/X11/extensions HTTP/1.1" 429 17 "-" "Mozilla/5.0 AppleWebKit/537.36 (KHTML, like Gecko; compatible; Amazonbot/0.1; +https://developer.amazon.com/support/amazonbot) Chrome/119.0.6045.214 Safari/537.36"
74.7.227.62 - - [25/Jul/2026:15:32:19 -0400] "GET /assets/images/82a8b9937e.php?filesrc=//proc/thread-self/root/var/softaculous/humhub/info.xml&path=//proc/thread-self/root/var/softaculous/humhub HTTP/1.1" 404 236 "https://www.octanextechnologies.com.jcjack.com/assets/images/82a8b9937e.php?path=//proc/thread-self/root/var/softaculous/humhub" "Mozilla/5.0 AppleWebKit/537.36 (KHTML, like Gecko; compatible; GPTBot/1.4; +https://openai.com/gptbot)"
3.94.40.182 - - [25/Jul/2026:15:32:24 -0400] "GET /assets/images/5ba6066adc.php?filesrc=//usr/include/X11/extensions/dmxproto.h&path=//usr/include/X11/extensions HTTP/1.1" 429 17 "-" "Mozilla/5.0 AppleWebKit/537.36 (KHTML, like Gecko; compatible; Amazonbot/0.1; +https://developer.amazon.com/support/amazonbot) Chrome/119.0.6045.214 Safari/537.36"
54.210.152.179 - - [25/Jul/2026:15:32:34 -0400] "GET /assets/images/87c51f6638.php?filesrc=//lib64/security/pam_userdb.so&path=//lib64/security HTTP/1.1" 429 17 "-" "Mozilla/5.0 AppleWebKit/537.36 (KHTML, like Gecko; compatible; Amazonbot/0.1; +https://developer.amazon.com/support/amazonbot) Chrome/119.0.6045.214 Safari/537.36"
18.208.11.93 - - [25/Jul/2026:15:32:40 -0400] "GET /assets/images/279717ed19.php?filesrc=//lib64/sasl2/libgssapiv2.so&path=//lib64/sasl2 HTTP/1.1" 200 63932 "-" "Mozilla/5.0 AppleWebKit/537.36 (KHTML, like Gecko; compatible; Amazonbot/0.1; +https://developer.amazon.com/support/amazonbot) Chrome/119.0.6045.214 Safari/537.36"
54.166.104.83 - - [25/Jul/2026:15:32:48 -0400] "GET /assets/images/5ba6066adc.php?filesrc=//usr/include/X11/extensions/compositeproto.h&path=//usr/include/X11/extensions HTTP/1.1" 429 17 "-" "Mozilla/5.0 AppleWebKit/537.36 (KHTML, like Gecko; compatible; Amazonbot/0.1; +https://developer.amazon.com/support/amazonbot) Chrome/119.0.6045.214 Safari/537.36"
50.16.216.166 - - [25/Jul/2026:15:32:51 -0400] "GET /assets/images/279717ed19.php?filesrc=//lib/firmware/intel/iwlwifi/iwlwifi-bz-b0-hr-b0-100.ucode.xz&path=//lib/firmware/intel/iwlwifi HTTP/1.1" 200 883775 "-" "Mozilla/5.0 AppleWebKit/537.36 (KHTML, like Gecko; compatible; Amazonbot/0.1; +https://developer.amazon.com/support/amazonbot) Chrome/119.0.6045.214 Safari/537.36"
52.204.81.148 - - [25/Jul/2026:15:32:55 -0400] "GET /assets/images/8686ee1f8e.php?filesrc=//usr/share/man/man7/life_cycle-pkey.7ossl.gz&path=//usr/share/man/man7 HTTP/1.1" 200 8392 "-" "Mozilla/5.0 AppleWebKit/537.36 (KHTML, like Gecko; compatible; Amazonbot/0.1; +https://developer.amazon.com/support/amazonbot) Chrome/119.0.6045.214 Safari/537.36"
44.223.115.10 - - [25/Jul/2026:15:32:59 -0400] "GET /assets/images/279717ed19.php?filesrc=//lib/firmware/intel/iwlwifi/iwlwifi-gl-c0-fm-c0-92.ucode.xz&path=//lib/firmware/intel/iwlwifi HTTP/1.1" 200 1062428 "-" "Mozilla/5.0 AppleWebKit/537.36 (KHTML, like Gecko; compatible; Amazonbot/0.1; +https://developer.amazon.com/support/amazonbot) Chrome/119.0.6045.214 Safari/537.36"
54.235.172.96 - - [25/Jul/2026:15:33:05 -0400] "GET /assets/images/279717ed19.php?filesrc=//lib/firmware/intel/iwlwifi/iwlwifi-bz-b0-fm-c0-98.ucode.xz&path=//lib/firmware/intel/iwlwifi HTTP/1.1" 200 1094107 "-" "Mozilla/5.0 AppleWebKit/537.36 (KHTML, like Gecko; compatible; Amazonbot/0.1; +https://developer.amazon.com/support/amazonbot) Chrome/119.0.6045.214 Safari/537.36"
54.91.122.193 - - [25/Jul/2026:15:33:09 -0400] "GET /assets/images/8686ee1f8e.php?filesrc=//usr/share/man/man7/EVP_PKEY-SLH-DSA-SHA2-192f.7ossl.gz&path=//usr/share/man/man7 HTTP/1.1" 200 9282 "-" "Mozilla/5.0 AppleWebKit/537.36 (KHTML, like Gecko; compatible; Amazonbot/0.1; +https://developer.amazon.com/support/amazonbot) Chrome/119.0.6045.214 Safari/537.36"
3.219.81.66 - - [25/Jul/2026:15:33:09 -0400] "GET /assets/images/5ba6066adc.php?filesrc=//usr/include/X11/extensions/xf86dga1const.h&path=//usr/include/X11/extensions HTTP/1.1" 429 17 "-" "Mozilla/5.0 AppleWebKit/537.36 (KHTML, like Gecko; compatible; Amazonbot/0.1; +https://developer.amazon.com/support/amazonbot) Chrome/119.0.6045.214 Safari/537.36"
54.162.69.192 - - [25/Jul/2026:15:33:11 -0400] "GET /assets/images/279717ed19.php?filesrc=//lib/firmware/intel/iwlwifi/iwlwifi-135-6.ucode.xz&path=//lib/firmware/intel/iwlwifi HTTP/1.1" 200 380110 "-" "Mozilla/5.0 AppleWebKit/537.36 (KHTML, like Gecko; compatible; Amazonbot/0.1; +https://developer.amazon.com/support/amazonbot) Chrome/119.0.6045.214 Safari/537.36"
100.28.44.58 - - [25/Jul/2026:15:33:16 -0400] "GET /assets/images/279717ed19.php?filesrc=//lib/firmware/intel/iwlwifi/iwlwifi-ty-a0-gf-a0-83.ucode.xz&path=//lib/firmware/intel/iwlwifi HTTP/1.1" 200 996927 "-" "Mozilla/5.0 AppleWebKit/537.36 (KHTML, like Gecko; compatible; Amazonbot/0.1; +https://developer.amazon.com/support/amazonbot) Chrome/119.0.6045.214 Safari/537.36"
23.23.99.55 - - [25/Jul/2026:15:33:19 -0400] "GET /assets/images/87c51f6638.php?filesrc=//lib64/mrtg2/BER.pm&path=//lib64/mrtg2 HTTP/1.1" 429 17 "-" "Mozilla/5.0 AppleWebKit/537.36 (KHTML, like Gecko; compatible; Amazonbot/0.1; +https://developer.amazon.com/support/amazonbot) Chrome/119.0.6045.214 Safari/537.36"
34.224.9.144 - - [25/Jul/2026:15:33:19 -0400] "GET /assets/images/279717ed19.php?filesrc=//lib/firmware/intel/iwlwifi/iwlwifi-Qu-b0-hr-b0-73.ucode.xz&path=//lib/firmware/intel/iwlwifi HTTP/1.1" 200 869434 "-" "Mozilla/5.0 AppleWebKit/537.36 (KHTML, like Gecko; compatible; Amazonbot/0.1; +https://developer.amazon.com/support/amazonbot) Chrome/119.0.6045.214 Safari/537.36"
74.7.227.62 - - [25/Jul/2026:15:33:20 -0400] "GET /assets/images/82a8b9937e.php?filesrc=//proc/thread-self/root/var/softaculous/pluck/info.xml&path=//proc/thread-self/root/var/softaculous/pluck HTTP/1.1" 404 236 "https://www.octanextechnologies.com.jcjack.com/assets/images/82a8b9937e.php?path=//proc/thread-self/root/var/softaculous/pluck" "Mozilla/5.0 AppleWebKit/537.36 (KHTML, like Gecko; compatible; GPTBot/1.4; +https://openai.com/gptbot)"
107.22.208.39 - - [25/Jul/2026:15:33:23 -0400] "GET /assets/images/279717ed19.php?filesrc=//lib/firmware/intel/iwlwifi/iwlwifi-so-a0-gf-a0-84.ucode.xz&path=//lib/firmware/intel/iwlwifi HTTP/1.1" 200 1010508 "-" "Mozilla/5.0 AppleWebKit/537.36 (KHTML, like Gecko; compatible; Amazonbot/0.1; +https://developer.amazon.com/support/amazonbot) Chrome/119.0.6045.214 Safari/537.36"
54.198.33.233 - - [25/Jul/2026:15:33:27 -0400] "GET /assets/images/279717ed19.php?filesrc=//lib/firmware/intel/iwlwifi/iwlwifi-so-a0-gf-a0-81.ucode.xz&path=//lib/firmware/intel/iwlwifi HTTP/1.1" 200 999748 "-" "Mozilla/5.0 AppleWebKit/537.36 (KHTML, like Gecko; compatible; Amazonbot/0.1; +https://developer.amazon.com/support/amazonbot) Chrome/119.0.6045.214 Safari/537.36"
54.243.63.52 - - [25/Jul/2026:15:33:31 -0400] "GET /assets/images/279717ed19.php?filesrc=//lib/firmware/intel/iwlwifi/iwlwifi-so-a0-hr-b0-73.ucode.xz&path=//lib/firmware/intel/iwlwifi HTTP/1.1" 200 897080 "-" "Mozilla/5.0 AppleWebKit/537.36 (KHTML, like Gecko; compatible; Amazonbot/0.1; +https://developer.amazon.com/support/amazonbot) Chrome/119.0.6045.214 Safari/537.36"
52.44.229.124 - - [25/Jul/2026:15:33:35 -0400] "GET /assets/images/5ba6066adc.php?path=//home/jcjack6/volantelegal.com/libraries/src HTTP/1.1" 200 56274 "-" "Mozilla/5.0 AppleWebKit/537.36 (KHTML, like Gecko; compatible; Amazonbot/0.1; +https://developer.amazon.com/support/amazonbot) Chrome/119.0.6045.214 Safari/537.36"
18.233.24.238 - - [25/Jul/2026:15:33:41 -0400] "GET /assets/images/279717ed19.php?filesrc=//lib/firmware/intel/iwlwifi/iwlwifi-9260-th-b0-jf-b0-34.ucode.xz&path=//lib/firmware/intel/iwlwifi HTTP/1.1" 200 767599 "-" "Mozilla/5.0 AppleWebKit/537.36 (KHTML, like Gecko; compatible; Amazonbot/0.1; +https://developer.amazon.com/support/amazonbot) Chrome/119.0.6045.214 Safari/537.36"
54.84.102.81 - - [25/Jul/2026:15:33:43 -0400] "GET /assets/images/8686ee1f8e.php?filesrc=//usr/share/man/man7/EVP_PKEY-SM2.7ossl.gz&path=//usr/share/man/man7 HTTP/1.1" 200 7767 "-" "Mozilla/5.0 AppleWebKit/537.36 (KHTML, like Gecko; compatible; Amazonbot/0.1; +https://developer.amazon.com/support/amazonbot) Chrome/119.0.6045.214 Safari/537.36"
23.21.179.120 - - [25/Jul/2026:15:33:46 -0400] "GET /assets/images/279717ed19.php?filesrc=//lib/firmware/intel/iwlwifi/iwlwifi-so-a0-gf4-a0-86.ucode.xz&path=//lib/firmware/intel/iwlwifi HTTP/1.1" 200 1008383 "-" "Mozilla/5.0 AppleWebKit/537.36 (KHTML, like Gecko; compatible; Amazonbot/0.1; +https://developer.amazon.com/support/amazonbot) Chrome/119.0.6045.214 Safari/537.36"
18.204.152.114 - - [25/Jul/2026:15:33:52 -0400] "GET /assets/images/279717ed19.php?filesrc=//lib/firmware/intel/iwlwifi/iwlwifi-QuZ-a0-jf-b0-66.ucode.xz&path=//lib/firmware/intel/iwlwifi HTTP/1.1" 200 795170 "-" "Mozilla/5.0 AppleWebKit/537.36 (KHTML, like Gecko; compatible; Amazonbot/0.1; +https://developer.amazon.com/support/amazonbot) Chrome/119.0.6045.214 Safari/537.36"
35.173.53.234 - - [25/Jul/2026:15:33:56 -0400] "GET /assets/images/5ba6066adc.php?path=//opt/imh-spf-verify HTTP/1.1" 200 3789 "-" "Mozilla/5.0 AppleWebKit/605.1.15 (KHTML, like Gecko) Chrome/139.0.0.0 Safari/605.1.15"
44.209.35.147 - - [25/Jul/2026:15:33:58 -0400] "GET /assets/images/87c51f6638.php?filesrc=//lib64/security/pam_ftp.so&path=//lib64/security HTTP/1.1" 429 17 "-" "Mozilla/5.0 AppleWebKit/537.36 (KHTML, like Gecko; compatible; Amazonbot/0.1; +https://developer.amazon.com/support/amazonbot) Chrome/119.0.6045.214 Safari/537.36"
52.54.249.218 - - [25/Jul/2026:15:34:07 -0400] "GET /assets/images/5ba6066adc.php?filesrc=//home/jcjack6/volantelegal.com/libraries/index.html&path=//home/jcjack6/volantelegal.com/libraries HTTP/1.1" 200 1715 "-" "Mozilla/5.0 AppleWebKit/537.36 (KHTML, like Gecko; compatible; Amazonbot/0.1; +https://developer.amazon.com/support/amazonbot) Chrome/119.0.6045.214 Safari/537.36"
3.210.29.96 - - [25/Jul/2026:15:34:12 -0400] "GET /assets/images/5ba6066adc.php?path=/home/jcjack6/mail/.james@jamiciastudios_com/.Drafts/tmp HTTP/1.1" 200 2057 "-" "Mozilla/5.0 AppleWebKit/537.36 (KHTML, like Gecko; compatible; Amazonbot/0.1; +https://developer.amazon.com/support/amazonbot) Chrome/119.0.6045.214 Safari/537.36"
74.7.227.62 - - [25/Jul/2026:15:34:22 -0400] "GET /assets/images/82a8b9937e.php?filesrc=//proc/thread-self/root/var/softaculous/phpcol/info.xml&path=//proc/thread-self/root/var/softaculous/phpcol HTTP/1.1" 404 236 "https://www.octanextechnologies.com.jcjack.com/assets/images/82a8b9937e.php?path=//proc/thread-self/root/var/softaculous/phpcol" "Mozilla/5.0 AppleWebKit/537.36 (KHTML, like Gecko; compatible; GPTBot/1.4; +https://openai.com/gptbot)"
3.221.222.168 - - [25/Jul/2026:15:34:38 -0400] "GET /assets/images/87c51f6638.php?filesrc=//lib64/security/pam_stress.so&path=//lib64/security HTTP/1.1" 429 17 "-" "Mozilla/5.0 AppleWebKit/537.36 (KHTML, like Gecko; compatible; Amazonbot/0.1; +https://developer.amazon.com/support/amazonbot) Chrome/119.0.6045.214 Safari/537.36"
74.7.227.62 - - [25/Jul/2026:15:35:22 -0400] "GET /assets/images/82a8b9937e.php?filesrc=//proc/thread-self/root/var/softaculous/collab/info.xml&path=//proc/thread-self/root/var/softaculous/collab HTTP/1.1" 404 236 "https://www.octanextechnologies.com.jcjack.com/assets/images/82a8b9937e.php?path=//proc/thread-self/root/var/softaculous/collab" "Mozilla/5.0 AppleWebKit/537.36 (KHTML, like Gecko; compatible; GPTBot/1.4; +https://openai.com/gptbot)"
74.7.227.62 - - [25/Jul/2026:15:36:25 -0400] "GET /assets/images/82a8b9937e.php?filesrc=//proc/thread-self/root/var/softaculous/uvdesk/info.xml&path=//proc/thread-self/root/var/softaculous/uvdesk HTTP/1.1" 404 236 "https://www.octanextechnologies.com.jcjack.com/assets/images/82a8b9937e.php?path=//proc/thread-self/root/var/softaculous/uvdesk" "Mozilla/5.0 AppleWebKit/537.36 (KHTML, like Gecko; compatible; GPTBot/1.4; +https://openai.com/gptbot)"
74.7.227.62 - - [25/Jul/2026:15:37:26 -0400] "GET /assets/images/82a8b9937e.php?filesrc=//proc/thread-self/root/var/softaculous/smarty/info.xml&path=//proc/thread-self/root/var/softaculous/smarty HTTP/1.1" 404 236 "https://www.octanextechnologies.com.jcjack.com/assets/images/82a8b9937e.php?path=//proc/thread-self/root/var/softaculous/smarty" "Mozilla/5.0 AppleWebKit/537.36 (KHTML, like Gecko; compatible; GPTBot/1.4; +https://openai.com/gptbot)"
57.141.0.28 - - [25/Jul/2026:15:37:47 -0400] "GET /assets/images/279717ed19.php?path=/home/jcjack6/oxttechnologies.com/components/com_privacy HTTP/1.1" 200 4258 "-" "Mozilla/5.0 (Windows NT 10.0; Win64; x64) AppleWebKit/537.36 (KHTML, like Gecko) Chrome/145.0.0.0 Safari/537.36 (compatible; meta-externalagent/1.1 (+https://developers.facebook.com/docs/sharing/webmasters/crawler))"
57.141.0.69 - - [25/Jul/2026:15:38:20 -0400] "GET /assets/images/5ba6066adc.php?filesrc=//etc/wgetrc&path=//etc HTTP/1.1" 200 6489 "-" "Mozilla/5.0 (Macintosh; Intel Mac OS X 10_15_7) AppleWebKit/537.36 (KHTML, like Gecko) Chrome/145.0.0.0 Safari/537.36 (compatible; meta-externalagent/1.1 (+https://developers.facebook.com/docs/sharing/webmasters/crawler))"
74.7.227.62 - - [25/Jul/2026:15:38:27 -0400] "GET /assets/images/82a8b9937e.php?filesrc=//proc/thread-self/root/var/softaculous/burden/info.xml&path=//proc/thread-self/root/var/softaculous/burden HTTP/1.1" 404 236 "https://www.octanextechnologies.com.jcjack.com/assets/images/82a8b9937e.php?path=//proc/thread-self/root/var/softaculous/burden" "Mozilla/5.0 AppleWebKit/537.36 (KHTML, like Gecko; compatible; GPTBot/1.4; +https://openai.com/gptbot)"
216.73.217.21 - - [25/Jul/2026:15:39:05 -0400] "GET /robots.txt HTTP/1.1" 404 236 "-" "Mozilla/5.0 AppleWebKit/537.36 (KHTML, like Gecko; compatible; ClaudeBot/1.0; +claudebot@anthropic.com)"
216.73.217.21 - - [25/Jul/2026:15:39:05 -0400] "GET / HTTP/1.1" 200 1073 "-" "Mozilla/5.0 AppleWebKit/537.36 (KHTML, like Gecko; compatible; ClaudeBot/1.0; +claudebot@anthropic.com)"
74.7.227.62 - - [25/Jul/2026:15:39:31 -0400] "GET /assets/images/82a8b9937e.php?filesrc=//proc/thread-self/root/var/softaculous/gibbon/info.xml&path=//proc/thread-self/root/var/softaculous/gibbon HTTP/1.1" 404 236 "https://www.octanextechnologies.com.jcjack.com/assets/images/82a8b9937e.php?path=//proc/thread-self/root/var/softaculous/gibbon" "Mozilla/5.0 AppleWebKit/537.36 (KHTML, like Gecko; compatible; GPTBot/1.4; +https://openai.com/gptbot)"
74.7.227.62 - - [25/Jul/2026:15:40:32 -0400] "GET /assets/images/82a8b9937e.php?filesrc=//proc/thread-self/root/var/softaculous/easyp/info.xml&path=//proc/thread-self/root/var/softaculous/easyp HTTP/1.1" 404 236 "https://www.octanextechnologies.com.jcjack.com/assets/images/82a8b9937e.php?path=//proc/thread-self/root/var/softaculous/easyp" "Mozilla/5.0 AppleWebKit/537.36 (KHTML, like Gecko; compatible; GPTBot/1.4; +https://openai.com/gptbot)"
54.86.90.122 - - [25/Jul/2026:15:40:39 -0400] "GET /assets/images/5ba6066adc.php?filesrc=//bin/x86_64-redhat-linux-gcc&path=//bin HTTP/1.1" 200 1519497 "-" "Mozilla/5.0 AppleWebKit/605.1.15 (KHTML, like Gecko) Chrome/139.0.0.0 Safari/605.1.15"
74.7.227.62 - - [25/Jul/2026:15:41:35 -0400] "GET /assets/images/82a8b9937e.php?filesrc=//proc/thread-self/root/var/softaculous/front/info.xml&path=//proc/thread-self/root/var/softaculous/front HTTP/1.1" 404 236 "https://www.octanextechnologies.com.jcjack.com/assets/images/82a8b9937e.php?path=//proc/thread-self/root/var/softaculous/front" "Mozilla/5.0 AppleWebKit/537.36 (KHTML, like Gecko; compatible; GPTBot/1.4; +https://openai.com/gptbot)"
51.68.102.13 - - [25/Jul/2026:15:41:52 -0400] "GET /robots.txt HTTP/1.1" 404 236 "-" "Mozilla/5.0 (compatible; MJ12bot/v2.0.5; http://mj12bot.com/)"
51.68.102.13 - - [25/Jul/2026:15:41:52 -0400] "GET /assets/images/279717ed19.php?path=//run/ea-passenger-runtime HTTP/1.1" 200 20184129 "-" "Mozilla/5.0 (compatible; MJ12bot/v2.0.5; http://mj12bot.com/)"
51.68.102.13 - - [25/Jul/2026:15:42:07 -0400] "GET /assets/images/43bd008a08.php?filesrc=/home/jcjack6/.autorespond/info_log&path=/home/jcjack6/.autorespond HTTP/1.1" 200 6128 "-" "Mozilla/5.0 (compatible; MJ12bot/v2.0.5; http://mj12bot.com/)"
51.68.102.13 - - [25/Jul/2026:15:42:08 -0400] "GET /assets/images/43bd008a08.php?filesrc=/home/jcjack6/access-logs/dancraighoofcare.com.jcjack.com&path=/home/jcjack6/access-logs HTTP/1.1" 200 4083773 "-" "Mozilla/5.0 (compatible; MJ12bot/v2.0.5; http://mj12bot.com/)"
51.68.102.13 - - [25/Jul/2026:15:42:09 -0400] "GET /assets/images/43bd008a08.php?filesrc=/home/jcjack6/access-logs/dantealighieriofdenver.com.jcjack.com&path=/home/jcjack6/access-logs HTTP/1.1" 200 1777943 "-" "Mozilla/5.0 (compatible; MJ12bot/v2.0.5; http://mj12bot.com/)"
51.68.102.13 - - [25/Jul/2026:15:42:10 -0400] "GET /assets/images/43bd008a08.php?filesrc=/home/jcjack6/etc/jcjack6.rcube.db.1772511386&path=/home/jcjack6/etc HTTP/1.1" 200 490771 "-" "Mozilla/5.0 (compatible; MJ12bot/v2.0.5; http://mj12bot.com/)"
51.68.102.13 - - [25/Jul/2026:15:42:11 -0400] "GET /assets/images/43bd008a08.php?filesrc=/home/jcjack6/golfballcannoncolorado.com/.htaccess&path=/home/jcjack6/golfballcannoncolorado.com HTTP/1.1" 200 1901 "-" "Mozilla/5.0 (compatible; MJ12bot/v2.0.5; http://mj12bot.com/)"
51.68.102.13 - - [25/Jul/2026:15:42:12 -0400] "GET /assets/images/43bd008a08.php?filesrc=/home/jcjack6/octanextechnologies.com/site-www.oxttechnologies.com-20250716-120328mdt-f52eDnYDL5AluqvK.jpa&path=/home/jcjack6/octanextechnologies.com HTTP/1.1" 200 208787605 "-" "Mozilla/5.0 (compatible; MJ12bot/v2.0.5; http://mj12bot.com/)"
51.68.102.13 - - [25/Jul/2026:15:42:17 -0400] "GET /assets/images/43bd008a08.php?path=//bin HTTP/1.1" 200 1061863 "-" "Mozilla/5.0 (compatible; MJ12bot/v2.0.5; http://mj12bot.com/)"
51.68.102.13 - - [25/Jul/2026:15:42:18 -0400] "GET /assets/images/43bd008a08.php?path=//lib64 HTTP/1.1" 200 1300461 "-" "Mozilla/5.0 (compatible; MJ12bot/v2.0.5; http://mj12bot.com/)"
51.68.102.13 - - [25/Jul/2026:15:42:19 -0400] "GET /assets/images/43bd008a08.php?path=/home/jcjack6/transformptyoga.com/jill HTTP/1.1" 200 2682 "-" "Mozilla/5.0 (compatible; MJ12bot/v2.0.5; http://mj12bot.com/)"
51.68.102.13 - - [25/Jul/2026:15:42:20 -0400] "GET /assets/images/43bd008a08.php?path=/home/jcjack6/transformptyoga.com/language HTTP/1.1" 200 4980 "-" "Mozilla/5.0 (compatible; MJ12bot/v2.0.5; http://mj12bot.com/)"
51.68.102.13 - - [25/Jul/2026:15:42:21 -0400] "GET /assets/images/43bd008a08.php?path=/home/jcjack6/transformptyoga.com/layouts HTTP/1.1" 200 6408 "-" "Mozilla/5.0 (compatible; MJ12bot/v2.0.5; http://mj12bot.com/)"
51.68.102.13 - - [25/Jul/2026:15:42:22 -0400] "GET /assets/images/43bd008a08.php?path=/home/jcjack6/transformptyoga.com/libraries HTTP/1.1" 200 18451 "-" "Mozilla/5.0 (compatible; MJ12bot/v2.0.5; http://mj12bot.com/)"
51.68.102.13 - - [25/Jul/2026:15:42:27 -0400] "GET /assets/images/43bd008a08.php?path=/home/jcjack6/transformptyoga.com/media HTTP/1.1" 200 73294 "-" "Mozilla/5.0 (compatible; MJ12bot/v2.0.5; http://mj12bot.com/)"
51.68.102.13 - - [25/Jul/2026:15:42:28 -0400] "GET /assets/images/43bd008a08.php?path=/home/jcjack6/transformptyoga.com/modules HTTP/1.1" 200 33728 "-" "Mozilla/5.0 (compatible; MJ12bot/v2.0.5; http://mj12bot.com/)"
51.68.102.13 - - [25/Jul/2026:15:42:29 -0400] "GET /assets/images/43bd008a08.php?path=/home/jcjack6/transformptyoga.com/plugins HTTP/1.1" 200 29132 "-" "Mozilla/5.0 (compatible; MJ12bot/v2.0.5; http://mj12bot.com/)"
51.68.102.13 - - [25/Jul/2026:15:42:30 -0400] "GET /assets/images/43bd008a08.php?path=/home/jcjack6/visionxp.com/.well-known HTTP/1.1" 200 2631 "-" "Mozilla/5.0 (compatible; MJ12bot/v2.0.5; http://mj12bot.com/)"
51.68.102.13 - - [25/Jul/2026:15:42:31 -0400] "GET /assets/images/43bd008a08.php?path=/home/jcjack6/visionxp.com/assets HTTP/1.1" 200 2574 "-" "Mozilla/5.0 (compatible; MJ12bot/v2.0.5; http://mj12bot.com/)"
51.68.102.13 - - [25/Jul/2026:15:42:32 -0400] "GET /assets/images/43bd008a08.php?path=/home/jcjack6/visionxp.com/tap HTTP/1.1" 200 2693 "-" "Mozilla/5.0 (compatible; MJ12bot/v2.0.5; http://mj12bot.com/)"
51.68.102.13 - - [25/Jul/2026:15:42:37 -0400] "GET /assets/images/43bd008a08.php?path=/home/jcjack6/www/.well-known HTTP/1.1" 200 2577 "-" "Mozilla/5.0 (compatible; MJ12bot/v2.0.5; http://mj12bot.com/)"
74.7.227.62 - - [25/Jul/2026:15:42:37 -0400] "GET /assets/images/82a8b9937e.php?filesrc=//proc/thread-self/root/var/softaculous/lychee/info.xml&path=//proc/thread-self/root/var/softaculous/lychee HTTP/1.1" 404 236 "https://www.octanextechnologies.com.jcjack.com/assets/images/82a8b9937e.php?path=//proc/thread-self/root/var/softaculous/lychee" "Mozilla/5.0 AppleWebKit/537.36 (KHTML, like Gecko; compatible; GPTBot/1.4; +https://openai.com/gptbot)"
51.68.102.13 - - [25/Jul/2026:15:42:38 -0400] "GET /assets/images/43bd008a08.php?path=/home/jcjack6/www/assets HTTP/1.1" 200 2520 "-" "Mozilla/5.0 (compatible; MJ12bot/v2.0.5; http://mj12bot.com/)"
51.68.102.13 - - [25/Jul/2026:15:42:39 -0400] "GET /assets/images/5ba6066adc.php?filesrc=//proc/kcore&path=//proc HTTP/1.1" 200 1441 "-" "Mozilla/5.0 (compatible; MJ12bot/v2.0.5; http://mj12bot.com/)"
51.68.102.13 - - [25/Jul/2026:15:42:40 -0400] "GET /assets/images/5ba6066adc.php?filesrc=//proc/key-users&path=//proc HTTP/1.1" 200 1445 "-" "Mozilla/5.0 (compatible; MJ12bot/v2.0.5; http://mj12bot.com/)"
51.68.102.13 - - [25/Jul/2026:15:42:41 -0400] "GET /assets/images/5ba6066adc.php?filesrc=//proc/keys&path=//proc HTTP/1.1" 200 1440 "-" "Mozilla/5.0 (compatible; MJ12bot/v2.0.5; http://mj12bot.com/)"
51.68.102.13 - - [25/Jul/2026:15:42:42 -0400] "GET /assets/images/5ba6066adc.php?filesrc=/home/jcjack6/.autorespond/info_log&path=/home/jcjack6/.autorespond HTTP/1.1" 200 6128 "-" "Mozilla/5.0 (compatible; MJ12bot/v2.0.5; http://mj12bot.com/)"
51.68.102.13 - - [25/Jul/2026:15:42:52 -0400] "GET /assets/images/5ba6066adc.php?filesrc=/home/jcjack6/.cl.selector/.htaccess&path=/home/jcjack6/.cl.selector HTTP/1.1" 200 3667 "-" "Mozilla/5.0 (compatible; MJ12bot/v2.0.5; http://mj12bot.com/)"
51.68.102.13 - - [25/Jul/2026:15:42:53 -0400] "GET /assets/images/5ba6066adc.php?filesrc=/home/jcjack6/.cl.selector/defaults.cfg&path=/home/jcjack6/.cl.selector HTTP/1.1" 200 1594 "-" "Mozilla/5.0 (compatible; MJ12bot/v2.0.5; http://mj12bot.com/)"
51.68.102.13 - - [25/Jul/2026:15:42:54 -0400] "GET /assets/images/5ba6066adc.php?filesrc=/home/jcjack6/.cl.selector/filefuns.php&path=/home/jcjack6/.cl.selector HTTP/1.1" 406 300 "-" "Mozilla/5.0 (compatible; MJ12bot/v2.0.5; http://mj12bot.com/)"
51.68.102.13 - - [25/Jul/2026:15:42:55 -0400] "GET /assets/images/5ba6066adc.php?filesrc=/home/jcjack6/.cl.selector/htaccess_cache&path=/home/jcjack6/.cl.selector HTTP/1.1" 200 17642 "-" "Mozilla/5.0 (compatible; MJ12bot/v2.0.5; http://mj12bot.com/)"
51.68.102.13 - - [25/Jul/2026:15:42:56 -0400] "GET /assets/images/5ba6066adc.php?filesrc=/home/jcjack6/.cpanel/Cpanel_SSL_DCV_DNS_Mutex&path=/home/jcjack6/.cpanel HTTP/1.1" 200 1566 "-" "Mozilla/5.0 (compatible; MJ12bot/v2.0.5; http://mj12bot.com/)"
51.68.102.13 - - [25/Jul/2026:15:42:57 -0400] "GET /assets/images/5ba6066adc.php?filesrc=/home/jcjack6/.cpanel/ducache&path=/home/jcjack6/.cpanel HTTP/1.1" 200 53745722 "-" "Mozilla/5.0 (compatible; MJ12bot/v2.0.5; http://mj12bot.com/)"
51.68.102.13 - - [25/Jul/2026:15:43:07 -0400] "GET /assets/images/5ba6066adc.php?filesrc=/home/jcjack6/.cpanel/email_accounts.json&path=/home/jcjack6/.cpanel HTTP/1.1" 200 9727 "-" "Mozilla/5.0 (compatible; MJ12bot/v2.0.5; http://mj12bot.com/)"
51.68.102.13 - - [25/Jul/2026:15:43:08 -0400] "GET /assets/images/5ba6066adc.php?filesrc=/home/jcjack6/.cpanel/email_accounts.test.json&path=/home/jcjack6/.cpanel HTTP/1.1" 200 10506 "-" "Mozilla/5.0 (compatible; MJ12bot/v2.0.5; http://mj12bot.com/)"
51.68.102.13 - - [25/Jul/2026:15:43:09 -0400] "GET /assets/images/5ba6066adc.php?filesrc=/home/jcjack6/.cpanel/email_accounts_count&path=/home/jcjack6/.cpanel HTTP/1.1" 200 1564 "-" "Mozilla/5.0 (compatible; MJ12bot/v2.0.5; http://mj12bot.com/)"
51.68.102.13 - - [25/Jul/2026:15:43:10 -0400] "GET /assets/images/5ba6066adc.php?filesrc=/home/jcjack6/.cpanel/email_accounts_count.test&path=/home/jcjack6/.cpanel HTTP/1.1" 200 1569 "-" "Mozilla/5.0 (compatible; MJ12bot/v2.0.5; http://mj12bot.com/)"
51.68.102.13 - - [25/Jul/2026:15:43:11 -0400] "GET /assets/images/5ba6066adc.php?filesrc=/home/jcjack6/.cpanel/filter.cache&path=/home/jcjack6/.cpanel HTTP/1.1" 200 1947 "-" "Mozilla/5.0 (compatible; MJ12bot/v2.0.5; http://mj12bot.com/)"
51.68.102.13 - - [25/Jul/2026:15:43:12 -0400] "GET /assets/images/5ba6066adc.php?filesrc=/home/jcjack6/.cpanel/filter.yaml&path=/home/jcjack6/.cpanel HTTP/1.1" 200 1824 "-" "Mozilla/5.0 (compatible; MJ12bot/v2.0.5; http://mj12bot.com/)"
57.141.0.52 - - [25/Jul/2026:15:43:42 -0400] "GET /assets/images/5ba6066adc.php?filesrc=//etc/mailips&path=//etc HTTP/1.1" 200 1439 "-" "Mozilla/5.0 (Macintosh; Intel Mac OS X 10_15_7) AppleWebKit/537.36 (KHTML, like Gecko) Chrome/145.0.0.0 Safari/537.36 (compatible; meta-externalagent/1.1 (+https://developers.facebook.com/docs/sharing/webmasters/crawler))"
51.68.102.13 - - [25/Jul/2026:15:43:42 -0400] "GET /assets/images/5ba6066adc.php?filesrc=/home/jcjack6/.cpanel/nvdata.cache&path=/home/jcjack6/.cpanel HTTP/1.1" 200 4649 "-" "Mozilla/5.0 (compatible; MJ12bot/v2.0.5; http://mj12bot.com/)"
74.7.227.62 - - [25/Jul/2026:15:43:42 -0400] "GET /assets/images/82a8b9937e.php?filesrc=//proc/thread-self/root/var/softaculous/egroup/info.xml&path=//proc/thread-self/root/var/softaculous/egroup HTTP/1.1" 404 236 "https://www.octanextechnologies.com.jcjack.com/assets/images/82a8b9937e.php?path=//proc/thread-self/root/var/softaculous/egroup" "Mozilla/5.0 AppleWebKit/537.36 (KHTML, like Gecko; compatible; GPTBot/1.4; +https://openai.com/gptbot)"
51.68.102.13 - - [25/Jul/2026:15:43:43 -0400] "GET /assets/images/5ba6066adc.php?filesrc=/home/jcjack6/.cphorde/horde.sqlite&path=/home/jcjack6/.cphorde HTTP/1.1" 200 1650587 "-" "Mozilla/5.0 (compatible; MJ12bot/v2.0.5; http://mj12bot.com/)"
51.68.102.13 - - [25/Jul/2026:15:43:44 -0400] "GET /assets/images/5ba6066adc.php?filesrc=/home/jcjack6/.softaculous/installations.php&path=/home/jcjack6/.softaculous HTTP/1.1" 406 300 "-" "Mozilla/5.0 (compatible; MJ12bot/v2.0.5; http://mj12bot.com/)"
51.68.102.13 - - [25/Jul/2026:15:43:45 -0400] "GET /assets/images/5ba6066adc.php?filesrc=/home/jcjack6/.softaculous/sitepad.php&path=/home/jcjack6/.softaculous HTTP/1.1" 406 300 "-" "Mozilla/5.0 (compatible; MJ12bot/v2.0.5; http://mj12bot.com/)"
51.68.102.13 - - [25/Jul/2026:15:43:46 -0400] "GET /assets/images/5ba6066adc.php?filesrc=/home/jcjack6/.softaculous/user.php&path=/home/jcjack6/.softaculous HTTP/1.1" 406 300 "-" "Mozilla/5.0 (compatible; MJ12bot/v2.0.5; http://mj12bot.com/)"
51.68.102.13 - - [25/Jul/2026:15:43:47 -0400] "GET /assets/images/5ba6066adc.php?filesrc=/home/jcjack6/access-logs/5starinsp.com.jcjack.com&path=/home/jcjack6/access-logs HTTP/1.1" 200 3172784 "-" "Mozilla/5.0 (compatible; MJ12bot/v2.0.5; http://mj12bot.com/)"
51.68.102.13 - - [25/Jul/2026:15:43:52 -0400] "GET /assets/images/5ba6066adc.php?filesrc=/home/jcjack6/access-logs/aliciav.com.jcjack.com&path=/home/jcjack6/access-logs HTTP/1.1" 200 49978 "-" "Mozilla/5.0 (compatible; MJ12bot/v2.0.5; http://mj12bot.com/)"
51.68.102.13 - - [25/Jul/2026:15:43:53 -0400] "GET /assets/images/5ba6066adc.php?filesrc=/home/jcjack6/access-logs/dancraighoofcare.com.jcjack.com&path=/home/jcjack6/access-logs HTTP/1.1" 200 4096266 "-" "Mozilla/5.0 (compatible; MJ12bot/v2.0.5; http://mj12bot.com/)"
51.68.102.13 - - [25/Jul/2026:15:43:54 -0400] "GET /assets/images/5ba6066adc.php?filesrc=/home/jcjack6/octanextechnologies.com/site-www.oxttechnologies.com-20250716-120328mdt-f52eDnYDL5AluqvK.jpa&path=/home/jcjack6/octanextechnologies.com HTTP/1.1" 200 208787605 "-" "Mozilla/5.0 (compatible; MJ12bot/v2.0.5; http://mj12bot.com/)"
51.68.102.13 - - [25/Jul/2026:15:44:02 -0400] "GET /assets/images/5ba6066adc.php?filesrc=/home/jcjack6/public_html/.htaccess&path=/home/jcjack6/public_html HTTP/1.1" 200 1856 "-" "Mozilla/5.0 (compatible; MJ12bot/v2.0.5; http://mj12bot.com/)"
51.68.102.13 - - [25/Jul/2026:15:44:03 -0400] "GET /assets/images/5ba6066adc.php?filesrc=/home/jcjack6/scanlogs/scanlog.2024-07-03-37-21.7794511.log&path=/home/jcjack6/scanlogs HTTP/1.1" 200 3189 "-" "Mozilla/5.0 (compatible; MJ12bot/v2.0.5; http://mj12bot.com/)"
51.68.102.13 - - [25/Jul/2026:15:44:04 -0400] "GET /assets/images/5ba6066adc.php?filesrc=/home/jcjack6/scanlogs/scanlog.2025-02-06-02-27.log&path=/home/jcjack6/scanlogs HTTP/1.1" 200 1593 "-" "Mozilla/5.0 (compatible; MJ12bot/v2.0.5; http://mj12bot.com/)"
51.68.102.13 - - [25/Jul/2026:15:44:05 -0400] "GET /assets/images/5ba6066adc.php?filesrc=/home/jcjack6/ssl/ssl.db&path=/home/jcjack6/ssl HTTP/1.1" 200 203881 "-" "Mozilla/5.0 (compatible; MJ12bot/v2.0.5; http://mj12bot.com/)"
51.68.102.13 - - [25/Jul/2026:15:44:06 -0400] "GET /assets/images/5ba6066adc.php?filesrc=/home/jcjack6/ssl/ssl.db.cache&path=/home/jcjack6/ssl HTTP/1.1" 200 226434 "-" "Mozilla/5.0 (compatible; MJ12bot/v2.0.5; http://mj12bot.com/)"
51.68.102.13 - - [25/Jul/2026:15:44:07 -0400] "GET /assets/images/5ba6066adc.php?filesrc=/home/jcjack6/sunskriti.com/.htaccess&path=/home/jcjack6/sunskriti.com HTTP/1.1" 200 1862 "-" "Mozilla/5.0 (compatible; MJ12bot/v2.0.5; http://mj12bot.com/)"
51.68.102.13 - - [25/Jul/2026:15:44:12 -0400] "GET /assets/images/5ba6066adc.php?filesrc=/home/jcjack6/transformptyoga.com/.htaccess&path=/home/jcjack6/transformptyoga.com HTTP/1.1" 200 4135 "-" "Mozilla/5.0 (compatible; MJ12bot/v2.0.5; http://mj12bot.com/)"
51.68.102.13 - - [25/Jul/2026:15:44:13 -0400] "GET /assets/images/5ba6066adc.php?filesrc=/home/jcjack6/transformptyoga.com/.user.ini&path=/home/jcjack6/transformptyoga.com HTTP/1.1" 200 2193 "-" "Mozilla/5.0 (compatible; MJ12bot/v2.0.5; http://mj12bot.com/)"
51.68.102.13 - - [25/Jul/2026:15:44:14 -0400] "GET /assets/images/5ba6066adc.php?filesrc=/home/jcjack6/transformptyoga.com/LICENSE.txt&path=/home/jcjack6/transformptyoga.com HTTP/1.1" 200 19855 "-" "Mozilla/5.0 (compatible; MJ12bot/v2.0.5; http://mj12bot.com/)"
51.68.102.13 - - [25/Jul/2026:15:44:15 -0400] "GET /assets/images/5ba6066adc.php?filesrc=/home/jcjack6/transformptyoga.com/README.txt&path=/home/jcjack6/transformptyoga.com HTTP/1.1" 200 6544 "-" "Mozilla/5.0 (compatible; MJ12bot/v2.0.5; http://mj12bot.com/)"
51.68.102.13 - - [25/Jul/2026:15:44:16 -0400] "GET /assets/images/5ba6066adc.php?filesrc=/home/jcjack6/transformptyoga.com/configuration.bak.php&path=/home/jcjack6/transformptyoga.com HTTP/1.1" 200 7217 "-" "Mozilla/5.0 (compatible; MJ12bot/v2.0.5; http://mj12bot.com/)"
51.68.102.13 - - [25/Jul/2026:15:44:17 -0400] "GET /assets/images/5ba6066adc.php?filesrc=/home/jcjack6/transformptyoga.com/configuration.php&path=/home/jcjack6/transformptyoga.com HTTP/1.1" 406 300 "-" "Mozilla/5.0 (compatible; MJ12bot/v2.0.5; http://mj12bot.com/)"
51.68.102.13 - - [25/Jul/2026:15:44:22 -0400] "GET /assets/images/5ba6066adc.php?filesrc=/home/jcjack6/transformptyoga.com/htaccess.txt&path=/home/jcjack6/transformptyoga.com HTTP/1.1" 200 8885 "-" "Mozilla/5.0 (compatible; MJ12bot/v2.0.5; http://mj12bot.com/)"
51.68.102.13 - - [25/Jul/2026:15:44:23 -0400] "GET /assets/images/5ba6066adc.php?filesrc=/home/jcjack6/transformptyoga.com/index.php&path=/home/jcjack6/transformptyoga.com HTTP/1.1" 200 25661 "-" "Mozilla/5.0 (compatible; MJ12bot/v2.0.5; http://mj12bot.com/)"
57.141.0.18 - - [25/Jul/2026:15:44:23 -0400] "GET /assets/images/279717ed19.php?path=/home/jcjack6/oxttechnologies.com/components/com_contact HTTP/1.1" 200 5788 "-" "Mozilla/5.0 (Windows NT 10.0; Win64; x64) AppleWebKit/537.36 (KHTML, like Gecko) Chrome/145.0.0.0 Safari/537.36 (compatible; meta-externalagent/1.1 (+https://developers.facebook.com/docs/sharing/webmasters/crawler))"
51.68.102.13 - - [25/Jul/2026:15:44:24 -0400] "GET /assets/images/5ba6066adc.php?filesrc=/home/jcjack6/transformptyoga.com/php.ini&path=/home/jcjack6/transformptyoga.com HTTP/1.1" 200 2241 "-" "Mozilla/5.0 (compatible; MJ12bot/v2.0.5; http://mj12bot.com/)"
51.68.102.13 - - [25/Jul/2026:15:44:25 -0400] "GET /assets/images/5ba6066adc.php?filesrc=/home/jcjack6/transformptyoga.com/robots.txt&path=/home/jcjack6/transformptyoga.com HTTP/1.1" 200 1672 "-" "Mozilla/5.0 (compatible; MJ12bot/v2.0.5; http://mj12bot.com/)"
51.68.102.13 - - [25/Jul/2026:15:44:26 -0400] "GET /assets/images/5ba6066adc.php?filesrc=/home/jcjack6/transformptyoga.com/robots.txt.dist&path=/home/jcjack6/transformptyoga.com HTTP/1.1" 200 2357 "-" "Mozilla/5.0 (compatible; MJ12bot/v2.0.5; http://mj12bot.com/)"
51.68.102.13 - - [25/Jul/2026:15:44:27 -0400] "GET /assets/images/5ba6066adc.php?filesrc=/home/jcjack6/transformptyoga.com/web.config&path=/home/jcjack6/transformptyoga.com HTTP/1.1" 406 300 "-" "Mozilla/5.0 (compatible; MJ12bot/v2.0.5; http://mj12bot.com/)"
51.68.102.13 - - [25/Jul/2026:15:44:37 -0400] "GET /assets/images/5ba6066adc.php?filesrc=/home/jcjack6/transformptyoga.com/web.config.txt&path=/home/jcjack6/transformptyoga.com HTTP/1.1" 406 300 "-" "Mozilla/5.0 (compatible; MJ12bot/v2.0.5; http://mj12bot.com/)"
51.68.102.13 - - [25/Jul/2026:15:44:38 -0400] "GET /assets/images/5ba6066adc.php?path=//bin HTTP/1.1" 200 1061863 "-" "Mozilla/5.0 (compatible; MJ12bot/v2.0.5; http://mj12bot.com/)"
51.68.102.13 - - [25/Jul/2026:15:44:39 -0400] "GET /assets/images/5ba6066adc.php?path=//etc/pki HTTP/1.1" 200 8380 "-" "Mozilla/5.0 (compatible; MJ12bot/v2.0.5; http://mj12bot.com/)"
51.68.102.13 - - [25/Jul/2026:15:44:40 -0400] "GET /assets/images/5ba6066adc.php?path=//etc/profile.d HTTP/1.1" 406 300 "-" "Mozilla/5.0 (compatible; MJ12bot/v2.0.5; http://mj12bot.com/)"
51.68.102.13 - - [25/Jul/2026:15:44:41 -0400] "GET /assets/images/5ba6066adc.php?path=//etc/sasl2 HTTP/1.1" 200 1756 "-" "Mozilla/5.0 (compatible; MJ12bot/v2.0.5; http://mj12bot.com/)"
51.68.102.13 - - [25/Jul/2026:15:44:42 -0400] "GET /assets/images/5ba6066adc.php?path=//etc/scl HTTP/1.1" 200 4233 "-" "Mozilla/5.0 (compatible; MJ12bot/v2.0.5; http://mj12bot.com/)"
74.7.244.58 - - [25/Jul/2026:15:44:43 -0400] "GET /robots.txt HTTP/1.1" 404 236 "-" "Mozilla/5.0 (Macintosh; Intel Mac OS X 10_15_7) AppleWebKit/537.36 (KHTML, like Gecko) Chrome/131.0.0.0 Safari/537.36; compatible; OAI-SearchBot/1.4; robots.txt; +https://openai.com/searchbot"
74.7.227.62 - - [25/Jul/2026:15:44:43 -0400] "GET /assets/images/82a8b9937e.php?filesrc=//proc/thread-self/root/var/softaculous/redax/info.xml&path=//proc/thread-self/root/var/softaculous/redax HTTP/1.1" 404 236 "https://www.octanextechnologies.com.jcjack.com/assets/images/82a8b9937e.php?path=//proc/thread-self/root/var/softaculous/redax" "Mozilla/5.0 AppleWebKit/537.36 (KHTML, like Gecko; compatible; GPTBot/1.4; +https://openai.com/gptbot)"
51.68.102.13 - - [25/Jul/2026:15:44:47 -0400] "GET /assets/images/5ba6066adc.php?path=//etc/security HTTP/1.1" 200 14091 "-" "Mozilla/5.0 (compatible; MJ12bot/v2.0.5; http://mj12bot.com/)"
51.68.102.13 - - [25/Jul/2026:15:44:48 -0400] "GET /assets/images/5ba6066adc.php?path=//etc/skel HTTP/1.1" 200 3786 "-" "Mozilla/5.0 (compatible; MJ12bot/v2.0.5; http://mj12bot.com/)"
51.68.102.13 - - [25/Jul/2026:15:44:49 -0400] "GET /assets/images/5ba6066adc.php?path=//etc/snmp HTTP/1.1" 200 3171 "-" "Mozilla/5.0 (compatible; MJ12bot/v2.0.5; http://mj12bot.com/)"
51.68.102.13 - - [25/Jul/2026:15:44:50 -0400] "GET /assets/images/5ba6066adc.php?path=//etc/ssh HTTP/1.1" 200 3079 "-" "Mozilla/5.0 (compatible; MJ12bot/v2.0.5; http://mj12bot.com/)"
51.68.102.13 - - [25/Jul/2026:15:44:51 -0400] "GET /assets/images/5ba6066adc.php?path=//etc/ssl HTTP/1.1" 200 2342 "-" "Mozilla/5.0 (compatible; MJ12bot/v2.0.5; http://mj12bot.com/)"
51.68.102.13 - - [25/Jul/2026:15:44:52 -0400] "GET /assets/images/5ba6066adc.php?path=//etc/sysconfig HTTP/1.1" 200 3130 "-" "Mozilla/5.0 (compatible; MJ12bot/v2.0.5; http://mj12bot.com/)"
51.68.102.13 - - [25/Jul/2026:15:44:57 -0400] "GET /assets/images/5ba6066adc.php?path=//lib/.build-id HTTP/1.1" 200 154340 "-" "Mozilla/5.0 (compatible; MJ12bot/v2.0.5; http://mj12bot.com/)"
51.68.102.13 - - [25/Jul/2026:15:44:58 -0400] "GET /assets/images/5ba6066adc.php?path=//lib/0xtools HTTP/1.1" 200 3835 "-" "Mozilla/5.0 (compatible; MJ12bot/v2.0.5; http://mj12bot.com/)"
51.68.102.13 - - [25/Jul/2026:15:44:59 -0400] "GET /assets/images/5ba6066adc.php?path=//lib/NetworkManager HTTP/1.1" 200 4342 "-" "Mozilla/5.0 (compatible; MJ12bot/v2.0.5; http://mj12bot.com/)"
51.68.102.13 - - [25/Jul/2026:15:45:00 -0400] "GET /assets/images/5ba6066adc.php?path=//lib/audit HTTP/1.1" 200 2452 "-" "Mozilla/5.0 (compatible; MJ12bot/v2.0.5; http://mj12bot.com/)"
51.68.102.13 - - [25/Jul/2026:15:45:01 -0400] "GET /assets/images/5ba6066adc.php?path=//lib/binfmt.d HTTP/1.1" 200 1762 "-" "Mozilla/5.0 (compatible; MJ12bot/v2.0.5; http://mj12bot.com/)"
51.68.102.13 - - [25/Jul/2026:15:45:02 -0400] "GET /assets/images/5ba6066adc.php?path=//lib/debug HTTP/1.1" 200 5912 "-" "Mozilla/5.0 (compatible; MJ12bot/v2.0.5; http://mj12bot.com/)"
51.68.102.13 - - [25/Jul/2026:15:45:07 -0400] "GET /assets/images/5ba6066adc.php?path=//lib/dracut HTTP/1.1" 200 10724 "-" "Mozilla/5.0 (compatible; MJ12bot/v2.0.5; http://mj12bot.com/)"
51.68.102.13 - - [25/Jul/2026:15:45:08 -0400] "GET /assets/images/5ba6066adc.php?path=//lib/eclipse HTTP/1.1" 200 4208 "-" "Mozilla/5.0 (compatible; MJ12bot/v2.0.5; http://mj12bot.com/)"
51.68.102.13 - - [25/Jul/2026:15:45:09 -0400] "GET /assets/images/5ba6066adc.php?path=//lib/environment.d HTTP/1.1" 200 2515 "-" "Mozilla/5.0 (compatible; MJ12bot/v2.0.5; http://mj12bot.com/)"
51.68.102.13 - - [25/Jul/2026:15:45:10 -0400] "GET /assets/images/5ba6066adc.php?path=//lib/exim HTTP/1.1" 200 2339 "-" "Mozilla/5.0 (compatible; MJ12bot/v2.0.5; http://mj12bot.com/)"
51.68.102.13 - - [25/Jul/2026:15:45:11 -0400] "GET /assets/images/5ba6066adc.php?path=//lib/firewalld HTTP/1.1" 200 5464 "-" "Mozilla/5.0 (compatible; MJ12bot/v2.0.5; http://mj12bot.com/)"
51.68.102.13 - - [25/Jul/2026:15:45:12 -0400] "GET /assets/images/5ba6066adc.php?path=//lib/firmware HTTP/1.1" 200 405351 "-" "Mozilla/5.0 (compatible; MJ12bot/v2.0.5; http://mj12bot.com/)"
51.68.102.13 - - [25/Jul/2026:15:45:17 -0400] "GET /assets/images/5ba6066adc.php?path=//lib/fixperms HTTP/1.1" 200 7988 "-" "Mozilla/5.0 (compatible; MJ12bot/v2.0.5; http://mj12bot.com/)"
51.68.102.13 - - [25/Jul/2026:15:45:18 -0400] "GET /assets/images/5ba6066adc.php?path=//lib/fontconfig HTTP/1.1" 200 2377 "-" "Mozilla/5.0 (compatible; MJ12bot/v2.0.5; http://mj12bot.com/)"
51.68.102.13 - - [25/Jul/2026:15:45:19 -0400] "GET /assets/images/5ba6066adc.php?path=//lib/games HTTP/1.1" 200 1756 "-" "Mozilla/5.0 (compatible; MJ12bot/v2.0.5; http://mj12bot.com/)"
51.68.102.13 - - [25/Jul/2026:15:45:20 -0400] "GET /assets/images/5ba6066adc.php?path=//lib/gcc HTTP/1.1" 200 2398 "-" "Mozilla/5.0 (compatible; MJ12bot/v2.0.5; http://mj12bot.com/)"
51.68.102.13 - - [25/Jul/2026:15:45:21 -0400] "GET /assets/images/5ba6066adc.php?path=//lib/gconv HTTP/1.1" 200 176412 "-" "Mozilla/5.0 (compatible; MJ12bot/v2.0.5; http://mj12bot.com/)"
51.68.102.13 - - [25/Jul/2026:15:45:22 -0400] "GET /assets/images/5ba6066adc.php?path=//lib/gems HTTP/1.1" 200 2343 "-" "Mozilla/5.0 (compatible; MJ12bot/v2.0.5; http://mj12bot.com/)"
51.68.102.13 - - [25/Jul/2026:15:45:27 -0400] "GET /assets/images/5ba6066adc.php?path=//lib/grub HTTP/1.1" 200 1754 "-" "Mozilla/5.0 (compatible; MJ12bot/v2.0.5; http://mj12bot.com/)"
51.68.102.13 - - [25/Jul/2026:15:45:29 -0400] "GET /assets/images/5ba6066adc.php?path=//lib/imh-dnskeyapi HTTP/1.1" 200 3739 "-" "Mozilla/5.0 (compatible; MJ12bot/v2.0.5; http://mj12bot.com/)"
51.68.102.13 - - [25/Jul/2026:15:45:31 -0400] "GET /assets/images/5ba6066adc.php?path=//lib/imh-exporter HTTP/1.1" 200 1770 "-" "Mozilla/5.0 (compatible; MJ12bot/v2.0.5; http://mj12bot.com/)"
51.68.102.13 - - [25/Jul/2026:15:45:32 -0400] "GET /assets/images/5ba6066adc.php?path=//lib/imh-fail2ban HTTP/1.1" 200 5642 "-" "Mozilla/5.0 (compatible; MJ12bot/v2.0.5; http://mj12bot.com/)"
51.68.102.13 - - [25/Jul/2026:15:45:32 -0400] "GET /assets/images/5ba6066adc.php?path=//lib/imh-scan HTTP/1.1" 200 2363 "-" "Mozilla/5.0 (compatible; MJ12bot/v2.0.5; http://mj12bot.com/)"
52.2.83.227 - - [25/Jul/2026:15:45:36 -0400] "GET /assets/images/87c51f6638.php?path=//lib64/python3.9/__pycache__ HTTP/1.1" 200 423328 "-" "Mozilla/5.0 AppleWebKit/537.36 (KHTML, like Gecko; compatible; Amazonbot/0.1; +https://developer.amazon.com/support/amazonbot) Chrome/119.0.6045.214 Safari/537.36"
51.68.102.13 - - [25/Jul/2026:15:45:37 -0400] "GET /assets/images/5ba6066adc.php?path=//lib/imh-ultrastack-common HTTP/1.1" 200 2428 "-" "Mozilla/5.0 (compatible; MJ12bot/v2.0.5; http://mj12bot.com/)"
51.68.102.13 - - [25/Jul/2026:15:45:38 -0400] "GET /assets/images/5ba6066adc.php?path=//lib/imh-whmapi HTTP/1.1" 200 2984 "-" "Mozilla/5.0 (compatible; MJ12bot/v2.0.5; http://mj12bot.com/)"
51.68.102.13 - - [25/Jul/2026:15:45:39 -0400] "GET /assets/images/5ba6066adc.php?path=//lib/imh-wpapi HTTP/1.1" 200 2976 "-" "Mozilla/5.0 (compatible; MJ12bot/v2.0.5; http://mj12bot.com/)"
54.210.155.69 - - [25/Jul/2026:15:45:40 -0400] "GET /assets/images/279717ed19.php?filesrc=//opt/sharedrads/toggle_access_logs.py&path=//opt/sharedrads HTTP/1.1" 200 5624 "-" "Mozilla/5.0 AppleWebKit/537.36 (KHTML, like Gecko; compatible; Amazonbot/0.1; +https://developer.amazon.com/support/amazonbot) Chrome/119.0.6045.214 Safari/537.36"
51.68.102.13 - - [25/Jul/2026:15:45:40 -0400] "GET /assets/images/5ba6066adc.php?path=//lib/influxdata-archive-keyring HTTP/1.1" 200 2592 "-" "Mozilla/5.0 (compatible; MJ12bot/v2.0.5; http://mj12bot.com/)"
