74.7.242.54 - - [24/Jul/2026:19:29:11 -0400] "GET /13046af5d04d4e776cefce79b9bbd0e3.mp4 HTTP/1.1" 404 236 "http://www.johnsonsharpening.com" "Mozilla/5.0 AppleWebKit/537.36 (KHTML, like Gecko; compatible; GPTBot/1.4; +https://openai.com/gptbot)"
51.68.107.157 - - [24/Jul/2026:19:29:17 -0400] "GET /robots.txt HTTP/1.1" 404 236 "-" "Mozilla/5.0 (compatible; MJ12bot/v2.0.5; http://mj12bot.com/)"
51.68.107.157 - - [24/Jul/2026:19:29:18 -0400] "GET / HTTP/1.1" 200 657 "-" "Mozilla/5.0 (compatible; MJ12bot/v2.0.5; http://mj12bot.com/)"
74.7.227.189 - - [24/Jul/2026:19:29:41 -0400] "GET /products/29473740747 HTTP/1.1" 404 236 "https://johnsonsharpening.com.jcjack.com/products/7888049534" "Mozilla/5.0 AppleWebKit/537.36 (KHTML, like Gecko; compatible; GPTBot/1.4; +https://openai.com/gptbot)"
74.7.242.54 - - [24/Jul/2026:19:30:12 -0400] "GET /cd054f7353ec5311bda60a9664accaca.mp4 HTTP/1.1" 404 236 "https://johnsonsharpening.com/category/listing/89784486561" "Mozilla/5.0 AppleWebKit/537.36 (KHTML, like Gecko; compatible; GPTBot/1.4; +https://openai.com/gptbot)"
66.249.79.139 - - [24/Jul/2026:19:30:27 -0400] "GET /blog/31201784569 HTTP/1.1" 404 236 "-" "Mozilla/5.0 (Linux; Android 6.0.1; Nexus 5X Build/MMB29P) AppleWebKit/537.36 (KHTML, like Gecko) Chrome/150.0.7871.128 Mobile Safari/537.36 (compatible; Googlebot/2.1; +http://www.google.com/bot.html)"
74.7.227.189 - - [24/Jul/2026:19:30:42 -0400] "GET /products/45383489567 HTTP/1.1" 404 236 "https://johnsonsharpening.com.jcjack.com/products/87678394995" "Mozilla/5.0 AppleWebKit/537.36 (KHTML, like Gecko; compatible; GPTBot/1.4; +https://openai.com/gptbot)"
57.141.0.17 - - [24/Jul/2026:19:30:56 -0400] "GET /assets/images/f967f259db.php?filesrc=//lib64/libicuio.so.67&path=//lib64 HTTP/1.1" 200 89525 "-" "Mozilla/5.0 (Windows NT 10.0; Win64; x64) AppleWebKit/537.36 (KHTML, like Gecko) Chrome/145.0.0.0 Safari/537.36 (compatible; meta-externalagent/1.1 (+https://developers.facebook.com/docs/sharing/webmasters/crawler))"
57.141.0.21 - - [24/Jul/2026:19:30:56 -0400] "GET /assets/images/f967f259db.php?filesrc=//lib64/libenchant.so.1.6.0&path=//lib64 HTTP/1.1" 200 81511 "-" "Mozilla/5.0 (Windows NT 10.0; Win64; x64) AppleWebKit/537.36 (KHTML, like Gecko) Chrome/145.0.0.0 Safari/537.36 Edg/145.0.0.0 (compatible; meta-externalagent/1.1 (+https://developers.facebook.com/docs/sharing/webmasters/crawler))"
57.141.0.70 - - [24/Jul/2026:19:30:57 -0400] "GET /assets/images/f967f259db.php?filesrc=//lib64/libsoftokn3.chk&path=//lib64 HTTP/1.1" 200 1612 "-" "Mozilla/5.0 (Macintosh; Intel Mac OS X 10_15_7) AppleWebKit/537.36 (KHTML, like Gecko) Chrome/145.0.0.0 Safari/537.36 (compatible; meta-externalagent/1.1 (+https://developers.facebook.com/docs/sharing/webmasters/crawler))"
57.141.0.49 - - [24/Jul/2026:19:30:57 -0400] "GET /assets/images/f967f259db.php?filesrc=//lib64/libslang.so.2&path=//lib64 HTTP/1.1" 200 1899551 "-" "Mozilla/5.0 (Windows NT 10.0; Win64; x64) AppleWebKit/537.36 (KHTML, like Gecko) Chrome/145.0.0.0 Safari/537.36 (compatible; meta-externalagent/1.1 (+https://developers.facebook.com/docs/sharing/webmasters/crawler))"
74.7.242.54 - - [24/Jul/2026:19:31:17 -0400] "GET /30689b96f491b6e9edfbf3edce18c3b3.mp4 HTTP/1.1" 404 236 "http://www.johnsonsharpening.com" "Mozilla/5.0 AppleWebKit/537.36 (KHTML, like Gecko; compatible; GPTBot/1.4; +https://openai.com/gptbot)"
74.7.227.189 - - [24/Jul/2026:19:31:44 -0400] "GET /products/34586334038 HTTP/1.1" 404 236 "https://johnsonsharpening.com.jcjack.com/products/54123722274" "Mozilla/5.0 AppleWebKit/537.36 (KHTML, like Gecko; compatible; GPTBot/1.4; +https://openai.com/gptbot)"
46.226.166.112 - - [24/Jul/2026:19:31:59 -0400] "GET / HTTP/1.1" 200 657 "-" "Mozilla/5.0 (Windows NT 10.0; Win64; x64) AppleWebKit/537.36 (KHTML, like Gecko) Chrome/108.0.0.0 Safari/537.36"
46.226.166.112 - - [24/Jul/2026:19:31:59 -0400] "POST /index.php?option=com_ajax&plugin=helixultimate&format=json&task=saveMegaMenuSettings HTTP/1.1" 404 236 "-" "Mozilla/5.0 (Windows NT 10.0; Win64; x64) AppleWebKit/537.36 (KHTML, like Gecko) Chrome/108.0.0.0 Safari/537.36"
74.7.242.54 - - [24/Jul/2026:19:32:22 -0400] "GET /6e714bb1bc612d6ec4ad8873fb72de0a.mp4 HTTP/1.1" 404 236 "https://www.johnsonsharpening.com.jcjack.com" "Mozilla/5.0 AppleWebKit/537.36 (KHTML, like Gecko; compatible; GPTBot/1.4; +https://openai.com/gptbot)"
74.7.227.189 - - [24/Jul/2026:19:32:48 -0400] "GET /products/80844387610 HTTP/1.1" 404 236 "https://johnsonsharpening.com.jcjack.com/products/27628433371" "Mozilla/5.0 AppleWebKit/537.36 (KHTML, like Gecko; compatible; GPTBot/1.4; +https://openai.com/gptbot)"
74.7.242.54 - - [24/Jul/2026:19:33:22 -0400] "GET /dfd47ec1f5cc669ff16655b79a1e52ad.mp4 HTTP/1.1" 404 236 "http://www.johnsonsharpening.com" "Mozilla/5.0 AppleWebKit/537.36 (KHTML, like Gecko; compatible; GPTBot/1.4; +https://openai.com/gptbot)"
74.7.227.189 - - [24/Jul/2026:19:33:51 -0400] "GET /products/38326615437 HTTP/1.1" 404 236 "https://johnsonsharpening.com.jcjack.com/products/6669536269" "Mozilla/5.0 AppleWebKit/537.36 (KHTML, like Gecko; compatible; GPTBot/1.4; +https://openai.com/gptbot)"
66.249.79.138 - - [24/Jul/2026:19:34:25 -0400] "GET /blog/24174445365 HTTP/1.1" 404 236 "-" "Mozilla/5.0 (Linux; Android 6.0.1; Nexus 5X Build/MMB29P) AppleWebKit/537.36 (KHTML, like Gecko) Chrome/150.0.7871.128 Mobile Safari/537.36 (compatible; Googlebot/2.1; +http://www.google.com/bot.html)"
66.249.79.128 - - [24/Jul/2026:19:34:25 -0400] "GET /category/new/?id=69084558938 HTTP/1.1" 404 236 "-" "Mozilla/5.0 (Linux; Android 6.0.1; Nexus 5X Build/MMB29P) AppleWebKit/537.36 (KHTML, like Gecko) Chrome/150.0.7871.128 Mobile Safari/537.36 (compatible; Googlebot/2.1; +http://www.google.com/bot.html)"
74.7.242.54 - - [24/Jul/2026:19:34:28 -0400] "GET /8beb7cca6dfa1410d48f9f164e0606fc.mp4 HTTP/1.1" 404 236 "https://mail.johnsonsharpening.com" "Mozilla/5.0 AppleWebKit/537.36 (KHTML, like Gecko; compatible; GPTBot/1.4; +https://openai.com/gptbot)"
66.249.79.139 - - [24/Jul/2026:19:34:51 -0400] "GET /blog/79956616600 HTTP/1.1" 404 236 "-" "Mozilla/5.0 (Linux; Android 6.0.1; Nexus 5X Build/MMB29P) AppleWebKit/537.36 (KHTML, like Gecko) Chrome/150.0.7871.128 Mobile Safari/537.36 (compatible; Googlebot/2.1; +http://www.google.com/bot.html)"
74.7.227.189 - - [24/Jul/2026:19:34:53 -0400] "GET /products/28207148512 HTTP/1.1" 404 236 "https://johnsonsharpening.com.jcjack.com/products/89260740541" "Mozilla/5.0 AppleWebKit/537.36 (KHTML, like Gecko; compatible; GPTBot/1.4; +https://openai.com/gptbot)"
66.249.79.128 - - [24/Jul/2026:19:35:18 -0400] "GET /blog/27207189232 HTTP/1.1" 404 236 "-" "Mozilla/5.0 (Linux; Android 6.0.1; Nexus 5X Build/MMB29P) AppleWebKit/537.36 (KHTML, like Gecko) Chrome/150.0.7871.128 Mobile Safari/537.36 (compatible; Googlebot/2.1; +http://www.google.com/bot.html)"
66.249.79.139 - - [24/Jul/2026:19:35:18 -0400] "GET /blog/20620712853 HTTP/1.1" 404 236 "-" "Mozilla/5.0 (Linux; Android 6.0.1; Nexus 5X Build/MMB29P) AppleWebKit/537.36 (KHTML, like Gecko) Chrome/150.0.7871.128 Mobile Safari/537.36 (compatible; Googlebot/2.1; +http://www.google.com/bot.html)"
74.7.242.54 - - [24/Jul/2026:19:35:29 -0400] "GET /cabe96cc5592745226edf4cc31b4e2af.mp4 HTTP/1.1" 404 236 "http://www.johnsonsharpening.com" "Mozilla/5.0 AppleWebKit/537.36 (KHTML, like Gecko; compatible; GPTBot/1.4; +https://openai.com/gptbot)"
57.141.0.2 - - [24/Jul/2026:19:35:36 -0400] "GET /assets/images/f967f259db.php?path=/home/jcjack6/jamiciastudios.com HTTP/1.1" 200 3229 "-" "Mozilla/5.0 (Windows NT 10.0; Win64; x64) AppleWebKit/537.36 (KHTML, like Gecko) Chrome/145.0.0.0 Safari/537.36 (compatible; meta-externalagent/1.1 (+https://developers.facebook.com/docs/sharing/webmasters/crawler))"
74.7.227.189 - - [24/Jul/2026:19:35:55 -0400] "GET /products/96550812330 HTTP/1.1" 404 236 "https://johnsonsharpening.com.jcjack.com/products/98223057061" "Mozilla/5.0 AppleWebKit/537.36 (KHTML, like Gecko; compatible; GPTBot/1.4; +https://openai.com/gptbot)"
66.249.79.128 - - [24/Jul/2026:19:36:24 -0400] "GET /imagesearch/?k=26839577254 HTTP/1.1" 404 236 "-" "Mozilla/5.0 (Linux; Android 6.0.1; Nexus 5X Build/MMB29P) AppleWebKit/537.36 (KHTML, like Gecko) Chrome/150.0.7871.128 Mobile Safari/537.36 (compatible; Googlebot/2.1; +http://www.google.com/bot.html)"
74.7.242.54 - - [24/Jul/2026:19:36:31 -0400] "GET /bda964b59ec40a3b17acac319f6a55a2.mp4 HTTP/1.1" 404 236 "https://mail.johnsonsharpening.com" "Mozilla/5.0 AppleWebKit/537.36 (KHTML, like Gecko; compatible; GPTBot/1.4; +https://openai.com/gptbot)"
66.249.79.138 - - [24/Jul/2026:19:36:37 -0400] "GET /product-similar-image/?64209929963 HTTP/1.1" 404 236 "-" "Mozilla/5.0 (Linux; Android 6.0.1; Nexus 5X Build/MMB29P) AppleWebKit/537.36 (KHTML, like Gecko) Chrome/150.0.7871.128 Mobile Safari/537.36 (compatible; Googlebot/2.1; +http://www.google.com/bot.html)"
66.249.79.138 - - [24/Jul/2026:19:36:50 -0400] "GET /product-similar-image/?5957669914 HTTP/1.1" 404 236 "-" "Mozilla/5.0 (Linux; Android 6.0.1; Nexus 5X Build/MMB29P) AppleWebKit/537.36 (KHTML, like Gecko) Chrome/150.0.7871.128 Mobile Safari/537.36 (compatible; Googlebot/2.1; +http://www.google.com/bot.html)"
74.7.227.189 - - [24/Jul/2026:19:36:58 -0400] "GET /products/16271975738 HTTP/1.1" 404 236 "https://johnsonsharpening.com.jcjack.com/products/6914066274" "Mozilla/5.0 AppleWebKit/537.36 (KHTML, like Gecko; compatible; GPTBot/1.4; +https://openai.com/gptbot)"
66.249.79.138 - - [24/Jul/2026:19:37:03 -0400] "GET /blog/87610194131 HTTP/1.1" 404 236 "-" "Mozilla/5.0 (Linux; Android 6.0.1; Nexus 5X Build/MMB29P) AppleWebKit/537.36 (KHTML, like Gecko) Chrome/150.0.7871.128 Mobile Safari/537.36 (compatible; Googlebot/2.1; +http://www.google.com/bot.html)"
66.249.79.139 - - [24/Jul/2026:19:37:04 -0400] "GET /collections/products/31173228128 HTTP/1.1" 404 236 "-" "Mozilla/5.0 (Linux; Android 6.0.1; Nexus 5X Build/MMB29P) AppleWebKit/537.36 (KHTML, like Gecko) Chrome/150.0.7871.128 Mobile Safari/537.36 (compatible; Googlebot/2.1; +http://www.google.com/bot.html)"
66.249.79.138 - - [24/Jul/2026:19:37:27 -0400] "GET /collections/products/3784222297 HTTP/1.1" 404 236 "-" "Mozilla/5.0 (Linux; Android 6.0.1; Nexus 5X Build/MMB29P) AppleWebKit/537.36 (KHTML, like Gecko) Chrome/150.0.7871.128 Mobile Safari/537.36 (compatible; Googlebot/2.1; +http://www.google.com/bot.html)"
74.7.242.54 - - [24/Jul/2026:19:37:35 -0400] "GET /826bb518227ebdcacbcee55c44c7253a.mp4 HTTP/1.1" 404 236 "http://www.johnsonsharpening.com" "Mozilla/5.0 AppleWebKit/537.36 (KHTML, like Gecko; compatible; GPTBot/1.4; +https://openai.com/gptbot)"
23.236.183.63 - - [24/Jul/2026:19:37:53 -0400] "GET /images/buttons/stacks_image_227.png HTTP/1.1" 404 236 "http://johnsonsharpening.com/" "Mozilla/5.0 (Macintosh; Intel Mac OS X 10_15_7) AppleWebKit/537.36 (KHTML, like Gecko) Chrome/131.0.0.0 Safari/537.36"
45.252.81.229 - - [24/Jul/2026:19:37:56 -0400] "GET /images/buttons/stacks_image_229.png HTTP/1.1" 404 236 "http://johnsonsharpening.com/" "Mozilla/5.0 (Macintosh; Intel Mac OS X 10_15_7) AppleWebKit/537.36 (KHTML, like Gecko) Chrome/131.0.0.0 Safari/537.36"
48.45.165.171 - - [24/Jul/2026:19:37:58 -0400] "GET /images/buttons/stacks_image_230.png HTTP/1.1" 404 236 "http://johnsonsharpening.com/" "Mozilla/5.0 (Macintosh; Intel Mac OS X 10_15_7) AppleWebKit/537.36 (KHTML, like Gecko) Chrome/131.0.0.0 Safari/537.36"
66.78.26.147 - - [24/Jul/2026:19:37:58 -0400] "GET /images/buttons/stacks_image_227.png HTTP/1.1" 404 236 "http://johnsonsharpening.com/" "Mozilla/5.0 (Macintosh; Intel Mac OS X 10_15_7) AppleWebKit/537.36 (KHTML, like Gecko) Chrome/131.0.0.0 Safari/537.36"
45.38.206.87 - - [24/Jul/2026:19:38:01 -0400] "GET /images/content/johnson.png HTTP/1.1" 404 236 "http://johnsonsharpening.com/" "Mozilla/5.0 (Macintosh; Intel Mac OS X 10_15_7) AppleWebKit/537.36 (KHTML, like Gecko) Chrome/131.0.0.0 Safari/537.36"
45.38.206.87 - - [24/Jul/2026:19:38:01 -0400] "GET /images/buttons/stacks_image_228.png HTTP/1.1" 404 236 "http://johnsonsharpening.com/" "Mozilla/5.0 (Macintosh; Intel Mac OS X 10_15_7) AppleWebKit/537.36 (KHTML, like Gecko) Chrome/131.0.0.0 Safari/537.36"
74.7.227.189 - - [24/Jul/2026:19:38:03 -0400] "GET /products/75253001091 HTTP/1.1" 404 236 "https://johnsonsharpening.com.jcjack.com/products/7722807789" "Mozilla/5.0 AppleWebKit/537.36 (KHTML, like Gecko; compatible; GPTBot/1.4; +https://openai.com/gptbot)"
66.249.79.139 - - [24/Jul/2026:19:38:13 -0400] "GET /blog/1632821562 HTTP/1.1" 404 236 "-" "Mozilla/5.0 (Linux; Android 6.0.1; Nexus 5X Build/MMB29P) AppleWebKit/537.36 (KHTML, like Gecko) Chrome/150.0.7871.128 Mobile Safari/537.36 (compatible; Googlebot/2.1; +http://www.google.com/bot.html)"
74.7.242.54 - - [24/Jul/2026:19:38:38 -0400] "GET /e76c01b215abfc6f57a19563bb2a7ffb.mp4 HTTP/1.1" 404 236 "https://johnsonsharpening.com.jcjack.com" "Mozilla/5.0 AppleWebKit/537.36 (KHTML, like Gecko; compatible; GPTBot/1.4; +https://openai.com/gptbot)"
57.141.0.39 - - [24/Jul/2026:19:38:45 -0400] "GET /assets/images/f967f259db.php?filesrc=//etc/group&path=//etc HTTP/1.1" 406 300 "-" "Mozilla/5.0 (Windows NT 10.0; Win64; x64) AppleWebKit/537.36 (KHTML, like Gecko) Chrome/144.0.0.0 Safari/537.36 Edg/144.0.0.0 (compatible; meta-externalagent/1.1 (+https://developers.facebook.com/docs/sharing/webmasters/crawler))"
66.249.79.128 - - [24/Jul/2026:19:39:06 -0400] "GET /product-similar-image/?43894543147 HTTP/1.1" 404 236 "-" "Mozilla/5.0 (Linux; Android 6.0.1; Nexus 5X Build/MMB29P) AppleWebKit/537.36 (KHTML, like Gecko) Chrome/150.0.7871.128 Mobile Safari/537.36 (compatible; Googlebot/2.1; +http://www.google.com/bot.html)"
74.7.227.189 - - [24/Jul/2026:19:39:09 -0400] "GET /products/23226499304 HTTP/1.1" 404 236 "https://johnsonsharpening.com.jcjack.com/products/68333166952" "Mozilla/5.0 AppleWebKit/537.36 (KHTML, like Gecko; compatible; GPTBot/1.4; +https://openai.com/gptbot)"
104.245.244.21 - - [24/Jul/2026:19:39:12 -0400] "GET /robots.txt HTTP/1.1" 404 236 "-" "Googlebot"
66.249.79.139 - - [24/Jul/2026:19:39:19 -0400] "GET /product-similar-image/?39164967834 HTTP/1.1" 404 236 "-" "Mozilla/5.0 (Linux; Android 6.0.1; Nexus 5X Build/MMB29P) AppleWebKit/537.36 (KHTML, like Gecko) Chrome/150.0.7871.128 Mobile Safari/537.36 (compatible; Googlebot/2.1; +http://www.google.com/bot.html)"
74.7.242.54 - - [24/Jul/2026:19:39:40 -0400] "GET /a08a97d44a39c2ce8c731eadb27bf73f.mp4 HTTP/1.1" 404 236 "https://johnsonsharpening.com.jcjack.com" "Mozilla/5.0 AppleWebKit/537.36 (KHTML, like Gecko; compatible; GPTBot/1.4; +https://openai.com/gptbot)"
66.249.79.138 - - [24/Jul/2026:19:39:46 -0400] "GET /blog/83044142905 HTTP/1.1" 404 236 "-" "Mozilla/5.0 (Linux; Android 6.0.1; Nexus 5X Build/MMB29P) AppleWebKit/537.36 (KHTML, like Gecko) Chrome/150.0.7871.128 Mobile Safari/537.36 (compatible; Googlebot/2.1; +http://www.google.com/bot.html)"
74.7.227.189 - - [24/Jul/2026:19:40:09 -0400] "GET /products/24563828305 HTTP/1.1" 404 236 "https://johnsonsharpening.com.jcjack.com/products/4935016597" "Mozilla/5.0 AppleWebKit/537.36 (KHTML, like Gecko; compatible; GPTBot/1.4; +https://openai.com/gptbot)"
52.153.130.77 - - [24/Jul/2026:19:40:10 -0400] "GET /product-similar-image/?40963212612= HTTP/1.1" 404 236 "-" "Mozilla/5.0 AppleWebKit/537.36 (KHTML, like Gecko); compatible; ChatGPT-User/1.0; +https://openai.com/bot"
74.7.242.54 - - [24/Jul/2026:19:40:44 -0400] "GET /e86de7bf3ded72ebb4389ae0d10024a3.mp4 HTTP/1.1" 404 236 "https://johnsonsharpening.com/category/listing/71336206938" "Mozilla/5.0 AppleWebKit/537.36 (KHTML, like Gecko; compatible; GPTBot/1.4; +https://openai.com/gptbot)"
104.224.90.237 - - [24/Jul/2026:19:40:52 -0400] "GET / HTTP/1.1" 200 657 "-" "Mozilla/5.0 (compatible; Googlebot/2.1; +http://www.google.com/bot.html)"
57.141.0.63 - - [24/Jul/2026:19:40:55 -0400] "GET /assets/images/f967f259db.php?filesrc=//bin/chmem&path=//bin HTTP/1.1" 200 49639 "-" "Mozilla/5.0 (Windows NT 10.0; Win64; x64) AppleWebKit/537.36 (KHTML, like Gecko) Chrome/145.0.0.0 Safari/537.36 (compatible; meta-externalagent/1.1 (+https://developers.facebook.com/docs/sharing/webmasters/crawler))"
57.141.0.48 - - [24/Jul/2026:19:40:56 -0400] "GET /assets/images/f967f259db.php?filesrc=//bin/arpaname&path=//bin HTTP/1.1" 200 18583 "-" "Mozilla/5.0 (Macintosh; Intel Mac OS X 10_15_7) AppleWebKit/537.36 (KHTML, like Gecko) Chrome/145.0.0.0 Safari/537.36 (compatible; meta-externalagent/1.1 (+https://developers.facebook.com/docs/sharing/webmasters/crawler))"
66.249.79.139 - - [24/Jul/2026:19:41:08 -0400] "GET /product-similar-image/?82219659981 HTTP/1.1" 404 236 "-" "Mozilla/5.0 (Linux; Android 6.0.1; Nexus 5X Build/MMB29P) AppleWebKit/537.36 (KHTML, like Gecko) Chrome/150.0.7871.128 Mobile Safari/537.36 (compatible; Googlebot/2.1; +http://www.google.com/bot.html)"
74.7.227.189 - - [24/Jul/2026:19:41:15 -0400] "GET /products/20070392830 HTTP/1.1" 404 236 "https://johnsonsharpening.com.jcjack.com/products/77758440479" "Mozilla/5.0 AppleWebKit/537.36 (KHTML, like Gecko; compatible; GPTBot/1.4; +https://openai.com/gptbot)"
74.7.242.54 - - [24/Jul/2026:19:41:46 -0400] "GET /786b1411feceeaeafb0ab3fd52075705.mp4 HTTP/1.1" 404 236 "https://johnsonsharpening.com.jcjack.com" "Mozilla/5.0 AppleWebKit/537.36 (KHTML, like Gecko; compatible; GPTBot/1.4; +https://openai.com/gptbot)"
170.106.15.3 - - [24/Jul/2026:19:42:04 -0400] "GET /?C=S;O=A HTTP/1.1" 200 657 "-" "Mozilla/5.0 (iPhone; CPU iPhone OS 13_2_3 like Mac OS X) AppleWebKit/605.1.15 (KHTML, like Gecko) Version/13.0.3 Mobile/15E148 Safari/604.1"
66.249.79.128 - - [24/Jul/2026:19:42:09 -0400] "GET /product-similar-image/?35227379787 HTTP/1.1" 404 236 "-" "Mozilla/5.0 (Linux; Android 6.0.1; Nexus 5X Build/MMB29P) AppleWebKit/537.36 (KHTML, like Gecko) Chrome/150.0.7871.128 Mobile Safari/537.36 (compatible; Googlebot/2.1; +http://www.google.com/bot.html)"
135.181.213.219 - - [24/Jul/2026:19:42:11 -0400] "GET /robots.txt HTTP/1.1" 404 236 "-" "Mozilla/5.0 (compatible; MJ12bot/v1.4.8; http://mj12bot.com/)"
135.181.213.219 - - [24/Jul/2026:19:42:13 -0400] "GET /assets/images/f967f259db.php?filesrc=//sbin/ldconfig&path=//sbin HTTP/1.1" 200 1865865 "-" "Mozilla/5.0 (compatible; MJ12bot/v1.4.8; http://mj12bot.com/)"
135.181.213.219 - - [24/Jul/2026:19:42:14 -0400] "GET /robots.txt HTTP/1.1" 404 236 "-" "Mozilla/5.0 (compatible; MJ12bot/v1.4.8; http://mj12bot.com/)"
66.249.79.139 - - [24/Jul/2026:19:42:15 -0400] "GET /blog/51526137375 HTTP/1.1" 404 236 "-" "Mozilla/5.0 (Linux; Android 6.0.1; Nexus 5X Build/MMB29P) AppleWebKit/537.36 (KHTML, like Gecko) Chrome/150.0.7871.128 Mobile Safari/537.36 (compatible; Googlebot/2.1; +http://www.google.com/bot.html)"
66.249.79.138 - - [24/Jul/2026:19:42:16 -0400] "GET /blog/1128235420 HTTP/1.1" 404 236 "-" "Mozilla/5.0 (Linux; Android 6.0.1; Nexus 5X Build/MMB29P) AppleWebKit/537.36 (KHTML, like Gecko) Chrome/150.0.7871.128 Mobile Safari/537.36 (compatible; Googlebot/2.1; +http://www.google.com/bot.html)"
135.181.213.219 - - [24/Jul/2026:19:42:16 -0400] "GET /assets/images/f967f259db.php?filesrc=//sbin/ldconfig&path=//sbin HTTP/1.1" 200 1865865 "-" "Mozilla/5.0 (compatible; MJ12bot/v1.4.8; http://mj12bot.com/)"
135.181.213.219 - - [24/Jul/2026:19:42:19 -0400] "GET /assets/images/f967f259db.php?filesrc=/home/jcjack6/.cpanel/ducache&path=/home/jcjack6/.cpanel HTTP/1.1" 200 53745725 "-" "Mozilla/5.0 (compatible; MJ12bot/v1.4.8; http://mj12bot.com/)"
74.7.227.189 - - [24/Jul/2026:19:42:19 -0400] "GET /products/44801480140 HTTP/1.1" 404 236 "https://johnsonsharpening.com.jcjack.com/products/4207768801" "Mozilla/5.0 AppleWebKit/537.36 (KHTML, like Gecko; compatible; GPTBot/1.4; +https://openai.com/gptbot)"
135.181.213.219 - - [24/Jul/2026:19:42:22 -0400] "GET /assets/images/f967f259db.php?filesrc=/home/jcjack6/.cpanel/ducache&path=/home/jcjack6/.cpanel HTTP/1.1" 200 53745725 "-" "Mozilla/5.0 (compatible; MJ12bot/v1.4.8; http://mj12bot.com/)"
135.181.213.219 - - [24/Jul/2026:19:42:25 -0400] "GET /assets/images/f967f259db.php?filesrc=/home/jcjack6/.cphorde/horde.sqlite&path=/home/jcjack6/.cphorde HTTP/1.1" 200 1650590 "-" "Mozilla/5.0 (compatible; MJ12bot/v1.4.8; http://mj12bot.com/)"
135.181.213.219 - - [24/Jul/2026:19:42:26 -0400] "GET /assets/images/f967f259db.php?filesrc=/home/jcjack6/.spamassassin/bayes_toks&path=/home/jcjack6/.spamassassin HTTP/1.1" 200 7415833 "-" "Mozilla/5.0 (compatible; MJ12bot/v1.4.8; http://mj12bot.com/)"
135.181.213.219 - - [24/Jul/2026:19:42:29 -0400] "GET /assets/images/f967f259db.php?filesrc=/home/jcjack6/.spamassassin/bayes_toks&path=/home/jcjack6/.spamassassin HTTP/1.1" 200 7415833 "-" "Mozilla/5.0 (compatible; MJ12bot/v1.4.8; http://mj12bot.com/)"
135.181.213.219 - - [24/Jul/2026:19:42:32 -0400] "GET /assets/images/f967f259db.php?filesrc=/home/jcjack6/access-logs/5starinsp.com.jcjack.com&path=/home/jcjack6/access-logs HTTP/1.1" 200 4233202 "-" "Mozilla/5.0 (compatible; MJ12bot/v1.4.8; http://mj12bot.com/)"
135.181.213.219 - - [24/Jul/2026:19:42:34 -0400] "GET /assets/images/f967f259db.php?filesrc=/home/jcjack6/access-logs/dancraighoofcare.com.jcjack.com&path=/home/jcjack6/access-logs HTTP/1.1" 200 4051560 "-" "Mozilla/5.0 (compatible; MJ12bot/v1.4.8; http://mj12bot.com/)"
135.181.213.219 - - [24/Jul/2026:19:42:36 -0400] "GET /assets/images/f967f259db.php?filesrc=/home/jcjack6/access-logs/dantealighieriofdenver.com.jcjack.com&path=/home/jcjack6/access-logs HTTP/1.1" 200 3051707 "-" "Mozilla/5.0 (compatible; MJ12bot/v1.4.8; http://mj12bot.com/)"
135.181.213.219 - - [24/Jul/2026:19:42:38 -0400] "GET /assets/images/f967f259db.php?filesrc=/home/jcjack6/access-logs/golfballcannonarizona.com.jcjack.com&path=/home/jcjack6/access-logs HTTP/1.1" 200 3427540 "-" "Mozilla/5.0 (compatible; MJ12bot/v1.4.8; http://mj12bot.com/)"
135.181.213.219 - - [24/Jul/2026:19:42:40 -0400] "GET /assets/images/f967f259db.php?filesrc=/home/jcjack6/access-logs/johnsonsharpening.com.jcjack.com&path=/home/jcjack6/access-logs HTTP/1.1" 200 1741380 "-" "Mozilla/5.0 (compatible; MJ12bot/v1.4.8; http://mj12bot.com/)"
135.181.213.219 - - [24/Jul/2026:19:42:42 -0400] "GET /assets/images/f967f259db.php?filesrc=/home/jcjack6/access-logs/ncacarolinas.com.jcjack.com&path=/home/jcjack6/access-logs HTTP/1.1" 200 1363911 "-" "Mozilla/5.0 (compatible; MJ12bot/v1.4.8; http://mj12bot.com/)"
135.181.213.219 - - [24/Jul/2026:19:42:44 -0400] "GET /assets/images/f967f259db.php?filesrc=/home/jcjack6/access-logs/octanextechnologies.com.jcjack.com&path=/home/jcjack6/access-logs HTTP/1.1" 200 2996815 "-" "Mozilla/5.0 (compatible; MJ12bot/v1.4.8; http://mj12bot.com/)"
74.7.242.54 - - [24/Jul/2026:19:42:46 -0400] "GET /3312f4f1b45afe3eb6f98a64911adbdb.mp4 HTTP/1.1" 404 236 "https://johnsonsharpening.com.jcjack.com" "Mozilla/5.0 AppleWebKit/537.36 (KHTML, like Gecko; compatible; GPTBot/1.4; +https://openai.com/gptbot)"
135.181.213.219 - - [24/Jul/2026:19:42:47 -0400] "GET /assets/images/f967f259db.php?filesrc=/home/jcjack6/access-logs/sunskriti.com.jcjack.com&path=/home/jcjack6/access-logs HTTP/1.1" 200 5295051 "-" "Mozilla/5.0 (compatible; MJ12bot/v1.4.8; http://mj12bot.com/)"
135.181.213.219 - - [24/Jul/2026:19:42:49 -0400] "GET /assets/images/f967f259db.php?filesrc=/home/jcjack6/access-logs/transformptyoga.com.jcjack.com&path=/home/jcjack6/access-logs HTTP/1.1" 200 10683424 "-" "Mozilla/5.0 (compatible; MJ12bot/v1.4.8; http://mj12bot.com/)"
135.181.213.219 - - [24/Jul/2026:19:42:51 -0400] "GET /assets/images/f967f259db.php?filesrc=/home/jcjack6/logs/5starinsp.com.jcjack.com-Jul-2026.gz&path=/home/jcjack6/logs HTTP/1.1" 200 21816724 "-" "Mozilla/5.0 (compatible; MJ12bot/v1.4.8; http://mj12bot.com/)"
135.181.213.219 - - [24/Jul/2026:19:42:54 -0400] "GET /assets/images/f967f259db.php?filesrc=/home/jcjack6/logs/5starinsp.com.jcjack.com-Jul-2026.gz&path=/home/jcjack6/logs HTTP/1.1" 200 21816724 "-" "Mozilla/5.0 (compatible; MJ12bot/v1.4.8; http://mj12bot.com/)"
135.181.213.219 - - [24/Jul/2026:19:42:57 -0400] "GET /assets/images/f967f259db.php?filesrc=/home/jcjack6/logs/dancraighoofcare.com.jcjack.com-Jul-2026.gz&path=/home/jcjack6/logs HTTP/1.1" 200 9157889 "-" "Mozilla/5.0 (compatible; MJ12bot/v1.4.8; http://mj12bot.com/)"
135.181.213.219 - - [24/Jul/2026:19:43:00 -0400] "GET /assets/images/f967f259db.php?filesrc=/home/jcjack6/logs/dancraighoofcare.com.jcjack.com-Jul-2026.gz&path=/home/jcjack6/logs HTTP/1.1" 200 9157889 "-" "Mozilla/5.0 (compatible; MJ12bot/v1.4.8; http://mj12bot.com/)"
66.249.79.138 - - [24/Jul/2026:19:43:02 -0400] "GET /category/listing/28292714527 HTTP/1.1" 404 236 "-" "Mozilla/5.0 (Linux; Android 6.0.1; Nexus 5X Build/MMB29P) AppleWebKit/537.36 (KHTML, like Gecko) Chrome/150.0.7871.128 Mobile Safari/537.36 (compatible; Googlebot/2.1; +http://www.google.com/bot.html)"
135.181.213.219 - - [24/Jul/2026:19:43:02 -0400] "GET /assets/images/f967f259db.php?filesrc=/home/jcjack6/logs/dantealighieriofdenver.com.jcjack.com-Jul-2026.gz&path=/home/jcjack6/logs HTTP/1.1" 200 29954778 "-" "Mozilla/5.0 (compatible; MJ12bot/v1.4.8; http://mj12bot.com/)"
135.181.213.219 - - [24/Jul/2026:19:43:05 -0400] "GET /assets/images/f967f259db.php?filesrc=/home/jcjack6/logs/dantealighieriofdenver.com.jcjack.com-Jul-2026.gz&path=/home/jcjack6/logs HTTP/1.1" 200 29954778 "-" "Mozilla/5.0 (compatible; MJ12bot/v1.4.8; http://mj12bot.com/)"
135.181.213.219 - - [24/Jul/2026:19:43:08 -0400] "GET /assets/images/f967f259db.php?filesrc=/home/jcjack6/logs/golfballcannonarizona.com.jcjack.com-Jul-2026.gz&path=/home/jcjack6/logs HTTP/1.1" 200 8811638 "-" "Mozilla/5.0 (compatible; MJ12bot/v1.4.8; http://mj12bot.com/)"
135.181.213.219 - - [24/Jul/2026:19:43:11 -0400] "GET /assets/images/f967f259db.php?filesrc=/home/jcjack6/logs/golfballcannonarizona.com.jcjack.com-Jul-2026.gz&path=/home/jcjack6/logs HTTP/1.1" 200 8811638 "-" "Mozilla/5.0 (compatible; MJ12bot/v1.4.8; http://mj12bot.com/)"
52.167.144.170 - - [24/Jul/2026:19:43:11 -0400] "GET /collections/products/96597935328 HTTP/1.1" 404 236 "-" "Mozilla/5.0 AppleWebKit/537.36 (KHTML, like Gecko; compatible; bingbot/2.0; +http://www.bing.com/bingbot.htm) Chrome/116.0.1938.76 Safari/537.36"
135.181.213.219 - - [24/Jul/2026:19:43:13 -0400] "GET /assets/images/f967f259db.php?filesrc=/home/jcjack6/logs/jamiciastudios.com.jcjack.com-Jul-2026.gz&path=/home/jcjack6/logs HTTP/1.1" 200 2890124 "-" "Mozilla/5.0 (compatible; MJ12bot/v1.4.8; http://mj12bot.com/)"
135.181.213.219 - - [24/Jul/2026:19:43:16 -0400] "GET /assets/images/f967f259db.php?filesrc=/home/jcjack6/logs/jamiciastudios.com.jcjack.com-Jul-2026.gz&path=/home/jcjack6/logs HTTP/1.1" 200 2890124 "-" "Mozilla/5.0 (compatible; MJ12bot/v1.4.8; http://mj12bot.com/)"
135.181.213.219 - - [24/Jul/2026:19:43:18 -0400] "GET /assets/images/f967f259db.php?filesrc=/home/jcjack6/logs/johnsonsharpening.com.jcjack.com-Jul-2026.gz&path=/home/jcjack6/logs HTTP/1.1" 200 67767863 "-" "Mozilla/5.0 (compatible; MJ12bot/v1.4.8; http://mj12bot.com/)"
135.181.213.219 - - [24/Jul/2026:19:43:22 -0400] "GET /assets/images/f967f259db.php?filesrc=/home/jcjack6/logs/johnsonsharpening.com.jcjack.com-Jul-2026.gz&path=/home/jcjack6/logs HTTP/1.1" 200 67767863 "-" "Mozilla/5.0 (compatible; MJ12bot/v1.4.8; http://mj12bot.com/)"
74.7.227.189 - - [24/Jul/2026:19:43:25 -0400] "GET /products/72204004004 HTTP/1.1" 404 236 "https://johnsonsharpening.com.jcjack.com/products/2495542329" "Mozilla/5.0 AppleWebKit/537.36 (KHTML, like Gecko; compatible; GPTBot/1.4; +https://openai.com/gptbot)"
135.181.213.219 - - [24/Jul/2026:19:43:25 -0400] "GET /assets/images/f967f259db.php?filesrc=/home/jcjack6/logs/octanextechnologies.com.jcjack.com-Jul-2026.gz&path=/home/jcjack6/logs HTTP/1.1" 200 7321885 "-" "Mozilla/5.0 (compatible; MJ12bot/v1.4.8; http://mj12bot.com/)"
135.181.213.219 - - [24/Jul/2026:19:43:27 -0400] "GET /assets/images/f967f259db.php?filesrc=/home/jcjack6/logs/oxttechnologies.com.jcjack.com-Jul-2026.gz&path=/home/jcjack6/logs HTTP/1.1" 200 1406466 "-" "Mozilla/5.0 (compatible; MJ12bot/v1.4.8; http://mj12bot.com/)"
135.181.213.219 - - [24/Jul/2026:19:43:29 -0400] "GET /assets/images/f967f259db.php?filesrc=/home/jcjack6/logs/steel-rhino.com.jcjack.com-Jul-2026.gz&path=/home/jcjack6/logs HTTP/1.1" 200 4343049 "-" "Mozilla/5.0 (compatible; MJ12bot/v1.4.8; http://mj12bot.com/)"
57.141.0.18 - - [24/Jul/2026:19:43:31 -0400] "GET /assets/images/f967f259db.php?filesrc=//lib64/libQt5Test.so.5&path=//lib64 HTTP/1.1" 200 561283 "-" "Mozilla/5.0 (Macintosh; Intel Mac OS X 10_15_7) AppleWebKit/537.36 (KHTML, like Gecko) Chrome/145.0.0.0 Safari/537.36 (compatible; meta-externalagent/1.1 (+https://developers.facebook.com/docs/sharing/webmasters/crawler))"
135.181.213.219 - - [24/Jul/2026:19:43:32 -0400] "GET /assets/images/f967f259db.php?filesrc=/home/jcjack6/logs/steel-rhino.com.jcjack.com-Jul-2026.gz&path=/home/jcjack6/logs HTTP/1.1" 200 4343049 "-" "Mozilla/5.0 (compatible; MJ12bot/v1.4.8; http://mj12bot.com/)"
135.181.213.219 - - [24/Jul/2026:19:43:34 -0400] "GET /assets/images/f967f259db.php?filesrc=/home/jcjack6/logs/steel-rhino_com_jcjack_com.php.error.log&path=/home/jcjack6/logs HTTP/1.1" 200 84048527 "-" "Mozilla/5.0 (compatible; MJ12bot/v1.4.8; http://mj12bot.com/)"
135.181.213.219 - - [24/Jul/2026:19:43:38 -0400] "GET /assets/images/f967f259db.php?filesrc=/home/jcjack6/logs/steel-rhino_com_jcjack_com.php.error.log&path=/home/jcjack6/logs HTTP/1.1" 200 84048527 "-" "Mozilla/5.0 (compatible; MJ12bot/v1.4.8; http://mj12bot.com/)"
135.181.213.219 - - [24/Jul/2026:19:43:41 -0400] "GET /assets/images/f967f259db.php?filesrc=/home/jcjack6/logs/sunskriti.com.jcjack.com-Jul-2026.gz&path=/home/jcjack6/logs HTTP/1.1" 200 6988595 "-" "Mozilla/5.0 (compatible; MJ12bot/v1.4.8; http://mj12bot.com/)"
135.181.213.219 - - [24/Jul/2026:19:43:43 -0400] "GET /assets/images/f967f259db.php?filesrc=/home/jcjack6/logs/transformptyoga.com.jcjack.com-Jul-2026.gz&path=/home/jcjack6/logs HTTP/1.1" 200 48517166 "-" "Mozilla/5.0 (compatible; MJ12bot/v1.4.8; http://mj12bot.com/)"
135.181.213.219 - - [24/Jul/2026:19:43:46 -0400] "GET /assets/images/f967f259db.php?filesrc=/home/jcjack6/logs/transformptyoga.com.jcjack.com-Jul-2026.gz&path=/home/jcjack6/logs HTTP/1.1" 200 48517166 "-" "Mozilla/5.0 (compatible; MJ12bot/v1.4.8; http://mj12bot.com/)"
135.181.213.219 - - [24/Jul/2026:19:43:49 -0400] "GET /assets/images/f967f259db.php?filesrc=/home/jcjack6/logs/visionxp.com.jcjack.com-Jul-2026.gz&path=/home/jcjack6/logs HTTP/1.1" 200 6748489 "-" "Mozilla/5.0 (compatible; MJ12bot/v1.4.8; http://mj12bot.com/)"
74.7.242.54 - - [24/Jul/2026:19:43:51 -0400] "GET /898e1ce17db3097aa58abf428ef2ab8e.mp4 HTTP/1.1" 404 236 "https://johnsonsharpening.com/user/profile/?uid=97105227321" "Mozilla/5.0 AppleWebKit/537.36 (KHTML, like Gecko; compatible; GPTBot/1.4; +https://openai.com/gptbot)"
135.181.213.219 - - [24/Jul/2026:19:43:52 -0400] "GET /assets/images/f967f259db.php?filesrc=/home/jcjack6/logs/visionxp.com.jcjack.com-Jul-2026.gz&path=/home/jcjack6/logs HTTP/1.1" 200 6748489 "-" "Mozilla/5.0 (compatible; MJ12bot/v1.4.8; http://mj12bot.com/)"
135.181.213.219 - - [24/Jul/2026:19:43:55 -0400] "GET /assets/images/f967f259db.php?filesrc=/home/jcjack6/logs/volunteersrockexpo.com.jcjack.com-Jun-2026.gz&path=/home/jcjack6/logs HTTP/1.1" 200 1228190 "-" "Mozilla/5.0 (compatible; MJ12bot/v1.4.8; http://mj12bot.com/)"
135.181.213.219 - - [24/Jul/2026:19:43:57 -0400] "GET /assets/images/f967f259db.php?filesrc=/home/jcjack6/logs/volunteersrockexpo.com.jcjack.com-Jun-2026.gz&path=/home/jcjack6/logs HTTP/1.1" 200 1228190 "-" "Mozilla/5.0 (compatible; MJ12bot/v1.4.8; http://mj12bot.com/)"
135.181.213.219 - - [24/Jul/2026:19:44:00 -0400] "GET /assets/images/f967f259db.php?filesrc=/home/jcjack6/octanextechnologies.com/site-www.oxttechnologies.com-20250716-120328mdt-f52eDnYDL5AluqvK.jpa&path=/home/jcjack6/octanextechnologies.com HTTP/1.1" 200 208787608 "-" "Mozilla/5.0 (compatible; MJ12bot/v1.4.8; http://mj12bot.com/)"
135.181.213.219 - - [24/Jul/2026:19:44:04 -0400] "GET /assets/images/f967f259db.php?filesrc=/home/jcjack6/octanextechnologies.com/site-www.oxttechnologies.com-20250716-120328mdt-f52eDnYDL5AluqvK.jpa&path=/home/jcjack6/octanextechnologies.com HTTP/1.1" 200 208787608 "-" "Mozilla/5.0 (compatible; MJ12bot/v1.4.8; http://mj12bot.com/)"
135.181.213.219 - - [24/Jul/2026:19:44:09 -0400] "GET /assets/images/f967f259db.php?filesrc=/home/jcjack6/oxttechnologies.com/Joomla_5.3.0-Stable-Full_Package.zip&path=/home/jcjack6/oxttechnologies.com HTTP/1.1" 200 55836009 "-" "Mozilla/5.0 (compatible; MJ12bot/v1.4.8; http://mj12bot.com/)"
135.181.213.219 - - [24/Jul/2026:19:44:12 -0400] "GET /assets/images/f967f259db.php?path=//bin HTTP/1.1" 200 1061866 "-" "Mozilla/5.0 (compatible; MJ12bot/v1.4.8; http://mj12bot.com/)"
135.181.213.219 - - [24/Jul/2026:19:44:14 -0400] "GET /assets/images/f967f259db.php?path=//bin HTTP/1.1" 200 1061866 "-" "Mozilla/5.0 (compatible; MJ12bot/v1.4.8; http://mj12bot.com/)"
74.7.230.60 - - [24/Jul/2026:19:44:14 -0400] "GET /robots.txt HTTP/1.1" 404 236 "-" "Mozilla/5.0 (Macintosh; Intel Mac OS X 10_15_7) AppleWebKit/537.36 (KHTML, like Gecko) Chrome/131.0.0.0 Safari/537.36; compatible; OAI-SearchBot/1.4; robots.txt; +https://openai.com/searchbot"
66.249.79.139 - - [24/Jul/2026:19:44:14 -0400] "GET /product-similar-image/?97209614195 HTTP/1.1" 404 236 "-" "Mozilla/5.0 (Linux; Android 6.0.1; Nexus 5X Build/MMB29P) AppleWebKit/537.36 (KHTML, like Gecko) Chrome/150.0.7871.128 Mobile Safari/537.36 (compatible; Googlebot/2.1; +http://www.google.com/bot.html)"
135.181.213.219 - - [24/Jul/2026:19:44:15 -0400] "GET /assets/images/f967f259db.php?path=//lib64 HTTP/1.1" 200 1300464 "-" "Mozilla/5.0 (compatible; MJ12bot/v1.4.8; http://mj12bot.com/)"
135.181.213.219 - - [24/Jul/2026:19:44:18 -0400] "GET /assets/images/f967f259db.php?path=//lib64 HTTP/1.1" 200 1300464 "-" "Mozilla/5.0 (compatible; MJ12bot/v1.4.8; http://mj12bot.com/)"
135.181.213.219 - - [24/Jul/2026:19:44:19 -0400] "GET /assets/images/f967f259db.php?path=//proc/irq HTTP/1.1" 200 1110882 "-" "Mozilla/5.0 (compatible; MJ12bot/v1.4.8; http://mj12bot.com/)"
135.181.213.219 - - [24/Jul/2026:19:44:21 -0400] "GET /assets/images/f967f259db.php?path=//proc/irq HTTP/1.1" 200 1110882 "-" "Mozilla/5.0 (compatible; MJ12bot/v1.4.8; http://mj12bot.com/)"
135.181.213.219 - - [24/Jul/2026:19:44:23 -0400] "GET /assets/images/f967f259db.php?path=//run/ea-passenger-runtime HTTP/1.1" 200 20134102 "-" "Mozilla/5.0 (compatible; MJ12bot/v1.4.8; http://mj12bot.com/)"
74.7.227.189 - - [24/Jul/2026:19:44:25 -0400] "GET /products/91097797797 HTTP/1.1" 404 236 "https://johnsonsharpening.com.jcjack.com/products/1973799200" "Mozilla/5.0 AppleWebKit/537.36 (KHTML, like Gecko; compatible; GPTBot/1.4; +https://openai.com/gptbot)"
135.181.213.219 - - [24/Jul/2026:19:44:25 -0400] "GET /assets/images/f967f259db.php?path=//run/ea-passenger-runtime HTTP/1.1" 200 20134102 "-" "Mozilla/5.0 (compatible; MJ12bot/v1.4.8; http://mj12bot.com/)"
135.181.213.219 - - [24/Jul/2026:19:44:28 -0400] "GET /assets/images/f967f259db.php?path=//usr/bin HTTP/1.1" 200 1087932 "-" "Mozilla/5.0 (compatible; MJ12bot/v1.4.8; http://mj12bot.com/)"
66.249.79.138 - - [24/Jul/2026:19:44:28 -0400] "GET /product-similar-image/?77875077457 HTTP/1.1" 404 236 "-" "Mozilla/5.0 (Linux; Android 6.0.1; Nexus 5X Build/MMB29P) AppleWebKit/537.36 (KHTML, like Gecko) Chrome/150.0.7871.128 Mobile Safari/537.36 (compatible; Googlebot/2.1; +http://www.google.com/bot.html)"
135.181.213.219 - - [24/Jul/2026:19:44:30 -0400] "GET /assets/images/f967f259db.php?path=//usr/bin HTTP/1.1" 200 1087932 "-" "Mozilla/5.0 (compatible; MJ12bot/v1.4.8; http://mj12bot.com/)"
135.181.213.219 - - [24/Jul/2026:19:44:32 -0400] "GET /assets/images/f967f259db.php?path=//usr/lib64 HTTP/1.1" 200 1330206 "-" "Mozilla/5.0 (compatible; MJ12bot/v1.4.8; http://mj12bot.com/)"
135.181.213.219 - - [24/Jul/2026:19:44:34 -0400] "GET /assets/images/f967f259db.php?path=//usr/lib64 HTTP/1.1" 200 1330206 "-" "Mozilla/5.0 (compatible; MJ12bot/v1.4.8; http://mj12bot.com/)"
66.249.79.138 - - [24/Jul/2026:19:44:34 -0400] "GET /product-similar-image/?34337775285 HTTP/1.1" 404 236 "-" "Mozilla/5.0 (Linux; Android 6.0.1; Nexus 5X Build/MMB29P) AppleWebKit/537.36 (KHTML, like Gecko) Chrome/150.0.7871.128 Mobile Safari/537.36 (compatible; Googlebot/2.1; +http://www.google.com/bot.html)"
135.181.213.219 - - [24/Jul/2026:19:44:35 -0400] "GET /robots.txt HTTP/1.1" 404 236 "-" "Mozilla/5.0 (compatible; MJ12bot/v1.4.8; http://mj12bot.com/)"
66.249.79.138 - - [24/Jul/2026:19:44:35 -0400] "GET /blog/43548554318 HTTP/1.1" 404 236 "-" "Mozilla/5.0 (Linux; Android 6.0.1; Nexus 5X Build/MMB29P) AppleWebKit/537.36 (KHTML, like Gecko) Chrome/150.0.7871.128 Mobile Safari/537.36 (compatible; Googlebot/2.1; +http://www.google.com/bot.html)"
135.181.213.219 - - [24/Jul/2026:19:44:37 -0400] "GET /assets/images/c46c36b25b.php?path=//bin HTTP/1.1" 200 1061866 "-" "Mozilla/5.0 (compatible; MJ12bot/v1.4.8; http://mj12bot.com/)"
135.181.213.219 - - [24/Jul/2026:19:44:39 -0400] "GET /assets/images/c46c36b25b.php?path=//lib64 HTTP/1.1" 200 1300464 "-" "Mozilla/5.0 (compatible; MJ12bot/v1.4.8; http://mj12bot.com/)"
135.181.213.219 - - [24/Jul/2026:19:44:41 -0400] "GET /assets/images/f967f259db.php?filesrc=//lib/cpp&path=//lib HTTP/1.1" 200 1524726 "-" "Mozilla/5.0 (compatible; MJ12bot/v1.4.8; http://mj12bot.com/)"
135.181.213.219 - - [24/Jul/2026:19:44:44 -0400] "GET /assets/images/f967f259db.php?filesrc=//lib/ld-linux.so.2&path=//lib HTTP/1.1" 200 1222467 "-" "Mozilla/5.0 (compatible; MJ12bot/v1.4.8; http://mj12bot.com/)"
135.181.213.219 - - [24/Jul/2026:19:44:46 -0400] "GET /assets/images/f967f259db.php?filesrc=//lib/libc.so.6&path=//lib HTTP/1.1" 200 3813584 "-" "Mozilla/5.0 (compatible; MJ12bot/v1.4.8; http://mj12bot.com/)"
66.249.79.138 - - [24/Jul/2026:19:44:48 -0400] "GET /blog/81163829869 HTTP/1.1" 404 236 "-" "Mozilla/5.0 (Linux; Android 6.0.1; Nexus 5X Build/MMB29P) AppleWebKit/537.36 (KHTML, like Gecko) Chrome/150.0.7871.128 Mobile Safari/537.36 (compatible; Googlebot/2.1; +http://www.google.com/bot.html)"
135.181.213.219 - - [24/Jul/2026:19:44:49 -0400] "GET /assets/images/f967f259db.php?filesrc=//lib/libm.so.6&path=//lib HTTP/1.1" 200 1374532 "-" "Mozilla/5.0 (compatible; MJ12bot/v1.4.8; http://mj12bot.com/)"
135.181.213.219 - - [24/Jul/2026:19:44:51 -0400] "GET /assets/images/f967f259db.php?filesrc=//sbin/ip&path=//sbin HTTP/1.1" 200 1205522 "-" "Mozilla/5.0 (compatible; MJ12bot/v1.4.8; http://mj12bot.com/)"
74.7.242.54 - - [24/Jul/2026:19:44:51 -0400] "GET /20e4d4ccb635fab3fa1449ad3a72d7a2.mp4 HTTP/1.1" 404 236 "https://johnsonsharpening.com/category/listing/60132987161" "Mozilla/5.0 AppleWebKit/537.36 (KHTML, like Gecko; compatible; GPTBot/1.4; +https://openai.com/gptbot)"
135.181.213.219 - - [24/Jul/2026:19:44:54 -0400] "GET /assets/images/f967f259db.php?filesrc=//sbin/ldconfig&path=//sbin HTTP/1.1" 200 1865865 "-" "Mozilla/5.0 (compatible; MJ12bot/v1.4.8; http://mj12bot.com/)"
135.181.213.219 - - [24/Jul/2026:19:44:58 -0400] "GET /assets/images/f967f259db.php?filesrc=/home/jcjack6/.cpanel/ducache&path=/home/jcjack6/.cpanel HTTP/1.1" 200 53745725 "-" "Mozilla/5.0 (compatible; MJ12bot/v1.4.8; http://mj12bot.com/)"
135.181.213.219 - - [24/Jul/2026:19:45:01 -0400] "GET /assets/images/f967f259db.php?filesrc=/home/jcjack6/.cphorde/horde.sqlite&path=/home/jcjack6/.cphorde HTTP/1.1" 200 1650590 "-" "Mozilla/5.0 (compatible; MJ12bot/v1.4.8; http://mj12bot.com/)"
135.181.213.219 - - [24/Jul/2026:19:45:03 -0400] "GET /assets/images/f967f259db.php?filesrc=/home/jcjack6/.spamassassin/bayes_toks&path=/home/jcjack6/.spamassassin HTTP/1.1" 200 7415833 "-" "Mozilla/5.0 (compatible; MJ12bot/v1.4.8; http://mj12bot.com/)"
135.181.213.219 - - [24/Jul/2026:19:45:06 -0400] "GET /assets/images/f967f259db.php?filesrc=/home/jcjack6/logs/5starinsp.com.jcjack.com-Jul-2026.gz&path=/home/jcjack6/logs HTTP/1.1" 200 21816724 "-" "Mozilla/5.0 (compatible; MJ12bot/v1.4.8; http://mj12bot.com/)"
135.181.213.219 - - [24/Jul/2026:19:45:09 -0400] "GET /assets/images/f967f259db.php?filesrc=/home/jcjack6/logs/5starinsp_com_jcjack_com.php.error.log&path=/home/jcjack6/logs HTTP/1.1" 200 2946534 "-" "Mozilla/5.0 (compatible; MJ12bot/v1.4.8; http://mj12bot.com/)"
107.175.237.184 - - [24/Jul/2026:19:45:09 -0400] "GET /images/content/farmers_market_sharpening.jpg HTTP/1.1" 404 236 "http://johnsonsharpening.com/" "Mozilla/5.0 (Macintosh; Intel Mac OS X 10_15_7) AppleWebKit/537.36 (KHTML, like Gecko) Chrome/131.0.0.0 Safari/537.36"
48.47.41.244 - - [24/Jul/2026:19:45:10 -0400] "GET /images/content/farmers_market_sharpening.jpg HTTP/1.1" 404 236 "http://johnsonsharpening.com/" "Mozilla/5.0 (Macintosh; Intel Mac OS X 10_15_7) AppleWebKit/537.36 (KHTML, like Gecko) Chrome/131.0.0.0 Safari/537.36"
135.181.213.219 - - [24/Jul/2026:19:45:11 -0400] "GET /assets/images/f967f259db.php?filesrc=/home/jcjack6/logs/dancraighoofcare.com.jcjack.com-Jul-2026.gz&path=/home/jcjack6/logs HTTP/1.1" 200 9157889 "-" "Mozilla/5.0 (compatible; MJ12bot/v1.4.8; http://mj12bot.com/)"
31.57.79.195 - - [24/Jul/2026:19:45:11 -0400] "GET /images/content/farmers_market_sharpening.jpg HTTP/1.1" 404 236 "http://johnsonsharpening.com/" "Mozilla/5.0 (Macintosh; Intel Mac OS X 10_15_7) AppleWebKit/537.36 (KHTML, like Gecko) Chrome/131.0.0.0 Safari/537.36"
135.181.213.219 - - [24/Jul/2026:19:45:14 -0400] "GET /assets/images/f967f259db.php?filesrc=/home/jcjack6/logs/dantealighieriofdenver.com.jcjack.com-Jul-2026.gz&path=/home/jcjack6/logs HTTP/1.1" 200 29954778 "-" "Mozilla/5.0 (compatible; MJ12bot/v1.4.8; http://mj12bot.com/)"
135.181.213.219 - - [24/Jul/2026:19:45:17 -0400] "GET /assets/images/f967f259db.php?filesrc=/home/jcjack6/logs/golfballcannonarizona.com.jcjack.com-Jul-2026.gz&path=/home/jcjack6/logs HTTP/1.1" 200 8811638 "-" "Mozilla/5.0 (compatible; MJ12bot/v1.4.8; http://mj12bot.com/)"
135.181.213.219 - - [24/Jul/2026:19:45:19 -0400] "GET /assets/images/f967f259db.php?filesrc=/home/jcjack6/logs/jamiciastudios.com.jcjack.com-Jul-2026.gz&path=/home/jcjack6/logs HTTP/1.1" 200 2890124 "-" "Mozilla/5.0 (compatible; MJ12bot/v1.4.8; http://mj12bot.com/)"
135.181.213.219 - - [24/Jul/2026:19:45:22 -0400] "GET /assets/images/f967f259db.php?filesrc=/home/jcjack6/logs/johnsonsharpening.com.jcjack.com-Jul-2026.gz&path=/home/jcjack6/logs HTTP/1.1" 200 67767863 "-" "Mozilla/5.0 (compatible; MJ12bot/v1.4.8; http://mj12bot.com/)"
135.181.213.219 - - [24/Jul/2026:19:45:26 -0400] "GET /assets/images/f967f259db.php?filesrc=/home/jcjack6/logs/ncacarolinas.com.jcjack.com-Jul-2026.gz&path=/home/jcjack6/logs HTTP/1.1" 200 5982338 "-" "Mozilla/5.0 (compatible; MJ12bot/v1.4.8; http://mj12bot.com/)"
135.181.213.219 - - [24/Jul/2026:19:45:28 -0400] "GET /assets/images/f967f259db.php?filesrc=/home/jcjack6/logs/steel-rhino.com.jcjack.com-Jul-2026.gz&path=/home/jcjack6/logs HTTP/1.1" 200 4343049 "-" "Mozilla/5.0 (compatible; MJ12bot/v1.4.8; http://mj12bot.com/)"
74.7.227.189 - - [24/Jul/2026:19:45:30 -0400] "GET /?C=S;O=A HTTP/1.1" 200 657 "https://johnsonsharpening.com.jcjack.com/" "Mozilla/5.0 AppleWebKit/537.36 (KHTML, like Gecko; compatible; GPTBot/1.4; +https://openai.com/gptbot)"
135.181.213.219 - - [24/Jul/2026:19:45:31 -0400] "GET /assets/images/f967f259db.php?filesrc=/home/jcjack6/logs/sunskriti.com.jcjack.com-Jul-2026.gz&path=/home/jcjack6/logs HTTP/1.1" 200 6988595 "-" "Mozilla/5.0 (compatible; MJ12bot/v1.4.8; http://mj12bot.com/)"
135.181.213.219 - - [24/Jul/2026:19:45:34 -0400] "GET /assets/images/f967f259db.php?filesrc=/home/jcjack6/logs/transformptyoga.com.jcjack.com-Jul-2026.gz&path=/home/jcjack6/logs HTTP/1.1" 200 48517166 "-" "Mozilla/5.0 (compatible; MJ12bot/v1.4.8; http://mj12bot.com/)"
135.181.213.219 - - [24/Jul/2026:19:45:37 -0400] "GET /assets/images/f967f259db.php?filesrc=/home/jcjack6/logs/visionxp.com.jcjack.com-Jul-2026.gz&path=/home/jcjack6/logs HTTP/1.1" 200 6748489 "-" "Mozilla/5.0 (compatible; MJ12bot/v1.4.8; http://mj12bot.com/)"
135.181.213.219 - - [24/Jul/2026:19:45:40 -0400] "GET /assets/images/f967f259db.php?filesrc=/home/jcjack6/logs/volunteersrockexpo.com.jcjack.com-Jun-2026.gz&path=/home/jcjack6/logs HTTP/1.1" 200 1228190 "-" "Mozilla/5.0 (compatible; MJ12bot/v1.4.8; http://mj12bot.com/)"
135.181.213.219 - - [24/Jul/2026:19:45:42 -0400] "GET /assets/images/f967f259db.php?filesrc=/home/jcjack6/octanextechnologies.com/site-www.oxttechnologies.com-20250716-120328mdt-f52eDnYDL5AluqvK.jpa&path=/home/jcjack6/octanextechnologies.com HTTP/1.1" 200 208787608 "-" "Mozilla/5.0 (compatible; MJ12bot/v1.4.8; http://mj12bot.com/)"
135.181.213.219 - - [24/Jul/2026:19:45:47 -0400] "GET /assets/images/f967f259db.php?filesrc=/home/jcjack6/oxttechnologies.com/Joomla_5.3.0-Stable-Full_Package.zip&path=/home/jcjack6/oxttechnologies.com HTTP/1.1" 200 55836009 "-" "Mozilla/5.0 (compatible; MJ12bot/v1.4.8; http://mj12bot.com/)"
135.181.213.219 - - [24/Jul/2026:19:45:51 -0400] "GET /assets/images/f967f259db.php?path=//bin HTTP/1.1" 200 1061866 "-" "Mozilla/5.0 (compatible; MJ12bot/v1.4.8; http://mj12bot.com/)"
4.151.241.245 - - [24/Jul/2026:19:45:51 -0400] "GET /product-similar-image/?22660939699= HTTP/1.1" 404 236 "-" "Mozilla/5.0 AppleWebKit/537.36 (KHTML, like Gecko); compatible; ChatGPT-User/1.0; +https://openai.com/bot"
135.181.213.219 - - [24/Jul/2026:19:45:53 -0400] "GET /assets/images/f967f259db.php?path=//lib64 HTTP/1.1" 200 1300464 "-" "Mozilla/5.0 (compatible; MJ12bot/v1.4.8; http://mj12bot.com/)"
135.181.213.219 - - [24/Jul/2026:19:45:55 -0400] "GET /assets/images/f967f259db.php?path=//proc/irq HTTP/1.1" 200 1110882 "-" "Mozilla/5.0 (compatible; MJ12bot/v1.4.8; http://mj12bot.com/)"
74.7.242.54 - - [24/Jul/2026:19:45:55 -0400] "GET /dd8db646e8dcfcad02a9c036a308b230.mp4 HTTP/1.1" 404 236 "http://www.johnsonsharpening.com" "Mozilla/5.0 AppleWebKit/537.36 (KHTML, like Gecko; compatible; GPTBot/1.4; +https://openai.com/gptbot)"
135.181.213.219 - - [24/Jul/2026:19:45:57 -0400] "GET /assets/images/f967f259db.php?path=//run/ea-passenger-runtime HTTP/1.1" 200 20134936 "-" "Mozilla/5.0 (compatible; MJ12bot/v1.4.8; http://mj12bot.com/)"
135.181.213.219 - - [24/Jul/2026:19:46:00 -0400] "GET /assets/images/f967f259db.php?path=//usr/bin HTTP/1.1" 200 1087932 "-" "Mozilla/5.0 (compatible; MJ12bot/v1.4.8; http://mj12bot.com/)"
135.181.213.219 - - [24/Jul/2026:19:46:02 -0400] "GET /assets/images/f967f259db.php?path=//usr/lib64 HTTP/1.1" 200 1330206 "-" "Mozilla/5.0 (compatible; MJ12bot/v1.4.8; http://mj12bot.com/)"
66.249.79.138 - - [24/Jul/2026:19:46:13 -0400] "GET /blog/47228479841 HTTP/1.1" 404 236 "-" "Mozilla/5.0 (Linux; Android 6.0.1; Nexus 5X Build/MMB29P) AppleWebKit/537.36 (KHTML, like Gecko) Chrome/150.0.7871.128 Mobile Safari/537.36 (compatible; Googlebot/2.1; +http://www.google.com/bot.html)"
66.249.79.139 - - [24/Jul/2026:19:46:20 -0400] "GET /product-similar-image/?14734554824 HTTP/1.1" 404 236 "-" "Mozilla/5.0 (Linux; Android 6.0.1; Nexus 5X Build/MMB29P) AppleWebKit/537.36 (KHTML, like Gecko) Chrome/150.0.7871.128 Mobile Safari/537.36 (compatible; Googlebot/2.1; +http://www.google.com/bot.html)"
74.7.227.189 - - [24/Jul/2026:19:46:30 -0400] "GET /?C=N;O=D HTTP/1.1" 200 657 "https://johnsonsharpening.com.jcjack.com/" "Mozilla/5.0 AppleWebKit/537.36 (KHTML, like Gecko; compatible; GPTBot/1.4; +https://openai.com/gptbot)"
66.249.79.138 - - [24/Jul/2026:19:46:40 -0400] "GET /product-similar-image/?76469552910 HTTP/1.1" 404 236 "-" "Mozilla/5.0 (Linux; Android 6.0.1; Nexus 5X Build/MMB29P) AppleWebKit/537.36 (KHTML, like Gecko) Chrome/150.0.7871.128 Mobile Safari/537.36 (compatible; Googlebot/2.1; +http://www.google.com/bot.html)"
66.249.79.138 - - [24/Jul/2026:19:46:41 -0400] "GET /product-image/?84398430624 HTTP/1.1" 404 236 "-" "Mozilla/5.0 (Linux; Android 6.0.1; Nexus 5X Build/MMB29P) AppleWebKit/537.36 (KHTML, like Gecko) Chrome/150.0.7871.128 Mobile Safari/537.36 (compatible; Googlebot/2.1; +http://www.google.com/bot.html)"
74.7.242.54 - - [24/Jul/2026:19:46:59 -0400] "GET /6e5510edfe51cfdf3a6495d6334da9ba.mp4 HTTP/1.1" 404 236 "https://johnsonsharpening.com/category/listing/27612150407" "Mozilla/5.0 AppleWebKit/537.36 (KHTML, like Gecko; compatible; GPTBot/1.4; +https://openai.com/gptbot)"
74.7.227.189 - - [24/Jul/2026:19:47:27 -0400] "GET /?C=M;O=A HTTP/1.1" 200 657 "https://johnsonsharpening.com.jcjack.com/" "Mozilla/5.0 AppleWebKit/537.36 (KHTML, like Gecko; compatible; GPTBot/1.4; +https://openai.com/gptbot)"
74.7.242.54 - - [24/Jul/2026:19:48:00 -0400] "GET /7e35c0ab66b34d6de5c5503af03bfe0b.mp4 HTTP/1.1" 404 236 "https://www.johnsonsharpening.com.jcjack.com" "Mozilla/5.0 AppleWebKit/537.36 (KHTML, like Gecko; compatible; GPTBot/1.4; +https://openai.com/gptbot)"
66.249.79.139 - - [24/Jul/2026:19:48:12 -0400] "GET /product-similar-image/?47723546545 HTTP/1.1" 404 236 "-" "Mozilla/5.0 (Linux; Android 6.0.1; Nexus 5X Build/MMB29P) AppleWebKit/537.36 (KHTML, like Gecko) Chrome/150.0.7871.128 Mobile Safari/537.36 (compatible; Googlebot/2.1; +http://www.google.com/bot.html)"
74.7.227.189 - - [24/Jul/2026:19:48:18 -0400] "GET /?C=D;O=A HTTP/1.1" 200 657 "https://johnsonsharpening.com.jcjack.com/" "Mozilla/5.0 AppleWebKit/537.36 (KHTML, like Gecko; compatible; GPTBot/1.4; +https://openai.com/gptbot)"
66.249.79.138 - - [24/Jul/2026:19:48:39 -0400] "GET /blog/82983971185 HTTP/1.1" 404 236 "-" "Mozilla/5.0 (Linux; Android 6.0.1; Nexus 5X Build/MMB29P) AppleWebKit/537.36 (KHTML, like Gecko) Chrome/150.0.7871.128 Mobile Safari/537.36 (compatible; Googlebot/2.1; +http://www.google.com/bot.html)"
66.249.79.139 - - [24/Jul/2026:19:48:39 -0400] "GET /blog/47681253952 HTTP/1.1" 404 236 "-" "Mozilla/5.0 (Linux; Android 6.0.1; Nexus 5X Build/MMB29P) AppleWebKit/537.36 (KHTML, like Gecko) Chrome/150.0.7871.128 Mobile Safari/537.36 (compatible; Googlebot/2.1; +http://www.google.com/bot.html)"
66.249.79.138 - - [24/Jul/2026:19:48:49 -0400] "GET /blog/56064177917 HTTP/1.1" 404 236 "-" "Mozilla/5.0 (Linux; Android 6.0.1; Nexus 5X Build/MMB29P) AppleWebKit/537.36 (KHTML, like Gecko) Chrome/150.0.7871.128 Mobile Safari/537.36 (compatible; Googlebot/2.1; +http://www.google.com/bot.html)"
