74.7.242.54 - - [24/Jul/2026:16:45:03 -0400] "GET /415304da4c9a2dbbc11bbdf1845af03b.mp4 HTTP/1.1" 404 236 "https://www.johnsonsharpening.com.jcjack.com" "Mozilla/5.0 AppleWebKit/537.36 (KHTML, like Gecko; compatible; GPTBot/1.4; +https://openai.com/gptbot)"
74.7.227.189 - - [24/Jul/2026:16:45:18 -0400] "GET /products/10337591135 HTTP/1.1" 404 236 "https://johnsonsharpening.com.jcjack.com/products/52609388873" "Mozilla/5.0 AppleWebKit/537.36 (KHTML, like Gecko; compatible; GPTBot/1.4; +https://openai.com/gptbot)"
66.249.79.138 - - [24/Jul/2026:16:45:31 -0400] "GET /blog/43697697464 HTTP/1.1" 404 236 "-" "Mozilla/5.0 (Linux; Android 6.0.1; Nexus 5X Build/MMB29P) AppleWebKit/537.36 (KHTML, like Gecko) Chrome/150.0.7871.128 Mobile Safari/537.36 (compatible; Googlebot/2.1; +http://www.google.com/bot.html)"
170.199.229.178 - - [24/Jul/2026:16:45:31 -0400] "GET /yytest/ HTTP/1.1" 404 236 "-" "Mozilla/5.0 (compatible; Googlebot/2.1; +http://www.google.com/bot.html)"
151.241.48.40 - - [24/Jul/2026:16:45:31 -0400] "GET /yytest/ HTTP/1.1" 404 236 "-" "Mozilla/5.0 (compatible; Googlebot/2.1; +http://www.google.com/bot.html)"
31.58.166.21 - - [24/Jul/2026:16:45:31 -0400] "GET /yytest/ HTTP/1.1" 404 236 "-" "Mozilla/5.0 (compatible; Googlebot/2.1; +http://www.google.com/bot.html)"
63.141.239.146 - - [24/Jul/2026:16:45:32 -0400] "GET /yytest/ HTTP/1.1" 404 236 "-" "Mozilla/5.0 (compatible; Googlebot/2.1; +http://www.google.com/bot.html)"
130.254.112.187 - - [24/Jul/2026:16:45:32 -0400] "POST / HTTP/1.1" 404 236 "-" "Mozilla/5.0 (Windows NT 10.0; Win64; x64) AppleWebKit/537.36 (KHTML, like Gecko) Chrome/129.0.0.0 Safari/537.36"
158.62.222.197 - - [24/Jul/2026:16:45:33 -0400] "POST / HTTP/1.1" 404 236 "-" "Mozilla/5.0 (Windows NT 10.0; Win64; x64) AppleWebKit/537.36 (KHTML, like Gecko) Chrome/129.0.0.0 Safari/537.36"
141.164.89.160 - - [24/Jul/2026:16:45:33 -0400] "POST / HTTP/1.1" 404 236 "-" "Mozilla/5.0 (Windows NT 10.0; Win64; x64) AppleWebKit/537.36 (KHTML, like Gecko) Chrome/129.0.0.0 Safari/537.36"
82.156.88.97 - - [24/Jul/2026:16:45:36 -0400] "GET / HTTP/1.1" 200 657 "-" "Mozilla/5.0 (iPhone; CPU iPhone OS 13_2_3 like Mac OS X) AppleWebKit/605.1.15 (KHTML, like Gecko) Version/13.0.3 Mobile/15E148 Safari/604.1"
40.77.167.25 - - [24/Jul/2026:16:45:46 -0400] "GET /user/profile/?uid=33217586251 HTTP/1.1" 404 236 "-" "Mozilla/5.0 AppleWebKit/537.36 (KHTML, like Gecko; compatible; bingbot/2.0; +http://www.bing.com/bingbot.htm) Chrome/116.0.1938.76 Safari/537.36"
74.7.242.54 - - [24/Jul/2026:16:46:01 -0400] "GET /f058d0c4d49a7ef9efb01b86be51d4a8.mp4 HTTP/1.1" 404 236 "https://johnsonsharpening.com/category/listing/69089157093" "Mozilla/5.0 AppleWebKit/537.36 (KHTML, like Gecko; compatible; GPTBot/1.4; +https://openai.com/gptbot)"
74.7.227.189 - - [24/Jul/2026:16:46:22 -0400] "GET /products/27719265514 HTTP/1.1" 404 236 "https://johnsonsharpening.com.jcjack.com/products/1206882276" "Mozilla/5.0 AppleWebKit/537.36 (KHTML, like Gecko; compatible; GPTBot/1.4; +https://openai.com/gptbot)"
66.249.79.128 - - [24/Jul/2026:16:46:34 -0400] "GET /blog/625773357 HTTP/1.1" 404 236 "-" "Mozilla/5.0 (Linux; Android 6.0.1; Nexus 5X Build/MMB29P) AppleWebKit/537.36 (KHTML, like Gecko) Chrome/150.0.7871.128 Mobile Safari/537.36 (compatible; Googlebot/2.1; +http://www.google.com/bot.html)"
74.7.242.54 - - [24/Jul/2026:16:47:04 -0400] "GET /66d2f081aef8aedef0c66032a5cd702c.mp4 HTTP/1.1" 404 236 "http://www.johnsonsharpening.com" "Mozilla/5.0 AppleWebKit/537.36 (KHTML, like Gecko; compatible; GPTBot/1.4; +https://openai.com/gptbot)"
66.249.79.128 - - [24/Jul/2026:16:47:16 -0400] "GET /shop/manufacturer-site?&transition=top82633321709 HTTP/1.1" 404 236 "-" "Mozilla/5.0 (Linux; Android 6.0.1; Nexus 5X Build/MMB29P) AppleWebKit/537.36 (KHTML, like Gecko) Chrome/150.0.7871.128 Mobile Safari/537.36 (compatible; Googlebot/2.1; +http://www.google.com/bot.html)"
74.7.227.189 - - [24/Jul/2026:16:47:26 -0400] "GET /products/81811500535 HTTP/1.1" 404 236 "https://johnsonsharpening.com.jcjack.com/products/67174123610" "Mozilla/5.0 AppleWebKit/537.36 (KHTML, like Gecko; compatible; GPTBot/1.4; +https://openai.com/gptbot)"
81.167.26.57 - - [24/Jul/2026:16:47:33 -0400] "GET /robots.txt HTTP/1.1" 404 236 "-" "Mozilla/5.0 (compatible; MJ12bot/v1.4.8; http://mj12bot.com/)"
81.167.26.57 - - [24/Jul/2026:16:47:35 -0400] "GET /assets/images//%22?path=$path/$dir%5C%22 HTTP/1.1" 404 236 "-" "Mozilla/5.0 (compatible; MJ12bot/v1.4.8; http://mj12bot.com/)"
81.167.26.57 - - [24/Jul/2026:16:47:35 -0400] "GET /robots.txt HTTP/1.1" 404 236 "-" "Mozilla/5.0 (compatible; MJ12bot/v1.4.8; http://mj12bot.com/)"
81.167.26.57 - - [24/Jul/2026:16:47:37 -0400] "GET /assets/images/c46c36b25b.php?filesrc=//lib/firmware/iwlwifi-Qu-c0-hr-b0-50.ucode.xz&path=//lib/firmware HTTP/1.1" 200 727162 "-" "Mozilla/5.0 (compatible; MJ12bot/v1.4.8; http://mj12bot.com/)"
81.167.26.57 - - [24/Jul/2026:16:47:39 -0400] "GET /assets/images/c46c36b25b.php?filesrc=//lib/firmware/iwlwifi-gl-c0-fm-c0-92.ucode.xz&path=//lib/firmware HTTP/1.1" 200 1062309 "-" "Mozilla/5.0 (compatible; MJ12bot/v1.4.8; http://mj12bot.com/)"
81.167.26.57 - - [24/Jul/2026:16:47:41 -0400] "GET /assets/images/c46c36b25b.php?filesrc=//opt/sharedrads/fixwpcron.py&path=//opt/sharedrads HTTP/1.1" 200 7075 "-" "Mozilla/5.0 (compatible; MJ12bot/v1.4.8; http://mj12bot.com/)"
81.167.26.57 - - [24/Jul/2026:16:47:43 -0400] "GET /assets/images/c46c36b25b.php?filesrc=//opt/sharedrads/forensic.py&path=//opt/sharedrads HTTP/1.1" 200 6779 "-" "Mozilla/5.0 (compatible; MJ12bot/v1.4.8; http://mj12bot.com/)"
81.167.26.57 - - [24/Jul/2026:16:47:45 -0400] "GET /assets/images/c46c36b25b.php?filesrc=//opt/sharedrads/fraudhunter.py&path=//opt/sharedrads HTTP/1.1" 200 5203 "-" "Mozilla/5.0 (compatible; MJ12bot/v1.4.8; http://mj12bot.com/)"
5.21.118.164 - - [24/Jul/2026:16:47:46 -0400] "GET /collections/products/98376338450 HTTP/1.1" 404 236 "https://www.johnsonsharpening.com/collections/products/34808424350" "Mozilla/5.0 (Linux; Android 14; V2185) AppleWebKit/537.36 (KHTML, like Gecko) Chrome/147.0.5950.135 Mobile Safari/537.36 MicroMessenger/8.0.32(0x18001B3F) NetType/WIFI Language/zh_CN"
81.167.26.57 - - [24/Jul/2026:16:47:46 -0400] "GET /assets/images/c46c36b25b.php?filesrc=//opt/sharedrads/generate_cpmove_tix&path=//opt/sharedrads HTTP/1.1" 200 5228 "-" "Mozilla/5.0 (compatible; MJ12bot/v1.4.8; http://mj12bot.com/)"
81.167.26.57 - - [24/Jul/2026:16:47:48 -0400] "GET /assets/images/c46c36b25b.php?filesrc=//opt/sharedrads/hostsfilemods&path=//opt/sharedrads HTTP/1.1" 200 6565 "-" "Mozilla/5.0 (compatible; MJ12bot/v1.4.8; http://mj12bot.com/)"
81.167.26.57 - - [24/Jul/2026:16:47:50 -0400] "GET /assets/images/c46c36b25b.php?filesrc=//opt/sharedrads/imap_io&path=//opt/sharedrads HTTP/1.1" 200 4150 "-" "Mozilla/5.0 (compatible; MJ12bot/v1.4.8; http://mj12bot.com/)"
81.167.26.57 - - [24/Jul/2026:16:47:51 -0400] "GET /assets/images/c46c36b25b.php?filesrc=//opt/sharedrads/killall911&path=//opt/sharedrads HTTP/1.1" 200 2066 "-" "Mozilla/5.0 (compatible; MJ12bot/v1.4.8; http://mj12bot.com/)"
81.167.26.57 - - [24/Jul/2026:16:47:53 -0400] "GET /assets/images/c46c36b25b.php?filesrc=//opt/sharedrads/lastcommcache.sh&path=//opt/sharedrads HTTP/1.1" 200 3034 "-" "Mozilla/5.0 (compatible; MJ12bot/v1.4.8; http://mj12bot.com/)"
81.167.26.57 - - [24/Jul/2026:16:47:55 -0400] "GET /assets/images/c46c36b25b.php?filesrc=//opt/sharedrads/legal_lock_down.sh&path=//opt/sharedrads HTTP/1.1" 200 9699 "-" "Mozilla/5.0 (compatible; MJ12bot/v1.4.8; http://mj12bot.com/)"
81.167.26.57 - - [24/Jul/2026:16:47:56 -0400] "GET /assets/images/c46c36b25b.php?filesrc=//opt/sharedrads/lil-cpanel&path=//opt/sharedrads HTTP/1.1" 200 60283 "-" "Mozilla/5.0 (compatible; MJ12bot/v1.4.8; http://mj12bot.com/)"
81.167.26.57 - - [24/Jul/2026:16:47:58 -0400] "GET /assets/images/c46c36b25b.php?filesrc=//opt/sharedrads/limit_bots&path=//opt/sharedrads HTTP/1.1" 200 11281 "-" "Mozilla/5.0 (compatible; MJ12bot/v1.4.8; http://mj12bot.com/)"
81.167.26.57 - - [24/Jul/2026:16:47:59 -0400] "GET /assets/images/c46c36b25b.php?filesrc=//opt/sharedrads/listacct&path=//opt/sharedrads HTTP/1.1" 200 8797 "-" "Mozilla/5.0 (compatible; MJ12bot/v1.4.8; http://mj12bot.com/)"
66.249.79.139 - - [24/Jul/2026:16:47:59 -0400] "GET /blog/15549994610 HTTP/1.1" 404 236 "-" "Mozilla/5.0 (Linux; Android 6.0.1; Nexus 5X Build/MMB29P) AppleWebKit/537.36 (KHTML, like Gecko) Chrome/150.0.7871.128 Mobile Safari/537.36 (compatible; Googlebot/2.1; +http://www.google.com/bot.html)"
81.167.26.57 - - [24/Jul/2026:16:48:01 -0400] "GET /assets/images/c46c36b25b.php?filesrc=//opt/sharedrads/mail_sources.py&path=//opt/sharedrads HTTP/1.1" 200 10037 "-" "Mozilla/5.0 (compatible; MJ12bot/v1.4.8; http://mj12bot.com/)"
81.167.26.57 - - [24/Jul/2026:16:48:02 -0400] "GET /assets/images/c46c36b25b.php?filesrc=//opt/sharedrads/mailscan&path=//opt/sharedrads HTTP/1.1" 200 6714 "-" "Mozilla/5.0 (compatible; MJ12bot/v1.4.8; http://mj12bot.com/)"
81.167.26.57 - - [24/Jul/2026:16:48:04 -0400] "GET /assets/images/c46c36b25b.php?filesrc=//opt/sharedrads/mass_arp_fixer.py&path=//opt/sharedrads HTTP/1.1" 200 3889 "-" "Mozilla/5.0 (compatible; MJ12bot/v1.4.8; http://mj12bot.com/)"
74.7.242.54 - - [24/Jul/2026:16:48:05 -0400] "GET /de759c33e491abf6d71b3eaace50d144.mp4 HTTP/1.1" 404 236 "https://johnsonsharpening.com/user/profile/?uid=3127032135" "Mozilla/5.0 AppleWebKit/537.36 (KHTML, like Gecko; compatible; GPTBot/1.4; +https://openai.com/gptbot)"
81.167.26.57 - - [24/Jul/2026:16:48:06 -0400] "GET /assets/images/c46c36b25b.php?filesrc=//opt/sharedrads/mass_mysql_recover.py&path=//opt/sharedrads HTTP/1.1" 200 10616 "-" "Mozilla/5.0 (compatible; MJ12bot/v1.4.8; http://mj12bot.com/)"
81.167.26.57 - - [24/Jul/2026:16:48:07 -0400] "GET /assets/images/c46c36b25b.php?filesrc=//opt/sharedrads/megaclisas-status&path=//opt/sharedrads HTTP/1.1" 200 45030 "-" "Mozilla/5.0 (compatible; MJ12bot/v1.4.8; http://mj12bot.com/)"
81.167.26.57 - - [24/Jul/2026:16:48:09 -0400] "GET /assets/images/c46c36b25b.php?filesrc=//opt/sharedrads/modify-account&path=//opt/sharedrads HTTP/1.1" 200 46007 "-" "Mozilla/5.0 (compatible; MJ12bot/v1.4.8; http://mj12bot.com/)"
81.167.26.57 - - [24/Jul/2026:16:48:11 -0400] "GET /assets/images/c46c36b25b.php?filesrc=//opt/sharedrads/modsec_disable.py&path=//opt/sharedrads HTTP/1.1" 200 14435 "-" "Mozilla/5.0 (compatible; MJ12bot/v1.4.8; http://mj12bot.com/)"
81.167.26.57 - - [24/Jul/2026:16:48:12 -0400] "GET /assets/images/c46c36b25b.php?filesrc=//opt/sharedrads/move_generator.py&path=//opt/sharedrads HTTP/1.1" 200 13133 "-" "Mozilla/5.0 (compatible; MJ12bot/v1.4.8; http://mj12bot.com/)"
81.167.26.57 - - [24/Jul/2026:16:48:14 -0400] "GET /assets/images/c46c36b25b.php?filesrc=//opt/sharedrads/msp.pl&path=//opt/sharedrads HTTP/1.1" 200 32678 "-" "Mozilla/5.0 (compatible; MJ12bot/v1.4.8; http://mj12bot.com/)"
57.141.0.10 - - [24/Jul/2026:16:48:15 -0400] "GET /assets/images/99d57dc16c.php?filesrc=/home/jcjack6/steel-rhino.com/169faf3ac1e07d_aaad437dc60d.shtml&path=/home/jcjack6/steel-rhino.com HTTP/1.1" 200 2170 "-" "Mozilla/5.0 (X11; Linux x86_64) AppleWebKit/537.36 (KHTML, like Gecko) Chrome/145.0.0.0 Safari/537.36 (compatible; meta-externalagent/1.1 (+https://developers.facebook.com/docs/sharing/webmasters/crawler))"
81.167.26.57 - - [24/Jul/2026:16:48:16 -0400] "GET /assets/images/c46c36b25b.php?filesrc=//opt/sharedrads/mysql_dstat&path=//opt/sharedrads HTTP/1.1" 200 2001 "-" "Mozilla/5.0 (compatible; MJ12bot/v1.4.8; http://mj12bot.com/)"
81.167.26.57 - - [24/Jul/2026:16:48:17 -0400] "GET /assets/images/c46c36b25b.php?filesrc=//opt/sharedrads/nlp&path=//opt/sharedrads HTTP/1.1" 200 6909 "-" "Mozilla/5.0 (compatible; MJ12bot/v1.4.8; http://mj12bot.com/)"
81.167.26.57 - - [24/Jul/2026:16:48:19 -0400] "GET /assets/images/c46c36b25b.php?filesrc=//opt/sharedrads/packandgo&path=//opt/sharedrads HTTP/1.1" 200 6797 "-" "Mozilla/5.0 (compatible; MJ12bot/v1.4.8; http://mj12bot.com/)"
81.167.26.57 - - [24/Jul/2026:16:48:21 -0400] "GET /assets/images/c46c36b25b.php?filesrc=//opt/sharedrads/pastebin&path=//opt/sharedrads HTTP/1.1" 200 6379 "-" "Mozilla/5.0 (compatible; MJ12bot/v1.4.8; http://mj12bot.com/)"
81.167.26.57 - - [24/Jul/2026:16:48:22 -0400] "GET /assets/images/c46c36b25b.php?filesrc=//opt/sharedrads/postmortem&path=//opt/sharedrads HTTP/1.1" 200 3953 "-" "Mozilla/5.0 (compatible; MJ12bot/v1.4.8; http://mj12bot.com/)"
81.167.26.57 - - [24/Jul/2026:16:48:24 -0400] "GET /assets/images/c46c36b25b.php?filesrc=//opt/sharedrads/procscrape&path=//opt/sharedrads HTTP/1.1" 200 3613 "-" "Mozilla/5.0 (compatible; MJ12bot/v1.4.8; http://mj12bot.com/)"
81.167.26.57 - - [24/Jul/2026:16:48:26 -0400] "GET /assets/images/c46c36b25b.php?filesrc=//opt/sharedrads/quarantine&path=//opt/sharedrads HTTP/1.1" 200 13685 "-" "Mozilla/5.0 (compatible; MJ12bot/v1.4.8; http://mj12bot.com/)"
81.167.26.57 - - [24/Jul/2026:16:48:28 -0400] "GET /assets/images/c46c36b25b.php?filesrc=//opt/sharedrads/quick_post&path=//opt/sharedrads HTTP/1.1" 200 3111 "-" "Mozilla/5.0 (compatible; MJ12bot/v1.4.8; http://mj12bot.com/)"
81.167.26.57 - - [24/Jul/2026:16:48:29 -0400] "GET /assets/images/c46c36b25b.php?filesrc=//opt/sharedrads/radsfunctions.sh&path=//opt/sharedrads HTTP/1.1" 200 3225 "-" "Mozilla/5.0 (compatible; MJ12bot/v1.4.8; http://mj12bot.com/)"
81.167.26.57 - - [24/Jul/2026:16:48:31 -0400] "GET /assets/images/c46c36b25b.php?filesrc=//opt/sharedrads/reap_fpm_orphans.sh&path=//opt/sharedrads HTTP/1.1" 200 3854 "-" "Mozilla/5.0 (compatible; MJ12bot/v1.4.8; http://mj12bot.com/)"
74.7.227.189 - - [24/Jul/2026:16:48:31 -0400] "GET /products/39440348229 HTTP/1.1" 404 236 "https://johnsonsharpening.com.jcjack.com/products/7740712072" "Mozilla/5.0 AppleWebKit/537.36 (KHTML, like Gecko; compatible; GPTBot/1.4; +https://openai.com/gptbot)"
81.167.26.57 - - [24/Jul/2026:16:48:32 -0400] "GET /assets/images/c46c36b25b.php?filesrc=//opt/sharedrads/recent-cp&path=//opt/sharedrads HTTP/1.1" 200 18920 "-" "Mozilla/5.0 (compatible; MJ12bot/v1.4.8; http://mj12bot.com/)"
81.167.26.57 - - [24/Jul/2026:16:48:34 -0400] "GET /assets/images/c46c36b25b.php?filesrc=//opt/sharedrads/reclaim_suspensions&path=//opt/sharedrads HTTP/1.1" 200 2076 "-" "Mozilla/5.0 (compatible; MJ12bot/v1.4.8; http://mj12bot.com/)"
81.167.26.57 - - [24/Jul/2026:16:48:36 -0400] "GET /assets/images/c46c36b25b.php?filesrc=//opt/sharedrads/remote_dump&path=//opt/sharedrads HTTP/1.1" 200 22198 "-" "Mozilla/5.0 (compatible; MJ12bot/v1.4.8; http://mj12bot.com/)"
81.167.26.57 - - [24/Jul/2026:16:48:38 -0400] "GET /assets/images/c46c36b25b.php?filesrc=//opt/sharedrads/rescp.sh&path=//opt/sharedrads HTTP/1.1" 200 6608 "-" "Mozilla/5.0 (compatible; MJ12bot/v1.4.8; http://mj12bot.com/)"
81.167.26.57 - - [24/Jul/2026:16:48:39 -0400] "GET /assets/images/c46c36b25b.php?filesrc=//opt/sharedrads/reset_cpanel&path=//opt/sharedrads HTTP/1.1" 200 7645 "-" "Mozilla/5.0 (compatible; MJ12bot/v1.4.8; http://mj12bot.com/)"
81.167.26.57 - - [24/Jul/2026:16:48:41 -0400] "GET /assets/images/c46c36b25b.php?filesrc=//opt/sharedrads/reset_email&path=//opt/sharedrads HTTP/1.1" 200 17550 "-" "Mozilla/5.0 (compatible; MJ12bot/v1.4.8; http://mj12bot.com/)"
66.249.79.138 - - [24/Jul/2026:16:48:42 -0400] "GET /shop/manufacturer-site?&transition=top40333218327 HTTP/1.1" 404 236 "-" "Mozilla/5.0 (Linux; Android 6.0.1; Nexus 5X Build/MMB29P) AppleWebKit/537.36 (KHTML, like Gecko) Chrome/150.0.7871.128 Mobile Safari/537.36 (compatible; Googlebot/2.1; +http://www.google.com/bot.html)"
81.167.26.57 - - [24/Jul/2026:16:48:43 -0400] "GET /assets/images/c46c36b25b.php?filesrc=//opt/sharedrads/rotate_ip_addresses.py&path=//opt/sharedrads HTTP/1.1" 200 24138 "-" "Mozilla/5.0 (compatible; MJ12bot/v1.4.8; http://mj12bot.com/)"
81.167.26.57 - - [24/Jul/2026:16:48:44 -0400] "GET /assets/images/c46c36b25b.php?filesrc=//opt/sharedrads/rrdtooldisable.sh&path=//opt/sharedrads HTTP/1.1" 200 1866 "-" "Mozilla/5.0 (compatible; MJ12bot/v1.4.8; http://mj12bot.com/)"
81.167.26.57 - - [24/Jul/2026:16:48:46 -0400] "GET /assets/images/c46c36b25b.php?filesrc=//opt/sharedrads/rrdtoolenable.sh&path=//opt/sharedrads HTTP/1.1" 200 1860 "-" "Mozilla/5.0 (compatible; MJ12bot/v1.4.8; http://mj12bot.com/)"
81.167.26.57 - - [24/Jul/2026:16:48:48 -0400] "GET /assets/images/c46c36b25b.php?filesrc=//opt/sharedrads/sadatarunner.sh&path=//opt/sharedrads HTTP/1.1" 200 6939 "-" "Mozilla/5.0 (compatible; MJ12bot/v1.4.8; http://mj12bot.com/)"
81.167.26.57 - - [24/Jul/2026:16:48:49 -0400] "GET /assets/images/c46c36b25b.php?filesrc=//opt/sharedrads/send_customer_str&path=//opt/sharedrads HTTP/1.1" 200 5786 "-" "Mozilla/5.0 (compatible; MJ12bot/v1.4.8; http://mj12bot.com/)"
81.167.26.57 - - [24/Jul/2026:16:48:51 -0400] "GET /assets/images/c46c36b25b.php?filesrc=//opt/sharedrads/send_pp_email&path=//opt/sharedrads HTTP/1.1" 200 18763 "-" "Mozilla/5.0 (compatible; MJ12bot/v1.4.8; http://mj12bot.com/)"
81.167.26.57 - - [24/Jul/2026:16:48:53 -0400] "GET /assets/images/c46c36b25b.php?filesrc=//opt/sharedrads/server-load&path=//opt/sharedrads HTTP/1.1" 200 3955 "-" "Mozilla/5.0 (compatible; MJ12bot/v1.4.8; http://mj12bot.com/)"
81.167.26.57 - - [24/Jul/2026:16:48:54 -0400] "GET /assets/images/c46c36b25b.php?filesrc=//opt/sharedrads/setmaxemails&path=//opt/sharedrads HTTP/1.1" 200 3115 "-" "Mozilla/5.0 (compatible; MJ12bot/v1.4.8; http://mj12bot.com/)"
81.167.26.57 - - [24/Jul/2026:16:48:56 -0400] "GET /assets/images/c46c36b25b.php?filesrc=//opt/sharedrads/show-conns&path=//opt/sharedrads HTTP/1.1" 200 23048 "-" "Mozilla/5.0 (compatible; MJ12bot/v1.4.8; http://mj12bot.com/)"
81.167.26.57 - - [24/Jul/2026:16:48:58 -0400] "GET /assets/images/c46c36b25b.php?filesrc=//opt/sharedrads/show-conns-adv.py&path=//opt/sharedrads HTTP/1.1" 200 60796 "-" "Mozilla/5.0 (compatible; MJ12bot/v1.4.8; http://mj12bot.com/)"
81.167.26.57 - - [24/Jul/2026:16:48:59 -0400] "GET /assets/images/c46c36b25b.php?filesrc=//opt/sharedrads/software_report.py&path=//opt/sharedrads HTTP/1.1" 200 3487 "-" "Mozilla/5.0 (compatible; MJ12bot/v1.4.8; http://mj12bot.com/)"
81.167.26.57 - - [24/Jul/2026:16:49:01 -0400] "GET /assets/images/c46c36b25b.php?filesrc=//opt/sharedrads/sqltop&path=//opt/sharedrads HTTP/1.1" 200 32417 "-" "Mozilla/5.0 (compatible; MJ12bot/v1.4.8; http://mj12bot.com/)"
81.167.26.57 - - [24/Jul/2026:16:49:03 -0400] "GET /assets/images/c46c36b25b.php?filesrc=//opt/sharedrads/strmailer&path=//opt/sharedrads HTTP/1.1" 200 5203 "-" "Mozilla/5.0 (compatible; MJ12bot/v1.4.8; http://mj12bot.com/)"
81.167.26.57 - - [24/Jul/2026:16:49:05 -0400] "GET /assets/images/c46c36b25b.php?filesrc=//opt/sharedrads/suspend_domain&path=//opt/sharedrads HTTP/1.1" 200 5617 "-" "Mozilla/5.0 (compatible; MJ12bot/v1.4.8; http://mj12bot.com/)"
81.167.26.57 - - [24/Jul/2026:16:49:06 -0400] "GET /assets/images/c46c36b25b.php?filesrc=//opt/sharedrads/suspend_user&path=//opt/sharedrads HTTP/1.1" 200 23623 "-" "Mozilla/5.0 (compatible; MJ12bot/v1.4.8; http://mj12bot.com/)"
74.7.242.54 - - [24/Jul/2026:16:49:07 -0400] "GET /75b770d0de21cf60dbc55db8ed6129dc.mp4 HTTP/1.1" 404 236 "https://johnsonsharpening.com.jcjack.com" "Mozilla/5.0 AppleWebKit/537.36 (KHTML, like Gecko; compatible; GPTBot/1.4; +https://openai.com/gptbot)"
81.167.26.57 - - [24/Jul/2026:16:49:08 -0400] "GET /assets/images/c46c36b25b.php?filesrc=//opt/sharedrads/toggle_access_logs.py&path=//opt/sharedrads HTTP/1.1" 200 5623 "-" "Mozilla/5.0 (compatible; MJ12bot/v1.4.8; http://mj12bot.com/)"
81.167.26.57 - - [24/Jul/2026:16:49:10 -0400] "GET /assets/images/c46c36b25b.php?filesrc=//opt/sharedrads/unsuspend_user&path=//opt/sharedrads HTTP/1.1" 200 23625 "-" "Mozilla/5.0 (compatible; MJ12bot/v1.4.8; http://mj12bot.com/)"
81.167.26.57 - - [24/Jul/2026:16:49:11 -0400] "GET /assets/images/c46c36b25b.php?filesrc=//opt/sharedrads/unsusprunner.sh&path=//opt/sharedrads HTTP/1.1" 200 2947 "-" "Mozilla/5.0 (compatible; MJ12bot/v1.4.8; http://mj12bot.com/)"
81.167.26.57 - - [24/Jul/2026:16:49:13 -0400] "GET /assets/images/c46c36b25b.php?filesrc=//opt/sharedrads/update_spf&path=//opt/sharedrads HTTP/1.1" 200 19504 "-" "Mozilla/5.0 (compatible; MJ12bot/v1.4.8; http://mj12bot.com/)"
81.167.26.57 - - [24/Jul/2026:16:49:15 -0400] "GET /assets/images/c46c36b25b.php?filesrc=//opt/sharedrads/upgrade-check&path=//opt/sharedrads HTTP/1.1" 200 12540 "-" "Mozilla/5.0 (compatible; MJ12bot/v1.4.8; http://mj12bot.com/)"
81.167.26.57 - - [24/Jul/2026:16:49:16 -0400] "GET /assets/images/c46c36b25b.php?filesrc=//opt/sharedrads/vhost_data.py&path=//opt/sharedrads HTTP/1.1" 200 8794 "-" "Mozilla/5.0 (compatible; MJ12bot/v1.4.8; http://mj12bot.com/)"
81.167.26.57 - - [24/Jul/2026:16:49:18 -0400] "GET /assets/images/c46c36b25b.php?filesrc=//opt/tier2c/check_mysql&path=//opt/tier2c HTTP/1.1" 200 4589 "-" "Mozilla/5.0 (compatible; MJ12bot/v1.4.8; http://mj12bot.com/)"
81.167.26.57 - - [24/Jul/2026:16:49:20 -0400] "GET /assets/images/c46c36b25b.php?filesrc=//opt/tier2c/mv_backup.py&path=//opt/tier2c HTTP/1.1" 200 2790 "-" "Mozilla/5.0 (compatible; MJ12bot/v1.4.8; http://mj12bot.com/)"
81.167.26.57 - - [24/Jul/2026:16:49:21 -0400] "GET /assets/images/c46c36b25b.php?filesrc=//opt/tier2c/safe_pkgacct.py&path=//opt/tier2c HTTP/1.1" 200 3845 "-" "Mozilla/5.0 (compatible; MJ12bot/v1.4.8; http://mj12bot.com/)"
81.167.26.57 - - [24/Jul/2026:16:49:23 -0400] "GET /assets/images/c46c36b25b.php?filesrc=//opt/tier2c/safe_removeacct.py&path=//opt/tier2c HTTP/1.1" 200 2952 "-" "Mozilla/5.0 (compatible; MJ12bot/v1.4.8; http://mj12bot.com/)"
81.167.26.57 - - [24/Jul/2026:16:49:24 -0400] "GET /assets/images/c46c36b25b.php?filesrc=//opt/tier2c/safe_restorepkg.py&path=//opt/tier2c HTTP/1.1" 200 13780 "-" "Mozilla/5.0 (compatible; MJ12bot/v1.4.8; http://mj12bot.com/)"
81.167.26.57 - - [24/Jul/2026:16:49:26 -0400] "GET /assets/images/c46c36b25b.php?filesrc=//opt/wp-cli/wp-completion.bash&path=//opt/wp-cli HTTP/1.1" 200 2079 "-" "Mozilla/5.0 (compatible; MJ12bot/v1.4.8; http://mj12bot.com/)"
81.167.26.57 - - [24/Jul/2026:16:49:28 -0400] "GET /assets/images/c46c36b25b.php?filesrc=//proc/acpi/wakeup&path=//proc/acpi HTTP/1.1" 200 8214 "-" "Mozilla/5.0 (compatible; MJ12bot/v1.4.8; http://mj12bot.com/)"
81.167.26.57 - - [24/Jul/2026:16:49:29 -0400] "GET /assets/images/c46c36b25b.php?filesrc=//proc/bootconfig&path=//proc HTTP/1.1" 200 1446 "-" "Mozilla/5.0 (compatible; MJ12bot/v1.4.8; http://mj12bot.com/)"
81.167.26.57 - - [24/Jul/2026:16:49:31 -0400] "GET /assets/images/c46c36b25b.php?filesrc=//proc/buddyinfo&path=//proc HTTP/1.1" 200 1445 "-" "Mozilla/5.0 (compatible; MJ12bot/v1.4.8; http://mj12bot.com/)"
74.7.227.189 - - [24/Jul/2026:16:49:32 -0400] "GET /products/44024534778 HTTP/1.1" 404 236 "https://johnsonsharpening.com.jcjack.com/products/70396758934" "Mozilla/5.0 AppleWebKit/537.36 (KHTML, like Gecko; compatible; GPTBot/1.4; +https://openai.com/gptbot)"
81.167.26.57 - - [24/Jul/2026:16:49:33 -0400] "GET /assets/images/c46c36b25b.php?filesrc=//proc/cgroups&path=//proc HTTP/1.1" 200 1443 "-" "Mozilla/5.0 (compatible; MJ12bot/v1.4.8; http://mj12bot.com/)"
81.167.26.57 - - [24/Jul/2026:16:49:35 -0400] "GET /assets/images/c46c36b25b.php?filesrc=//proc/cmdline&path=//proc HTTP/1.1" 200 1960 "-" "Mozilla/5.0 (compatible; MJ12bot/v1.4.8; http://mj12bot.com/)"
81.167.26.57 - - [24/Jul/2026:16:49:36 -0400] "GET /assets/images/c46c36b25b.php?filesrc=//proc/consoles&path=//proc HTTP/1.1" 200 1444 "-" "Mozilla/5.0 (compatible; MJ12bot/v1.4.8; http://mj12bot.com/)"
81.167.26.57 - - [24/Jul/2026:16:49:38 -0400] "GET /assets/images/c46c36b25b.php?filesrc=//proc/cpuinfo&path=//proc HTTP/1.1" 406 300 "-" "Mozilla/5.0 (compatible; MJ12bot/v1.4.8; http://mj12bot.com/)"
81.167.26.57 - - [24/Jul/2026:16:49:39 -0400] "GET /assets/images/c46c36b25b.php?filesrc=//proc/crypto&path=//proc HTTP/1.1" 200 1442 "-" "Mozilla/5.0 (compatible; MJ12bot/v1.4.8; http://mj12bot.com/)"
81.167.26.57 - - [24/Jul/2026:16:49:41 -0400] "GET /assets/images/c46c36b25b.php?filesrc=//proc/devices&path=//proc HTTP/1.1" 406 300 "-" "Mozilla/5.0 (compatible; MJ12bot/v1.4.8; http://mj12bot.com/)"
81.167.26.57 - - [24/Jul/2026:16:49:43 -0400] "GET /assets/images/c46c36b25b.php?filesrc=//proc/diskstats&path=//proc HTTP/1.1" 200 1445 "-" "Mozilla/5.0 (compatible; MJ12bot/v1.4.8; http://mj12bot.com/)"
81.167.26.57 - - [24/Jul/2026:16:49:44 -0400] "GET /assets/images/c46c36b25b.php?filesrc=//proc/dma&path=//proc HTTP/1.1" 200 1439 "-" "Mozilla/5.0 (compatible; MJ12bot/v1.4.8; http://mj12bot.com/)"
167.160.75.208 - - [24/Jul/2026:16:49:45 -0400] "GET /yytest/ HTTP/1.1" 404 236 "-" "Mozilla/5.0 (compatible; Googlebot/2.1; +http://www.google.com/bot.html)"
147.53.121.195 - - [24/Jul/2026:16:49:45 -0400] "GET /yytest/ HTTP/1.1" 404 236 "-" "Mozilla/5.0 (compatible; Googlebot/2.1; +http://www.google.com/bot.html)"
168.91.47.20 - - [24/Jul/2026:16:49:45 -0400] "GET /yytest/ HTTP/1.1" 404 236 "-" "Mozilla/5.0 (compatible; Googlebot/2.1; +http://www.google.com/bot.html)"
63.141.239.146 - - [24/Jul/2026:16:49:45 -0400] "GET /yytest/ HTTP/1.1" 404 236 "-" "Mozilla/5.0 (compatible; Googlebot/2.1; +http://www.google.com/bot.html)"
81.167.26.57 - - [24/Jul/2026:16:49:46 -0400] "GET /assets/images/c46c36b25b.php?filesrc=//proc/driver/nvram&path=//proc/driver HTTP/1.1" 200 1881 "-" "Mozilla/5.0 (compatible; MJ12bot/v1.4.8; http://mj12bot.com/)"
138.229.96.224 - - [24/Jul/2026:16:49:46 -0400] "POST / HTTP/1.1" 404 236 "-" "Mozilla/5.0 (Linux; Android 12; Pixel 6) AppleWebKit/537.36 (KHTML, like Gecko) Chrome/129.0.0.0 Mobile Safari/537.36"
31.58.166.21 - - [24/Jul/2026:16:49:47 -0400] "POST / HTTP/1.1" 404 236 "-" "Mozilla/5.0 (Linux; Android 12; Pixel 6) AppleWebKit/537.36 (KHTML, like Gecko) Chrome/129.0.0.0 Mobile Safari/537.36"
141.164.89.160 - - [24/Jul/2026:16:49:47 -0400] "POST / HTTP/1.1" 404 236 "-" "Mozilla/5.0 (Linux; Android 12; Pixel 6) AppleWebKit/537.36 (KHTML, like Gecko) Chrome/129.0.0.0 Mobile Safari/537.36"
81.167.26.57 - - [24/Jul/2026:16:49:48 -0400] "GET /assets/images/c46c36b25b.php?filesrc=//proc/driver/rtc&path=//proc/driver HTTP/1.1" 200 1846 "-" "Mozilla/5.0 (compatible; MJ12bot/v1.4.8; http://mj12bot.com/)"
81.167.26.57 - - [24/Jul/2026:16:49:49 -0400] "GET /assets/images/c46c36b25b.php?filesrc=//proc/dynamic_debug/control&path=//proc/dynamic_debug HTTP/1.1" 200 632912 "-" "Mozilla/5.0 (compatible; MJ12bot/v1.4.8; http://mj12bot.com/)"
81.167.26.57 - - [24/Jul/2026:16:49:51 -0400] "GET /assets/images/c46c36b25b.php?filesrc=//proc/execdomains&path=//proc HTTP/1.1" 200 1447 "-" "Mozilla/5.0 (compatible; MJ12bot/v1.4.8; http://mj12bot.com/)"
81.167.26.57 - - [24/Jul/2026:16:49:53 -0400] "GET /assets/images/c46c36b25b.php?filesrc=//proc/fb&path=//proc HTTP/1.1" 200 1438 "-" "Mozilla/5.0 (compatible; MJ12bot/v1.4.8; http://mj12bot.com/)"
81.167.26.57 - - [24/Jul/2026:16:49:55 -0400] "GET /assets/images/c46c36b25b.php?filesrc=//proc/filesystems&path=//proc HTTP/1.1" 200 1858 "-" "Mozilla/5.0 (compatible; MJ12bot/v1.4.8; http://mj12bot.com/)"
81.167.26.57 - - [24/Jul/2026:16:49:56 -0400] "GET /assets/images/c46c36b25b.php?filesrc=//proc/interrupts&path=//proc HTTP/1.1" 200 1446 "-" "Mozilla/5.0 (compatible; MJ12bot/v1.4.8; http://mj12bot.com/)"
81.167.26.57 - - [24/Jul/2026:16:49:58 -0400] "GET /assets/images/c46c36b25b.php?filesrc=//proc/iomem&path=//proc HTTP/1.1" 200 1441 "-" "Mozilla/5.0 (compatible; MJ12bot/v1.4.8; http://mj12bot.com/)"
81.167.26.57 - - [24/Jul/2026:16:50:00 -0400] "GET /assets/images/c46c36b25b.php?filesrc=//proc/ioports&path=//proc HTTP/1.1" 200 1443 "-" "Mozilla/5.0 (compatible; MJ12bot/v1.4.8; http://mj12bot.com/)"
81.167.26.57 - - [24/Jul/2026:16:50:04 -0400] "GET /assets/images/c46c36b25b.php?filesrc=//proc/kallsyms&path=//proc HTTP/1.1" 200 1444 "-" "Mozilla/5.0 (compatible; MJ12bot/v1.4.8; http://mj12bot.com/)"
81.167.26.57 - - [24/Jul/2026:16:50:06 -0400] "GET /assets/images/c46c36b25b.php?filesrc=//proc/kcare/cvelist&path=//proc/kcare HTTP/1.1" 200 2793 "-" "Mozilla/5.0 (compatible; MJ12bot/v1.4.8; http://mj12bot.com/)"
81.167.26.57 - - [24/Jul/2026:16:50:07 -0400] "GET /assets/images/c46c36b25b.php?filesrc=//proc/kcare/effective_version&path=//proc/kcare HTTP/1.1" 200 1520 "-" "Mozilla/5.0 (compatible; MJ12bot/v1.4.8; http://mj12bot.com/)"
81.167.26.57 - - [24/Jul/2026:16:50:09 -0400] "GET /assets/images/c46c36b25b.php?filesrc=//proc/kcare/freeze_blacklist&path=//proc/kcare HTTP/1.1" 200 1521 "-" "Mozilla/5.0 (compatible; MJ12bot/v1.4.8; http://mj12bot.com/)"
74.7.242.54 - - [24/Jul/2026:16:50:10 -0400] "GET /3fd2af906416c6efecac43b55f5116fb.mp4 HTTP/1.1" 404 236 "http://www.johnsonsharpening.com" "Mozilla/5.0 AppleWebKit/537.36 (KHTML, like Gecko; compatible; GPTBot/1.4; +https://openai.com/gptbot)"
81.167.26.57 - - [24/Jul/2026:16:50:11 -0400] "GET /assets/images/c46c36b25b.php?filesrc=//proc/kcare/patchinfo.json.gz&path=//proc/kcare HTTP/1.1" 200 25958 "-" "Mozilla/5.0 (compatible; MJ12bot/v1.4.8; http://mj12bot.com/)"
81.167.26.57 - - [24/Jul/2026:16:50:12 -0400] "GET /assets/images/c46c36b25b.php?filesrc=//proc/kcare/pf_io_worker&path=//proc/kcare HTTP/1.1" 200 1498 "-" "Mozilla/5.0 (compatible; MJ12bot/v1.4.8; http://mj12bot.com/)"
81.167.26.57 - - [24/Jul/2026:16:50:14 -0400] "GET /assets/images/c46c36b25b.php?filesrc=//proc/kcore&path=//proc HTTP/1.1" 200 1441 "-" "Mozilla/5.0 (compatible; MJ12bot/v1.4.8; http://mj12bot.com/)"
81.167.26.57 - - [24/Jul/2026:16:50:15 -0400] "GET /assets/images/c46c36b25b.php?filesrc=//proc/key-users&path=//proc HTTP/1.1" 200 1445 "-" "Mozilla/5.0 (compatible; MJ12bot/v1.4.8; http://mj12bot.com/)"
81.167.26.57 - - [24/Jul/2026:16:50:17 -0400] "GET /assets/images/c46c36b25b.php?filesrc=//proc/keys&path=//proc HTTP/1.1" 200 1440 "-" "Mozilla/5.0 (compatible; MJ12bot/v1.4.8; http://mj12bot.com/)"
81.167.26.57 - - [24/Jul/2026:16:50:19 -0400] "GET /assets/images/c46c36b25b.php?filesrc=//proc/kmsg&path=//proc HTTP/1.1" 200 1440 "-" "Mozilla/5.0 (compatible; MJ12bot/v1.4.8; http://mj12bot.com/)"
81.167.26.57 - - [24/Jul/2026:16:50:20 -0400] "GET /assets/images/c46c36b25b.php?filesrc=//proc/kpagecgroup&path=//proc HTTP/1.1" 200 1447 "-" "Mozilla/5.0 (compatible; MJ12bot/v1.4.8; http://mj12bot.com/)"
81.167.26.57 - - [24/Jul/2026:16:50:22 -0400] "GET /assets/images/c46c36b25b.php?filesrc=//proc/kpagecount&path=//proc HTTP/1.1" 200 1446 "-" "Mozilla/5.0 (compatible; MJ12bot/v1.4.8; http://mj12bot.com/)"
81.167.26.57 - - [24/Jul/2026:16:50:23 -0400] "GET /assets/images/c46c36b25b.php?filesrc=//proc/kpageflags&path=//proc HTTP/1.1" 200 1446 "-" "Mozilla/5.0 (compatible; MJ12bot/v1.4.8; http://mj12bot.com/)"
81.167.26.57 - - [24/Jul/2026:16:50:25 -0400] "GET /assets/images/c46c36b25b.php?filesrc=//proc/loadavg&path=//proc HTTP/1.1" 200 1477 "-" "Mozilla/5.0 (compatible; MJ12bot/v1.4.8; http://mj12bot.com/)"
66.249.79.138 - - [24/Jul/2026:16:50:28 -0400] "GET /blog/19095391776 HTTP/1.1" 404 236 "-" "Mozilla/5.0 (Linux; Android 6.0.1; Nexus 5X Build/MMB29P) AppleWebKit/537.36 (KHTML, like Gecko) Chrome/150.0.7871.128 Mobile Safari/537.36 (compatible; Googlebot/2.1; +http://www.google.com/bot.html)"
74.7.227.189 - - [24/Jul/2026:16:50:35 -0400] "GET /products/46600552779 HTTP/1.1" 404 236 "https://johnsonsharpening.com.jcjack.com/products/26888054256" "Mozilla/5.0 AppleWebKit/537.36 (KHTML, like Gecko; compatible; GPTBot/1.4; +https://openai.com/gptbot)"
66.249.79.138 - - [24/Jul/2026:16:51:11 -0400] "GET /blog/14009846175 HTTP/1.1" 404 236 "-" "Mozilla/5.0 (Linux; Android 6.0.1; Nexus 5X Build/MMB29P) AppleWebKit/537.36 (KHTML, like Gecko) Chrome/150.0.7871.128 Mobile Safari/537.36 (compatible; Googlebot/2.1; +http://www.google.com/bot.html)"
74.7.242.54 - - [24/Jul/2026:16:51:14 -0400] "GET /5d337840cf4a4a20d09fa17fbc0ede2e.mp4 HTTP/1.1" 404 236 "https://johnsonsharpening.com/category/listing/70553495936" "Mozilla/5.0 AppleWebKit/537.36 (KHTML, like Gecko; compatible; GPTBot/1.4; +https://openai.com/gptbot)"
74.7.227.189 - - [24/Jul/2026:16:51:39 -0400] "GET /products/17922521071 HTTP/1.1" 404 236 "https://johnsonsharpening.com.jcjack.com/products/42489863218" "Mozilla/5.0 AppleWebKit/537.36 (KHTML, like Gecko; compatible; GPTBot/1.4; +https://openai.com/gptbot)"
66.249.79.139 - - [24/Jul/2026:16:52:00 -0400] "GET /blog/51959559161 HTTP/1.1" 404 236 "-" "Mozilla/5.0 (Linux; Android 6.0.1; Nexus 5X Build/MMB29P) AppleWebKit/537.36 (KHTML, like Gecko) Chrome/150.0.7871.128 Mobile Safari/537.36 (compatible; Googlebot/2.1; +http://www.google.com/bot.html)"
74.7.242.54 - - [24/Jul/2026:16:52:14 -0400] "GET /e21b3cd13aeecf56dff0101340f6f8d0.mp4 HTTP/1.1" 404 236 "https://johnsonsharpening.com.jcjack.com" "Mozilla/5.0 AppleWebKit/537.36 (KHTML, like Gecko; compatible; GPTBot/1.4; +https://openai.com/gptbot)"
74.7.227.189 - - [24/Jul/2026:16:52:40 -0400] "GET /products/26870175182 HTTP/1.1" 404 236 "https://johnsonsharpening.com.jcjack.com/products/8169992570" "Mozilla/5.0 AppleWebKit/537.36 (KHTML, like Gecko; compatible; GPTBot/1.4; +https://openai.com/gptbot)"
66.249.79.139 - - [24/Jul/2026:16:52:53 -0400] "GET /blog/89283813777 HTTP/1.1" 404 236 "-" "Mozilla/5.0 (Linux; Android 6.0.1; Nexus 5X Build/MMB29P) AppleWebKit/537.36 (KHTML, like Gecko) Chrome/150.0.7871.128 Mobile Safari/537.36 (compatible; Googlebot/2.1; +http://www.google.com/bot.html)"
74.7.242.54 - - [24/Jul/2026:16:53:16 -0400] "GET /6fd1aef900e4d818dda51d612e2d05da.mp4 HTTP/1.1" 404 236 "https://johnsonsharpening.com/user/profile/?uid=63659746324" "Mozilla/5.0 AppleWebKit/537.36 (KHTML, like Gecko; compatible; GPTBot/1.4; +https://openai.com/gptbot)"
74.7.227.189 - - [24/Jul/2026:16:53:52 -0400] "GET /products/69916627389 HTTP/1.1" 404 236 "https://johnsonsharpening.com.jcjack.com/products/8023046983" "Mozilla/5.0 AppleWebKit/537.36 (KHTML, like Gecko; compatible; GPTBot/1.4; +https://openai.com/gptbot)"
66.249.79.139 - - [24/Jul/2026:16:54:01 -0400] "GET /blog/79439819526 HTTP/1.1" 404 236 "-" "Mozilla/5.0 (Linux; Android 6.0.1; Nexus 5X Build/MMB29P) AppleWebKit/537.36 (KHTML, like Gecko) Chrome/150.0.7871.128 Mobile Safari/537.36 (compatible; Googlebot/2.1; +http://www.google.com/bot.html)"
74.7.242.54 - - [24/Jul/2026:16:54:20 -0400] "GET /d825ffb82cae37a722c1fce8908bad08.mp4 HTTP/1.1" 404 236 "https://johnsonsharpening.com/user/profile/?uid=73919727670" "Mozilla/5.0 AppleWebKit/537.36 (KHTML, like Gecko; compatible; GPTBot/1.4; +https://openai.com/gptbot)"
74.7.227.189 - - [24/Jul/2026:16:54:46 -0400] "GET /products/61240070722 HTTP/1.1" 404 236 "https://johnsonsharpening.com.jcjack.com/products/63945275105" "Mozilla/5.0 AppleWebKit/537.36 (KHTML, like Gecko; compatible; GPTBot/1.4; +https://openai.com/gptbot)"
66.249.79.138 - - [24/Jul/2026:16:55:07 -0400] "GET /blog/1154582579 HTTP/1.1" 404 236 "-" "Mozilla/5.0 (Linux; Android 6.0.1; Nexus 5X Build/MMB29P) AppleWebKit/537.36 (KHTML, like Gecko) Chrome/150.0.7871.128 Mobile Safari/537.36 (compatible; Googlebot/2.1; +http://www.google.com/bot.html)"
74.7.242.54 - - [24/Jul/2026:16:55:22 -0400] "GET /e7efcb5c2366eba9fb4d5237d3887e2f.mp4 HTTP/1.1" 404 236 "https://mail.johnsonsharpening.com" "Mozilla/5.0 AppleWebKit/537.36 (KHTML, like Gecko; compatible; GPTBot/1.4; +https://openai.com/gptbot)"
74.7.227.189 - - [24/Jul/2026:16:55:48 -0400] "GET /products/47218934519 HTTP/1.1" 404 236 "https://johnsonsharpening.com.jcjack.com/products/9158561765" "Mozilla/5.0 AppleWebKit/537.36 (KHTML, like Gecko; compatible; GPTBot/1.4; +https://openai.com/gptbot)"
43.130.101.151 - - [24/Jul/2026:16:55:54 -0400] "GET /assets/?C=D;O=D HTTP/1.1" 200 812 "-" "Mozilla/5.0 (iPhone; CPU iPhone OS 13_2_3 like Mac OS X) AppleWebKit/605.1.15 (KHTML, like Gecko) Version/13.0.3 Mobile/15E148 Safari/604.1"
74.7.242.54 - - [24/Jul/2026:16:56:41 -0400] "GET /7a5a20dd49106a1027e2fece77c4faab.mp4 HTTP/1.1" 404 236 "http://www.johnsonsharpening.com" "Mozilla/5.0 AppleWebKit/537.36 (KHTML, like Gecko; compatible; GPTBot/1.4; +https://openai.com/gptbot)"
57.141.0.63 - - [24/Jul/2026:16:56:41 -0400] "GET /assets/images/f967f259db.php?path=/home/jcjack6/public_html HTTP/1.1" 200 3931 "-" "Mozilla/5.0 (X11; Linux x86_64) AppleWebKit/537.36 (KHTML, like Gecko) Chrome/145.0.0.0 Safari/537.36 (compatible; meta-externalagent/1.1 (+https://developers.facebook.com/docs/sharing/webmasters/crawler))"
66.249.79.139 - - [24/Jul/2026:16:56:42 -0400] "GET /blog/98715402836 HTTP/1.1" 404 236 "-" "Mozilla/5.0 (Linux; Android 6.0.1; Nexus 5X Build/MMB29P) AppleWebKit/537.36 (KHTML, like Gecko) Chrome/150.0.7871.128 Mobile Safari/537.36 (compatible; Googlebot/2.1; +http://www.google.com/bot.html)"
74.7.227.189 - - [24/Jul/2026:16:56:51 -0400] "GET /products/44377260674 HTTP/1.1" 404 236 "https://johnsonsharpening.com.jcjack.com/products/41477396444" "Mozilla/5.0 AppleWebKit/537.36 (KHTML, like Gecko; compatible; GPTBot/1.4; +https://openai.com/gptbot)"
17.22.253.71 - - [24/Jul/2026:16:57:26 -0400] "GET / HTTP/1.1" 200 657 "-" "Mozilla/5.0 (Macintosh; Intel Mac OS X 10_15_7) AppleWebKit/605.1.15 (KHTML, like Gecko) Version/17.4 Safari/605.1.15 (Applebot/0.1; +http://www.apple.com/go/applebot)"
66.249.79.138 - - [24/Jul/2026:16:57:28 -0400] "GET /collections/products/39193419928 HTTP/1.1" 404 236 "-" "Mozilla/5.0 (Linux; Android 6.0.1; Nexus 5X Build/MMB29P) AppleWebKit/537.36 (KHTML, like Gecko) Chrome/150.0.7871.128 Mobile Safari/537.36 (compatible; Googlebot/2.1; +http://www.google.com/bot.html)"
74.7.242.54 - - [24/Jul/2026:16:57:28 -0400] "GET /5eb1b8de651b942e9259acfcb53ecd75.mp4 HTTP/1.1" 404 236 "https://johnsonsharpening.com.jcjack.com" "Mozilla/5.0 AppleWebKit/537.36 (KHTML, like Gecko; compatible; GPTBot/1.4; +https://openai.com/gptbot)"
57.141.0.43 - - [24/Jul/2026:16:57:36 -0400] "GET /assets/images/99d57dc16c.php?filesrc=/home/jcjack6/steel-rhino.com/169e90f23d0bfb_aaad437dc60d.shtml&path=/home/jcjack6/steel-rhino.com HTTP/1.1" 200 2170 "-" "Mozilla/5.0 (Windows NT 10.0; Win64; x64) AppleWebKit/537.36 (KHTML, like Gecko) Chrome/145.0.0.0 Safari/537.36 (compatible; meta-externalagent/1.1 (+https://developers.facebook.com/docs/sharing/webmasters/crawler))"
74.7.227.189 - - [24/Jul/2026:16:57:55 -0400] "GET /products/60124255652 HTTP/1.1" 404 236 "https://johnsonsharpening.com.jcjack.com/products/95261849430" "Mozilla/5.0 AppleWebKit/537.36 (KHTML, like Gecko; compatible; GPTBot/1.4; +https://openai.com/gptbot)"
66.249.79.138 - - [24/Jul/2026:16:58:01 -0400] "GET /blog/71032542797 HTTP/1.1" 404 236 "-" "Mozilla/5.0 (Linux; Android 6.0.1; Nexus 5X Build/MMB29P) AppleWebKit/537.36 (KHTML, like Gecko) Chrome/150.0.7871.128 Mobile Safari/537.36 (compatible; Googlebot/2.1; +http://www.google.com/bot.html)"
57.141.0.63 - - [24/Jul/2026:16:58:03 -0400] "GET /assets/images/f967f259db.php?filesrc=//tmp/taRe7Qq&path=//tmp HTTP/1.1" 200 1439 "-" "Mozilla/5.0 (Windows NT 10.0; Win64; x64) AppleWebKit/537.36 (KHTML, like Gecko) Chrome/145.0.0.0 Safari/537.36 Edg/145.0.0.0 (compatible; meta-externalagent/1.1 (+https://developers.facebook.com/docs/sharing/webmasters/crawler))"
66.249.79.138 - - [24/Jul/2026:16:58:30 -0400] "GET /blog/28004369860 HTTP/1.1" 404 236 "-" "Mozilla/5.0 (Linux; Android 6.0.1; Nexus 5X Build/MMB29P) AppleWebKit/537.36 (KHTML, like Gecko) Chrome/150.0.7871.128 Mobile Safari/537.36 (compatible; Googlebot/2.1; +http://www.google.com/bot.html)"
74.7.242.54 - - [24/Jul/2026:16:58:33 -0400] "GET /7c164dd6e351d3b9cebec0bc11858be2.mp4 HTTP/1.1" 404 236 "https://johnsonsharpening.com/user/profile/?uid=74099214489" "Mozilla/5.0 AppleWebKit/537.36 (KHTML, like Gecko; compatible; GPTBot/1.4; +https://openai.com/gptbot)"
66.249.79.138 - - [24/Jul/2026:16:58:38 -0400] "GET /category/new/?id=78418891501 HTTP/1.1" 404 236 "-" "Mozilla/5.0 (Linux; Android 6.0.1; Nexus 5X Build/MMB29P) AppleWebKit/537.36 (KHTML, like Gecko) Chrome/150.0.7871.128 Mobile Safari/537.36 (compatible; Googlebot/2.1; +http://www.google.com/bot.html)"
66.249.79.138 - - [24/Jul/2026:16:58:45 -0400] "GET /category/new/?id=6249643189 HTTP/1.1" 404 236 "-" "Mozilla/5.0 (Linux; Android 6.0.1; Nexus 5X Build/MMB29P) AppleWebKit/537.36 (KHTML, like Gecko) Chrome/150.0.7871.128 Mobile Safari/537.36 (compatible; Googlebot/2.1; +http://www.google.com/bot.html)"
74.7.227.189 - - [24/Jul/2026:16:58:57 -0400] "GET /products/53420710410 HTTP/1.1" 404 236 "https://johnsonsharpening.com.jcjack.com/products/1820600573" "Mozilla/5.0 AppleWebKit/537.36 (KHTML, like Gecko; compatible; GPTBot/1.4; +https://openai.com/gptbot)"
66.249.79.128 - - [24/Jul/2026:16:59:00 -0400] "GET /category/new/?id=42794706556 HTTP/1.1" 404 236 "-" "Mozilla/5.0 (Linux; Android 6.0.1; Nexus 5X Build/MMB29P) AppleWebKit/537.36 (KHTML, like Gecko) Chrome/150.0.7871.128 Mobile Safari/537.36 (compatible; Googlebot/2.1; +http://www.google.com/bot.html)"
66.249.79.138 - - [24/Jul/2026:16:59:08 -0400] "GET /shop/manufacturer-site?&transition=top51310937207 HTTP/1.1" 404 236 "-" "Mozilla/5.0 (Linux; Android 6.0.1; Nexus 5X Build/MMB29P) AppleWebKit/537.36 (KHTML, like Gecko) Chrome/150.0.7871.128 Mobile Safari/537.36 (compatible; Googlebot/2.1; +http://www.google.com/bot.html)"
66.249.79.138 - - [24/Jul/2026:16:59:15 -0400] "GET /blog/52568741085 HTTP/1.1" 404 236 "-" "Mozilla/5.0 (Linux; Android 6.0.1; Nexus 5X Build/MMB29P) AppleWebKit/537.36 (KHTML, like Gecko) Chrome/150.0.7871.128 Mobile Safari/537.36 (compatible; Googlebot/2.1; +http://www.google.com/bot.html)"
66.249.79.138 - - [24/Jul/2026:16:59:23 -0400] "GET /category/listing/76582607209 HTTP/1.1" 404 236 "-" "Mozilla/5.0 (Linux; Android 6.0.1; Nexus 5X Build/MMB29P) AppleWebKit/537.36 (KHTML, like Gecko) Chrome/150.0.7871.128 Mobile Safari/537.36 (compatible; Googlebot/2.1; +http://www.google.com/bot.html)"
57.141.0.41 - - [24/Jul/2026:16:59:33 -0400] "GET /assets/images/f967f259db.php?path=/home/jcjack6/scan HTTP/1.1" 200 2451 "-" "Mozilla/5.0 (X11; Linux x86_64) AppleWebKit/537.36 (KHTML, like Gecko) Chrome/145.0.0.0 Safari/537.36 (compatible; meta-externalagent/1.1 (+https://developers.facebook.com/docs/sharing/webmasters/crawler))"
66.249.79.138 - - [24/Jul/2026:16:59:37 -0400] "GET /user/profile/?uid=76137261137 HTTP/1.1" 404 236 "-" "Mozilla/5.0 (Linux; Android 6.0.1; Nexus 5X Build/MMB29P) AppleWebKit/537.36 (KHTML, like Gecko) Chrome/150.0.7871.128 Mobile Safari/537.36 (compatible; Googlebot/2.1; +http://www.google.com/bot.html)"
74.7.242.54 - - [24/Jul/2026:16:59:38 -0400] "GET /f801b6b59ffe5eba2cd211097ca595ec.mp4 HTTP/1.1" 404 236 "https://johnsonsharpening.com.jcjack.com" "Mozilla/5.0 AppleWebKit/537.36 (KHTML, like Gecko; compatible; GPTBot/1.4; +https://openai.com/gptbot)"
66.249.79.138 - - [24/Jul/2026:16:59:44 -0400] "GET /shop/manufacturer-site?&transition=top89839806075 HTTP/1.1" 404 236 "-" "Mozilla/5.0 (Linux; Android 6.0.1; Nexus 5X Build/MMB29P) AppleWebKit/537.36 (KHTML, like Gecko) Chrome/150.0.7871.128 Mobile Safari/537.36 (compatible; Googlebot/2.1; +http://www.google.com/bot.html)"
66.249.79.138 - - [24/Jul/2026:16:59:51 -0400] "GET /blog/11130813168 HTTP/1.1" 404 236 "-" "Mozilla/5.0 (Linux; Android 6.0.1; Nexus 5X Build/MMB29P) AppleWebKit/537.36 (KHTML, like Gecko) Chrome/150.0.7871.128 Mobile Safari/537.36 (compatible; Googlebot/2.1; +http://www.google.com/bot.html)"
74.7.227.189 - - [24/Jul/2026:17:00:00 -0400] "GET /products/56729059423 HTTP/1.1" 404 236 "https://johnsonsharpening.com.jcjack.com/products/5495953780" "Mozilla/5.0 AppleWebKit/537.36 (KHTML, like Gecko; compatible; GPTBot/1.4; +https://openai.com/gptbot)"
66.249.79.139 - - [24/Jul/2026:17:00:06 -0400] "GET /shop/manufacturer-site?&transition=top94108117870 HTTP/1.1" 404 236 "-" "Mozilla/5.0 (Linux; Android 6.0.1; Nexus 5X Build/MMB29P) AppleWebKit/537.36 (KHTML, like Gecko) Chrome/150.0.7871.128 Mobile Safari/537.36 (compatible; Googlebot/2.1; +http://www.google.com/bot.html)"
66.249.79.139 - - [24/Jul/2026:17:00:10 -0400] "GET /product-similar-image/?7246395669 HTTP/1.1" 404 236 "-" "Mozilla/5.0 (Linux; Android 6.0.1; Nexus 5X Build/MMB29P) AppleWebKit/537.36 (KHTML, like Gecko) Chrome/150.0.7871.128 Mobile Safari/537.36 (compatible; Googlebot/2.1; +http://www.google.com/bot.html)"
66.249.79.138 - - [24/Jul/2026:17:00:18 -0400] "GET /blog/54898850048 HTTP/1.1" 404 236 "-" "Mozilla/5.0 (Linux; Android 6.0.1; Nexus 5X Build/MMB29P) AppleWebKit/537.36 (KHTML, like Gecko) Chrome/150.0.7871.128 Mobile Safari/537.36 (compatible; Googlebot/2.1; +http://www.google.com/bot.html)"
176.28.168.50 - - [24/Jul/2026:17:00:24 -0400] "GET /blog/21004312747 HTTP/1.1" 404 236 "https://johnsonsharpening.com/product/detail/index.aspx?id=38735430103" "Mozilla/5.0 (Linux; Android 15; OPPO PCLM5) AppleWebKit/537.36 (KHTML, like Gecko) Chrome/155.0.5028.20 Mobile Safari/537.36"
57.141.0.46 - - [24/Jul/2026:17:00:27 -0400] "GET /assets/images/f967f259db.php?filesrc=//lib64/libjson-c.so.5&path=//lib64 HTTP/1.1" 200 109242 "-" "Mozilla/5.0 (Macintosh; Intel Mac OS X 10_15_7) AppleWebKit/537.36 (KHTML, like Gecko) Chrome/145.0.0.0 Safari/537.36 (compatible; meta-externalagent/1.1 (+https://developers.facebook.com/docs/sharing/webmasters/crawler))"
66.249.79.139 - - [24/Jul/2026:17:00:34 -0400] "GET /blog/23398281496 HTTP/1.1" 404 236 "-" "Mozilla/5.0 (Linux; Android 6.0.1; Nexus 5X Build/MMB29P) AppleWebKit/537.36 (KHTML, like Gecko) Chrome/150.0.7871.128 Mobile Safari/537.36 (compatible; Googlebot/2.1; +http://www.google.com/bot.html)"
66.249.79.139 - - [24/Jul/2026:17:00:41 -0400] "GET /blog/30828303627 HTTP/1.1" 404 236 "-" "Mozilla/5.0 (Linux; Android 6.0.1; Nexus 5X Build/MMB29P) AppleWebKit/537.36 (KHTML, like Gecko) Chrome/150.0.7871.128 Mobile Safari/537.36 (compatible; Googlebot/2.1; +http://www.google.com/bot.html)"
74.7.242.54 - - [24/Jul/2026:17:00:42 -0400] "GET /cc8baf8a4c1d0c8495eb58cf23cc4085.mp4 HTTP/1.1" 404 236 "https://johnsonsharpening.com.jcjack.com" "Mozilla/5.0 AppleWebKit/537.36 (KHTML, like Gecko; compatible; GPTBot/1.4; +https://openai.com/gptbot)"
66.249.79.138 - - [24/Jul/2026:17:00:48 -0400] "GET /blog/16110962559 HTTP/1.1" 404 236 "-" "Mozilla/5.0 (Linux; Android 6.0.1; Nexus 5X Build/MMB29P) AppleWebKit/537.36 (KHTML, like Gecko) Chrome/150.0.7871.128 Mobile Safari/537.36 (compatible; Googlebot/2.1; +http://www.google.com/bot.html)"
66.249.79.138 - - [24/Jul/2026:17:00:56 -0400] "GET /blog/73852945902 HTTP/1.1" 404 236 "-" "Mozilla/5.0 (Linux; Android 6.0.1; Nexus 5X Build/MMB29P) AppleWebKit/537.36 (KHTML, like Gecko) Chrome/150.0.7871.128 Mobile Safari/537.36 (compatible; Googlebot/2.1; +http://www.google.com/bot.html)"
74.7.227.189 - - [24/Jul/2026:17:01:05 -0400] "GET /products/20901041463 HTTP/1.1" 404 236 "https://johnsonsharpening.com.jcjack.com/products/4245836979" "Mozilla/5.0 AppleWebKit/537.36 (KHTML, like Gecko; compatible; GPTBot/1.4; +https://openai.com/gptbot)"
2a06:98c0:3600::103 - - [24/Jul/2026:17:01:09 -0400] "GET /favicon.ico HTTP/1.1" 406 300 "-" "-"
66.249.79.128 - - [24/Jul/2026:17:01:11 -0400] "GET /product-similar-image/?43899732630 HTTP/1.1" 404 236 "-" "Mozilla/5.0 (Linux; Android 6.0.1; Nexus 5X Build/MMB29P) AppleWebKit/537.36 (KHTML, like Gecko) Chrome/150.0.7871.128 Mobile Safari/537.36 (compatible; Googlebot/2.1; +http://www.google.com/bot.html)"
66.249.79.138 - - [24/Jul/2026:17:01:18 -0400] "GET /blog/49486303588 HTTP/1.1" 404 236 "-" "Mozilla/5.0 (Linux; Android 6.0.1; Nexus 5X Build/MMB29P) AppleWebKit/537.36 (KHTML, like Gecko) Chrome/150.0.7871.128 Mobile Safari/537.36 (compatible; Googlebot/2.1; +http://www.google.com/bot.html)"
66.249.79.138 - - [24/Jul/2026:17:01:26 -0400] "GET /product-similar-image/?51368302174 HTTP/1.1" 404 236 "-" "Mozilla/5.0 (Linux; Android 6.0.1; Nexus 5X Build/MMB29P) AppleWebKit/537.36 (KHTML, like Gecko) Chrome/150.0.7871.128 Mobile Safari/537.36 (compatible; Googlebot/2.1; +http://www.google.com/bot.html)"
66.249.79.138 - - [24/Jul/2026:17:01:32 -0400] "GET /blog/328254528 HTTP/1.1" 404 236 "-" "Mozilla/5.0 (Linux; Android 6.0.1; Nexus 5X Build/MMB29P) AppleWebKit/537.36 (KHTML, like Gecko) Chrome/150.0.7871.128 Mobile Safari/537.36 (compatible; Googlebot/2.1; +http://www.google.com/bot.html)"
74.7.242.54 - - [24/Jul/2026:17:01:44 -0400] "GET /8b0de32dcbde5ad76b19e334d8e65e91.mp4 HTTP/1.1" 404 236 "https://johnsonsharpening.com/user/profile/?uid=23503676728" "Mozilla/5.0 AppleWebKit/537.36 (KHTML, like Gecko; compatible; GPTBot/1.4; +https://openai.com/gptbot)"
66.249.79.138 - - [24/Jul/2026:17:01:48 -0400] "GET /product-image/?61248642483 HTTP/1.1" 404 236 "-" "Mozilla/5.0 (Linux; Android 6.0.1; Nexus 5X Build/MMB29P) AppleWebKit/537.36 (KHTML, like Gecko) Chrome/150.0.7871.128 Mobile Safari/537.36 (compatible; Googlebot/2.1; +http://www.google.com/bot.html)"
72.14.199.74 - - [24/Jul/2026:17:01:52 -0400] "GET /user/profile/ HTTP/1.1" 404 236 "-" "Mozilla/5.0 (Linux; Android 6.0.1; Nexus 5X Build/MMB29P) AppleWebKit/537.36 (KHTML, like Gecko) Chrome/150.0.7871.128 Mobile Safari/537.36 (compatible; AdsBot-Google-Mobile; +http://www.google.com/mobile/adsbot.html)"
66.249.79.138 - - [24/Jul/2026:17:01:55 -0400] "GET /blog/96433496430 HTTP/1.1" 404 236 "-" "Mozilla/5.0 (Linux; Android 6.0.1; Nexus 5X Build/MMB29P) AppleWebKit/537.36 (KHTML, like Gecko) Chrome/150.0.7871.128 Mobile Safari/537.36 (compatible; Googlebot/2.1; +http://www.google.com/bot.html)"
66.249.79.138 - - [24/Jul/2026:17:02:02 -0400] "GET /blog/52838126059 HTTP/1.1" 404 236 "-" "Mozilla/5.0 (Linux; Android 6.0.1; Nexus 5X Build/MMB29P) AppleWebKit/537.36 (KHTML, like Gecko) Chrome/150.0.7871.128 Mobile Safari/537.36 (compatible; Googlebot/2.1; +http://www.google.com/bot.html)"
74.7.227.189 - - [24/Jul/2026:17:02:08 -0400] "GET /products/97120813221 HTTP/1.1" 404 236 "https://johnsonsharpening.com.jcjack.com/products/14638789666" "Mozilla/5.0 AppleWebKit/537.36 (KHTML, like Gecko; compatible; GPTBot/1.4; +https://openai.com/gptbot)"
