34.174.151.248 - - [24/Jul/2026:20:23:51 -0400] "HEAD /wp/ HTTP/1.1" 404 - "-" "Mozilla/5.0 (X11; Linux x86_64; rv:127.0) Gecko/20100101 Firefox/127.0"
74.7.242.54 - - [24/Jul/2026:20:23:52 -0400] "GET /dcfa1fde9feb3a7f373086b8740a9f83.mp4 HTTP/1.1" 404 236 "https://johnsonsharpening.com/user/profile/?uid=93083969450" "Mozilla/5.0 AppleWebKit/537.36 (KHTML, like Gecko; compatible; GPTBot/1.4; +https://openai.com/gptbot)"
74.7.227.189 - - [24/Jul/2026:20:23:58 -0400] "GET /products/26797222979 HTTP/1.1" 404 236 "https://johnsonsharpening.com.jcjack.com/products/5864070767" "Mozilla/5.0 AppleWebKit/537.36 (KHTML, like Gecko; compatible; GPTBot/1.4; +https://openai.com/gptbot)"
66.249.79.138 - - [24/Jul/2026:20:23:58 -0400] "GET /blog/50522473914 HTTP/1.1" 404 236 "-" "Mozilla/5.0 (Linux; Android 6.0.1; Nexus 5X Build/MMB29P) AppleWebKit/537.36 (KHTML, like Gecko) Chrome/150.0.7871.128 Mobile Safari/537.36 (compatible; Googlebot/2.1; +http://www.google.com/bot.html)"
74.7.227.189 - - [24/Jul/2026:20:24:26 -0400] "GET /products/87393397333 HTTP/1.1" 404 236 "https://johnsonsharpening.com.jcjack.com/products/6815903223" "Mozilla/5.0 AppleWebKit/537.36 (KHTML, like Gecko; compatible; GPTBot/1.4; +https://openai.com/gptbot)"
74.7.227.189 - - [24/Jul/2026:20:24:53 -0400] "GET /products/37911151811 HTTP/1.1" 404 236 "https://johnsonsharpening.com.jcjack.com/products/17188280460" "Mozilla/5.0 AppleWebKit/537.36 (KHTML, like Gecko; compatible; GPTBot/1.4; +https://openai.com/gptbot)"
74.7.242.54 - - [24/Jul/2026:20:24:55 -0400] "GET /9b3559dde0ee2a79e1a8ead658a8d17d.mp4 HTTP/1.1" 404 236 "https://johnsonsharpening.com/user/profile/?uid=1686929156" "Mozilla/5.0 AppleWebKit/537.36 (KHTML, like Gecko; compatible; GPTBot/1.4; +https://openai.com/gptbot)"
74.7.230.18 - - [24/Jul/2026:20:24:55 -0400] "GET /robots.txt HTTP/1.1" 404 236 "-" "Mozilla/5.0 (Macintosh; Intel Mac OS X 10_15_7) AppleWebKit/537.36 (KHTML, like Gecko) Chrome/131.0.0.0 Safari/537.36; compatible; OAI-SearchBot/1.4; robots.txt; +https://openai.com/searchbot"
66.249.79.128 - - [24/Jul/2026:20:24:55 -0400] "GET /category/new/?id=75396777444 HTTP/1.1" 404 236 "-" "Mozilla/5.0 (Linux; Android 6.0.1; Nexus 5X Build/MMB29P) AppleWebKit/537.36 (KHTML, like Gecko) Chrome/150.0.7871.128 Mobile Safari/537.36 (compatible; Googlebot/2.1; +http://www.google.com/bot.html)"
74.7.227.189 - - [24/Jul/2026:20:25:20 -0400] "GET /products/51575705000 HTTP/1.1" 404 236 "https://johnsonsharpening.com.jcjack.com/products/2060524214" "Mozilla/5.0 AppleWebKit/537.36 (KHTML, like Gecko; compatible; GPTBot/1.4; +https://openai.com/gptbot)"
47.254.92.190 - - [24/Jul/2026:20:25:29 -0400] "GET /assets/images/?C=D;O=A HTTP/1.1" 200 4478 "-" "Mozilla/5.0 (iPhone; CPU iPhone OS 13_2_3 like Mac OS X) AppleWebKit/605.1.15 (KHTML, like Gecko) Version/13.0.3 Mobile/15E148 Safari/604.1"
66.249.79.138 - - [24/Jul/2026:20:25:43 -0400] "GET /user/profile/?uid=54304900648 HTTP/1.1" 404 236 "-" "Mozilla/5.0 (Linux; Android 6.0.1; Nexus 5X Build/MMB29P) AppleWebKit/537.36 (KHTML, like Gecko) Chrome/150.0.7871.128 Mobile Safari/537.36 (compatible; Googlebot/2.1; +http://www.google.com/bot.html)"
74.7.227.189 - - [24/Jul/2026:20:25:46 -0400] "GET /products/47793177333 HTTP/1.1" 404 236 "https://johnsonsharpening.com.jcjack.com/products/56812719308" "Mozilla/5.0 AppleWebKit/537.36 (KHTML, like Gecko; compatible; GPTBot/1.4; +https://openai.com/gptbot)"
74.7.242.54 - - [24/Jul/2026:20:25:58 -0400] "GET /fb4e8fc4caf636c73b228db2df7798b1.mp4 HTTP/1.1" 404 236 "http://www.johnsonsharpening.com" "Mozilla/5.0 AppleWebKit/537.36 (KHTML, like Gecko; compatible; GPTBot/1.4; +https://openai.com/gptbot)"
74.7.227.189 - - [24/Jul/2026:20:26:13 -0400] "GET /products/79333797995 HTTP/1.1" 404 236 "https://johnsonsharpening.com.jcjack.com/products/3837412000" "Mozilla/5.0 AppleWebKit/537.36 (KHTML, like Gecko; compatible; GPTBot/1.4; +https://openai.com/gptbot)"
66.249.79.128 - - [24/Jul/2026:20:26:15 -0400] "GET /productSearch/pictureSearch?id=45118685525 HTTP/1.1" 404 236 "-" "Mozilla/5.0 (Linux; Android 6.0.1; Nexus 5X Build/MMB29P) AppleWebKit/537.36 (KHTML, like Gecko) Chrome/150.0.7871.128 Mobile Safari/537.36 (compatible; Googlebot/2.1; +http://www.google.com/bot.html)"
159.195.196.97 - - [24/Jul/2026:20:26:33 -0400] "GET / HTTP/1.1" 200 657 "-" "Mozilla/5.0 (Windows NT 10.0; Win64; x64) AppleWebKit/537.36 (KHTML, like Gecko) Chrome/124.0.0.0 Safari/537.36"
74.7.227.189 - - [24/Jul/2026:20:26:41 -0400] "GET /products/47404440304 HTTP/1.1" 404 236 "https://johnsonsharpening.com.jcjack.com/products/9190353278" "Mozilla/5.0 AppleWebKit/537.36 (KHTML, like Gecko; compatible; GPTBot/1.4; +https://openai.com/gptbot)"
66.249.79.139 - - [24/Jul/2026:20:26:55 -0400] "GET /product-similar-image/?26439800111 HTTP/1.1" 404 236 "-" "Mozilla/5.0 (Linux; Android 6.0.1; Nexus 5X Build/MMB29P) AppleWebKit/537.36 (KHTML, like Gecko) Chrome/150.0.7871.128 Mobile Safari/537.36 (compatible; Googlebot/2.1; +http://www.google.com/bot.html)"
74.7.242.54 - - [24/Jul/2026:20:27:03 -0400] "GET /bf7c9b73f6c3ab7d719d91610c2da3ca.mp4 HTTP/1.1" 404 236 "http://www.johnsonsharpening.com" "Mozilla/5.0 AppleWebKit/537.36 (KHTML, like Gecko; compatible; GPTBot/1.4; +https://openai.com/gptbot)"
74.7.227.189 - - [24/Jul/2026:20:27:07 -0400] "GET /products/55560550099 HTTP/1.1" 404 236 "https://johnsonsharpening.com.jcjack.com/products/87097432161" "Mozilla/5.0 AppleWebKit/537.36 (KHTML, like Gecko; compatible; GPTBot/1.4; +https://openai.com/gptbot)"
74.7.228.41 - - [24/Jul/2026:20:27:19 -0400] "GET /robots.txt HTTP/1.1" 404 236 "-" "Mozilla/5.0 (Macintosh; Intel Mac OS X 10_15_7) AppleWebKit/537.36 (KHTML, like Gecko) Chrome/131.0.0.0 Safari/537.36; compatible; OAI-SearchBot/1.4; robots.txt; +https://openai.com/searchbot"
66.249.79.128 - - [24/Jul/2026:20:27:28 -0400] "GET /shop/manufacturer-site?&transition=top41887617942 HTTP/1.1" 404 236 "-" "Mozilla/5.0 (Linux; Android 6.0.1; Nexus 5X Build/MMB29P) AppleWebKit/537.36 (KHTML, like Gecko) Chrome/150.0.7871.128 Mobile Safari/537.36 (compatible; Googlebot/2.1; +http://www.google.com/bot.html)"
74.7.227.189 - - [24/Jul/2026:20:27:35 -0400] "GET /products/33344585303 HTTP/1.1" 404 236 "https://johnsonsharpening.com.jcjack.com/products/49837211225" "Mozilla/5.0 AppleWebKit/537.36 (KHTML, like Gecko; compatible; GPTBot/1.4; +https://openai.com/gptbot)"
66.249.79.139 - - [24/Jul/2026:20:28:00 -0400] "GET /blog/48997241521 HTTP/1.1" 404 236 "-" "Mozilla/5.0 (Linux; Android 6.0.1; Nexus 5X Build/MMB29P) AppleWebKit/537.36 (KHTML, like Gecko) Chrome/150.0.7871.128 Mobile Safari/537.36 (compatible; Googlebot/2.1; +http://www.google.com/bot.html)"
74.7.227.189 - - [24/Jul/2026:20:28:02 -0400] "GET /products/72122266692 HTTP/1.1" 404 236 "https://johnsonsharpening.com.jcjack.com/products/71001824693" "Mozilla/5.0 AppleWebKit/537.36 (KHTML, like Gecko; compatible; GPTBot/1.4; +https://openai.com/gptbot)"
74.7.242.54 - - [24/Jul/2026:20:28:06 -0400] "GET /5f525d5dd8f924d2072be0d5faefba64.mp4 HTTP/1.1" 404 236 "http://www.johnsonsharpening.com" "Mozilla/5.0 AppleWebKit/537.36 (KHTML, like Gecko; compatible; GPTBot/1.4; +https://openai.com/gptbot)"
74.7.227.189 - - [24/Jul/2026:20:28:30 -0400] "GET /products/32244458424 HTTP/1.1" 404 236 "https://johnsonsharpening.com.jcjack.com/products/69618703475" "Mozilla/5.0 AppleWebKit/537.36 (KHTML, like Gecko; compatible; GPTBot/1.4; +https://openai.com/gptbot)"
66.249.79.128 - - [24/Jul/2026:20:28:39 -0400] "GET /blog/12857447630 HTTP/1.1" 404 236 "-" "Mozilla/5.0 (Linux; Android 6.0.1; Nexus 5X Build/MMB29P) AppleWebKit/537.36 (KHTML, like Gecko) Chrome/150.0.7871.128 Mobile Safari/537.36 (compatible; Googlebot/2.1; +http://www.google.com/bot.html)"
74.7.227.189 - - [24/Jul/2026:20:28:57 -0400] "GET /products/28278684222 HTTP/1.1" 404 236 "https://johnsonsharpening.com.jcjack.com/products/2189532309" "Mozilla/5.0 AppleWebKit/537.36 (KHTML, like Gecko; compatible; GPTBot/1.4; +https://openai.com/gptbot)"
74.7.242.54 - - [24/Jul/2026:20:29:08 -0400] "GET /246a1ee2f46e9a052d03bcfbc32e2dd5.mp4 HTTP/1.1" 404 236 "https://johnsonsharpening.com.jcjack.com" "Mozilla/5.0 AppleWebKit/537.36 (KHTML, like Gecko; compatible; GPTBot/1.4; +https://openai.com/gptbot)"
66.249.79.138 - - [24/Jul/2026:20:29:18 -0400] "GET /blog/95191086378 HTTP/1.1" 404 236 "-" "Mozilla/5.0 (Linux; Android 6.0.1; Nexus 5X Build/MMB29P) AppleWebKit/537.36 (KHTML, like Gecko) Chrome/150.0.7871.128 Mobile Safari/537.36 (compatible; Googlebot/2.1; +http://www.google.com/bot.html)"
74.7.227.189 - - [24/Jul/2026:20:29:23 -0400] "GET /products/45624425222 HTTP/1.1" 404 236 "https://johnsonsharpening.com.jcjack.com/products/62581736954" "Mozilla/5.0 AppleWebKit/537.36 (KHTML, like Gecko; compatible; GPTBot/1.4; +https://openai.com/gptbot)"
74.7.230.18 - - [24/Jul/2026:20:29:28 -0400] "GET /robots.txt HTTP/1.1" 404 236 "-" "Mozilla/5.0 (Macintosh; Intel Mac OS X 10_15_7) AppleWebKit/537.36 (KHTML, like Gecko) Chrome/131.0.0.0 Safari/537.36; compatible; OAI-SearchBot/1.4; robots.txt; +https://openai.com/searchbot"
74.7.227.189 - - [24/Jul/2026:20:29:50 -0400] "GET /products/44945666866 HTTP/1.1" 404 236 "https://johnsonsharpening.com.jcjack.com/products/64731625556" "Mozilla/5.0 AppleWebKit/537.36 (KHTML, like Gecko; compatible; GPTBot/1.4; +https://openai.com/gptbot)"
66.249.79.128 - - [24/Jul/2026:20:30:04 -0400] "GET /blog/24878748383 HTTP/1.1" 404 236 "-" "Mozilla/5.0 (Linux; Android 6.0.1; Nexus 5X Build/MMB29P) AppleWebKit/537.36 (KHTML, like Gecko) Chrome/150.0.7871.128 Mobile Safari/537.36 (compatible; Googlebot/2.1; +http://www.google.com/bot.html)"
74.7.242.54 - - [24/Jul/2026:20:30:10 -0400] "GET /0ddb4262ea34c30f25ef79c0a5eb23bc.mp4 HTTP/1.1" 404 236 "https://johnsonsharpening.com/category/listing/46027206178" "Mozilla/5.0 AppleWebKit/537.36 (KHTML, like Gecko; compatible; GPTBot/1.4; +https://openai.com/gptbot)"
74.7.227.189 - - [24/Jul/2026:20:30:18 -0400] "GET /products/45669666040 HTTP/1.1" 404 236 "https://johnsonsharpening.com.jcjack.com/products/60129996756" "Mozilla/5.0 AppleWebKit/537.36 (KHTML, like Gecko; compatible; GPTBot/1.4; +https://openai.com/gptbot)"
70.29.67.190 - - [24/Jul/2026:20:30:20 -0400] "GET /assets/images/f967f259db.php?path=/home/jcjack6/johnsonsharpening.com HTTP/1.1" 200 4052 "-" "Mozilla/5.0 (Macintosh; Intel Mac OS X 15_4_1) AppleWebKit/537.36 (KHTML, like Gecko) Chrome/127.0.6533.17 Safari/537.36"
74.7.227.189 - - [24/Jul/2026:20:30:45 -0400] "GET /products/77765355855 HTTP/1.1" 404 236 "https://johnsonsharpening.com.jcjack.com/products/3705965218" "Mozilla/5.0 AppleWebKit/537.36 (KHTML, like Gecko; compatible; GPTBot/1.4; +https://openai.com/gptbot)"
66.249.79.139 - - [24/Jul/2026:20:30:57 -0400] "GET /blog/92951221915 HTTP/1.1" 404 236 "-" "Mozilla/5.0 (Linux; Android 6.0.1; Nexus 5X Build/MMB29P) AppleWebKit/537.36 (KHTML, like Gecko) Chrome/150.0.7871.128 Mobile Safari/537.36 (compatible; Googlebot/2.1; +http://www.google.com/bot.html)"
74.7.227.189 - - [24/Jul/2026:20:31:13 -0400] "GET /products/92888992949 HTTP/1.1" 404 236 "https://johnsonsharpening.com.jcjack.com/products/2157947040" "Mozilla/5.0 AppleWebKit/537.36 (KHTML, like Gecko; compatible; GPTBot/1.4; +https://openai.com/gptbot)"
74.7.242.54 - - [24/Jul/2026:20:31:15 -0400] "GET /245bfdab10f8a90b78e3cbffe517682d.mp4 HTTP/1.1" 404 236 "http://www.johnsonsharpening.com" "Mozilla/5.0 AppleWebKit/537.36 (KHTML, like Gecko; compatible; GPTBot/1.4; +https://openai.com/gptbot)"
66.249.79.138 - - [24/Jul/2026:20:31:34 -0400] "GET /shop/manufacturer-site?&transition=top58239972687 HTTP/1.1" 404 236 "-" "Mozilla/5.0 (Linux; Android 6.0.1; Nexus 5X Build/MMB29P) AppleWebKit/537.36 (KHTML, like Gecko) Chrome/150.0.7871.128 Mobile Safari/537.36 (compatible; Googlebot/2.1; +http://www.google.com/bot.html)"
74.7.227.189 - - [24/Jul/2026:20:31:40 -0400] "GET /products/36413611166 HTTP/1.1" 404 236 "https://johnsonsharpening.com.jcjack.com/products/2063386865" "Mozilla/5.0 AppleWebKit/537.36 (KHTML, like Gecko; compatible; GPTBot/1.4; +https://openai.com/gptbot)"
74.7.227.189 - - [24/Jul/2026:20:32:08 -0400] "GET /products/18881808968 HTTP/1.1" 404 236 "https://johnsonsharpening.com.jcjack.com/products/5633370411" "Mozilla/5.0 AppleWebKit/537.36 (KHTML, like Gecko; compatible; GPTBot/1.4; +https://openai.com/gptbot)"
74.7.242.54 - - [24/Jul/2026:20:32:20 -0400] "GET /c0e9e59cff9f64289a1b485cacce900c.mp4 HTTP/1.1" 404 236 "https://johnsonsharpening.com/category/listing/18500771706" "Mozilla/5.0 AppleWebKit/537.36 (KHTML, like Gecko; compatible; GPTBot/1.4; +https://openai.com/gptbot)"
74.7.227.189 - - [24/Jul/2026:20:32:36 -0400] "GET /products/21828882228 HTTP/1.1" 404 236 "https://johnsonsharpening.com.jcjack.com/products/8935660139" "Mozilla/5.0 AppleWebKit/537.36 (KHTML, like Gecko; compatible; GPTBot/1.4; +https://openai.com/gptbot)"
66.249.79.138 - - [24/Jul/2026:20:32:43 -0400] "GET /blog/10789546419 HTTP/1.1" 404 236 "-" "Mozilla/5.0 (Linux; Android 6.0.1; Nexus 5X Build/MMB29P) AppleWebKit/537.36 (KHTML, like Gecko) Chrome/150.0.7871.128 Mobile Safari/537.36 (compatible; Googlebot/2.1; +http://www.google.com/bot.html)"
74.7.227.189 - - [24/Jul/2026:20:33:04 -0400] "GET /products/53757778783 HTTP/1.1" 404 236 "https://johnsonsharpening.com.jcjack.com/products/7784238914" "Mozilla/5.0 AppleWebKit/537.36 (KHTML, like Gecko; compatible; GPTBot/1.4; +https://openai.com/gptbot)"
74.7.242.54 - - [24/Jul/2026:20:33:21 -0400] "GET /0a70de1a48850c4a69208cfbfe8cb3cd.mp4 HTTP/1.1" 404 236 "https://johnsonsharpening.com.jcjack.com" "Mozilla/5.0 AppleWebKit/537.36 (KHTML, like Gecko; compatible; GPTBot/1.4; +https://openai.com/gptbot)"
66.249.79.139 - - [24/Jul/2026:20:33:23 -0400] "GET /productSearch/pictureSearch?id=96825325094 HTTP/1.1" 404 236 "-" "Mozilla/5.0 (Linux; Android 6.0.1; Nexus 5X Build/MMB29P) AppleWebKit/537.36 (KHTML, like Gecko) Chrome/150.0.7871.128 Mobile Safari/537.36 (compatible; Googlebot/2.1; +http://www.google.com/bot.html)"
74.7.227.189 - - [24/Jul/2026:20:33:31 -0400] "GET /products/55776862666 HTTP/1.1" 404 236 "https://johnsonsharpening.com.jcjack.com/products/57023822214" "Mozilla/5.0 AppleWebKit/537.36 (KHTML, like Gecko; compatible; GPTBot/1.4; +https://openai.com/gptbot)"
74.7.227.189 - - [24/Jul/2026:20:33:58 -0400] "GET /products/44489414421 HTTP/1.1" 404 236 "https://johnsonsharpening.com.jcjack.com/products/3154331512" "Mozilla/5.0 AppleWebKit/537.36 (KHTML, like Gecko; compatible; GPTBot/1.4; +https://openai.com/gptbot)"
74.7.242.54 - - [24/Jul/2026:20:34:25 -0400] "GET /d1cfeb8ad6ea0574a321e39fe430ae96.mp4 HTTP/1.1" 404 236 "https://johnsonsharpening.com/category/listing/23554907522" "Mozilla/5.0 AppleWebKit/537.36 (KHTML, like Gecko; compatible; GPTBot/1.4; +https://openai.com/gptbot)"
74.7.227.189 - - [24/Jul/2026:20:34:25 -0400] "GET /products/51333515635 HTTP/1.1" 404 236 "https://johnsonsharpening.com.jcjack.com/products/56837148021" "Mozilla/5.0 AppleWebKit/537.36 (KHTML, like Gecko; compatible; GPTBot/1.4; +https://openai.com/gptbot)"
74.7.227.189 - - [24/Jul/2026:20:34:52 -0400] "GET /products/23922322213 HTTP/1.1" 404 236 "https://johnsonsharpening.com.jcjack.com/products/20853591654" "Mozilla/5.0 AppleWebKit/537.36 (KHTML, like Gecko; compatible; GPTBot/1.4; +https://openai.com/gptbot)"
74.7.227.189 - - [24/Jul/2026:20:35:19 -0400] "GET /products/41430101115 HTTP/1.1" 404 236 "https://johnsonsharpening.com.jcjack.com/products/56254793338" "Mozilla/5.0 AppleWebKit/537.36 (KHTML, like Gecko; compatible; GPTBot/1.4; +https://openai.com/gptbot)"
74.7.242.54 - - [24/Jul/2026:20:35:26 -0400] "GET /a6b03fe5adaf5aec0290bcb4407f4622.mp4 HTTP/1.1" 404 236 "https://johnsonsharpening.com/category/listing/73029608506" "Mozilla/5.0 AppleWebKit/537.36 (KHTML, like Gecko; compatible; GPTBot/1.4; +https://openai.com/gptbot)"
74.7.227.189 - - [24/Jul/2026:20:35:45 -0400] "GET /products/80748814448 HTTP/1.1" 404 236 "https://johnsonsharpening.com.jcjack.com/products/85556399603" "Mozilla/5.0 AppleWebKit/537.36 (KHTML, like Gecko; compatible; GPTBot/1.4; +https://openai.com/gptbot)"
66.249.79.138 - - [24/Jul/2026:20:35:48 -0400] "GET /blog/94485818927 HTTP/1.1" 404 236 "-" "Mozilla/5.0 (Linux; Android 6.0.1; Nexus 5X Build/MMB29P) AppleWebKit/537.36 (KHTML, like Gecko) Chrome/150.0.7871.128 Mobile Safari/537.36 (compatible; Googlebot/2.1; +http://www.google.com/bot.html)"
74.7.227.189 - - [24/Jul/2026:20:36:14 -0400] "GET /products/88329888448 HTTP/1.1" 404 236 "https://johnsonsharpening.com.jcjack.com/products/69435173508" "Mozilla/5.0 AppleWebKit/537.36 (KHTML, like Gecko; compatible; GPTBot/1.4; +https://openai.com/gptbot)"
66.249.79.138 - - [24/Jul/2026:20:36:27 -0400] "GET /blog/21479673495 HTTP/1.1" 404 236 "-" "Mozilla/5.0 (Linux; Android 6.0.1; Nexus 5X Build/MMB29P) AppleWebKit/537.36 (KHTML, like Gecko) Chrome/150.0.7871.128 Mobile Safari/537.36 (compatible; Googlebot/2.1; +http://www.google.com/bot.html)"
74.7.242.54 - - [24/Jul/2026:20:36:32 -0400] "GET /fcd8df09349fc67d4fba00c846e9c33e.mp4 HTTP/1.1" 404 236 "https://johnsonsharpening.com/category/listing/15854412243" "Mozilla/5.0 AppleWebKit/537.36 (KHTML, like Gecko; compatible; GPTBot/1.4; +https://openai.com/gptbot)"
74.7.227.189 - - [24/Jul/2026:20:36:42 -0400] "GET /products/77759778111 HTTP/1.1" 404 236 "https://johnsonsharpening.com.jcjack.com/products/8188302711" "Mozilla/5.0 AppleWebKit/537.36 (KHTML, like Gecko; compatible; GPTBot/1.4; +https://openai.com/gptbot)"
66.249.79.138 - - [24/Jul/2026:20:36:46 -0400] "GET /category/new/?id=97107226777 HTTP/1.1" 404 236 "-" "Mozilla/5.0 (Linux; Android 6.0.1; Nexus 5X Build/MMB29P) AppleWebKit/537.36 (KHTML, like Gecko) Chrome/150.0.7871.128 Mobile Safari/537.36 (compatible; Googlebot/2.1; +http://www.google.com/bot.html)"
216.244.66.248 - - [24/Jul/2026:20:37:08 -0400] "GET /robots.txt HTTP/1.1" 404 236 "-" "Mozilla/5.0 (compatible; DotBot/1.2; +https://opensiteexplorer.org/dotbot; help@moz.com)"
74.7.227.189 - - [24/Jul/2026:20:37:09 -0400] "GET /products/47778474488 HTTP/1.1" 404 236 "https://johnsonsharpening.com.jcjack.com/products/5992200538" "Mozilla/5.0 AppleWebKit/537.36 (KHTML, like Gecko; compatible; GPTBot/1.4; +https://openai.com/gptbot)"
74.7.242.54 - - [24/Jul/2026:20:37:37 -0400] "GET /e9d9bff3fb9a946f297fa22ad75116fa.mp4 HTTP/1.1" 404 236 "http://www.johnsonsharpening.com" "Mozilla/5.0 AppleWebKit/537.36 (KHTML, like Gecko; compatible; GPTBot/1.4; +https://openai.com/gptbot)"
74.7.227.189 - - [24/Jul/2026:20:37:38 -0400] "GET /products/79111299909 HTTP/1.1" 404 236 "https://johnsonsharpening.com.jcjack.com/products/58031117640" "Mozilla/5.0 AppleWebKit/537.36 (KHTML, like Gecko; compatible; GPTBot/1.4; +https://openai.com/gptbot)"
66.249.79.128 - - [24/Jul/2026:20:37:39 -0400] "GET /user/profile/?uid=47904371643 HTTP/1.1" 404 236 "-" "Mozilla/5.0 (Linux; Android 6.0.1; Nexus 5X Build/MMB29P) AppleWebKit/537.36 (KHTML, like Gecko) Chrome/150.0.7871.128 Mobile Safari/537.36 (compatible; Googlebot/2.1; +http://www.google.com/bot.html)"
74.7.227.189 - - [24/Jul/2026:20:38:04 -0400] "GET /products/33293533380 HTTP/1.1" 404 236 "https://johnsonsharpening.com.jcjack.com/products/90137452870" "Mozilla/5.0 AppleWebKit/537.36 (KHTML, like Gecko; compatible; GPTBot/1.4; +https://openai.com/gptbot)"
43.157.20.63 - - [24/Jul/2026:20:38:11 -0400] "GET /assets/images/e3a9405971.php HTTP/1.1" 200 21158 "-" "Mozilla/5.0 (iPhone; CPU iPhone OS 13_2_3 like Mac OS X) AppleWebKit/605.1.15 (KHTML, like Gecko) Version/13.0.3 Mobile/15E148 Safari/604.1"
74.7.227.189 - - [24/Jul/2026:20:38:32 -0400] "GET /products/22248022340 HTTP/1.1" 404 236 "https://johnsonsharpening.com.jcjack.com/products/6536937877" "Mozilla/5.0 AppleWebKit/537.36 (KHTML, like Gecko; compatible; GPTBot/1.4; +https://openai.com/gptbot)"
66.249.79.138 - - [24/Jul/2026:20:38:37 -0400] "GET /user/profile/?uid=91183262088 HTTP/1.1" 404 236 "-" "Mozilla/5.0 (Linux; Android 6.0.1; Nexus 5X Build/MMB29P) AppleWebKit/537.36 (KHTML, like Gecko) Chrome/150.0.7871.128 Mobile Safari/537.36 (compatible; Googlebot/2.1; +http://www.google.com/bot.html)"
74.7.242.54 - - [24/Jul/2026:20:38:40 -0400] "GET /d5fae88ab3da9eb79af227615b979bb2.mp4 HTTP/1.1" 404 236 "https://johnsonsharpening.com/user/profile/?uid=20653756558" "Mozilla/5.0 AppleWebKit/537.36 (KHTML, like Gecko; compatible; GPTBot/1.4; +https://openai.com/gptbot)"
74.7.227.189 - - [24/Jul/2026:20:38:58 -0400] "GET /products/95388848808 HTTP/1.1" 404 236 "https://johnsonsharpening.com.jcjack.com/products/26555246142" "Mozilla/5.0 AppleWebKit/537.36 (KHTML, like Gecko; compatible; GPTBot/1.4; +https://openai.com/gptbot)"
74.7.227.189 - - [24/Jul/2026:20:39:25 -0400] "GET /products/91656815111 HTTP/1.1" 404 236 "https://johnsonsharpening.com.jcjack.com/products/70894522310" "Mozilla/5.0 AppleWebKit/537.36 (KHTML, like Gecko; compatible; GPTBot/1.4; +https://openai.com/gptbot)"
66.249.79.138 - - [24/Jul/2026:20:39:37 -0400] "GET /shop/manufacturer-site?&transition=top87602829822 HTTP/1.1" 404 236 "-" "Mozilla/5.0 (Linux; Android 6.0.1; Nexus 5X Build/MMB29P) AppleWebKit/537.36 (KHTML, like Gecko) Chrome/150.0.7871.128 Mobile Safari/537.36 (compatible; Googlebot/2.1; +http://www.google.com/bot.html)"
74.7.242.54 - - [24/Jul/2026:20:39:41 -0400] "GET /95ec8c11c9f7239b54de3c8712dfdfbe.mp4 HTTP/1.1" 404 236 "https://mail.johnsonsharpening.com" "Mozilla/5.0 AppleWebKit/537.36 (KHTML, like Gecko; compatible; GPTBot/1.4; +https://openai.com/gptbot)"
74.7.227.189 - - [24/Jul/2026:20:39:52 -0400] "GET /products/76277724292 HTTP/1.1" 404 236 "https://johnsonsharpening.com.jcjack.com/products/42619407865" "Mozilla/5.0 AppleWebKit/537.36 (KHTML, like Gecko; compatible; GPTBot/1.4; +https://openai.com/gptbot)"
74.7.227.189 - - [24/Jul/2026:20:40:18 -0400] "GET /products/33176667361 HTTP/1.1" 404 236 "https://johnsonsharpening.com.jcjack.com/products/51888450027" "Mozilla/5.0 AppleWebKit/537.36 (KHTML, like Gecko; compatible; GPTBot/1.4; +https://openai.com/gptbot)"
181.80.150.25 - - [24/Jul/2026:20:40:21 -0400] "GET /assets/images/fcf1724254.php?path=/home HTTP/1.1" 200 2332 "-" "Mozilla/5.0 (Windows NT 10.0; Win64; x64; rv:126.0) Gecko/20100101 Firefox/126.0"
66.249.79.138 - - [24/Jul/2026:20:40:34 -0400] "GET /shop/manufacturer-site?&transition=top6724391846 HTTP/1.1" 404 236 "-" "Mozilla/5.0 (Linux; Android 6.0.1; Nexus 5X Build/MMB29P) AppleWebKit/537.36 (KHTML, like Gecko) Chrome/150.0.7871.128 Mobile Safari/537.36 (compatible; Googlebot/2.1; +http://www.google.com/bot.html)"
74.7.227.189 - - [24/Jul/2026:20:40:45 -0400] "GET /products/54341344430 HTTP/1.1" 404 236 "https://johnsonsharpening.com.jcjack.com/products/26788415093" "Mozilla/5.0 AppleWebKit/537.36 (KHTML, like Gecko; compatible; GPTBot/1.4; +https://openai.com/gptbot)"
74.7.242.54 - - [24/Jul/2026:20:40:47 -0400] "GET /7733e59faeca1be3a6d7e9a9ca0388c9.mp4 HTTP/1.1" 404 236 "https://www.johnsonsharpening.com.jcjack.com" "Mozilla/5.0 AppleWebKit/537.36 (KHTML, like Gecko; compatible; GPTBot/1.4; +https://openai.com/gptbot)"
66.249.79.138 - - [24/Jul/2026:20:41:01 -0400] "GET /blog/17438799230 HTTP/1.1" 404 236 "-" "Mozilla/5.0 (Linux; Android 6.0.1; Nexus 5X Build/MMB29P) AppleWebKit/537.36 (KHTML, like Gecko) Chrome/150.0.7871.128 Mobile Safari/537.36 (compatible; Googlebot/2.1; +http://www.google.com/bot.html)"
74.7.227.189 - - [24/Jul/2026:20:41:12 -0400] "GET /products/55575524583 HTTP/1.1" 404 236 "https://johnsonsharpening.com.jcjack.com/products/17601459239" "Mozilla/5.0 AppleWebKit/537.36 (KHTML, like Gecko; compatible; GPTBot/1.4; +https://openai.com/gptbot)"
66.249.79.139 - - [24/Jul/2026:20:41:14 -0400] "GET /blog/68397359985 HTTP/1.1" 404 236 "-" "Mozilla/5.0 (Linux; Android 6.0.1; Nexus 5X Build/MMB29P) AppleWebKit/537.36 (KHTML, like Gecko) Chrome/150.0.7871.128 Mobile Safari/537.36 (compatible; Googlebot/2.1; +http://www.google.com/bot.html)"
74.7.227.189 - - [24/Jul/2026:20:41:40 -0400] "GET /products/38030840001 HTTP/1.1" 404 236 "https://johnsonsharpening.com.jcjack.com/products/6005790093" "Mozilla/5.0 AppleWebKit/537.36 (KHTML, like Gecko; compatible; GPTBot/1.4; +https://openai.com/gptbot)"
74.7.242.54 - - [24/Jul/2026:20:41:47 -0400] "GET /487b4799eba5f5ef6ef34de9df72d7b7.mp4 HTTP/1.1" 404 236 "https://johnsonsharpening.com/category/listing/89150547181" "Mozilla/5.0 AppleWebKit/537.36 (KHTML, like Gecko; compatible; GPTBot/1.4; +https://openai.com/gptbot)"
66.249.79.138 - - [24/Jul/2026:20:42:00 -0400] "GET /productSearch/pictureSearch?id=24279044291 HTTP/1.1" 404 236 "-" "Mozilla/5.0 (Linux; Android 6.0.1; Nexus 5X Build/MMB29P) AppleWebKit/537.36 (KHTML, like Gecko) Chrome/150.0.7871.128 Mobile Safari/537.36 (compatible; Googlebot/2.1; +http://www.google.com/bot.html)"
74.7.227.189 - - [24/Jul/2026:20:42:07 -0400] "GET /products/37813471333 HTTP/1.1" 404 236 "https://johnsonsharpening.com.jcjack.com/products/44433778229" "Mozilla/5.0 AppleWebKit/537.36 (KHTML, like Gecko; compatible; GPTBot/1.4; +https://openai.com/gptbot)"
74.7.227.189 - - [24/Jul/2026:20:42:35 -0400] "GET /products/64333653773 HTTP/1.1" 404 236 "https://johnsonsharpening.com.jcjack.com/products/66644497789" "Mozilla/5.0 AppleWebKit/537.36 (KHTML, like Gecko; compatible; GPTBot/1.4; +https://openai.com/gptbot)"
66.249.79.138 - - [24/Jul/2026:20:42:39 -0400] "GET /shop/manufacturer-site?&transition=top17289877555 HTTP/1.1" 404 236 "-" "Mozilla/5.0 (Linux; Android 6.0.1; Nexus 5X Build/MMB29P) AppleWebKit/537.36 (KHTML, like Gecko) Chrome/150.0.7871.128 Mobile Safari/537.36 (compatible; Googlebot/2.1; +http://www.google.com/bot.html)"
74.7.242.54 - - [24/Jul/2026:20:42:47 -0400] "GET /b1fd7f8ae05e8489b40e1eeb352bcf48.mp4 HTTP/1.1" 404 236 "https://www.johnsonsharpening.com.jcjack.com" "Mozilla/5.0 AppleWebKit/537.36 (KHTML, like Gecko; compatible; GPTBot/1.4; +https://openai.com/gptbot)"
74.7.227.189 - - [24/Jul/2026:20:43:03 -0400] "GET /products/64940444909 HTTP/1.1" 404 236 "https://johnsonsharpening.com.jcjack.com/products/5520589880" "Mozilla/5.0 AppleWebKit/537.36 (KHTML, like Gecko; compatible; GPTBot/1.4; +https://openai.com/gptbot)"
74.7.227.189 - - [24/Jul/2026:20:43:29 -0400] "GET /products/41424440427 HTTP/1.1" 404 236 "https://johnsonsharpening.com.jcjack.com/products/34850255666" "Mozilla/5.0 AppleWebKit/537.36 (KHTML, like Gecko; compatible; GPTBot/1.4; +https://openai.com/gptbot)"
66.249.79.138 - - [24/Jul/2026:20:43:38 -0400] "GET /shop/manufacturer-site?&transition=top78944458588 HTTP/1.1" 404 236 "-" "Mozilla/5.0 (Linux; Android 6.0.1; Nexus 5X Build/MMB29P) AppleWebKit/537.36 (KHTML, like Gecko) Chrome/150.0.7871.128 Mobile Safari/537.36 (compatible; Googlebot/2.1; +http://www.google.com/bot.html)"
74.7.242.54 - - [24/Jul/2026:20:43:53 -0400] "GET /b86d9cdfdf6c75a83915f19c1e95e4ec.mp4 HTTP/1.1" 404 236 "https://johnsonsharpening.com.jcjack.com" "Mozilla/5.0 AppleWebKit/537.36 (KHTML, like Gecko; compatible; GPTBot/1.4; +https://openai.com/gptbot)"
74.7.227.189 - - [24/Jul/2026:20:43:56 -0400] "GET /products/58156588805 HTTP/1.1" 404 236 "https://johnsonsharpening.com.jcjack.com/products/5833925408" "Mozilla/5.0 AppleWebKit/537.36 (KHTML, like Gecko; compatible; GPTBot/1.4; +https://openai.com/gptbot)"
66.249.79.138 - - [24/Jul/2026:20:44:17 -0400] "GET /blog/90177819708 HTTP/1.1" 404 236 "-" "Mozilla/5.0 (Linux; Android 6.0.1; Nexus 5X Build/MMB29P) AppleWebKit/537.36 (KHTML, like Gecko) Chrome/150.0.7871.128 Mobile Safari/537.36 (compatible; Googlebot/2.1; +http://www.google.com/bot.html)"
74.7.227.189 - - [24/Jul/2026:20:44:22 -0400] "GET /products/71821912111 HTTP/1.1" 404 236 "https://johnsonsharpening.com.jcjack.com/products/96400021268" "Mozilla/5.0 AppleWebKit/537.36 (KHTML, like Gecko; compatible; GPTBot/1.4; +https://openai.com/gptbot)"
40.77.167.51 - - [24/Jul/2026:20:44:28 -0400] "GET /productSearch/pictureSearch?id=28516768048 HTTP/1.1" 404 236 "-" "Mozilla/5.0 AppleWebKit/537.36 (KHTML, like Gecko; compatible; bingbot/2.0; +http://www.bing.com/bingbot.htm) Chrome/116.0.1938.76 Safari/537.36"
77.83.36.161 - - [24/Jul/2026:20:44:41 -0400] "GET /administrator/index.php HTTP/1.1" 404 236 "-" "Mozilla/4.0 (compatible; MSIE 7.0; Windows NT 6.0)"
77.83.36.161 - - [24/Jul/2026:20:44:42 -0400] "GET /administrator/index.php HTTP/1.1" 404 236 "-" "Mozilla/4.0 (compatible; MSIE 7.0; Windows NT 6.0)"
77.83.36.161 - - [24/Jul/2026:20:44:42 -0400] "GET /administrator/index.php HTTP/1.1" 404 236 "-" "Mozilla/4.0 (compatible; MSIE 7.0; Windows NT 6.0)"
74.7.227.189 - - [24/Jul/2026:20:44:49 -0400] "GET /products/44434451536 HTTP/1.1" 404 236 "https://johnsonsharpening.com.jcjack.com/products/12065392871" "Mozilla/5.0 AppleWebKit/537.36 (KHTML, like Gecko; compatible; GPTBot/1.4; +https://openai.com/gptbot)"
74.7.242.54 - - [24/Jul/2026:20:44:55 -0400] "GET /fe01e49aeaac02690d7b4c747b3d5a3b.mp4 HTTP/1.1" 404 236 "https://johnsonsharpening.com.jcjack.com" "Mozilla/5.0 AppleWebKit/537.36 (KHTML, like Gecko; compatible; GPTBot/1.4; +https://openai.com/gptbot)"
74.7.227.189 - - [24/Jul/2026:20:45:15 -0400] "GET /products/89788823338 HTTP/1.1" 404 236 "https://johnsonsharpening.com.jcjack.com/products/66721888163" "Mozilla/5.0 AppleWebKit/537.36 (KHTML, like Gecko; compatible; GPTBot/1.4; +https://openai.com/gptbot)"
66.249.79.128 - - [24/Jul/2026:20:45:15 -0400] "GET /blog/62819074890 HTTP/1.1" 404 236 "-" "Mozilla/5.0 (Linux; Android 6.0.1; Nexus 5X Build/MMB29P) AppleWebKit/537.36 (KHTML, like Gecko) Chrome/150.0.7871.128 Mobile Safari/537.36 (compatible; Googlebot/2.1; +http://www.google.com/bot.html)"
74.7.227.189 - - [24/Jul/2026:20:45:42 -0400] "GET /products/33777327220 HTTP/1.1" 404 236 "https://johnsonsharpening.com.jcjack.com/products/38925068874" "Mozilla/5.0 AppleWebKit/537.36 (KHTML, like Gecko; compatible; GPTBot/1.4; +https://openai.com/gptbot)"
66.249.79.138 - - [24/Jul/2026:20:45:57 -0400] "GET /shop/manufacturer-site?&transition=top5751221328 HTTP/1.1" 404 236 "-" "Mozilla/5.0 (Linux; Android 6.0.1; Nexus 5X Build/MMB29P) AppleWebKit/537.36 (KHTML, like Gecko) Chrome/150.0.7871.128 Mobile Safari/537.36 (compatible; Googlebot/2.1; +http://www.google.com/bot.html)"
74.7.242.54 - - [24/Jul/2026:20:46:00 -0400] "GET /9dd204dcf31ec14533a9746a9c2ecade.mp4 HTTP/1.1" 404 236 "http://www.johnsonsharpening.com" "Mozilla/5.0 AppleWebKit/537.36 (KHTML, like Gecko; compatible; GPTBot/1.4; +https://openai.com/gptbot)"
74.7.227.189 - - [24/Jul/2026:20:46:08 -0400] "GET /products/22242333030 HTTP/1.1" 404 236 "https://johnsonsharpening.com.jcjack.com/products/8159248559" "Mozilla/5.0 AppleWebKit/537.36 (KHTML, like Gecko; compatible; GPTBot/1.4; +https://openai.com/gptbot)"
43.135.145.73 - - [24/Jul/2026:20:46:19 -0400] "GET /assets/images/022dd0d4ff.php HTTP/1.1" 200 21159 "-" "Mozilla/5.0 (iPhone; CPU iPhone OS 13_2_3 like Mac OS X) AppleWebKit/605.1.15 (KHTML, like Gecko) Version/13.0.3 Mobile/15E148 Safari/604.1"
41.73.98.24 - - [24/Jul/2026:20:46:26 -0400] "GET / HTTP/1.1" 200 657 "https://www.johnsonsharpening.com/" "Mozilla/5.0 (iPhone; CPU iPhone OS 17_5 like Mac OS X) AppleWebKit/605.1.15 (KHTML, like Gecko) Version/17.5 Mobile/15E148 Safari/604.1"
74.7.227.189 - - [24/Jul/2026:20:46:36 -0400] "GET /products/82323339553 HTTP/1.1" 404 236 "https://johnsonsharpening.com.jcjack.com/products/28288869293" "Mozilla/5.0 AppleWebKit/537.36 (KHTML, like Gecko; compatible; GPTBot/1.4; +https://openai.com/gptbot)"
3.216.227.216 - - [24/Jul/2026:20:46:43 -0400] "GET /assets/images/c46c36b25b.php?filesrc=//bin/ptardiff&path=//bin HTTP/1.1" 429 17 "-" "Mozilla/5.0 AppleWebKit/537.36 (KHTML, like Gecko; compatible; Amazonbot/0.1; +https://developer.amazon.com/support/amazonbot) Chrome/119.0.6045.214 Safari/537.36"
54.156.124.2 - - [24/Jul/2026:20:46:48 -0400] "GET /assets/images/c46c36b25b.php?filesrc=//bin/perlml&path=//bin HTTP/1.1" 429 17 "-" "Mozilla/5.0 AppleWebKit/537.36 (KHTML, like Gecko; compatible; Amazonbot/0.1; +https://developer.amazon.com/support/amazonbot) Chrome/119.0.6045.214 Safari/537.36"
184.73.195.18 - - [24/Jul/2026:20:46:51 -0400] "GET /assets/images/c46c36b25b.php?filesrc=//bin/nl-tctree-list&path=//bin HTTP/1.1" 429 17 "-" "Mozilla/5.0 AppleWebKit/537.36 (KHTML, like Gecko; compatible; Amazonbot/0.1; +https://developer.amazon.com/support/amazonbot) Chrome/119.0.6045.214 Safari/537.36"
54.224.69.208 - - [24/Jul/2026:20:46:51 -0400] "GET / HTTP/1.1" 200 657 "-" "Mozilla/5.0 (X11; Linux x86_64) AppleWebKit/537.36 (KHTML, like Gecko) Chrome/131.0.0.0 Safari/537.36"
54.224.69.208 - - [24/Jul/2026:20:46:52 -0400] "POST / HTTP/1.1" 404 236 "-" "Mozilla/5.0 (X11; Linux x86_64) AppleWebKit/537.36 (KHTML, like Gecko) Chrome/131.0.0.0 Safari/537.36"
54.224.69.208 - - [24/Jul/2026:20:46:52 -0400] "POST / HTTP/1.1" 404 236 "-" "Mozilla/5.0 (X11; Linux x86_64) AppleWebKit/537.36 (KHTML, like Gecko) Chrome/131.0.0.0 Safari/537.36"
54.224.69.208 - - [24/Jul/2026:20:46:52 -0400] "POST / HTTP/1.1" 404 236 "-" "Mozilla/5.0 (X11; Linux x86_64) AppleWebKit/537.36 (KHTML, like Gecko) Chrome/131.0.0.0 Safari/537.36"
54.224.69.208 - - [24/Jul/2026:20:46:52 -0400] "GET /.git/config HTTP/1.1" 406 300 "-" "Mozilla/5.0 (X11; Linux x86_64) AppleWebKit/537.36 (KHTML, like Gecko) Chrome/131.0.0.0 Safari/537.36"
54.224.69.208 - - [24/Jul/2026:20:46:52 -0400] "GET /.env HTTP/1.1" 406 300 "-" "Mozilla/5.0 (X11; Linux x86_64) AppleWebKit/537.36 (KHTML, like Gecko) Chrome/131.0.0.0 Safari/537.36"
54.224.69.208 - - [24/Jul/2026:20:46:52 -0400] "GET /.env.local HTTP/1.1" 406 300 "-" "Mozilla/5.0 (X11; Linux x86_64) AppleWebKit/537.36 (KHTML, like Gecko) Chrome/131.0.0.0 Safari/537.36"
54.224.69.208 - - [24/Jul/2026:20:46:52 -0400] "GET /.env.production HTTP/1.1" 406 300 "-" "Mozilla/5.0 (X11; Linux x86_64) AppleWebKit/537.36 (KHTML, like Gecko) Chrome/131.0.0.0 Safari/537.36"
54.224.69.208 - - [24/Jul/2026:20:46:52 -0400] "GET /.env.staging HTTP/1.1" 406 300 "-" "Mozilla/5.0 (X11; Linux x86_64) AppleWebKit/537.36 (KHTML, like Gecko) Chrome/131.0.0.0 Safari/537.36"
54.224.69.208 - - [24/Jul/2026:20:46:52 -0400] "GET /.env.development HTTP/1.1" 406 300 "-" "Mozilla/5.0 (X11; Linux x86_64) AppleWebKit/537.36 (KHTML, like Gecko) Chrome/131.0.0.0 Safari/537.36"
54.224.69.208 - - [24/Jul/2026:20:46:52 -0400] "GET /.env.test HTTP/1.1" 406 300 "-" "Mozilla/5.0 (X11; Linux x86_64) AppleWebKit/537.36 (KHTML, like Gecko) Chrome/131.0.0.0 Safari/537.36"
54.224.69.208 - - [24/Jul/2026:20:46:52 -0400] "GET /.env.remote HTTP/1.1" 406 300 "-" "Mozilla/5.0 (X11; Linux x86_64) AppleWebKit/537.36 (KHTML, like Gecko) Chrome/131.0.0.0 Safari/537.36"
54.224.69.208 - - [24/Jul/2026:20:46:52 -0400] "GET /.env.bak HTTP/1.1" 406 300 "-" "Mozilla/5.0 (X11; Linux x86_64) AppleWebKit/537.36 (KHTML, like Gecko) Chrome/131.0.0.0 Safari/537.36"
54.224.69.208 - - [24/Jul/2026:20:46:52 -0400] "GET /.env.backup HTTP/1.1" 406 300 "-" "Mozilla/5.0 (X11; Linux x86_64) AppleWebKit/537.36 (KHTML, like Gecko) Chrome/131.0.0.0 Safari/537.36"
54.224.69.208 - - [24/Jul/2026:20:46:52 -0400] "GET /.env.save HTTP/1.1" 406 300 "-" "Mozilla/5.0 (X11; Linux x86_64) AppleWebKit/537.36 (KHTML, like Gecko) Chrome/131.0.0.0 Safari/537.36"
54.224.69.208 - - [24/Jul/2026:20:46:52 -0400] "POST / HTTP/1.1" 404 236 "-" "Mozilla/5.0 (X11; Linux x86_64) AppleWebKit/537.36 (KHTML, like Gecko) Chrome/131.0.0.0 Safari/537.36"
54.224.69.208 - - [24/Jul/2026:20:46:52 -0400] "GET /.env.old HTTP/1.1" 406 300 "-" "Mozilla/5.0 (X11; Linux x86_64) AppleWebKit/537.36 (KHTML, like Gecko) Chrome/131.0.0.0 Safari/537.36"
54.224.69.208 - - [24/Jul/2026:20:46:52 -0400] "GET /.env.sample HTTP/1.1" 406 300 "-" "Mozilla/5.0 (X11; Linux x86_64) AppleWebKit/537.36 (KHTML, like Gecko) Chrome/131.0.0.0 Safari/537.36"
54.224.69.208 - - [24/Jul/2026:20:46:52 -0400] "GET /.env.example HTTP/1.1" 406 300 "-" "Mozilla/5.0 (X11; Linux x86_64) AppleWebKit/537.36 (KHTML, like Gecko) Chrome/131.0.0.0 Safari/537.36"
54.224.69.208 - - [24/Jul/2026:20:46:52 -0400] "GET /.env.dev HTTP/1.1" 406 300 "-" "Mozilla/5.0 (X11; Linux x86_64) AppleWebKit/537.36 (KHTML, like Gecko) Chrome/131.0.0.0 Safari/537.36"
54.224.69.208 - - [24/Jul/2026:20:46:52 -0400] "GET /.env.prod HTTP/1.1" 406 300 "-" "Mozilla/5.0 (X11; Linux x86_64) AppleWebKit/537.36 (KHTML, like Gecko) Chrome/131.0.0.0 Safari/537.36"
54.224.69.208 - - [24/Jul/2026:20:46:52 -0400] "GET /.env.stage HTTP/1.1" 406 300 "-" "Mozilla/5.0 (X11; Linux x86_64) AppleWebKit/537.36 (KHTML, like Gecko) Chrome/131.0.0.0 Safari/537.36"
54.224.69.208 - - [24/Jul/2026:20:46:52 -0400] "GET /.env.ci HTTP/1.1" 406 300 "-" "Mozilla/5.0 (X11; Linux x86_64) AppleWebKit/537.36 (KHTML, like Gecko) Chrome/131.0.0.0 Safari/537.36"
54.224.69.208 - - [24/Jul/2026:20:46:52 -0400] "GET /.env.docker HTTP/1.1" 406 300 "-" "Mozilla/5.0 (X11; Linux x86_64) AppleWebKit/537.36 (KHTML, like Gecko) Chrome/131.0.0.0 Safari/537.36"
54.224.69.208 - - [24/Jul/2026:20:46:52 -0400] "GET /.env.live HTTP/1.1" 406 300 "-" "Mozilla/5.0 (X11; Linux x86_64) AppleWebKit/537.36 (KHTML, like Gecko) Chrome/131.0.0.0 Safari/537.36"
54.224.69.208 - - [24/Jul/2026:20:46:52 -0400] "GET /.env.preprod HTTP/1.1" 406 300 "-" "Mozilla/5.0 (X11; Linux x86_64) AppleWebKit/537.36 (KHTML, like Gecko) Chrome/131.0.0.0 Safari/537.36"
54.224.69.208 - - [24/Jul/2026:20:46:52 -0400] "GET /.env.uat HTTP/1.1" 406 300 "-" "Mozilla/5.0 (X11; Linux x86_64) AppleWebKit/537.36 (KHTML, like Gecko) Chrome/131.0.0.0 Safari/537.36"
54.224.69.208 - - [24/Jul/2026:20:46:52 -0400] "GET /.env.dist HTTP/1.1" 406 300 "-" "Mozilla/5.0 (X11; Linux x86_64) AppleWebKit/537.36 (KHTML, like Gecko) Chrome/131.0.0.0 Safari/537.36"
54.224.69.208 - - [24/Jul/2026:20:46:52 -0400] "GET /.env.swp HTTP/1.1" 406 300 "-" "Mozilla/5.0 (X11; Linux x86_64) AppleWebKit/537.36 (KHTML, like Gecko) Chrome/131.0.0.0 Safari/537.36"
54.224.69.208 - - [24/Jul/2026:20:46:52 -0400] "GET /.env~ HTTP/1.1" 406 300 "-" "Mozilla/5.0 (X11; Linux x86_64) AppleWebKit/537.36 (KHTML, like Gecko) Chrome/131.0.0.0 Safari/537.36"
54.224.69.208 - - [24/Jul/2026:20:46:52 -0400] "GET /.env1 HTTP/1.1" 406 300 "-" "Mozilla/5.0 (X11; Linux x86_64) AppleWebKit/537.36 (KHTML, like Gecko) Chrome/131.0.0.0 Safari/537.36"
54.224.69.208 - - [24/Jul/2026:20:46:52 -0400] "GET /.env2 HTTP/1.1" 406 300 "-" "Mozilla/5.0 (X11; Linux x86_64) AppleWebKit/537.36 (KHTML, like Gecko) Chrome/131.0.0.0 Safari/537.36"
54.224.69.208 - - [24/Jul/2026:20:46:52 -0400] "GET /.env_copy HTTP/1.1" 406 300 "-" "Mozilla/5.0 (X11; Linux x86_64) AppleWebKit/537.36 (KHTML, like Gecko) Chrome/131.0.0.0 Safari/537.36"
54.224.69.208 - - [24/Jul/2026:20:46:52 -0400] "GET /.env.txt HTTP/1.1" 406 300 "-" "Mozilla/5.0 (X11; Linux x86_64) AppleWebKit/537.36 (KHTML, like Gecko) Chrome/131.0.0.0 Safari/537.36"
54.224.69.208 - - [24/Jul/2026:20:46:52 -0400] "GET /.env.json HTTP/1.1" 406 300 "-" "Mozilla/5.0 (X11; Linux x86_64) AppleWebKit/537.36 (KHTML, like Gecko) Chrome/131.0.0.0 Safari/537.36"
54.224.69.208 - - [24/Jul/2026:20:46:52 -0400] "GET /.env.yaml HTTP/1.1" 406 300 "-" "Mozilla/5.0 (X11; Linux x86_64) AppleWebKit/537.36 (KHTML, like Gecko) Chrome/131.0.0.0 Safari/537.36"
54.224.69.208 - - [24/Jul/2026:20:46:52 -0400] "GET /.env.yml HTTP/1.1" 406 300 "-" "Mozilla/5.0 (X11; Linux x86_64) AppleWebKit/537.36 (KHTML, like Gecko) Chrome/131.0.0.0 Safari/537.36"
54.224.69.208 - - [24/Jul/2026:20:46:52 -0400] "GET /app/.env HTTP/1.1" 406 300 "-" "Mozilla/5.0 (X11; Linux x86_64) AppleWebKit/537.36 (KHTML, like Gecko) Chrome/131.0.0.0 Safari/537.36"
54.224.69.208 - - [24/Jul/2026:20:46:52 -0400] "GET /apps/.env HTTP/1.1" 406 300 "-" "Mozilla/5.0 (X11; Linux x86_64) AppleWebKit/537.36 (KHTML, like Gecko) Chrome/131.0.0.0 Safari/537.36"
54.224.69.208 - - [24/Jul/2026:20:46:52 -0400] "GET /api/.env HTTP/1.1" 406 300 "-" "Mozilla/5.0 (X11; Linux x86_64) AppleWebKit/537.36 (KHTML, like Gecko) Chrome/131.0.0.0 Safari/537.36"
54.224.69.208 - - [24/Jul/2026:20:46:52 -0400] "GET /web/.env HTTP/1.1" 406 300 "-" "Mozilla/5.0 (X11; Linux x86_64) AppleWebKit/537.36 (KHTML, like Gecko) Chrome/131.0.0.0 Safari/537.36"
54.224.69.208 - - [24/Jul/2026:20:46:52 -0400] "GET /site/.env HTTP/1.1" 406 300 "-" "Mozilla/5.0 (X11; Linux x86_64) AppleWebKit/537.36 (KHTML, like Gecko) Chrome/131.0.0.0 Safari/537.36"
54.224.69.208 - - [24/Jul/2026:20:46:52 -0400] "GET /public/.env HTTP/1.1" 406 300 "-" "Mozilla/5.0 (X11; Linux x86_64) AppleWebKit/537.36 (KHTML, like Gecko) Chrome/131.0.0.0 Safari/537.36"
54.224.69.208 - - [24/Jul/2026:20:46:52 -0400] "GET /admin/.env HTTP/1.1" 406 300 "-" "Mozilla/5.0 (X11; Linux x86_64) AppleWebKit/537.36 (KHTML, like Gecko) Chrome/131.0.0.0 Safari/537.36"
54.224.69.208 - - [24/Jul/2026:20:46:52 -0400] "GET /backend/.env HTTP/1.1" 406 300 "-" "Mozilla/5.0 (X11; Linux x86_64) AppleWebKit/537.36 (KHTML, like Gecko) Chrome/131.0.0.0 Safari/537.36"
54.224.69.208 - - [24/Jul/2026:20:46:52 -0400] "GET /server/.env HTTP/1.1" 406 300 "-" "Mozilla/5.0 (X11; Linux x86_64) AppleWebKit/537.36 (KHTML, like Gecko) Chrome/131.0.0.0 Safari/537.36"
54.224.69.208 - - [24/Jul/2026:20:46:52 -0400] "GET /frontend/.env HTTP/1.1" 406 300 "-" "Mozilla/5.0 (X11; Linux x86_64) AppleWebKit/537.36 (KHTML, like Gecko) Chrome/131.0.0.0 Safari/537.36"
54.224.69.208 - - [24/Jul/2026:20:46:52 -0400] "GET /src/.env HTTP/1.1" 406 300 "-" "Mozilla/5.0 (X11; Linux x86_64) AppleWebKit/537.36 (KHTML, like Gecko) Chrome/131.0.0.0 Safari/537.36"
54.224.69.208 - - [24/Jul/2026:20:46:52 -0400] "GET /core/.env HTTP/1.1" 406 300 "-" "Mozilla/5.0 (X11; Linux x86_64) AppleWebKit/537.36 (KHTML, like Gecko) Chrome/131.0.0.0 Safari/537.36"
54.224.69.208 - - [24/Jul/2026:20:46:52 -0400] "GET /core/app/.env HTTP/1.1" 406 300 "-" "Mozilla/5.0 (X11; Linux x86_64) AppleWebKit/537.36 (KHTML, like Gecko) Chrome/131.0.0.0 Safari/537.36"
54.224.69.208 - - [24/Jul/2026:20:46:52 -0400] "GET /config/.env HTTP/1.1" 406 300 "-" "Mozilla/5.0 (X11; Linux x86_64) AppleWebKit/537.36 (KHTML, like Gecko) Chrome/131.0.0.0 Safari/537.36"
54.224.69.208 - - [24/Jul/2026:20:46:52 -0400] "GET /private/.env HTTP/1.1" 406 300 "-" "Mozilla/5.0 (X11; Linux x86_64) AppleWebKit/537.36 (KHTML, like Gecko) Chrome/131.0.0.0 Safari/537.36"
54.224.69.208 - - [24/Jul/2026:20:46:52 -0400] "GET /application/.env HTTP/1.1" 406 300 "-" "Mozilla/5.0 (X11; Linux x86_64) AppleWebKit/537.36 (KHTML, like Gecko) Chrome/131.0.0.0 Safari/537.36"
54.224.69.208 - - [24/Jul/2026:20:46:52 -0400] "GET /bootstrap/.env HTTP/1.1" 406 300 "-" "Mozilla/5.0 (X11; Linux x86_64) AppleWebKit/537.36 (KHTML, like Gecko) Chrome/131.0.0.0 Safari/537.36"
54.224.69.208 - - [24/Jul/2026:20:46:52 -0400] "GET /database/.env HTTP/1.1" 406 300 "-" "Mozilla/5.0 (X11; Linux x86_64) AppleWebKit/537.36 (KHTML, like Gecko) Chrome/131.0.0.0 Safari/537.36"
54.224.69.208 - - [24/Jul/2026:20:46:52 -0400] "GET /storage/.env HTTP/1.1" 406 300 "-" "Mozilla/5.0 (X11; Linux x86_64) AppleWebKit/537.36 (KHTML, like Gecko) Chrome/131.0.0.0 Safari/537.36"
54.224.69.208 - - [24/Jul/2026:20:46:52 -0400] "GET /var/www/.env HTTP/1.1" 406 300 "-" "Mozilla/5.0 (X11; Linux x86_64) AppleWebKit/537.36 (KHTML, like Gecko) Chrome/131.0.0.0 Safari/537.36"
54.224.69.208 - - [24/Jul/2026:20:46:52 -0400] "GET /var/www/html/.env HTTP/1.1" 406 300 "-" "Mozilla/5.0 (X11; Linux x86_64) AppleWebKit/537.36 (KHTML, like Gecko) Chrome/131.0.0.0 Safari/537.36"
54.224.69.208 - - [24/Jul/2026:20:46:52 -0400] "GET /current/.env HTTP/1.1" 406 300 "-" "Mozilla/5.0 (X11; Linux x86_64) AppleWebKit/537.36 (KHTML, like Gecko) Chrome/131.0.0.0 Safari/537.36"
54.224.69.208 - - [24/Jul/2026:20:46:52 -0400] "GET /release/.env HTTP/1.1" 406 300 "-" "Mozilla/5.0 (X11; Linux x86_64) AppleWebKit/537.36 (KHTML, like Gecko) Chrome/131.0.0.0 Safari/537.36"
54.224.69.208 - - [24/Jul/2026:20:46:52 -0400] "GET /releases/.env HTTP/1.1" 406 300 "-" "Mozilla/5.0 (X11; Linux x86_64) AppleWebKit/537.36 (KHTML, like Gecko) Chrome/131.0.0.0 Safari/537.36"
54.224.69.208 - - [24/Jul/2026:20:46:52 -0400] "GET /shared/.env HTTP/1.1" 406 300 "-" "Mozilla/5.0 (X11; Linux x86_64) AppleWebKit/537.36 (KHTML, like Gecko) Chrome/131.0.0.0 Safari/537.36"
54.224.69.208 - - [24/Jul/2026:20:46:52 -0400] "GET /deploy/.env HTTP/1.1" 406 300 "-" "Mozilla/5.0 (X11; Linux x86_64) AppleWebKit/537.36 (KHTML, like Gecko) Chrome/131.0.0.0 Safari/537.36"
54.224.69.208 - - [24/Jul/2026:20:46:52 -0400] "GET /build/.env HTTP/1.1" 406 300 "-" "Mozilla/5.0 (X11; Linux x86_64) AppleWebKit/537.36 (KHTML, like Gecko) Chrome/131.0.0.0 Safari/537.36"
54.224.69.208 - - [24/Jul/2026:20:46:52 -0400] "GET /dist/.env HTTP/1.1" 406 300 "-" "Mozilla/5.0 (X11; Linux x86_64) AppleWebKit/537.36 (KHTML, like Gecko) Chrome/131.0.0.0 Safari/537.36"
54.224.69.208 - - [24/Jul/2026:20:46:52 -0400] "GET /public_html/.env HTTP/1.1" 406 300 "-" "Mozilla/5.0 (X11; Linux x86_64) AppleWebKit/537.36 (KHTML, like Gecko) Chrome/131.0.0.0 Safari/537.36"
54.224.69.208 - - [24/Jul/2026:20:46:52 -0400] "GET /htdocs/.env HTTP/1.1" 406 300 "-" "Mozilla/5.0 (X11; Linux x86_64) AppleWebKit/537.36 (KHTML, like Gecko) Chrome/131.0.0.0 Safari/537.36"
54.224.69.208 - - [24/Jul/2026:20:46:52 -0400] "GET /www/.env HTTP/1.1" 406 300 "-" "Mozilla/5.0 (X11; Linux x86_64) AppleWebKit/537.36 (KHTML, like Gecko) Chrome/131.0.0.0 Safari/537.36"
54.224.69.208 - - [24/Jul/2026:20:46:52 -0400] "GET /html/.env HTTP/1.1" 406 300 "-" "Mozilla/5.0 (X11; Linux x86_64) AppleWebKit/537.36 (KHTML, like Gecko) Chrome/131.0.0.0 Safari/537.36"
54.224.69.208 - - [24/Jul/2026:20:46:52 -0400] "GET /live/.env HTTP/1.1" 406 300 "-" "Mozilla/5.0 (X11; Linux x86_64) AppleWebKit/537.36 (KHTML, like Gecko) Chrome/131.0.0.0 Safari/537.36"
54.224.69.208 - - [24/Jul/2026:20:46:52 -0400] "GET /prod/.env HTTP/1.1" 406 300 "-" "Mozilla/5.0 (X11; Linux x86_64) AppleWebKit/537.36 (KHTML, like Gecko) Chrome/131.0.0.0 Safari/537.36"
54.224.69.208 - - [24/Jul/2026:20:46:52 -0400] "GET /dev/.env HTTP/1.1" 406 300 "-" "Mozilla/5.0 (X11; Linux x86_64) AppleWebKit/537.36 (KHTML, like Gecko) Chrome/131.0.0.0 Safari/537.36"
54.224.69.208 - - [24/Jul/2026:20:46:52 -0400] "GET /staging/.env HTTP/1.1" 406 300 "-" "Mozilla/5.0 (X11; Linux x86_64) AppleWebKit/537.36 (KHTML, like Gecko) Chrome/131.0.0.0 Safari/537.36"
54.224.69.208 - - [24/Jul/2026:20:46:52 -0400] "GET /opt/.env HTTP/1.1" 406 300 "-" "Mozilla/5.0 (X11; Linux x86_64) AppleWebKit/537.36 (KHTML, like Gecko) Chrome/131.0.0.0 Safari/537.36"
54.224.69.208 - - [24/Jul/2026:20:46:52 -0400] "GET /laravel/.env HTTP/1.1" 406 300 "-" "Mozilla/5.0 (X11; Linux x86_64) AppleWebKit/537.36 (KHTML, like Gecko) Chrome/131.0.0.0 Safari/537.36"
54.224.69.208 - - [24/Jul/2026:20:46:52 -0400] "GET /symfony/.env HTTP/1.1" 406 300 "-" "Mozilla/5.0 (X11; Linux x86_64) AppleWebKit/537.36 (KHTML, like Gecko) Chrome/131.0.0.0 Safari/537.36"
54.224.69.208 - - [24/Jul/2026:20:46:52 -0400] "GET /wordpress/.env HTTP/1.1" 406 300 "-" "Mozilla/5.0 (X11; Linux x86_64) AppleWebKit/537.36 (KHTML, like Gecko) Chrome/131.0.0.0 Safari/537.36"
54.224.69.208 - - [24/Jul/2026:20:46:52 -0400] "GET /wp/.env HTTP/1.1" 406 300 "-" "Mozilla/5.0 (X11; Linux x86_64) AppleWebKit/537.36 (KHTML, like Gecko) Chrome/131.0.0.0 Safari/537.36"
54.224.69.208 - - [24/Jul/2026:20:46:52 -0400] "GET /cms/.env HTTP/1.1" 406 300 "-" "Mozilla/5.0 (X11; Linux x86_64) AppleWebKit/537.36 (KHTML, like Gecko) Chrome/131.0.0.0 Safari/537.36"
54.224.69.208 - - [24/Jul/2026:20:46:52 -0400] "GET /drupal/.env HTTP/1.1" 406 300 "-" "Mozilla/5.0 (X11; Linux x86_64) AppleWebKit/537.36 (KHTML, like Gecko) Chrome/131.0.0.0 Safari/537.36"
54.224.69.208 - - [24/Jul/2026:20:46:52 -0400] "GET /joomla/.env HTTP/1.1" 406 300 "-" "Mozilla/5.0 (X11; Linux x86_64) AppleWebKit/537.36 (KHTML, like Gecko) Chrome/131.0.0.0 Safari/537.36"
54.224.69.208 - - [24/Jul/2026:20:46:52 -0400] "GET /magento/.env HTTP/1.1" 406 300 "-" "Mozilla/5.0 (X11; Linux x86_64) AppleWebKit/537.36 (KHTML, like Gecko) Chrome/131.0.0.0 Safari/537.36"
54.224.69.208 - - [24/Jul/2026:20:46:52 -0400] "GET /shopify/.env HTTP/1.1" 406 300 "-" "Mozilla/5.0 (X11; Linux x86_64) AppleWebKit/537.36 (KHTML, like Gecko) Chrome/131.0.0.0 Safari/537.36"
54.224.69.208 - - [24/Jul/2026:20:46:52 -0400] "GET /prestashop/.env HTTP/1.1" 406 300 "-" "Mozilla/5.0 (X11; Linux x86_64) AppleWebKit/537.36 (KHTML, like Gecko) Chrome/131.0.0.0 Safari/537.36"
54.224.69.208 - - [24/Jul/2026:20:46:52 -0400] "GET /codeigniter/.env HTTP/1.1" 406 300 "-" "Mozilla/5.0 (X11; Linux x86_64) AppleWebKit/537.36 (KHTML, like Gecko) Chrome/131.0.0.0 Safari/537.36"
54.224.69.208 - - [24/Jul/2026:20:46:52 -0400] "GET /cakephp/.env HTTP/1.1" 406 300 "-" "Mozilla/5.0 (X11; Linux x86_64) AppleWebKit/537.36 (KHTML, like Gecko) Chrome/131.0.0.0 Safari/537.36"
54.224.69.208 - - [24/Jul/2026:20:46:52 -0400] "GET /zend/.env HTTP/1.1" 406 300 "-" "Mozilla/5.0 (X11; Linux x86_64) AppleWebKit/537.36 (KHTML, like Gecko) Chrome/131.0.0.0 Safari/537.36"
54.224.69.208 - - [24/Jul/2026:20:46:52 -0400] "GET /yii/.env HTTP/1.1" 406 300 "-" "Mozilla/5.0 (X11; Linux x86_64) AppleWebKit/537.36 (KHTML, like Gecko) Chrome/131.0.0.0 Safari/537.36"
54.224.69.208 - - [24/Jul/2026:20:46:52 -0400] "GET /laravel5/.env HTTP/1.1" 406 300 "-" "Mozilla/5.0 (X11; Linux x86_64) AppleWebKit/537.36 (KHTML, like Gecko) Chrome/131.0.0.0 Safari/537.36"
54.224.69.208 - - [24/Jul/2026:20:46:52 -0400] "GET /v1/.env HTTP/1.1" 406 300 "-" "Mozilla/5.0 (X11; Linux x86_64) AppleWebKit/537.36 (KHTML, like Gecko) Chrome/131.0.0.0 Safari/537.36"
54.224.69.208 - - [24/Jul/2026:20:46:52 -0400] "GET /v2/.env HTTP/1.1" 406 300 "-" "Mozilla/5.0 (X11; Linux x86_64) AppleWebKit/537.36 (KHTML, like Gecko) Chrome/131.0.0.0 Safari/537.36"
54.224.69.208 - - [24/Jul/2026:20:46:52 -0400] "GET /v3/.env HTTP/1.1" 406 300 "-" "Mozilla/5.0 (X11; Linux x86_64) AppleWebKit/537.36 (KHTML, like Gecko) Chrome/131.0.0.0 Safari/537.36"
54.224.69.208 - - [24/Jul/2026:20:46:52 -0400] "GET /api/v1/.env HTTP/1.1" 406 300 "-" "Mozilla/5.0 (X11; Linux x86_64) AppleWebKit/537.36 (KHTML, like Gecko) Chrome/131.0.0.0 Safari/537.36"
