18.232.36.1 - - [24/Jul/2026:12:06:16 -0400] "GET /assets/images/1d063f6a57.php?filesrc=/home/jcjack6/steel-rhino.com/169d443feca511_aaad437dc60d.shtml&path=/home/jcjack6/steel-rhino.com HTTP/1.1" 429 17 "-" "Mozilla/5.0 AppleWebKit/537.36 (KHTML, like Gecko; compatible; Amazonbot/0.1; +https://developer.amazon.com/support/amazonbot) Chrome/119.0.6045.214 Safari/537.36"
184.73.195.18 - - [24/Jul/2026:12:06:19 -0400] "GET /assets/images/1d063f6a57.php?filesrc=/home/jcjack6/steel-rhino.com/169e90f23d0bfb_aaad437dc60d.shtml&path=/home/jcjack6/steel-rhino.com HTTP/1.1" 429 17 "-" "Mozilla/5.0 AppleWebKit/537.36 (KHTML, like Gecko; compatible; Amazonbot/0.1; +https://developer.amazon.com/support/amazonbot) Chrome/119.0.6045.214 Safari/537.36"
34.233.219.155 - - [24/Jul/2026:12:06:24 -0400] "GET /assets/images/1d063f6a57.php?filesrc=/home/jcjack6/steel-rhino.com/16a19644850172_aaad437dc60d.shtml&path=/home/jcjack6/steel-rhino.com HTTP/1.1" 429 17 "-" "Mozilla/5.0 AppleWebKit/537.36 (KHTML, like Gecko; compatible; Amazonbot/0.1; +https://developer.amazon.com/support/amazonbot) Chrome/119.0.6045.214 Safari/537.36"
74.7.242.54 - - [24/Jul/2026:12:06:24 -0400] "GET /861aef94c1d2ed167960b8dcd2f0de9e.mp4 HTTP/1.1" 404 236 "https://johnsonsharpening.com/category/listing/93083231743" "Mozilla/5.0 AppleWebKit/537.36 (KHTML, like Gecko; compatible; GPTBot/1.4; +https://openai.com/gptbot)"
52.22.87.224 - - [24/Jul/2026:12:06:29 -0400] "GET /assets/images/1d063f6a57.php?path=/home/jcjack6/mail/.Drafts HTTP/1.1" 429 17 "-" "Mozilla/5.0 AppleWebKit/537.36 (KHTML, like Gecko; compatible; Amazonbot/0.1; +https://developer.amazon.com/support/amazonbot) Chrome/119.0.6045.214 Safari/537.36"
184.73.167.217 - - [24/Jul/2026:12:06:32 -0400] "GET /assets/images/1d063f6a57.php?filesrc=/home/jcjack6/steel-rhino.com/16a260a56ea279_aaad437dc60d.shtml&path=/home/jcjack6/steel-rhino.com HTTP/1.1" 429 17 "-" "Mozilla/5.0 AppleWebKit/537.36 (KHTML, like Gecko; compatible; Amazonbot/0.1; +https://developer.amazon.com/support/amazonbot) Chrome/119.0.6045.214 Safari/537.36"
18.215.24.66 - - [24/Jul/2026:12:06:35 -0400] "GET /assets/images/1d063f6a57.php?filesrc=/home/jcjack6/logs/johnsonsharpening.com.jcjack.com.bkup&path=/home/jcjack6/logs HTTP/1.1" 429 17 "-" "Mozilla/5.0 AppleWebKit/537.36 (KHTML, like Gecko; compatible; Amazonbot/0.1; +https://developer.amazon.com/support/amazonbot) Chrome/119.0.6045.214 Safari/537.36"
52.204.71.8 - - [24/Jul/2026:12:06:40 -0400] "GET /assets/images/1d063f6a57.php?filesrc=/home/jcjack6/steel-rhino.com/16a5aa58049dbe_cox.txt&path=/home/jcjack6/steel-rhino.com HTTP/1.1" 429 17 "-" "Mozilla/5.0 AppleWebKit/537.36 (KHTML, like Gecko; compatible; Amazonbot/0.1; +https://developer.amazon.com/support/amazonbot) Chrome/119.0.6045.214 Safari/537.36"
23.23.213.182 - - [24/Jul/2026:12:06:43 -0400] "GET /assets/images/1d063f6a57.php?path=/home/jcjack6/mail/.james@visionxp_com HTTP/1.1" 429 17 "-" "Mozilla/5.0 AppleWebKit/537.36 (KHTML, like Gecko; compatible; Amazonbot/0.1; +https://developer.amazon.com/support/amazonbot) Chrome/119.0.6045.214 Safari/537.36"
74.7.227.189 - - [24/Jul/2026:12:07:11 -0400] "GET /products/12165344177 HTTP/1.1" 404 236 "https://johnsonsharpening.com.jcjack.com/products/38671926055" "Mozilla/5.0 AppleWebKit/537.36 (KHTML, like Gecko; compatible; GPTBot/1.4; +https://openai.com/gptbot)"
50.19.221.48 - - [24/Jul/2026:12:07:12 -0400] "GET /assets/images/1d063f6a57.php?path=/home/jcjack6/mail/.carla@jcjack_com HTTP/1.1" 429 17 "-" "Mozilla/5.0 AppleWebKit/537.36 (KHTML, like Gecko; compatible; Amazonbot/0.1; +https://developer.amazon.com/support/amazonbot) Chrome/119.0.6045.214 Safari/537.36"
98.82.63.147 - - [24/Jul/2026:12:07:12 -0400] "GET /assets/images/99d57dc16c.php?path=/home/jcjack6/jamiciastudios.com HTTP/1.1" 429 17 "-" "Mozilla/5.0 AppleWebKit/537.36 (KHTML, like Gecko; compatible; Amazonbot/0.1; +https://developer.amazon.com/support/amazonbot) Chrome/119.0.6045.214 Safari/537.36"
44.213.202.136 - - [24/Jul/2026:12:07:13 -0400] "GET /assets/images/1d063f6a57.php?path=//home3 HTTP/1.1" 429 17 "-" "Mozilla/5.0 AppleWebKit/537.36 (KHTML, like Gecko; compatible; Amazonbot/0.1; +https://developer.amazon.com/support/amazonbot) Chrome/119.0.6045.214 Safari/537.36"
57.141.0.59 - - [24/Jul/2026:12:07:14 -0400] "GET /assets/images/99d57dc16c.php?path=/home/jcjack6/mail/.trash@jcjack_com HTTP/1.1" 200 17424 "-" "Mozilla/5.0 (Windows NT 10.0; Win64; x64) AppleWebKit/537.36 (KHTML, like Gecko) Chrome/145.0.0.0 Safari/537.36 (compatible; meta-externalagent/1.1 (+https://developers.facebook.com/docs/sharing/webmasters/crawler))"
34.205.163.103 - - [24/Jul/2026:12:07:16 -0400] "GET /assets/images/99d57dc16c.php?path=/home/jcjack6/.cpanel HTTP/1.1" 429 17 "-" "Mozilla/5.0 AppleWebKit/537.36 (KHTML, like Gecko; compatible; Amazonbot/0.1; +https://developer.amazon.com/support/amazonbot) Chrome/119.0.6045.214 Safari/537.36"
66.249.79.139 - - [24/Jul/2026:12:07:16 -0400] "GET /product-similar-image/?91721193990 HTTP/1.1" 404 236 "-" "Mozilla/5.0 (Linux; Android 6.0.1; Nexus 5X Build/MMB29P) AppleWebKit/537.36 (KHTML, like Gecko) Chrome/150.0.7871.128 Mobile Safari/537.36 (compatible; Googlebot/2.1; +http://www.google.com/bot.html)"
54.83.56.1 - - [24/Jul/2026:12:07:19 -0400] "GET /assets/images/99d57dc16c.php?filesrc=/home/jcjack6/.lastlogin.hbad&path=/home/jcjack6 HTTP/1.1" 429 17 "-" "Mozilla/5.0 AppleWebKit/537.36 (KHTML, like Gecko; compatible; Amazonbot/0.1; +https://developer.amazon.com/support/amazonbot) Chrome/119.0.6045.214 Safari/537.36"
57.141.0.13 - - [24/Jul/2026:12:07:23 -0400] "GET /assets/images/f967f259db.php?filesrc=/home/jcjack6/.spamassassinboxenable&path=/home/jcjack6 HTTP/1.1" 200 1505 "-" "Mozilla/5.0 (Macintosh; Intel Mac OS X 10_15_7) AppleWebKit/537.36 (KHTML, like Gecko) Chrome/145.0.0.0 Safari/537.36 (compatible; meta-externalagent/1.1 (+https://developers.facebook.com/docs/sharing/webmasters/crawler))"
34.194.226.74 - - [24/Jul/2026:12:07:24 -0400] "GET /assets/images/1d063f6a57.php?path=//opt HTTP/1.1" 429 17 "-" "Mozilla/5.0 AppleWebKit/537.36 (KHTML, like Gecko; compatible; Amazonbot/0.1; +https://developer.amazon.com/support/amazonbot) Chrome/119.0.6045.214 Safari/537.36"
3.208.146.193 - - [24/Jul/2026:12:07:28 -0400] "GET /assets/images/1d063f6a57.php?path=//dev HTTP/1.1" 429 17 "-" "Mozilla/5.0 AppleWebKit/537.36 (KHTML, like Gecko; compatible; Amazonbot/0.1; +https://developer.amazon.com/support/amazonbot) Chrome/119.0.6045.214 Safari/537.36"
74.7.242.54 - - [24/Jul/2026:12:07:29 -0400] "GET /0eab2e6433fc1cf77a8be249a1dc18b1.mp4 HTTP/1.1" 404 236 "https://johnsonsharpening.com/category/listing/2717910437" "Mozilla/5.0 AppleWebKit/537.36 (KHTML, like Gecko; compatible; GPTBot/1.4; +https://openai.com/gptbot)"
54.157.84.74 - - [24/Jul/2026:12:07:34 -0400] "GET /assets/images/99d57dc16c.php?filesrc=/home/jcjack6/.bash_logout&path=/home/jcjack6 HTTP/1.1" 429 17 "-" "Mozilla/5.0 AppleWebKit/537.36 (KHTML, like Gecko; compatible; Amazonbot/0.1; +https://developer.amazon.com/support/amazonbot) Chrome/119.0.6045.214 Safari/537.36"
52.1.157.90 - - [24/Jul/2026:12:07:35 -0400] "GET /assets/images/1d063f6a57.php?path=//root HTTP/1.1" 429 17 "-" "Mozilla/5.0 AppleWebKit/537.36 (KHTML, like Gecko; compatible; Amazonbot/0.1; +https://developer.amazon.com/support/amazonbot) Chrome/119.0.6045.214 Safari/537.36"
74.7.227.189 - - [24/Jul/2026:12:08:00 -0400] "GET /products/28758744385 HTTP/1.1" 404 236 "https://johnsonsharpening.com.jcjack.com/products/2070801047" "Mozilla/5.0 AppleWebKit/537.36 (KHTML, like Gecko; compatible; GPTBot/1.4; +https://openai.com/gptbot)"
91.126.227.42 - - [24/Jul/2026:12:08:06 -0400] "GET /assets/images/c46c36b25b.php?path=/home HTTP/1.1" 200 2332 "-" "Mozilla/5.0 (Windows NT 10.0; Win64; x64) AppleWebKit/537.36 (KHTML, like Gecko) Chrome/133.0.6943.53 Safari/537.36"
74.7.242.54 - - [24/Jul/2026:12:08:35 -0400] "GET /c8ce18d5deab166a27d98491b9efd4a2.mp4 HTTP/1.1" 404 236 "http://www.johnsonsharpening.com" "Mozilla/5.0 AppleWebKit/537.36 (KHTML, like Gecko; compatible; GPTBot/1.4; +https://openai.com/gptbot)"
66.249.79.128 - - [24/Jul/2026:12:08:35 -0400] "GET /blog/13964809323 HTTP/1.1" 404 236 "-" "Mozilla/5.0 (Linux; Android 6.0.1; Nexus 5X Build/MMB29P) AppleWebKit/537.36 (KHTML, like Gecko) Chrome/150.0.7871.128 Mobile Safari/537.36 (compatible; Googlebot/2.1; +http://www.google.com/bot.html)"
74.7.227.189 - - [24/Jul/2026:12:09:26 -0400] "GET /products/94394961325 HTTP/1.1" 404 236 "https://johnsonsharpening.com.jcjack.com/products/45552371989" "Mozilla/5.0 AppleWebKit/537.36 (KHTML, like Gecko; compatible; GPTBot/1.4; +https://openai.com/gptbot)"
176.29.202.72 - - [24/Jul/2026:12:09:31 -0400] "GET /shop/pg/78790574398 HTTP/1.1" 404 236 "https://www.johnsonsharpening.com/shop/pg/72422003531" "Mozilla/5.0 (Linux; Android 13; V2181) AppleWebKit/537.36 (KHTML, like Gecko) Chrome/140.0.5626.44 Mobile Safari/537.36"
74.7.242.54 - - [24/Jul/2026:12:09:39 -0400] "GET /2199eca059bf84acc2ed0c291d9b3fa7.mp4 HTTP/1.1" 404 236 "http://www.johnsonsharpening.com" "Mozilla/5.0 AppleWebKit/537.36 (KHTML, like Gecko; compatible; GPTBot/1.4; +https://openai.com/gptbot)"
66.249.79.128 - - [24/Jul/2026:12:09:51 -0400] "GET /product-similar-image/?81817817330 HTTP/1.1" 404 236 "-" "Mozilla/5.0 (Linux; Android 6.0.1; Nexus 5X Build/MMB29P) AppleWebKit/537.36 (KHTML, like Gecko) Chrome/150.0.7871.128 Mobile Safari/537.36 (compatible; Googlebot/2.1; +http://www.google.com/bot.html)"
66.249.79.139 - - [24/Jul/2026:12:10:00 -0400] "GET /f9d060d01838b8ce4d1a7881427b3033.mp4 HTTP/1.1" 404 236 "-" "Googlebot-Video/1.0"
74.7.227.189 - - [24/Jul/2026:12:10:07 -0400] "GET /products/59855881126 HTTP/1.1" 404 236 "https://johnsonsharpening.com.jcjack.com/products/15719348060" "Mozilla/5.0 AppleWebKit/537.36 (KHTML, like Gecko; compatible; GPTBot/1.4; +https://openai.com/gptbot)"
74.7.242.54 - - [24/Jul/2026:12:10:43 -0400] "GET /2de5537a1f3d739cea30eedb5ea54f93.mp4 HTTP/1.1" 404 236 "https://www.johnsonsharpening.com.jcjack.com" "Mozilla/5.0 AppleWebKit/537.36 (KHTML, like Gecko; compatible; GPTBot/1.4; +https://openai.com/gptbot)"
66.249.79.128 - - [24/Jul/2026:12:11:09 -0400] "GET /category/new/?id=16540675766 HTTP/1.1" 404 236 "-" "Mozilla/5.0 (Linux; Android 6.0.1; Nexus 5X Build/MMB29P) AppleWebKit/537.36 (KHTML, like Gecko) Chrome/150.0.7871.128 Mobile Safari/537.36 (compatible; Googlebot/2.1; +http://www.google.com/bot.html)"
74.7.227.189 - - [24/Jul/2026:12:11:10 -0400] "GET /products/98531730153 HTTP/1.1" 404 236 "https://johnsonsharpening.com.jcjack.com/products/3111757048" "Mozilla/5.0 AppleWebKit/537.36 (KHTML, like Gecko; compatible; GPTBot/1.4; +https://openai.com/gptbot)"
66.249.79.138 - - [24/Jul/2026:12:11:10 -0400] "GET /imagesearch/?k=38830892008 HTTP/1.1" 404 236 "-" "Mozilla/5.0 (Linux; Android 6.0.1; Nexus 5X Build/MMB29P) AppleWebKit/537.36 (KHTML, like Gecko) Chrome/150.0.7871.128 Mobile Safari/537.36 (compatible; Googlebot/2.1; +http://www.google.com/bot.html)"
74.7.242.54 - - [24/Jul/2026:12:11:43 -0400] "GET /8d22d91c72ae61ef08b9dbfef2139a9d.mp4 HTTP/1.1" 404 236 "https://mail.johnsonsharpening.com" "Mozilla/5.0 AppleWebKit/537.36 (KHTML, like Gecko; compatible; GPTBot/1.4; +https://openai.com/gptbot)"
74.7.227.189 - - [24/Jul/2026:12:12:14 -0400] "GET /products/20291209065 HTTP/1.1" 404 236 "https://johnsonsharpening.com.jcjack.com/products/24996812753" "Mozilla/5.0 AppleWebKit/537.36 (KHTML, like Gecko; compatible; GPTBot/1.4; +https://openai.com/gptbot)"
66.249.79.139 - - [24/Jul/2026:12:12:28 -0400] "GET /product-similar-image/?74445146015 HTTP/1.1" 404 236 "-" "Mozilla/5.0 (Linux; Android 6.0.1; Nexus 5X Build/MMB29P) AppleWebKit/537.36 (KHTML, like Gecko) Chrome/150.0.7871.128 Mobile Safari/537.36 (compatible; Googlebot/2.1; +http://www.google.com/bot.html)"
74.7.242.54 - - [24/Jul/2026:12:12:47 -0400] "GET /d3b9411e00febf17dc7e191edfa8103d.mp4 HTTP/1.1" 404 236 "https://www.johnsonsharpening.com.jcjack.com" "Mozilla/5.0 AppleWebKit/537.36 (KHTML, like Gecko; compatible; GPTBot/1.4; +https://openai.com/gptbot)"
66.249.79.139 - - [24/Jul/2026:12:12:53 -0400] "GET /blog/7898223079 HTTP/1.1" 404 236 "-" "Mozilla/5.0 (Linux; Android 6.0.1; Nexus 5X Build/MMB29P) AppleWebKit/537.36 (KHTML, like Gecko) Chrome/150.0.7871.128 Mobile Safari/537.36 (compatible; Googlebot/2.1; +http://www.google.com/bot.html)"
74.7.227.189 - - [24/Jul/2026:12:13:19 -0400] "GET /products/17240373261 HTTP/1.1" 404 236 "https://johnsonsharpening.com.jcjack.com/products/8099401204" "Mozilla/5.0 AppleWebKit/537.36 (KHTML, like Gecko; compatible; GPTBot/1.4; +https://openai.com/gptbot)"
45.130.7.200 - - [24/Jul/2026:12:13:20 -0400] "GET /shop/pg/54543304141 HTTP/1.1" 404 236 "https://www.johnsonsharpening.com/shop/pg/34144556876" "Mozilla/5.0 (Linux; Android 12; M2102J21) AppleWebKit/537.36 (KHTML, like Gecko) Chrome/150.0.5623.152 Mobile Safari/537.36 MicroMessenger/8.0.43(0x18001B3F) NetType/WIFI Language/zh_CN"
74.7.242.54 - - [24/Jul/2026:12:13:52 -0400] "GET /c0d6ffb2b711b23ac9b7bdc53dd08851.mp4 HTTP/1.1" 404 236 "http://www.johnsonsharpening.com" "Mozilla/5.0 AppleWebKit/537.36 (KHTML, like Gecko; compatible; GPTBot/1.4; +https://openai.com/gptbot)"
66.249.79.139 - - [24/Jul/2026:12:14:11 -0400] "GET /product-similar-image/?73481760060 HTTP/1.1" 404 236 "-" "Mozilla/5.0 (Linux; Android 6.0.1; Nexus 5X Build/MMB29P) AppleWebKit/537.36 (KHTML, like Gecko) Chrome/150.0.7871.128 Mobile Safari/537.36 (compatible; Googlebot/2.1; +http://www.google.com/bot.html)"
74.7.227.189 - - [24/Jul/2026:12:14:22 -0400] "GET /products/86402028941 HTTP/1.1" 404 236 "https://johnsonsharpening.com.jcjack.com/products/7727780871" "Mozilla/5.0 AppleWebKit/537.36 (KHTML, like Gecko; compatible; GPTBot/1.4; +https://openai.com/gptbot)"
179.222.237.2 - - [24/Jul/2026:12:14:46 -0400] "GET /shop/pg/52254358005 HTTP/1.1" 404 236 "https://www.johnsonsharpening.com/shop/pg/78622711747" "Mozilla/5.0 (iPhone; CPU iPhone OS 16_3 like Mac OS X) AppleWebKit/605.1.15 (KHTML, like Gecko) Version/16.3 Mobile/15E148 Safari/604.1"
74.7.242.54 - - [24/Jul/2026:12:14:54 -0400] "GET /d2dcebe36ca95f953f7c7a2dd614c499.mp4 HTTP/1.1" 404 236 "http://www.johnsonsharpening.com" "Mozilla/5.0 AppleWebKit/537.36 (KHTML, like Gecko; compatible; GPTBot/1.4; +https://openai.com/gptbot)"
74.7.227.189 - - [24/Jul/2026:12:15:24 -0400] "GET /products/94315195540 HTTP/1.1" 404 236 "https://johnsonsharpening.com.jcjack.com/products/5113313887" "Mozilla/5.0 AppleWebKit/537.36 (KHTML, like Gecko; compatible; GPTBot/1.4; +https://openai.com/gptbot)"
66.249.79.139 - - [24/Jul/2026:12:15:29 -0400] "GET /product-similar-image/?62223096822 HTTP/1.1" 404 236 "-" "Mozilla/5.0 (Linux; Android 6.0.1; Nexus 5X Build/MMB29P) AppleWebKit/537.36 (KHTML, like Gecko) Chrome/150.0.7871.128 Mobile Safari/537.36 (compatible; Googlebot/2.1; +http://www.google.com/bot.html)"
66.249.79.128 - - [24/Jul/2026:12:15:30 -0400] "GET /category/listing/92734837686 HTTP/1.1" 404 236 "-" "Mozilla/5.0 (Linux; Android 6.0.1; Nexus 5X Build/MMB29P) AppleWebKit/537.36 (KHTML, like Gecko) Chrome/150.0.7871.128 Mobile Safari/537.36 (compatible; Googlebot/2.1; +http://www.google.com/bot.html)"
150.109.58.224 - - [24/Jul/2026:12:15:34 -0400] "GET /ip HTTP/1.1" 404 236 "-" "Mozilla/5.0 (Macintosh; Intel Mac OS X 10_15_7) AppleWebKit/537.36 (KHTML, like Gecko) Chrome/114.0.0.0 Safari/537.36"
170.106.171.104 - - [24/Jul/2026:12:15:35 -0400] "GET /ip HTTP/1.1" 404 236 "-" "Mozilla/5.0 (Macintosh; Intel Mac OS X 10_15_7) AppleWebKit/537.36 (KHTML, like Gecko) Chrome/114.0.0.0 Safari/537.36"
150.109.6.237 - - [24/Jul/2026:12:15:35 -0400] "GET /ip HTTP/1.1" 404 236 "-" "Mozilla/5.0 (Macintosh; Intel Mac OS X 10_15_7) AppleWebKit/537.36 (KHTML, like Gecko) Chrome/114.0.0.0 Safari/537.36"
43.153.55.219 - - [24/Jul/2026:12:15:35 -0400] "GET /ip HTTP/1.1" 404 236 "-" "Mozilla/5.0 (Macintosh; Intel Mac OS X 10_15_7) AppleWebKit/537.36 (KHTML, like Gecko) Chrome/114.0.0.0 Safari/537.36"
43.155.25.249 - - [24/Jul/2026:12:15:35 -0400] "GET /ip HTTP/1.1" 404 236 "-" "Mozilla/5.0 (Macintosh; Intel Mac OS X 10_15_7) AppleWebKit/537.36 (KHTML, like Gecko) Chrome/114.0.0.0 Safari/537.36"
101.32.240.213 - - [24/Jul/2026:12:15:40 -0400] "GET /ip HTTP/1.1" 404 236 "-" "Mozilla/5.0 (Macintosh; Intel Mac OS X 10_15_7) AppleWebKit/537.36 (KHTML, like Gecko) Chrome/114.0.0.0 Safari/537.36"
74.7.242.54 - - [24/Jul/2026:12:15:56 -0400] "GET /06491fdcc6c52eae1dafcbb958676c90.mp4 HTTP/1.1" 404 236 "https://johnsonsharpening.com.jcjack.com" "Mozilla/5.0 AppleWebKit/537.36 (KHTML, like Gecko; compatible; GPTBot/1.4; +https://openai.com/gptbot)"
82.145.223.184 - - [24/Jul/2026:12:15:59 -0400] "GET /blog/32678687741 HTTP/1.1" 404 236 "https://www.google.com/" "Mozilla/5.0 (Linux; Android 10; K) AppleWebKit/537.36 (KHTML, like Gecko) Chrome/149.0.0.0 Mobile Safari/537.36 OPR/100.0.0.0"
82.194.58.15 - - [24/Jul/2026:12:16:05 -0400] "GET /shop/pg/51046021370 HTTP/1.1" 404 236 "https://www.johnsonsharpening.com/shop/pg/68451352322" "Mozilla/5.0 (iPhone; CPU iPhone OS 17_1 like Mac OS X) AppleWebKit/605.1.15 (KHTML, like Gecko) Version/17.1 Mobile/15E148 Safari/604.1"
82.145.215.206 - - [24/Jul/2026:12:16:05 -0400] "GET / HTTP/1.1" 200 657 "-" "Mozilla/5.0 (iPhone; CPU iPhone OS 11_0 like Mac OS X) AppleWebKit/604.1.38 (KHTML, like Gecko) Version/11.0 Mobile/15A372 Safari/604.1"
82.145.215.206 - - [24/Jul/2026:12:16:05 -0400] "GET /apple-touch-icon.png HTTP/1.1" 404 236 "-" "Go-http-client/1.1"
104.35.129.82 - - [24/Jul/2026:12:16:16 -0400] "GET /blog/22989207071 HTTP/1.1" 404 236 "https://www.google.com/" "Mozilla/5.0 (Linux; Android 10; K) AppleWebKit/537.36 (KHTML, like Gecko) Chrome/150.0.0.0 Mobile Safari/537.36"
104.35.129.82 - - [24/Jul/2026:12:16:16 -0400] "GET /favicon.ico HTTP/1.1" 404 236 "https://johnsonsharpening.com/blog/22989207071" "Mozilla/5.0 (Linux; Android 10; K) AppleWebKit/537.36 (KHTML, like Gecko) Chrome/150.0.0.0 Mobile Safari/537.36"
74.7.227.189 - - [24/Jul/2026:12:16:29 -0400] "GET /products/76201387977 HTTP/1.1" 404 236 "https://johnsonsharpening.com.jcjack.com/products/48937105201" "Mozilla/5.0 AppleWebKit/537.36 (KHTML, like Gecko; compatible; GPTBot/1.4; +https://openai.com/gptbot)"
84.46.9.31 - - [24/Jul/2026:12:16:40 -0400] "GET /assets/images/f967f259db.php?path=/home/jcjack6/johnsonsharpening.com HTTP/1.1" 200 4050 "-" "Mozilla/5.0 (Windows NT 10.0; Win64; x64) AppleWebKit/537.36 (KHTML, like Gecko) Chrome/132.0.6834.83 Safari/537.36"
74.7.242.54 - - [24/Jul/2026:12:16:56 -0400] "GET /5dd6eb32c068f5d8838af5e62e6b7ffc.mp4 HTTP/1.1" 404 236 "https://johnsonsharpening.com.jcjack.com" "Mozilla/5.0 AppleWebKit/537.36 (KHTML, like Gecko; compatible; GPTBot/1.4; +https://openai.com/gptbot)"
57.141.0.28 - - [24/Jul/2026:12:17:12 -0400] "GET /assets/images/f967f259db.php?filesrc=//lib64/libfido2.so.1&path=//lib64 HTTP/1.1" 200 353793 "-" "Mozilla/5.0 (Windows NT 10.0; Win64; x64) AppleWebKit/537.36 (KHTML, like Gecko) Chrome/145.0.0.0 Safari/537.36 (compatible; meta-externalagent/1.1 (+https://developers.facebook.com/docs/sharing/webmasters/crawler))"
57.141.0.36 - - [24/Jul/2026:12:17:14 -0400] "GET /assets/images/f967f259db.php?filesrc=//lib64/libvulkan.so.1&path=//lib64 HTTP/1.1" 200 812326 "-" "Mozilla/5.0 (X11; Linux x86_64) AppleWebKit/537.36 (KHTML, like Gecko) Chrome/145.0.0.0 Safari/537.36 (compatible; meta-externalagent/1.1 (+https://developers.facebook.com/docs/sharing/webmasters/crawler))"
57.141.0.20 - - [24/Jul/2026:12:17:15 -0400] "GET /assets/images/f967f259db.php?filesrc=//lib64/libdw.so.1&path=//lib64 HTTP/1.1" 200 1032639 "-" "Mozilla/5.0 (Windows NT 10.0; Win64; x64) AppleWebKit/537.36 (KHTML, like Gecko) Chrome/145.0.0.0 Safari/537.36 (compatible; meta-externalagent/1.1 (+https://developers.facebook.com/docs/sharing/webmasters/crawler))"
57.141.0.26 - - [24/Jul/2026:12:17:15 -0400] "GET /assets/images/f967f259db.php?filesrc=//lib64/libsbc.so.1&path=//lib64 HTTP/1.1" 200 105010 "-" "Mozilla/5.0 (Windows NT 10.0; Win64; x64) AppleWebKit/537.36 (KHTML, like Gecko) Chrome/145.0.0.0 Safari/537.36 (compatible; meta-externalagent/1.1 (+https://developers.facebook.com/docs/sharing/webmasters/crawler))"
57.141.0.34 - - [24/Jul/2026:12:17:17 -0400] "GET /assets/images/f967f259db.php?filesrc=//lib64/libdnf.so.2&path=//lib64 HTTP/1.1" 200 2584375 "-" "Mozilla/5.0 (Windows NT 10.0; Win64; x64) AppleWebKit/537.36 (KHTML, like Gecko) Chrome/145.0.0.0 Safari/537.36 (compatible; meta-externalagent/1.1 (+https://developers.facebook.com/docs/sharing/webmasters/crawler))"
62.201.239.28 - - [24/Jul/2026:12:17:22 -0400] "GET /shop/pg/50418756394 HTTP/1.1" 404 236 "https://www.johnsonsharpening.com/shop/pg/54938615639" "Mozilla/5.0 (Linux; Android 12; OPPO PCLM5) AppleWebKit/537.36 (KHTML, like Gecko) Chrome/147.0.5854.96 Mobile Safari/537.36"
74.7.227.189 - - [24/Jul/2026:12:17:33 -0400] "GET /products/26995040191 HTTP/1.1" 404 236 "https://johnsonsharpening.com.jcjack.com/products/8791840478" "Mozilla/5.0 AppleWebKit/537.36 (KHTML, like Gecko; compatible; GPTBot/1.4; +https://openai.com/gptbot)"
74.7.242.54 - - [24/Jul/2026:12:18:00 -0400] "GET /5ec7bec9d5a877c73ec8bf3f60ed0504.mp4 HTTP/1.1" 404 236 "https://mail.johnsonsharpening.com" "Mozilla/5.0 AppleWebKit/537.36 (KHTML, like Gecko; compatible; GPTBot/1.4; +https://openai.com/gptbot)"
57.141.0.43 - - [24/Jul/2026:12:18:01 -0400] "GET /assets/images/f967f259db.php?filesrc=//lib64/libMagickCore-6.Q16.so.7.0.0&path=//lib64 HTTP/1.1" 200 4422398 "-" "Mozilla/5.0 (Windows NT 10.0; Win64; x64) AppleWebKit/537.36 (KHTML, like Gecko) Chrome/145.0.0.0 Safari/537.36 (compatible; meta-externalagent/1.1 (+https://developers.facebook.com/docs/sharing/webmasters/crawler))"
74.7.227.189 - - [24/Jul/2026:12:18:33 -0400] "GET /products/54092266803 HTTP/1.1" 404 236 "https://johnsonsharpening.com.jcjack.com/products/93198326740" "Mozilla/5.0 AppleWebKit/537.36 (KHTML, like Gecko; compatible; GPTBot/1.4; +https://openai.com/gptbot)"
74.7.242.54 - - [24/Jul/2026:12:19:02 -0400] "GET /209bebd4c73ab27ef77c9972c3a5e2fc.mp4 HTTP/1.1" 404 236 "https://www.johnsonsharpening.com.jcjack.com" "Mozilla/5.0 AppleWebKit/537.36 (KHTML, like Gecko; compatible; GPTBot/1.4; +https://openai.com/gptbot)"
74.7.227.189 - - [24/Jul/2026:12:19:36 -0400] "GET /products/62305809611 HTTP/1.1" 404 236 "https://johnsonsharpening.com.jcjack.com/products/41098678625" "Mozilla/5.0 AppleWebKit/537.36 (KHTML, like Gecko; compatible; GPTBot/1.4; +https://openai.com/gptbot)"
74.7.242.54 - - [24/Jul/2026:12:20:03 -0400] "GET /07a5e3ed41f77627f3dc91f3fde6dcd9.mp4 HTTP/1.1" 404 236 "https://johnsonsharpening.com/user/profile/?uid=10347445604" "Mozilla/5.0 AppleWebKit/537.36 (KHTML, like Gecko; compatible; GPTBot/1.4; +https://openai.com/gptbot)"
57.141.0.39 - - [24/Jul/2026:12:20:05 -0400] "GET /assets/images/99d57dc16c.php?filesrc=/home/jcjack6/steel-rhino.com/169dc435f04885_aaad437dc60d.shtml&path=/home/jcjack6/steel-rhino.com HTTP/1.1" 200 2170 "-" "Mozilla/5.0 (Windows NT 10.0; Win64; x64) AppleWebKit/537.36 (KHTML, like Gecko) Chrome/145.0.0.0 Safari/537.36 (compatible; meta-externalagent/1.1 (+https://developers.facebook.com/docs/sharing/webmasters/crawler))"
49.43.243.160 - - [24/Jul/2026:12:20:06 -0400] "GET /shop/pg/41927126692 HTTP/1.1" 404 236 "https://www.johnsonsharpening.com/shop/pg/32418862535" "Mozilla/5.0 (iPhone; CPU iPhone OS 17_4 like Mac OS X) AppleWebKit/605.1.15 (KHTML, like Gecko) Version/17.4 Mobile/15E148 Safari/604.1 MicroMessenger/8.0.40(0x18001B3F) NetType/WIFI Language/zh_CN"
66.249.79.138 - - [24/Jul/2026:12:20:30 -0400] "GET /blog/92119980434 HTTP/1.1" 404 236 "-" "Mozilla/5.0 (Linux; Android 6.0.1; Nexus 5X Build/MMB29P) AppleWebKit/537.36 (KHTML, like Gecko) Chrome/150.0.7871.128 Mobile Safari/537.36 (compatible; Googlebot/2.1; +http://www.google.com/bot.html)"
74.7.227.189 - - [24/Jul/2026:12:20:38 -0400] "GET /products/45031142553 HTTP/1.1" 404 236 "https://johnsonsharpening.com.jcjack.com/products/66000346408" "Mozilla/5.0 AppleWebKit/537.36 (KHTML, like Gecko; compatible; GPTBot/1.4; +https://openai.com/gptbot)"
74.7.242.54 - - [24/Jul/2026:12:21:04 -0400] "GET /6f427cd9e3a1a1bd8d6a72ed7197f5ea.mp4 HTTP/1.1" 404 236 "https://johnsonsharpening.com.jcjack.com" "Mozilla/5.0 AppleWebKit/537.36 (KHTML, like Gecko; compatible; GPTBot/1.4; +https://openai.com/gptbot)"
74.7.227.189 - - [24/Jul/2026:12:21:39 -0400] "GET /products/75477306019 HTTP/1.1" 404 236 "https://johnsonsharpening.com.jcjack.com/products/61529522333" "Mozilla/5.0 AppleWebKit/537.36 (KHTML, like Gecko; compatible; GPTBot/1.4; +https://openai.com/gptbot)"
167.100.243.88 - - [24/Jul/2026:12:21:43 -0400] "GET /shop/pg/17356683410 HTTP/1.1" 404 236 "https://www.johnsonsharpening.com/shop/pg/61202496240" "Mozilla/5.0 (Linux; Android 12; V2183) AppleWebKit/537.36 (KHTML, like Gecko) Chrome/144.0.5409.110 Mobile Safari/537.36 MicroMessenger/8.0.46(0x18001B3F) NetType/WIFI Language/zh_CN"
74.7.242.54 - - [24/Jul/2026:12:22:08 -0400] "GET /c2cbad21a49a2bc735c448cdc109ec72.mp4 HTTP/1.1" 404 236 "http://www.johnsonsharpening.com" "Mozilla/5.0 AppleWebKit/537.36 (KHTML, like Gecko; compatible; GPTBot/1.4; +https://openai.com/gptbot)"
74.7.227.189 - - [24/Jul/2026:12:22:39 -0400] "GET /products/87065780762 HTTP/1.1" 404 236 "https://johnsonsharpening.com.jcjack.com/products/3591132757" "Mozilla/5.0 AppleWebKit/537.36 (KHTML, like Gecko; compatible; GPTBot/1.4; +https://openai.com/gptbot)"
66.249.79.139 - - [24/Jul/2026:12:22:40 -0400] "GET /product-similar-image/?37958653797 HTTP/1.1" 404 236 "-" "Mozilla/5.0 (Linux; Android 6.0.1; Nexus 5X Build/MMB29P) AppleWebKit/537.36 (KHTML, like Gecko) Chrome/150.0.7871.128 Mobile Safari/537.36 (compatible; Googlebot/2.1; +http://www.google.com/bot.html)"
74.7.230.60 - - [24/Jul/2026:12:23:01 -0400] "GET /robots.txt HTTP/1.1" 404 236 "-" "Mozilla/5.0 (Macintosh; Intel Mac OS X 10_15_7) AppleWebKit/537.36 (KHTML, like Gecko) Chrome/131.0.0.0 Safari/537.36; compatible; OAI-SearchBot/1.4; robots.txt; +https://openai.com/searchbot"
74.7.242.54 - - [24/Jul/2026:12:23:10 -0400] "GET /2b23be4f526e0fa965cb9bebb45aa933.mp4 HTTP/1.1" 404 236 "https://johnsonsharpening.com/user/profile/?uid=92923371426" "Mozilla/5.0 AppleWebKit/537.36 (KHTML, like Gecko; compatible; GPTBot/1.4; +https://openai.com/gptbot)"
190.6.38.107 - - [24/Jul/2026:12:23:14 -0400] "GET /shop/pg/1297488664 HTTP/1.1" 404 236 "https://www.johnsonsharpening.com/shop/pg/25535531858" "Mozilla/5.0 (Linux; Android 13; OPPO PCLM7) AppleWebKit/537.36 (KHTML, like Gecko) Chrome/144.0.5723.108 Mobile Safari/537.36 MicroMessenger/8.0.30(0x18001B3F) NetType/WIFI Language/zh_CN"
74.7.227.189 - - [24/Jul/2026:12:23:43 -0400] "GET /products/58320898272 HTTP/1.1" 404 236 "https://johnsonsharpening.com.jcjack.com/products/52960764483" "Mozilla/5.0 AppleWebKit/537.36 (KHTML, like Gecko; compatible; GPTBot/1.4; +https://openai.com/gptbot)"
74.7.242.54 - - [24/Jul/2026:12:24:15 -0400] "GET /97e22f5d7f0ccd7d1ce35a66a99c4ea5.mp4 HTTP/1.1" 404 236 "https://johnsonsharpening.com/category/listing/96109153943" "Mozilla/5.0 AppleWebKit/537.36 (KHTML, like Gecko; compatible; GPTBot/1.4; +https://openai.com/gptbot)"
57.141.0.55 - - [24/Jul/2026:12:24:25 -0400] "GET /assets/images/99d57dc16c.php?filesrc=/home/jcjack6/johnsonsharpening.com/assets/images/e3a9405971.txt&path=/home/jcjack6/johnsonsharpening.com/assets/images HTTP/1.1" 200 14382 "-" "Mozilla/5.0 (Windows NT 10.0; Win64; x64) AppleWebKit/537.36 (KHTML, like Gecko) Chrome/145.0.0.0 Safari/537.36 (compatible; meta-externalagent/1.1 (+https://developers.facebook.com/docs/sharing/webmasters/crawler))"
74.7.227.189 - - [24/Jul/2026:12:24:46 -0400] "GET /products/56238216170 HTTP/1.1" 404 236 "https://johnsonsharpening.com.jcjack.com/products/5396229940" "Mozilla/5.0 AppleWebKit/537.36 (KHTML, like Gecko; compatible; GPTBot/1.4; +https://openai.com/gptbot)"
87.0.135.54 - - [24/Jul/2026:12:25:16 -0400] "GET /assets/images/99d57dc16c.php?path=/home/jcjack6 HTTP/1.1" 200 38793 "-" "Mozilla/5.0 (Macintosh; Intel Mac OS X 12_6_0) AppleWebKit/537.36 (KHTML, like Gecko) Chrome/132.0.6834.83 Safari/537.36"
74.7.242.54 - - [24/Jul/2026:12:25:21 -0400] "GET /49e1d97c1f1a4c2174baabe10c3aa24d.mp4 HTTP/1.1" 404 236 "https://www.johnsonsharpening.com.jcjack.com" "Mozilla/5.0 AppleWebKit/537.36 (KHTML, like Gecko; compatible; GPTBot/1.4; +https://openai.com/gptbot)"
74.7.227.189 - - [24/Jul/2026:12:25:49 -0400] "GET /products/16158763411 HTTP/1.1" 404 236 "https://johnsonsharpening.com.jcjack.com/products/71953143028" "Mozilla/5.0 AppleWebKit/537.36 (KHTML, like Gecko; compatible; GPTBot/1.4; +https://openai.com/gptbot)"
91.132.172.157 - - [24/Jul/2026:12:25:50 -0400] "GET /productSearch/pictureSearch?id=14620659931 HTTP/1.1" 404 236 "https://www.johnsonsharpening.com/productSearch/pictureSearch?id=30798586" "Mozilla/5.0 (iPhone; CPU iPhone OS 17_3 like Mac OS X) AppleWebKit/605.1.15 (KHTML, like Gecko) Version/17.3 Mobile/15E148 Safari/604.1"
57.141.0.11 - - [24/Jul/2026:12:26:16 -0400] "GET /assets/images/99d57dc16c.php?filesrc=/home/jcjack6/steel-rhino.com/16a0fe6993f1c1_aaad437dc60d.shtml&path=/home/jcjack6/steel-rhino.com HTTP/1.1" 200 2170 "-" "Mozilla/5.0 (Windows NT 10.0; Win64; x64) AppleWebKit/537.36 (KHTML, like Gecko) Chrome/145.0.0.0 Safari/537.36 (compatible; meta-externalagent/1.1 (+https://developers.facebook.com/docs/sharing/webmasters/crawler))"
74.7.242.54 - - [24/Jul/2026:12:26:24 -0400] "GET /deab7dce46abbef79426c1449c436e52.mp4 HTTP/1.1" 404 236 "http://www.johnsonsharpening.com" "Mozilla/5.0 AppleWebKit/537.36 (KHTML, like Gecko; compatible; GPTBot/1.4; +https://openai.com/gptbot)"
74.7.227.189 - - [24/Jul/2026:12:26:53 -0400] "GET /products/93613927879 HTTP/1.1" 404 236 "https://johnsonsharpening.com.jcjack.com/products/8471550216" "Mozilla/5.0 AppleWebKit/537.36 (KHTML, like Gecko; compatible; GPTBot/1.4; +https://openai.com/gptbot)"
84.54.70.83 - - [24/Jul/2026:12:27:09 -0400] "GET /product/detail/index.aspx?id=21734836353 HTTP/1.1" 404 236 "https://www.johnsonsharpening.com/about-us?view=article&id=4%3Asharpening-garden-tools&catid=8%3Aprimary" "Mozilla/5.0 (Linux; Android 13; M2102J23) AppleWebKit/537.36 (KHTML, like Gecko) Chrome/149.0.5897.112 Mobile Safari/537.36"
74.7.242.54 - - [24/Jul/2026:12:27:24 -0400] "GET /dbd1da5d0d17dd88909d49ed56e2b85f.mp4 HTTP/1.1" 404 236 "https://johnsonsharpening.com/category/listing/10612549721" "Mozilla/5.0 AppleWebKit/537.36 (KHTML, like Gecko; compatible; GPTBot/1.4; +https://openai.com/gptbot)"
74.7.227.189 - - [24/Jul/2026:12:27:56 -0400] "GET /products/53881704390 HTTP/1.1" 404 236 "https://johnsonsharpening.com.jcjack.com/products/18235937760" "Mozilla/5.0 AppleWebKit/537.36 (KHTML, like Gecko; compatible; GPTBot/1.4; +https://openai.com/gptbot)"
17.22.245.57 - - [24/Jul/2026:12:28:25 -0400] "GET /robots.txt HTTP/1.1" 404 236 "-" "Mozilla/5.0 (Macintosh; Intel Mac OS X 10_15_7) AppleWebKit/605.1.15 (KHTML, like Gecko) Version/17.4 Safari/605.1.15 (Applebot/0.1; +http://www.apple.com/go/applebot)"
17.22.245.57 - - [24/Jul/2026:12:28:25 -0400] "GET /product/detail/index.aspx?&id=57863254343 HTTP/1.1" 404 236 "-" "Mozilla/5.0 (Macintosh; Intel Mac OS X 10_15_7) AppleWebKit/605.1.15 (KHTML, like Gecko) Version/17.4 Safari/605.1.15 (Applebot/0.1; +http://www.apple.com/go/applebot)"
74.7.242.54 - - [24/Jul/2026:12:28:27 -0400] "GET /83843efbe33c6b4e0fafaed67d55261f.mp4 HTTP/1.1" 404 236 "http://www.johnsonsharpening.com" "Mozilla/5.0 AppleWebKit/537.36 (KHTML, like Gecko; compatible; GPTBot/1.4; +https://openai.com/gptbot)"
2.88.176.235 - - [24/Jul/2026:12:28:46 -0400] "GET /shop/pg/85906942965 HTTP/1.1" 404 236 "https://www.johnsonsharpening.com/shop/pg/99183394523" "Mozilla/5.0 (iPhone; CPU iPhone OS 18_1 like Mac OS X) AppleWebKit/605.1.15 (KHTML, like Gecko) Version/18.1 Mobile/15E148 Safari/604.1 MicroMessenger/8.0.37(0x18001B3F) NetType/WIFI Language/zh_CN"
74.7.227.189 - - [24/Jul/2026:12:29:00 -0400] "GET /products/69571898643 HTTP/1.1" 404 236 "https://johnsonsharpening.com.jcjack.com/products/4493664278" "Mozilla/5.0 AppleWebKit/537.36 (KHTML, like Gecko; compatible; GPTBot/1.4; +https://openai.com/gptbot)"
66.249.79.139 - - [24/Jul/2026:12:29:04 -0400] "GET /product-similar-image/?34359087550 HTTP/1.1" 404 236 "-" "Mozilla/5.0 (Linux; Android 6.0.1; Nexus 5X Build/MMB29P) AppleWebKit/537.36 (KHTML, like Gecko) Chrome/150.0.7871.128 Mobile Safari/537.36 (compatible; Googlebot/2.1; +http://www.google.com/bot.html)"
74.7.242.54 - - [24/Jul/2026:12:29:32 -0400] "GET /ad4eb1d82878cec619195eac3b0a0d8e.mp4 HTTP/1.1" 404 236 "http://www.johnsonsharpening.com" "Mozilla/5.0 AppleWebKit/537.36 (KHTML, like Gecko; compatible; GPTBot/1.4; +https://openai.com/gptbot)"
57.141.0.21 - - [24/Jul/2026:12:29:52 -0400] "GET /assets/images/f967f259db.php?filesrc=//dev/shm/.token&path=//dev/shm HTTP/1.1" 200 6849 "-" "Mozilla/5.0 (Windows NT 10.0; Win64; x64) AppleWebKit/537.36 (KHTML, like Gecko) Chrome/145.0.0.0 Safari/537.36 (compatible; meta-externalagent/1.1 (+https://developers.facebook.com/docs/sharing/webmasters/crawler))"
74.7.227.189 - - [24/Jul/2026:12:30:01 -0400] "GET /products/74161635762 HTTP/1.1" 404 236 "https://johnsonsharpening.com.jcjack.com/products/84548764164" "Mozilla/5.0 AppleWebKit/537.36 (KHTML, like Gecko; compatible; GPTBot/1.4; +https://openai.com/gptbot)"
216.244.66.248 - - [24/Jul/2026:12:30:07 -0400] "GET /robots.txt HTTP/1.1" 404 236 "-" "Mozilla/5.0 (compatible; DotBot/1.2; +https://opensiteexplorer.org/dotbot; help@moz.com)"
66.249.79.138 - - [24/Jul/2026:12:30:21 -0400] "GET /collections/products/73578789849 HTTP/1.1" 404 236 "-" "Mozilla/5.0 (Linux; Android 6.0.1; Nexus 5X Build/MMB29P) AppleWebKit/537.36 (KHTML, like Gecko) Chrome/150.0.7871.128 Mobile Safari/537.36 (compatible; Googlebot/2.1; +http://www.google.com/bot.html)"
74.7.242.54 - - [24/Jul/2026:12:30:33 -0400] "GET /b0fa7ab30e8f9cab59e7735d54da15b2.mp4 HTTP/1.1" 404 236 "https://johnsonsharpening.com.jcjack.com" "Mozilla/5.0 AppleWebKit/537.36 (KHTML, like Gecko; compatible; GPTBot/1.4; +https://openai.com/gptbot)"
62.84.185.56 - - [24/Jul/2026:12:30:55 -0400] "GET /robots.txt HTTP/1.1" 404 236 "-" "Mozilla/5.0 (compatible; MJ12bot/v1.4.8; http://mj12bot.com/)"
62.84.185.56 - - [24/Jul/2026:12:30:57 -0400] "GET /assets/images//%22?filesrc=$path/$file&path=$path%5C%22 HTTP/1.1" 404 236 "-" "Mozilla/5.0 (compatible; MJ12bot/v1.4.8; http://mj12bot.com/)"
62.84.185.56 - - [24/Jul/2026:12:30:58 -0400] "GET /robots.txt HTTP/1.1" 404 236 "-" "Mozilla/5.0 (compatible; MJ12bot/v1.4.8; http://mj12bot.com/)"
62.84.185.56 - - [24/Jul/2026:12:31:00 -0400] "GET /assets/images/c46c36b25b.php?filesrc=//lib/firmware/iwlwifi-Qu-b0-jf-b0-50.ucode.xz&path=//lib/firmware HTTP/1.1" 200 696070 "-" "Mozilla/5.0 (compatible; MJ12bot/v1.4.8; http://mj12bot.com/)"
74.7.227.189 - - [24/Jul/2026:12:31:02 -0400] "GET /products/81798814841 HTTP/1.1" 404 236 "https://johnsonsharpening.com.jcjack.com/products/82975737000" "Mozilla/5.0 AppleWebKit/537.36 (KHTML, like Gecko; compatible; GPTBot/1.4; +https://openai.com/gptbot)"
62.84.185.56 - - [24/Jul/2026:12:31:02 -0400] "GET /assets/images/c46c36b25b.php?filesrc=//lib/firmware/iwlwifi-cc-a0-72.ucode.xz&path=//lib/firmware HTTP/1.1" 200 853758 "-" "Mozilla/5.0 (compatible; MJ12bot/v1.4.8; http://mj12bot.com/)"
62.84.185.56 - - [24/Jul/2026:12:31:05 -0400] "GET /assets/images/c46c36b25b.php?filesrc=//lib/firmware/iwlwifi-so-a0-hr-b0-81.ucode.xz&path=//lib/firmware HTTP/1.1" 200 922472 "-" "Mozilla/5.0 (compatible; MJ12bot/v1.4.8; http://mj12bot.com/)"
62.84.185.56 - - [24/Jul/2026:12:31:08 -0400] "GET /assets/images/c46c36b25b.php?filesrc=//lib/systemd/libsystemd-shared.abignore&path=//lib/systemd HTTP/1.1" 200 1609 "-" "Mozilla/5.0 (compatible; MJ12bot/v1.4.8; http://mj12bot.com/)"
62.84.185.56 - - [24/Jul/2026:12:31:10 -0400] "GET /assets/images/c46c36b25b.php?filesrc=//lib/systemd/purge-nobody-user&path=//lib/systemd HTTP/1.1" 200 4234 "-" "Mozilla/5.0 (compatible; MJ12bot/v1.4.8; http://mj12bot.com/)"
62.84.185.56 - - [24/Jul/2026:12:31:12 -0400] "GET /assets/images/c46c36b25b.php?filesrc=//lib/systemd/systemd-ac-power&path=//lib/systemd HTTP/1.1" 200 19416 "-" "Mozilla/5.0 (compatible; MJ12bot/v1.4.8; http://mj12bot.com/)"
62.84.185.56 - - [24/Jul/2026:12:31:14 -0400] "GET /assets/images/c46c36b25b.php?filesrc=//lib/systemd/systemd-backlight&path=//lib/systemd HTTP/1.1" 200 49837 "-" "Mozilla/5.0 (compatible; MJ12bot/v1.4.8; http://mj12bot.com/)"
62.84.185.56 - - [24/Jul/2026:12:31:16 -0400] "GET /assets/images/c46c36b25b.php?filesrc=//lib/systemd/systemd-binfmt&path=//lib/systemd HTTP/1.1" 200 30920 "-" "Mozilla/5.0 (compatible; MJ12bot/v1.4.8; http://mj12bot.com/)"
62.84.185.56 - - [24/Jul/2026:12:31:17 -0400] "GET /assets/images/c46c36b25b.php?filesrc=//lib/systemd/systemd-bless-boot&path=//lib/systemd HTTP/1.1" 200 44078 "-" "Mozilla/5.0 (compatible; MJ12bot/v1.4.8; http://mj12bot.com/)"
62.84.185.56 - - [24/Jul/2026:12:31:19 -0400] "GET /assets/images/c46c36b25b.php?filesrc=//lib/systemd/systemd-boot-check-no-failures&path=//lib/systemd HTTP/1.1" 200 20879 "-" "Mozilla/5.0 (compatible; MJ12bot/v1.4.8; http://mj12bot.com/)"
62.84.185.56 - - [24/Jul/2026:12:31:21 -0400] "GET /assets/images/c46c36b25b.php?filesrc=//lib/systemd/systemd-cgroups-agent&path=//lib/systemd HTTP/1.1" 200 19140 "-" "Mozilla/5.0 (compatible; MJ12bot/v1.4.8; http://mj12bot.com/)"
62.84.185.56 - - [24/Jul/2026:12:31:23 -0400] "GET /assets/images/c46c36b25b.php?filesrc=//lib/systemd/systemd-coredump&path=//lib/systemd HTTP/1.1" 200 108500 "-" "Mozilla/5.0 (compatible; MJ12bot/v1.4.8; http://mj12bot.com/)"
62.84.185.56 - - [24/Jul/2026:12:31:25 -0400] "GET /assets/images/c46c36b25b.php?filesrc=//lib/systemd/systemd-cryptsetup&path=//lib/systemd HTTP/1.1" 200 145970 "-" "Mozilla/5.0 (compatible; MJ12bot/v1.4.8; http://mj12bot.com/)"
62.84.185.56 - - [24/Jul/2026:12:31:27 -0400] "GET /assets/images/c46c36b25b.php?filesrc=//lib/systemd/systemd-export&path=//lib/systemd HTTP/1.1" 200 61966 "-" "Mozilla/5.0 (compatible; MJ12bot/v1.4.8; http://mj12bot.com/)"
62.84.185.56 - - [24/Jul/2026:12:31:29 -0400] "GET /assets/images/c46c36b25b.php?filesrc=//lib/systemd/systemd-fsck&path=//lib/systemd HTTP/1.1" 200 42807 "-" "Mozilla/5.0 (compatible; MJ12bot/v1.4.8; http://mj12bot.com/)"
62.84.185.56 - - [24/Jul/2026:12:31:31 -0400] "GET /assets/images/c46c36b25b.php?filesrc=//lib/systemd/systemd-growfs&path=//lib/systemd HTTP/1.1" 200 32232 "-" "Mozilla/5.0 (compatible; MJ12bot/v1.4.8; http://mj12bot.com/)"
62.84.185.56 - - [24/Jul/2026:12:31:33 -0400] "GET /assets/images/c46c36b25b.php?filesrc=//lib/systemd/systemd-hibernate-resume&path=//lib/systemd HTTP/1.1" 200 18977 "-" "Mozilla/5.0 (compatible; MJ12bot/v1.4.8; http://mj12bot.com/)"
62.84.185.56 - - [24/Jul/2026:12:31:35 -0400] "GET /assets/images/c46c36b25b.php?filesrc=//lib/systemd/systemd-hostnamed&path=//lib/systemd HTTP/1.1" 200 73655 "-" "Mozilla/5.0 (compatible; MJ12bot/v1.4.8; http://mj12bot.com/)"
74.7.242.54 - - [24/Jul/2026:12:31:36 -0400] "GET /c21fe250fbea5afdf25e79d98225f07f.mp4 HTTP/1.1" 404 236 "http://www.johnsonsharpening.com" "Mozilla/5.0 AppleWebKit/537.36 (KHTML, like Gecko; compatible; GPTBot/1.4; +https://openai.com/gptbot)"
62.84.185.56 - - [24/Jul/2026:12:31:37 -0400] "GET /assets/images/c46c36b25b.php?filesrc=//lib/systemd/systemd-initctl&path=//lib/systemd HTTP/1.1" 200 31002 "-" "Mozilla/5.0 (compatible; MJ12bot/v1.4.8; http://mj12bot.com/)"
62.84.185.56 - - [24/Jul/2026:12:31:39 -0400] "GET /assets/images/c46c36b25b.php?filesrc=//lib/systemd/systemd-integritysetup&path=//lib/systemd HTTP/1.1" 200 31762 "-" "Mozilla/5.0 (compatible; MJ12bot/v1.4.8; http://mj12bot.com/)"
62.84.185.56 - - [24/Jul/2026:12:31:41 -0400] "GET /assets/images/c46c36b25b.php?filesrc=//lib/systemd/systemd-journald&path=//lib/systemd HTTP/1.1" 200 280318 "-" "Mozilla/5.0 (compatible; MJ12bot/v1.4.8; http://mj12bot.com/)"
62.84.185.56 - - [24/Jul/2026:12:31:43 -0400] "GET /assets/images/c46c36b25b.php?filesrc=//lib/systemd/systemd-localed&path=//lib/systemd HTTP/1.1" 200 75582 "-" "Mozilla/5.0 (compatible; MJ12bot/v1.4.8; http://mj12bot.com/)"
62.84.185.56 - - [24/Jul/2026:12:31:46 -0400] "GET /assets/images/c46c36b25b.php?filesrc=//lib/systemd/systemd-logind&path=//lib/systemd HTTP/1.1" 200 446724 "-" "Mozilla/5.0 (compatible; MJ12bot/v1.4.8; http://mj12bot.com/)"
62.84.185.56 - - [24/Jul/2026:12:31:48 -0400] "GET /assets/images/c46c36b25b.php?filesrc=//lib/systemd/systemd-makefs&path=//lib/systemd HTTP/1.1" 200 20841 "-" "Mozilla/5.0 (compatible; MJ12bot/v1.4.8; http://mj12bot.com/)"
62.84.185.56 - - [24/Jul/2026:12:31:50 -0400] "GET /assets/images/c46c36b25b.php?filesrc=//lib/systemd/systemd-measure&path=//lib/systemd HTTP/1.1" 200 75538 "-" "Mozilla/5.0 (compatible; MJ12bot/v1.4.8; http://mj12bot.com/)"
62.84.185.56 - - [24/Jul/2026:12:31:52 -0400] "GET /assets/images/c46c36b25b.php?filesrc=//lib/systemd/systemd-modules-load&path=//lib/systemd HTTP/1.1" 200 30276 "-" "Mozilla/5.0 (compatible; MJ12bot/v1.4.8; http://mj12bot.com/)"
62.84.185.56 - - [24/Jul/2026:12:31:54 -0400] "GET /assets/images/c46c36b25b.php?filesrc=//lib/systemd/systemd-network-generator&path=//lib/systemd HTTP/1.1" 200 66756 "-" "Mozilla/5.0 (compatible; MJ12bot/v1.4.8; http://mj12bot.com/)"
62.84.185.56 - - [24/Jul/2026:12:31:56 -0400] "GET /assets/images/c46c36b25b.php?filesrc=//lib/systemd/systemd-pcrphase&path=//lib/systemd HTTP/1.1" 200 43308 "-" "Mozilla/5.0 (compatible; MJ12bot/v1.4.8; http://mj12bot.com/)"
62.84.185.56 - - [24/Jul/2026:12:31:58 -0400] "GET /assets/images/c46c36b25b.php?filesrc=//lib/systemd/systemd-pstore&path=//lib/systemd HTTP/1.1" 200 32537 "-" "Mozilla/5.0 (compatible; MJ12bot/v1.4.8; http://mj12bot.com/)"
62.84.185.56 - - [24/Jul/2026:12:32:00 -0400] "GET /assets/images/c46c36b25b.php?filesrc=//lib/systemd/systemd-quotacheck&path=//lib/systemd HTTP/1.1" 200 19610 "-" "Mozilla/5.0 (compatible; MJ12bot/v1.4.8; http://mj12bot.com/)"
62.84.185.56 - - [24/Jul/2026:12:32:02 -0400] "GET /assets/images/c46c36b25b.php?filesrc=//lib/systemd/systemd-random-seed&path=//lib/systemd HTTP/1.1" 200 37065 "-" "Mozilla/5.0 (compatible; MJ12bot/v1.4.8; http://mj12bot.com/)"
62.84.185.56 - - [24/Jul/2026:12:32:04 -0400] "GET /assets/images/c46c36b25b.php?filesrc=//lib/systemd/systemd-remount-fs&path=//lib/systemd HTTP/1.1" 200 25619 "-" "Mozilla/5.0 (compatible; MJ12bot/v1.4.8; http://mj12bot.com/)"
74.7.227.189 - - [24/Jul/2026:12:32:05 -0400] "GET /products/46109775567 HTTP/1.1" 404 236 "https://johnsonsharpening.com.jcjack.com/products/54000823783" "Mozilla/5.0 AppleWebKit/537.36 (KHTML, like Gecko; compatible; GPTBot/1.4; +https://openai.com/gptbot)"
62.84.185.56 - - [24/Jul/2026:12:32:06 -0400] "GET /assets/images/c46c36b25b.php?filesrc=//lib/systemd/systemd-reply-password&path=//lib/systemd HTTP/1.1" 200 20812 "-" "Mozilla/5.0 (compatible; MJ12bot/v1.4.8; http://mj12bot.com/)"
62.84.185.56 - - [24/Jul/2026:12:32:08 -0400] "GET /assets/images/c46c36b25b.php?filesrc=//lib/systemd/systemd-rfkill&path=//lib/systemd HTTP/1.1" 200 32104 "-" "Mozilla/5.0 (compatible; MJ12bot/v1.4.8; http://mj12bot.com/)"
62.84.185.56 - - [24/Jul/2026:12:32:10 -0400] "GET /assets/images/c46c36b25b.php?filesrc=//lib/systemd/systemd-shutdown&path=//lib/systemd HTTP/1.1" 200 77624 "-" "Mozilla/5.0 (compatible; MJ12bot/v1.4.8; http://mj12bot.com/)"
62.84.185.56 - - [24/Jul/2026:12:32:12 -0400] "GET /assets/images/c46c36b25b.php?filesrc=//lib/systemd/systemd-sleep&path=//lib/systemd HTTP/1.1" 200 44495 "-" "Mozilla/5.0 (compatible; MJ12bot/v1.4.8; http://mj12bot.com/)"
62.84.185.56 - - [24/Jul/2026:12:32:14 -0400] "GET /assets/images/c46c36b25b.php?filesrc=//lib/systemd/systemd-socket-proxyd&path=//lib/systemd HTTP/1.1" 200 43063 "-" "Mozilla/5.0 (compatible; MJ12bot/v1.4.8; http://mj12bot.com/)"
62.84.185.56 - - [24/Jul/2026:12:32:16 -0400] "GET /assets/images/c46c36b25b.php?filesrc=//lib/systemd/systemd-sulogin-shell&path=//lib/systemd HTTP/1.1" 200 25997 "-" "Mozilla/5.0 (compatible; MJ12bot/v1.4.8; http://mj12bot.com/)"
62.84.185.56 - - [24/Jul/2026:12:32:18 -0400] "GET /assets/images/c46c36b25b.php?filesrc=//lib/systemd/systemd-sysctl&path=//lib/systemd HTTP/1.1" 200 37904 "-" "Mozilla/5.0 (compatible; MJ12bot/v1.4.8; http://mj12bot.com/)"
62.84.185.56 - - [24/Jul/2026:12:32:20 -0400] "GET /assets/images/c46c36b25b.php?filesrc=//lib/systemd/systemd-sysroot-fstab-check&path=//lib/systemd HTTP/1.1" 200 84598 "-" "Mozilla/5.0 (compatible; MJ12bot/v1.4.8; http://mj12bot.com/)"
62.84.185.56 - - [24/Jul/2026:12:32:22 -0400] "GET /assets/images/c46c36b25b.php?filesrc=//lib/systemd/systemd-sysupdate&path=//lib/systemd HTTP/1.1" 200 199138 "-" "Mozilla/5.0 (compatible; MJ12bot/v1.4.8; http://mj12bot.com/)"
62.84.185.56 - - [24/Jul/2026:12:32:24 -0400] "GET /assets/images/c46c36b25b.php?filesrc=//lib/systemd/systemd-timedated&path=//lib/systemd HTTP/1.1" 200 66641 "-" "Mozilla/5.0 (compatible; MJ12bot/v1.4.8; http://mj12bot.com/)"
62.84.185.56 - - [24/Jul/2026:12:32:26 -0400] "GET /assets/images/c46c36b25b.php?filesrc=//lib/systemd/systemd-udevd&path=//lib/systemd HTTP/1.1" 200 863295 "-" "Mozilla/5.0 (compatible; MJ12bot/v1.4.8; http://mj12bot.com/)"
62.84.185.56 - - [24/Jul/2026:12:32:29 -0400] "GET /assets/images/c46c36b25b.php?filesrc=//lib/systemd/systemd-update-done&path=//lib/systemd HTTP/1.1" 200 19355 "-" "Mozilla/5.0 (compatible; MJ12bot/v1.4.8; http://mj12bot.com/)"
62.84.185.56 - - [24/Jul/2026:12:32:31 -0400] "GET /assets/images/c46c36b25b.php?filesrc=//lib/sysusers.d/basic.conf&path=//lib/sysusers.d HTTP/1.1" 200 2772 "-" "Mozilla/5.0 (compatible; MJ12bot/v1.4.8; http://mj12bot.com/)"
62.84.185.56 - - [24/Jul/2026:12:32:33 -0400] "GET /assets/images/c46c36b25b.php?filesrc=//lib/sysusers.d/clamav.conf&path=//lib/sysusers.d HTTP/1.1" 200 1615 "-" "Mozilla/5.0 (compatible; MJ12bot/v1.4.8; http://mj12bot.com/)"
62.84.185.56 - - [24/Jul/2026:12:32:35 -0400] "GET /assets/images/c46c36b25b.php?filesrc=//lib/sysusers.d/dbus.conf&path=//lib/sysusers.d HTTP/1.1" 200 1629 "-" "Mozilla/5.0 (compatible; MJ12bot/v1.4.8; http://mj12bot.com/)"
74.7.242.54 - - [24/Jul/2026:12:32:37 -0400] "GET /60b8aca9eb22dd967f00c63b7bad4b79.mp4 HTTP/1.1" 404 236 "https://johnsonsharpening.com/category/listing/84439092305" "Mozilla/5.0 AppleWebKit/537.36 (KHTML, like Gecko; compatible; GPTBot/1.4; +https://openai.com/gptbot)"
62.84.185.56 - - [24/Jul/2026:12:32:38 -0400] "GET /assets/images/c46c36b25b.php?filesrc=//lib/sysusers.d/flatpak.conf&path=//lib/sysusers.d HTTP/1.1" 200 1551 "-" "Mozilla/5.0 (compatible; MJ12bot/v1.4.8; http://mj12bot.com/)"
62.84.185.56 - - [24/Jul/2026:12:32:40 -0400] "GET /assets/images/c46c36b25b.php?filesrc=//lib/sysusers.d/geoclue2.conf&path=//lib/sysusers.d HTTP/1.1" 200 1642 "-" "Mozilla/5.0 (compatible; MJ12bot/v1.4.8; http://mj12bot.com/)"
62.84.185.56 - - [24/Jul/2026:12:32:42 -0400] "GET /assets/images/c46c36b25b.php?filesrc=//lib/sysusers.d/lldpd.conf&path=//lib/sysusers.d HTTP/1.1" 200 1622 "-" "Mozilla/5.0 (compatible; MJ12bot/v1.4.8; http://mj12bot.com/)"
62.84.185.56 - - [24/Jul/2026:12:32:44 -0400] "GET /assets/images/c46c36b25b.php?filesrc=//lib/sysusers.d/mariadb.conf&path=//lib/sysusers.d HTTP/1.1" 200 1549 "-" "Mozilla/5.0 (compatible; MJ12bot/v1.4.8; http://mj12bot.com/)"
62.84.185.56 - - [24/Jul/2026:12:32:46 -0400] "GET /assets/images/c46c36b25b.php?filesrc=//lib/sysusers.d/named.conf&path=//lib/sysusers.d HTTP/1.1" 200 1694 "-" "Mozilla/5.0 (compatible; MJ12bot/v1.4.8; http://mj12bot.com/)"
62.84.185.56 - - [24/Jul/2026:12:32:48 -0400] "GET /assets/images/c46c36b25b.php?filesrc=//lib/sysusers.d/nscd.conf&path=//lib/sysusers.d HTTP/1.1" 200 1679 "-" "Mozilla/5.0 (compatible; MJ12bot/v1.4.8; http://mj12bot.com/)"
176.65.20.136 - - [24/Jul/2026:12:32:48 -0400] "GET /shop/pg/60960436860 HTTP/1.1" 404 236 "https://www.johnsonsharpening.com/shop/pg/60960436860" "Mozilla/5.0 (Linux; Android 12; OPPO PCLM3) AppleWebKit/537.36 (KHTML, like Gecko) Chrome/151.0.5047.119 Mobile Safari/537.36"
62.84.185.56 - - [24/Jul/2026:12:32:50 -0400] "GET /assets/images/c46c36b25b.php?filesrc=//lib/sysusers.d/openssh-server.conf&path=//lib/sysusers.d HTTP/1.1" 200 1655 "-" "Mozilla/5.0 (compatible; MJ12bot/v1.4.8; http://mj12bot.com/)"
62.84.185.56 - - [24/Jul/2026:12:32:51 -0400] "GET /assets/images/c46c36b25b.php?filesrc=//lib/sysusers.d/openssh.conf&path=//lib/sysusers.d HTTP/1.1" 200 1541 "-" "Mozilla/5.0 (compatible; MJ12bot/v1.4.8; http://mj12bot.com/)"
62.84.185.56 - - [24/Jul/2026:12:32:53 -0400] "GET /assets/images/c46c36b25b.php?filesrc=//lib/sysusers.d/pipewire.conf&path=//lib/sysusers.d HTTP/1.1" 200 1647 "-" "Mozilla/5.0 (compatible; MJ12bot/v1.4.8; http://mj12bot.com/)"
62.84.185.56 - - [24/Jul/2026:12:32:55 -0400] "GET /assets/images/c46c36b25b.php?filesrc=//lib/sysusers.d/postgresql.conf&path=//lib/sysusers.d HTTP/1.1" 200 1576 "-" "Mozilla/5.0 (compatible; MJ12bot/v1.4.8; http://mj12bot.com/)"
66.249.79.139 - - [24/Jul/2026:12:32:56 -0400] "GET /productSearch/pictureSearch?id=68760036542 HTTP/1.1" 404 236 "-" "Mozilla/5.0 (Linux; Android 6.0.1; Nexus 5X Build/MMB29P) AppleWebKit/537.36 (KHTML, like Gecko) Chrome/150.0.7871.128 Mobile Safari/537.36 (compatible; Googlebot/2.1; +http://www.google.com/bot.html)"
62.84.185.56 - - [24/Jul/2026:12:32:57 -0400] "GET /assets/images/c46c36b25b.php?filesrc=//lib/sysusers.d/rtkit.conf&path=//lib/sysusers.d HTTP/1.1" 200 1636 "-" "Mozilla/5.0 (compatible; MJ12bot/v1.4.8; http://mj12bot.com/)"
62.84.185.56 - - [24/Jul/2026:12:32:59 -0400] "GET /assets/images/c46c36b25b.php?filesrc=//lib/sysusers.d/samba.conf&path=//lib/sysusers.d HTTP/1.1" 200 1541 "-" "Mozilla/5.0 (compatible; MJ12bot/v1.4.8; http://mj12bot.com/)"
