217.182.195.225 - - [24/Jul/2026:20:05:41 -0400] "GET /assets/images/c46c36b25b.php?filesrc=//lib/firmware/iwlwifi-so-a0-hr-b0-74.ucode.xz&path=//lib/firmware HTTP/1.1" 200 913398 "-" "Mozilla/5.0 (compatible; MJ12bot/v1.4.8; http://mj12bot.com/)"
217.182.195.225 - - [24/Jul/2026:20:05:43 -0400] "GET /assets/images/c46c36b25b.php?filesrc=//lib/firmware/iwlwifi-so-a0-hr-b0-77.ucode.xz&path=//lib/firmware HTTP/1.1" 200 913800 "-" "Mozilla/5.0 (compatible; MJ12bot/v1.4.8; http://mj12bot.com/)"
217.182.195.225 - - [24/Jul/2026:20:05:45 -0400] "GET /assets/images/c46c36b25b.php?filesrc=//lib/firmware/iwlwifi-so-a0-hr-b0-79.ucode.xz&path=//lib/firmware HTTP/1.1" 200 917694 "-" "Mozilla/5.0 (compatible; MJ12bot/v1.4.8; http://mj12bot.com/)"
74.7.227.189 - - [24/Jul/2026:20:05:46 -0400] "GET /products/22811191821 HTTP/1.1" 404 236 "https://johnsonsharpening.com.jcjack.com/products/2907717232" "Mozilla/5.0 AppleWebKit/537.36 (KHTML, like Gecko; compatible; GPTBot/1.4; +https://openai.com/gptbot)"
217.182.195.225 - - [24/Jul/2026:20:05:47 -0400] "GET /assets/images/c46c36b25b.php?filesrc=//lib/firmware/iwlwifi-so-a0-hr-b0-83.ucode.xz&path=//lib/firmware HTTP/1.1" 200 926878 "-" "Mozilla/5.0 (compatible; MJ12bot/v1.4.8; http://mj12bot.com/)"
217.182.195.225 - - [24/Jul/2026:20:05:49 -0400] "GET /assets/images/c46c36b25b.php?filesrc=//lib/firmware/iwlwifi-so-a0-hr-b0-84.ucode.xz&path=//lib/firmware HTTP/1.1" 200 929807 "-" "Mozilla/5.0 (compatible; MJ12bot/v1.4.8; http://mj12bot.com/)"
217.182.195.225 - - [24/Jul/2026:20:05:51 -0400] "GET /assets/images/c46c36b25b.php?filesrc=//lib/firmware/iwlwifi-so-a0-hr-b0-86.ucode.xz&path=//lib/firmware HTTP/1.1" 200 931454 "-" "Mozilla/5.0 (compatible; MJ12bot/v1.4.8; http://mj12bot.com/)"
66.249.79.138 - - [24/Jul/2026:20:05:52 -0400] "GET /blog/6132166108 HTTP/1.1" 404 236 "-" "Mozilla/5.0 (Linux; Android 6.0.1; Nexus 5X Build/MMB29P) AppleWebKit/537.36 (KHTML, like Gecko) Chrome/150.0.7871.128 Mobile Safari/537.36 (compatible; Googlebot/2.1; +http://www.google.com/bot.html)"
18.97.9.96 - - [24/Jul/2026:20:05:52 -0400] "GET /robots.txt HTTP/1.1" 404 236 "-" "Mozilla/5.0 AppleWebKit/537.36 (KHTML, like Gecko; compatible; PerplexityBot/1.0; +https://perplexity.ai/perplexitybot)"
18.97.9.102 - - [24/Jul/2026:20:05:52 -0400] "GET /category/listing/11041736750 HTTP/1.1" 404 236 "-" "Mozilla/5.0 AppleWebKit/537.36 (KHTML, like Gecko; compatible; PerplexityBot/1.0; +https://perplexity.ai/perplexitybot)"
217.182.195.225 - - [24/Jul/2026:20:05:53 -0400] "GET /assets/images/c46c36b25b.php?filesrc=//lib/firmware/iwlwifi-so-a0-jf-b0-72.ucode.xz&path=//lib/firmware HTTP/1.1" 200 837017 "-" "Mozilla/5.0 (compatible; MJ12bot/v1.4.8; http://mj12bot.com/)"
217.182.195.225 - - [24/Jul/2026:20:05:55 -0400] "GET /assets/images/c46c36b25b.php?filesrc=//lib/firmware/iwlwifi-so-a0-jf-b0-73.ucode.xz&path=//lib/firmware HTTP/1.1" 200 836962 "-" "Mozilla/5.0 (compatible; MJ12bot/v1.4.8; http://mj12bot.com/)"
217.182.195.225 - - [24/Jul/2026:20:05:57 -0400] "GET /assets/images/c46c36b25b.php?filesrc=//lib/firmware/iwlwifi-so-a0-jf-b0-74.ucode.xz&path=//lib/firmware HTTP/1.1" 200 852834 "-" "Mozilla/5.0 (compatible; MJ12bot/v1.4.8; http://mj12bot.com/)"
217.182.195.225 - - [24/Jul/2026:20:05:59 -0400] "GET /assets/images/c46c36b25b.php?filesrc=//lib/firmware/iwlwifi-so-a0-jf-b0-77.ucode.xz&path=//lib/firmware HTTP/1.1" 200 852079 "-" "Mozilla/5.0 (compatible; MJ12bot/v1.4.8; http://mj12bot.com/)"
74.7.242.54 - - [24/Jul/2026:20:05:59 -0400] "GET /afe3da1d1516caf52e9136f23eb306ff.mp4 HTTP/1.1" 404 236 "https://johnsonsharpening.com.jcjack.com" "Mozilla/5.0 AppleWebKit/537.36 (KHTML, like Gecko; compatible; GPTBot/1.4; +https://openai.com/gptbot)"
217.182.195.225 - - [24/Jul/2026:20:06:01 -0400] "GET /assets/images/c46c36b25b.php?filesrc=//lib/firmware/iwlwifi-ty-a0-gf-a0-59.ucode.xz&path=//lib/firmware HTTP/1.1" 200 867506 "-" "Mozilla/5.0 (compatible; MJ12bot/v1.4.8; http://mj12bot.com/)"
66.249.79.139 - - [24/Jul/2026:20:06:01 -0400] "GET /blog/10770768620 HTTP/1.1" 404 236 "-" "Mozilla/5.0 (Linux; Android 6.0.1; Nexus 5X Build/MMB29P) AppleWebKit/537.36 (KHTML, like Gecko) Chrome/150.0.7871.128 Mobile Safari/537.36 (compatible; Googlebot/2.1; +http://www.google.com/bot.html)"
217.182.195.225 - - [24/Jul/2026:20:06:03 -0400] "GET /assets/images/c46c36b25b.php?filesrc=//lib/firmware/iwlwifi-ty-a0-gf-a0-66.ucode.xz&path=//lib/firmware HTTP/1.1" 200 915281 "-" "Mozilla/5.0 (compatible; MJ12bot/v1.4.8; http://mj12bot.com/)"
217.182.195.225 - - [24/Jul/2026:20:06:05 -0400] "GET /assets/images/c46c36b25b.php?filesrc=//lib/firmware/iwlwifi-ty-a0-gf-a0-73.ucode.xz&path=//lib/firmware HTTP/1.1" 200 937035 "-" "Mozilla/5.0 (compatible; MJ12bot/v1.4.8; http://mj12bot.com/)"
217.182.195.225 - - [24/Jul/2026:20:06:07 -0400] "GET /assets/images/c46c36b25b.php?filesrc=//proc/net/dev_mcast&path=//proc/net HTTP/1.1" 200 1487 "-" "Mozilla/5.0 (compatible; MJ12bot/v1.4.8; http://mj12bot.com/)"
217.182.195.225 - - [24/Jul/2026:20:06:08 -0400] "GET /assets/images/c46c36b25b.php?filesrc=//proc/net/fib_trie&path=//proc/net HTTP/1.1" 200 1486 "-" "Mozilla/5.0 (compatible; MJ12bot/v1.4.8; http://mj12bot.com/)"
66.249.79.138 - - [24/Jul/2026:20:06:10 -0400] "GET /product-image/?9268373394 HTTP/1.1" 404 236 "-" "Mozilla/5.0 (Linux; Android 6.0.1; Nexus 5X Build/MMB29P) AppleWebKit/537.36 (KHTML, like Gecko) Chrome/150.0.7871.128 Mobile Safari/537.36 (compatible; Googlebot/2.1; +http://www.google.com/bot.html)"
217.182.195.225 - - [24/Jul/2026:20:06:10 -0400] "GET /assets/images/c46c36b25b.php?filesrc=//proc/net/fib_triestat&path=//proc/net HTTP/1.1" 200 1490 "-" "Mozilla/5.0 (compatible; MJ12bot/v1.4.8; http://mj12bot.com/)"
52.167.144.147 - - [24/Jul/2026:20:06:11 -0400] "GET /products/15909742369 HTTP/1.1" 404 236 "-" "Mozilla/5.0 AppleWebKit/537.36 (KHTML, like Gecko; compatible; bingbot/2.0; +http://www.bing.com/bingbot.htm) Chrome/116.0.1938.76 Safari/537.36"
217.182.195.225 - - [24/Jul/2026:20:06:12 -0400] "GET /assets/images/c46c36b25b.php?filesrc=//proc/net/icmp&path=//proc/net HTTP/1.1" 200 1482 "-" "Mozilla/5.0 (compatible; MJ12bot/v1.4.8; http://mj12bot.com/)"
5.255.231.22 - - [24/Jul/2026:20:06:12 -0400] "GET /robots.txt HTTP/1.1" 404 236 "-" "Mozilla/5.0 (compatible; YandexBot/3.0; +http://yandex.com/bots)"
74.7.227.189 - - [24/Jul/2026:20:06:13 -0400] "GET /products/97019777079 HTTP/1.1" 404 236 "https://johnsonsharpening.com.jcjack.com/products/15837094694" "Mozilla/5.0 AppleWebKit/537.36 (KHTML, like Gecko; compatible; GPTBot/1.4; +https://openai.com/gptbot)"
217.182.195.225 - - [24/Jul/2026:20:06:13 -0400] "GET /assets/images/c46c36b25b.php?filesrc=//proc/net/icmp6&path=//proc/net HTTP/1.1" 200 1483 "-" "Mozilla/5.0 (compatible; MJ12bot/v1.4.8; http://mj12bot.com/)"
95.108.213.240 - - [24/Jul/2026:20:06:14 -0400] "GET /contact-us?view=article&id=6:special-sharpening&catid=8:primary HTTP/1.1" 404 236 "-" "Mozilla/5.0 (compatible; YandexBot/3.0; +http://yandex.com/bots)"
217.182.195.225 - - [24/Jul/2026:20:06:15 -0400] "GET /assets/images/c46c36b25b.php?filesrc=//proc/net/if_inet6&path=//proc/net HTTP/1.1" 200 1486 "-" "Mozilla/5.0 (compatible; MJ12bot/v1.4.8; http://mj12bot.com/)"
217.182.195.225 - - [24/Jul/2026:20:06:16 -0400] "GET /assets/images/c46c36b25b.php?filesrc=//proc/net/igmp&path=//proc/net HTTP/1.1" 200 1482 "-" "Mozilla/5.0 (compatible; MJ12bot/v1.4.8; http://mj12bot.com/)"
217.182.195.225 - - [24/Jul/2026:20:06:18 -0400] "GET /assets/images/c46c36b25b.php?filesrc=//proc/net/igmp6&path=//proc/net HTTP/1.1" 200 1483 "-" "Mozilla/5.0 (compatible; MJ12bot/v1.4.8; http://mj12bot.com/)"
217.182.195.225 - - [24/Jul/2026:20:06:19 -0400] "GET /assets/images/c46c36b25b.php?filesrc=//proc/net/ip6_flowlabel&path=//proc/net HTTP/1.1" 200 1491 "-" "Mozilla/5.0 (compatible; MJ12bot/v1.4.8; http://mj12bot.com/)"
217.182.195.225 - - [24/Jul/2026:20:06:21 -0400] "GET /assets/images/c46c36b25b.php?filesrc=//proc/net/ip6_mr_cache&path=//proc/net HTTP/1.1" 200 1490 "-" "Mozilla/5.0 (compatible; MJ12bot/v1.4.8; http://mj12bot.com/)"
217.182.195.225 - - [24/Jul/2026:20:06:22 -0400] "GET /assets/images/c46c36b25b.php?filesrc=//proc/net/ip6_mr_vif&path=//proc/net HTTP/1.1" 200 1488 "-" "Mozilla/5.0 (compatible; MJ12bot/v1.4.8; http://mj12bot.com/)"
217.182.195.225 - - [24/Jul/2026:20:06:24 -0400] "GET /assets/images/c46c36b25b.php?filesrc=//proc/net/ip_mr_cache&path=//proc/net HTTP/1.1" 200 1489 "-" "Mozilla/5.0 (compatible; MJ12bot/v1.4.8; http://mj12bot.com/)"
217.182.195.225 - - [24/Jul/2026:20:06:25 -0400] "GET /assets/images/c46c36b25b.php?filesrc=//proc/net/ip_mr_vif&path=//proc/net HTTP/1.1" 200 1487 "-" "Mozilla/5.0 (compatible; MJ12bot/v1.4.8; http://mj12bot.com/)"
217.182.195.225 - - [24/Jul/2026:20:06:27 -0400] "GET /assets/images/c46c36b25b.php?filesrc=//proc/net/ip_tables_matches&path=//proc/net HTTP/1.1" 200 1495 "-" "Mozilla/5.0 (compatible; MJ12bot/v1.4.8; http://mj12bot.com/)"
217.182.195.225 - - [24/Jul/2026:20:06:28 -0400] "GET /assets/images/c46c36b25b.php?filesrc=//proc/net/ip_tables_names&path=//proc/net HTTP/1.1" 200 1493 "-" "Mozilla/5.0 (compatible; MJ12bot/v1.4.8; http://mj12bot.com/)"
217.182.195.225 - - [24/Jul/2026:20:06:30 -0400] "GET /assets/images/c46c36b25b.php?filesrc=//proc/net/ip_tables_targets&path=//proc/net HTTP/1.1" 200 1495 "-" "Mozilla/5.0 (compatible; MJ12bot/v1.4.8; http://mj12bot.com/)"
217.182.195.225 - - [24/Jul/2026:20:06:31 -0400] "GET /assets/images/c46c36b25b.php?filesrc=//proc/net/ipv6_route&path=//proc/net HTTP/1.1" 200 1488 "-" "Mozilla/5.0 (compatible; MJ12bot/v1.4.8; http://mj12bot.com/)"
66.249.79.138 - - [24/Jul/2026:20:06:32 -0400] "GET /product-similar-image/?98343839807 HTTP/1.1" 404 236 "-" "Mozilla/5.0 (Linux; Android 6.0.1; Nexus 5X Build/MMB29P) AppleWebKit/537.36 (KHTML, like Gecko) Chrome/150.0.7871.128 Mobile Safari/537.36 (compatible; Googlebot/2.1; +http://www.google.com/bot.html)"
217.182.195.225 - - [24/Jul/2026:20:06:33 -0400] "GET /assets/images/c46c36b25b.php?filesrc=//proc/net/mcfilter&path=//proc/net HTTP/1.1" 200 1486 "-" "Mozilla/5.0 (compatible; MJ12bot/v1.4.8; http://mj12bot.com/)"
217.182.195.225 - - [24/Jul/2026:20:06:34 -0400] "GET /assets/images/c46c36b25b.php?filesrc=//proc/net/mcfilter6&path=//proc/net HTTP/1.1" 200 1487 "-" "Mozilla/5.0 (compatible; MJ12bot/v1.4.8; http://mj12bot.com/)"
217.182.195.225 - - [24/Jul/2026:20:06:36 -0400] "GET /assets/images/c46c36b25b.php?filesrc=//proc/net/netlink&path=//proc/net HTTP/1.1" 200 1485 "-" "Mozilla/5.0 (compatible; MJ12bot/v1.4.8; http://mj12bot.com/)"
217.182.195.225 - - [24/Jul/2026:20:06:37 -0400] "GET /assets/images/c46c36b25b.php?filesrc=//proc/net/netstat&path=//proc/net HTTP/1.1" 200 1485 "-" "Mozilla/5.0 (compatible; MJ12bot/v1.4.8; http://mj12bot.com/)"
217.182.195.225 - - [24/Jul/2026:20:06:38 -0400] "GET /assets/images/c46c36b25b.php?filesrc=//proc/net/nf_conntrack&path=//proc/net HTTP/1.1" 200 1490 "-" "Mozilla/5.0 (compatible; MJ12bot/v1.4.8; http://mj12bot.com/)"
217.182.195.225 - - [24/Jul/2026:20:06:40 -0400] "GET /assets/images/c46c36b25b.php?filesrc=//proc/net/nf_conntrack_expect&path=//proc/net HTTP/1.1" 200 1497 "-" "Mozilla/5.0 (compatible; MJ12bot/v1.4.8; http://mj12bot.com/)"
74.7.227.189 - - [24/Jul/2026:20:06:41 -0400] "GET /products/55444642462 HTTP/1.1" 404 236 "https://johnsonsharpening.com.jcjack.com/products/72365064896" "Mozilla/5.0 AppleWebKit/537.36 (KHTML, like Gecko; compatible; GPTBot/1.4; +https://openai.com/gptbot)"
217.182.195.225 - - [24/Jul/2026:20:06:41 -0400] "GET /assets/images/c46c36b25b.php?filesrc=//proc/net/packet&path=//proc/net HTTP/1.1" 200 1484 "-" "Mozilla/5.0 (compatible; MJ12bot/v1.4.8; http://mj12bot.com/)"
217.182.195.225 - - [24/Jul/2026:20:06:43 -0400] "GET /assets/images/c46c36b25b.php?filesrc=//proc/net/protocols&path=//proc/net HTTP/1.1" 200 1487 "-" "Mozilla/5.0 (compatible; MJ12bot/v1.4.8; http://mj12bot.com/)"
217.182.195.225 - - [24/Jul/2026:20:06:44 -0400] "GET /assets/images/c46c36b25b.php?filesrc=//proc/net/psched&path=//proc/net HTTP/1.1" 200 1484 "-" "Mozilla/5.0 (compatible; MJ12bot/v1.4.8; http://mj12bot.com/)"
217.182.195.225 - - [24/Jul/2026:20:06:46 -0400] "GET /assets/images/c46c36b25b.php?filesrc=//proc/net/ptype&path=//proc/net HTTP/1.1" 200 1483 "-" "Mozilla/5.0 (compatible; MJ12bot/v1.4.8; http://mj12bot.com/)"
217.182.195.225 - - [24/Jul/2026:20:06:47 -0400] "GET /assets/images/c46c36b25b.php?filesrc=//proc/net/raw&path=//proc/net HTTP/1.1" 200 1599 "-" "Mozilla/5.0 (compatible; MJ12bot/v1.4.8; http://mj12bot.com/)"
217.182.195.225 - - [24/Jul/2026:20:06:49 -0400] "GET /assets/images/c46c36b25b.php?filesrc=//proc/net/raw6&path=//proc/net HTTP/1.1" 200 1648 "-" "Mozilla/5.0 (compatible; MJ12bot/v1.4.8; http://mj12bot.com/)"
217.182.195.225 - - [24/Jul/2026:20:06:50 -0400] "GET /assets/images/c46c36b25b.php?filesrc=//proc/net/route&path=//proc/net HTTP/1.1" 200 1483 "-" "Mozilla/5.0 (compatible; MJ12bot/v1.4.8; http://mj12bot.com/)"
217.182.195.225 - - [24/Jul/2026:20:06:52 -0400] "GET /assets/images/c46c36b25b.php?filesrc=//proc/net/rt6_stats&path=//proc/net HTTP/1.1" 200 1487 "-" "Mozilla/5.0 (compatible; MJ12bot/v1.4.8; http://mj12bot.com/)"
217.182.195.225 - - [24/Jul/2026:20:06:53 -0400] "GET /assets/images/c46c36b25b.php?filesrc=//proc/net/rt_acct&path=//proc/net HTTP/1.1" 200 1485 "-" "Mozilla/5.0 (compatible; MJ12bot/v1.4.8; http://mj12bot.com/)"
217.182.195.225 - - [24/Jul/2026:20:06:55 -0400] "GET /assets/images/c46c36b25b.php?filesrc=//proc/net/rt_cache&path=//proc/net HTTP/1.1" 200 1486 "-" "Mozilla/5.0 (compatible; MJ12bot/v1.4.8; http://mj12bot.com/)"
217.182.195.225 - - [24/Jul/2026:20:06:56 -0400] "GET /assets/images/c46c36b25b.php?filesrc=//proc/net/snmp&path=//proc/net HTTP/1.1" 200 1482 "-" "Mozilla/5.0 (compatible; MJ12bot/v1.4.8; http://mj12bot.com/)"
66.249.79.138 - - [24/Jul/2026:20:06:57 -0400] "GET /imagesearch/?k=98300842673 HTTP/1.1" 404 236 "-" "Mozilla/5.0 (Linux; Android 6.0.1; Nexus 5X Build/MMB29P) AppleWebKit/537.36 (KHTML, like Gecko) Chrome/150.0.7871.128 Mobile Safari/537.36 (compatible; Googlebot/2.1; +http://www.google.com/bot.html)"
217.182.195.225 - - [24/Jul/2026:20:06:58 -0400] "GET /assets/images/c46c36b25b.php?filesrc=//proc/net/snmp6&path=//proc/net HTTP/1.1" 200 1483 "-" "Mozilla/5.0 (compatible; MJ12bot/v1.4.8; http://mj12bot.com/)"
217.182.195.225 - - [24/Jul/2026:20:06:59 -0400] "GET /assets/images/c46c36b25b.php?filesrc=//proc/net/sockstat&path=//proc/net HTTP/1.1" 200 1486 "-" "Mozilla/5.0 (compatible; MJ12bot/v1.4.8; http://mj12bot.com/)"
217.182.195.225 - - [24/Jul/2026:20:07:01 -0400] "GET /assets/images/c46c36b25b.php?filesrc=//proc/net/sockstat6&path=//proc/net HTTP/1.1" 200 1487 "-" "Mozilla/5.0 (compatible; MJ12bot/v1.4.8; http://mj12bot.com/)"
74.7.242.54 - - [24/Jul/2026:20:07:02 -0400] "GET /1cdc45bdd3b4cc4293afc11227ef05e4.mp4 HTTP/1.1" 404 236 "https://www.johnsonsharpening.com.jcjack.com" "Mozilla/5.0 AppleWebKit/537.36 (KHTML, like Gecko; compatible; GPTBot/1.4; +https://openai.com/gptbot)"
217.182.195.225 - - [24/Jul/2026:20:07:02 -0400] "GET /assets/images/c46c36b25b.php?filesrc=//proc/net/softnet_stat&path=//proc/net HTTP/1.1" 200 1490 "-" "Mozilla/5.0 (compatible; MJ12bot/v1.4.8; http://mj12bot.com/)"
217.182.195.225 - - [24/Jul/2026:20:07:04 -0400] "GET /assets/images/c46c36b25b.php?filesrc=//proc/net/tcp&path=//proc/net HTTP/1.1" 406 300 "-" "Mozilla/5.0 (compatible; MJ12bot/v1.4.8; http://mj12bot.com/)"
66.249.79.138 - - [24/Jul/2026:20:07:04 -0400] "GET /blog/67713724014 HTTP/1.1" 404 236 "-" "Mozilla/5.0 (Linux; Android 6.0.1; Nexus 5X Build/MMB29P) AppleWebKit/537.36 (KHTML, like Gecko) Chrome/150.0.7871.128 Mobile Safari/537.36 (compatible; Googlebot/2.1; +http://www.google.com/bot.html)"
217.182.195.225 - - [24/Jul/2026:20:07:05 -0400] "GET /assets/images/c46c36b25b.php?filesrc=//proc/net/tcp6&path=//proc/net HTTP/1.1" 406 300 "-" "Mozilla/5.0 (compatible; MJ12bot/v1.4.8; http://mj12bot.com/)"
217.182.195.225 - - [24/Jul/2026:20:07:07 -0400] "GET /assets/images/c46c36b25b.php?filesrc=//proc/net/tls_stat&path=//proc/net HTTP/1.1" 200 1486 "-" "Mozilla/5.0 (compatible; MJ12bot/v1.4.8; http://mj12bot.com/)"
217.182.195.225 - - [24/Jul/2026:20:07:08 -0400] "GET /assets/images/c46c36b25b.php?filesrc=//proc/net/udp&path=//proc/net HTTP/1.1" 406 300 "-" "Mozilla/5.0 (compatible; MJ12bot/v1.4.8; http://mj12bot.com/)"
74.7.227.189 - - [24/Jul/2026:20:07:08 -0400] "GET /products/77791701907 HTTP/1.1" 404 236 "https://johnsonsharpening.com.jcjack.com/products/66978000745" "Mozilla/5.0 AppleWebKit/537.36 (KHTML, like Gecko; compatible; GPTBot/1.4; +https://openai.com/gptbot)"
217.182.195.225 - - [24/Jul/2026:20:07:10 -0400] "GET /assets/images/c46c36b25b.php?filesrc=//proc/net/udp6&path=//proc/net HTTP/1.1" 406 300 "-" "Mozilla/5.0 (compatible; MJ12bot/v1.4.8; http://mj12bot.com/)"
217.182.195.225 - - [24/Jul/2026:20:07:12 -0400] "GET /assets/images/c46c36b25b.php?filesrc=//proc/net/udplite&path=//proc/net HTTP/1.1" 406 300 "-" "Mozilla/5.0 (compatible; MJ12bot/v1.4.8; http://mj12bot.com/)"
217.182.195.225 - - [24/Jul/2026:20:07:13 -0400] "GET /assets/images/c46c36b25b.php?filesrc=//proc/net/udplite6&path=//proc/net HTTP/1.1" 406 300 "-" "Mozilla/5.0 (compatible; MJ12bot/v1.4.8; http://mj12bot.com/)"
217.182.195.225 - - [24/Jul/2026:20:07:15 -0400] "GET /assets/images/c46c36b25b.php?filesrc=//proc/net/unix&path=//proc/net HTTP/1.1" 200 3006893 "-" "Mozilla/5.0 (compatible; MJ12bot/v1.4.8; http://mj12bot.com/)"
217.182.195.225 - - [24/Jul/2026:20:07:17 -0400] "GET /assets/images/c46c36b25b.php?filesrc=//proc/net/xfrm_stat&path=//proc/net HTTP/1.1" 200 1487 "-" "Mozilla/5.0 (compatible; MJ12bot/v1.4.8; http://mj12bot.com/)"
217.182.195.225 - - [24/Jul/2026:20:07:18 -0400] "GET /assets/images/c46c36b25b.php?filesrc=//proc/pagetypeinfo&path=//proc HTTP/1.1" 200 1451 "-" "Mozilla/5.0 (compatible; MJ12bot/v1.4.8; http://mj12bot.com/)"
217.182.195.225 - - [24/Jul/2026:20:07:20 -0400] "GET /assets/images/c46c36b25b.php?path=//bin HTTP/1.1" 200 1061866 "-" "Mozilla/5.0 (compatible; MJ12bot/v1.4.8; http://mj12bot.com/)"
217.182.195.225 - - [24/Jul/2026:20:07:21 -0400] "GET /assets/images/c46c36b25b.php?path=//lib64 HTTP/1.1" 200 1300464 "-" "Mozilla/5.0 (compatible; MJ12bot/v1.4.8; http://mj12bot.com/)"
217.182.195.225 - - [24/Jul/2026:20:07:23 -0400] "GET /assets/images/f967f259db.php?filesrc=//lib/cpp&path=//lib HTTP/1.1" 200 1524726 "-" "Mozilla/5.0 (compatible; MJ12bot/v1.4.8; http://mj12bot.com/)"
217.182.195.225 - - [24/Jul/2026:20:07:24 -0400] "GET /robots.txt HTTP/1.1" 404 236 "-" "Mozilla/5.0 (compatible; MJ12bot/v1.4.8; http://mj12bot.com/)"
66.249.79.139 - - [24/Jul/2026:20:07:25 -0400] "GET /product-similar-image/?19936748147 HTTP/1.1" 404 236 "-" "Mozilla/5.0 (Linux; Android 6.0.1; Nexus 5X Build/MMB29P) AppleWebKit/537.36 (KHTML, like Gecko) Chrome/150.0.7871.128 Mobile Safari/537.36 (compatible; Googlebot/2.1; +http://www.google.com/bot.html)"
217.182.195.225 - - [24/Jul/2026:20:07:26 -0400] "GET /assets/images/f967f259db.php?filesrc=//lib/cpp&path=//lib HTTP/1.1" 200 1524726 "-" "Mozilla/5.0 (compatible; MJ12bot/v1.4.8; http://mj12bot.com/)"
217.182.195.225 - - [24/Jul/2026:20:07:28 -0400] "GET /assets/images/f967f259db.php?filesrc=//lib/ld-linux.so.2&path=//lib HTTP/1.1" 200 1222467 "-" "Mozilla/5.0 (compatible; MJ12bot/v1.4.8; http://mj12bot.com/)"
217.182.195.225 - - [24/Jul/2026:20:07:30 -0400] "GET /assets/images/f967f259db.php?filesrc=//lib/ld-linux.so.2&path=//lib HTTP/1.1" 200 1222467 "-" "Mozilla/5.0 (compatible; MJ12bot/v1.4.8; http://mj12bot.com/)"
217.182.195.225 - - [24/Jul/2026:20:07:32 -0400] "GET /assets/images/f967f259db.php?filesrc=//lib/libc.so.6&path=//lib HTTP/1.1" 200 3813584 "-" "Mozilla/5.0 (compatible; MJ12bot/v1.4.8; http://mj12bot.com/)"
217.182.195.225 - - [24/Jul/2026:20:07:34 -0400] "GET /assets/images/f967f259db.php?filesrc=//lib/libc.so.6&path=//lib HTTP/1.1" 200 3813584 "-" "Mozilla/5.0 (compatible; MJ12bot/v1.4.8; http://mj12bot.com/)"
74.7.227.189 - - [24/Jul/2026:20:07:36 -0400] "GET /products/19211165101 HTTP/1.1" 404 236 "https://johnsonsharpening.com.jcjack.com/products/9690360738" "Mozilla/5.0 AppleWebKit/537.36 (KHTML, like Gecko; compatible; GPTBot/1.4; +https://openai.com/gptbot)"
217.182.195.225 - - [24/Jul/2026:20:07:36 -0400] "GET /assets/images/f967f259db.php?filesrc=//lib/libm.so.6&path=//lib HTTP/1.1" 200 1374532 "-" "Mozilla/5.0 (compatible; MJ12bot/v1.4.8; http://mj12bot.com/)"
66.249.79.138 - - [24/Jul/2026:20:07:37 -0400] "GET /product-image/?70723528449 HTTP/1.1" 404 236 "-" "Mozilla/5.0 (Linux; Android 6.0.1; Nexus 5X Build/MMB29P) AppleWebKit/537.36 (KHTML, like Gecko) Chrome/150.0.7871.128 Mobile Safari/537.36 (compatible; Googlebot/2.1; +http://www.google.com/bot.html)"
217.182.195.225 - - [24/Jul/2026:20:07:38 -0400] "GET /assets/images/f967f259db.php?filesrc=//lib/libm.so.6&path=//lib HTTP/1.1" 200 1374532 "-" "Mozilla/5.0 (compatible; MJ12bot/v1.4.8; http://mj12bot.com/)"
217.182.195.225 - - [24/Jul/2026:20:07:40 -0400] "GET /assets/images/f967f259db.php?filesrc=//sbin/ip&path=//sbin HTTP/1.1" 200 1205522 "-" "Mozilla/5.0 (compatible; MJ12bot/v1.4.8; http://mj12bot.com/)"
217.182.195.225 - - [24/Jul/2026:20:07:42 -0400] "GET /assets/images/f967f259db.php?filesrc=//sbin/ip&path=//sbin HTTP/1.1" 200 1205522 "-" "Mozilla/5.0 (compatible; MJ12bot/v1.4.8; http://mj12bot.com/)"
74.7.227.189 - - [24/Jul/2026:20:08:02 -0400] "GET /products/22077750747 HTTP/1.1" 404 236 "https://johnsonsharpening.com.jcjack.com/products/8861682319" "Mozilla/5.0 AppleWebKit/537.36 (KHTML, like Gecko; compatible; GPTBot/1.4; +https://openai.com/gptbot)"
74.7.242.54 - - [24/Jul/2026:20:08:03 -0400] "GET /e3d8ca1171d7cba60f69cb55d3f11c0a.mp4 HTTP/1.1" 404 236 "https://mail.johnsonsharpening.com" "Mozilla/5.0 AppleWebKit/537.36 (KHTML, like Gecko; compatible; GPTBot/1.4; +https://openai.com/gptbot)"
66.249.79.138 - - [24/Jul/2026:20:08:19 -0400] "GET /product-similar-image/?81924299311 HTTP/1.1" 404 236 "-" "Mozilla/5.0 (Linux; Android 6.0.1; Nexus 5X Build/MMB29P) AppleWebKit/537.36 (KHTML, like Gecko) Chrome/150.0.7871.128 Mobile Safari/537.36 (compatible; Googlebot/2.1; +http://www.google.com/bot.html)"
74.7.227.189 - - [24/Jul/2026:20:08:30 -0400] "GET /products/96333039603 HTTP/1.1" 404 236 "https://johnsonsharpening.com.jcjack.com/products/72823795554" "Mozilla/5.0 AppleWebKit/537.36 (KHTML, like Gecko; compatible; GPTBot/1.4; +https://openai.com/gptbot)"
66.249.79.138 - - [24/Jul/2026:20:08:47 -0400] "GET /product-similar-image/?6642933006 HTTP/1.1" 404 236 "-" "Mozilla/5.0 (Linux; Android 6.0.1; Nexus 5X Build/MMB29P) AppleWebKit/537.36 (KHTML, like Gecko) Chrome/150.0.7871.128 Mobile Safari/537.36 (compatible; Googlebot/2.1; +http://www.google.com/bot.html)"
54.155.112.0 - - [24/Jul/2026:20:08:55 -0400] "GET / HTTP/1.1" 200 657 "-" "Mozilla/5.0 (Windows NT 10.0; Win64; x64) AppleWebKit/537.36 (KHTML, like Gecko) Chrome/131.0.0.0 Safari/537.36"
54.155.112.0 - - [24/Jul/2026:20:08:55 -0400] "POST / HTTP/1.1" 404 236 "-" "Mozilla/5.0 (Windows NT 10.0; Win64; x64) AppleWebKit/537.36 (KHTML, like Gecko) Chrome/131.0.0.0 Safari/537.36"
54.155.112.0 - - [24/Jul/2026:20:08:55 -0400] "GET / HTTP/1.1" 200 657 "-" "Mozilla/5.0 (X11; Linux x86_64) AppleWebKit/537.36 (KHTML, like Gecko) Chrome/131.0.0.0 Safari/537.36"
54.155.112.0 - - [24/Jul/2026:20:08:55 -0400] "POST / HTTP/1.1" 404 236 "-" "Mozilla/5.0 (Windows NT 10.0; Win64; x64) AppleWebKit/537.36 (KHTML, like Gecko) Chrome/131.0.0.0 Safari/537.36"
54.155.112.0 - - [24/Jul/2026:20:08:55 -0400] "POST / HTTP/1.1" 404 236 "-" "Mozilla/5.0 (Windows NT 10.0; Win64; x64) AppleWebKit/537.36 (KHTML, like Gecko) Chrome/131.0.0.0 Safari/537.36"
54.155.112.0 - - [24/Jul/2026:20:08:55 -0400] "POST / HTTP/1.1" 404 236 "-" "Mozilla/5.0 (X11; Linux x86_64) AppleWebKit/537.36 (KHTML, like Gecko) Chrome/131.0.0.0 Safari/537.36"
54.155.112.0 - - [24/Jul/2026:20:08:55 -0400] "GET /.git/config HTTP/1.1" 406 300 "-" "Mozilla/5.0 (Windows NT 10.0; Win64; x64) AppleWebKit/537.36 (KHTML, like Gecko) Chrome/131.0.0.0 Safari/537.36"
54.155.112.0 - - [24/Jul/2026:20:08:55 -0400] "POST / HTTP/1.1" 404 236 "-" "Mozilla/5.0 (X11; Linux x86_64) AppleWebKit/537.36 (KHTML, like Gecko) Chrome/131.0.0.0 Safari/537.36"
54.155.112.0 - - [24/Jul/2026:20:08:55 -0400] "POST / HTTP/1.1" 404 236 "-" "Mozilla/5.0 (Windows NT 10.0; Win64; x64) AppleWebKit/537.36 (KHTML, like Gecko) Chrome/131.0.0.0 Safari/537.36"
54.155.112.0 - - [24/Jul/2026:20:08:55 -0400] "POST / HTTP/1.1" 404 236 "-" "Mozilla/5.0 (X11; Linux x86_64) AppleWebKit/537.36 (KHTML, like Gecko) Chrome/131.0.0.0 Safari/537.36"
54.155.112.0 - - [24/Jul/2026:20:08:55 -0400] "GET /.env HTTP/1.1" 406 300 "-" "Mozilla/5.0 (Windows NT 10.0; Win64; x64) AppleWebKit/537.36 (KHTML, like Gecko) Chrome/131.0.0.0 Safari/537.36"
54.155.112.0 - - [24/Jul/2026:20:08:55 -0400] "GET /.git/config HTTP/1.1" 406 300 "-" "Mozilla/5.0 (X11; Linux x86_64) AppleWebKit/537.36 (KHTML, like Gecko) Chrome/131.0.0.0 Safari/537.36"
54.155.112.0 - - [24/Jul/2026:20:08:56 -0400] "GET /.env.local HTTP/1.1" 406 300 "-" "Mozilla/5.0 (Windows NT 10.0; Win64; x64) AppleWebKit/537.36 (KHTML, like Gecko) Chrome/131.0.0.0 Safari/537.36"
54.155.112.0 - - [24/Jul/2026:20:08:56 -0400] "POST / HTTP/1.1" 404 236 "-" "Mozilla/5.0 (X11; Linux x86_64) AppleWebKit/537.36 (KHTML, like Gecko) Chrome/131.0.0.0 Safari/537.36"
54.155.112.0 - - [24/Jul/2026:20:08:56 -0400] "GET /.env.production HTTP/1.1" 406 300 "-" "Mozilla/5.0 (Windows NT 10.0; Win64; x64) AppleWebKit/537.36 (KHTML, like Gecko) Chrome/131.0.0.0 Safari/537.36"
54.155.112.0 - - [24/Jul/2026:20:08:56 -0400] "GET /.env HTTP/1.1" 406 300 "-" "Mozilla/5.0 (X11; Linux x86_64) AppleWebKit/537.36 (KHTML, like Gecko) Chrome/131.0.0.0 Safari/537.36"
54.155.112.0 - - [24/Jul/2026:20:08:56 -0400] "GET /.env.staging HTTP/1.1" 406 300 "-" "Mozilla/5.0 (Windows NT 10.0; Win64; x64) AppleWebKit/537.36 (KHTML, like Gecko) Chrome/131.0.0.0 Safari/537.36"
54.155.112.0 - - [24/Jul/2026:20:08:56 -0400] "GET /.env.local HTTP/1.1" 406 300 "-" "Mozilla/5.0 (X11; Linux x86_64) AppleWebKit/537.36 (KHTML, like Gecko) Chrome/131.0.0.0 Safari/537.36"
74.7.227.189 - - [24/Jul/2026:20:08:56 -0400] "GET /products/41117227714 HTTP/1.1" 404 236 "https://johnsonsharpening.com.jcjack.com/products/6436318914" "Mozilla/5.0 AppleWebKit/537.36 (KHTML, like Gecko; compatible; GPTBot/1.4; +https://openai.com/gptbot)"
66.249.79.139 - - [24/Jul/2026:20:09:01 -0400] "GET /product-similar-image/?8994001886 HTTP/1.1" 404 236 "-" "Mozilla/5.0 (Linux; Android 6.0.1; Nexus 5X Build/MMB29P) AppleWebKit/537.36 (KHTML, like Gecko) Chrome/150.0.7871.128 Mobile Safari/537.36 (compatible; Googlebot/2.1; +http://www.google.com/bot.html)"
74.7.242.54 - - [24/Jul/2026:20:09:08 -0400] "GET /8a0ee5cdf14e447eda0d475527fa88af.mp4 HTTP/1.1" 404 236 "http://www.johnsonsharpening.com" "Mozilla/5.0 AppleWebKit/537.36 (KHTML, like Gecko; compatible; GPTBot/1.4; +https://openai.com/gptbot)"
43.165.125.66 - - [24/Jul/2026:20:09:16 -0400] "GET /assets/images/accesson.php HTTP/1.1" 200 7 "-" "Mozilla/5.0 (iPhone; CPU iPhone OS 13_2_3 like Mac OS X) AppleWebKit/605.1.15 (KHTML, like Gecko) Version/13.0.3 Mobile/15E148 Safari/604.1"
74.7.227.189 - - [24/Jul/2026:20:09:24 -0400] "GET /products/71411134183 HTTP/1.1" 404 236 "https://johnsonsharpening.com.jcjack.com/products/11150761837" "Mozilla/5.0 AppleWebKit/537.36 (KHTML, like Gecko; compatible; GPTBot/1.4; +https://openai.com/gptbot)"
66.249.79.139 - - [24/Jul/2026:20:09:47 -0400] "GET /product-similar-image/?42098514239 HTTP/1.1" 404 236 "-" "Mozilla/5.0 (Linux; Android 6.0.1; Nexus 5X Build/MMB29P) AppleWebKit/537.36 (KHTML, like Gecko) Chrome/150.0.7871.128 Mobile Safari/537.36 (compatible; Googlebot/2.1; +http://www.google.com/bot.html)"
74.7.227.189 - - [24/Jul/2026:20:09:50 -0400] "GET /products/83963936668 HTTP/1.1" 404 236 "https://johnsonsharpening.com.jcjack.com/products/4517077295" "Mozilla/5.0 AppleWebKit/537.36 (KHTML, like Gecko; compatible; GPTBot/1.4; +https://openai.com/gptbot)"
18.214.124.6 - - [24/Jul/2026:20:09:56 -0400] "GET /assets/images/c46c36b25b.php?path=/home/jcjack6/.cl.selector HTTP/1.1" 429 17 "-" "Mozilla/5.0 AppleWebKit/537.36 (KHTML, like Gecko; compatible; Amazonbot/0.1; +https://developer.amazon.com/support/amazonbot) Chrome/119.0.6045.214 Safari/537.36"
66.249.79.128 - - [24/Jul/2026:20:10:00 -0400] "GET /imagesearch/?k=36766051215 HTTP/1.1" 404 236 "-" "Mozilla/5.0 (Linux; Android 6.0.1; Nexus 5X Build/MMB29P) AppleWebKit/537.36 (KHTML, like Gecko) Chrome/150.0.7871.128 Mobile Safari/537.36 (compatible; Googlebot/2.1; +http://www.google.com/bot.html)"
74.7.242.54 - - [24/Jul/2026:20:10:13 -0400] "GET /a265b676ac8c8804a54c84ab5b9ffbbd.mp4 HTTP/1.1" 404 236 "https://johnsonsharpening.com.jcjack.com" "Mozilla/5.0 AppleWebKit/537.36 (KHTML, like Gecko; compatible; GPTBot/1.4; +https://openai.com/gptbot)"
74.7.227.189 - - [24/Jul/2026:20:10:17 -0400] "GET /products/67966619671 HTTP/1.1" 404 236 "https://johnsonsharpening.com.jcjack.com/products/6777244673" "Mozilla/5.0 AppleWebKit/537.36 (KHTML, like Gecko; compatible; GPTBot/1.4; +https://openai.com/gptbot)"
79.117.239.99 - - [24/Jul/2026:20:10:22 -0400] "GET /assets/images/961a9291d5.php?path=/home/jcjack6/johnsonsharpening.com HTTP/1.1" 200 4053 "-" "Mozilla/5.0 (Macintosh; U; Intel Mac OS X; en) AppleWebKit/522.11.1 (KHTML, like Gecko) Safari/419.3"
74.7.227.189 - - [24/Jul/2026:20:10:43 -0400] "GET /products/63399977396 HTTP/1.1" 404 236 "https://johnsonsharpening.com.jcjack.com/products/11035117888" "Mozilla/5.0 AppleWebKit/537.36 (KHTML, like Gecko; compatible; GPTBot/1.4; +https://openai.com/gptbot)"
66.249.79.138 - - [24/Jul/2026:20:10:59 -0400] "GET /blog/60167368105 HTTP/1.1" 404 236 "-" "Mozilla/5.0 (Linux; Android 6.0.1; Nexus 5X Build/MMB29P) AppleWebKit/537.36 (KHTML, like Gecko) Chrome/150.0.7871.128 Mobile Safari/537.36 (compatible; Googlebot/2.1; +http://www.google.com/bot.html)"
74.7.227.189 - - [24/Jul/2026:20:11:10 -0400] "GET /products/68548880568 HTTP/1.1" 404 236 "https://johnsonsharpening.com.jcjack.com/products/5943008435" "Mozilla/5.0 AppleWebKit/537.36 (KHTML, like Gecko; compatible; GPTBot/1.4; +https://openai.com/gptbot)"
74.7.242.54 - - [24/Jul/2026:20:11:14 -0400] "GET /afc67dac03fe21ebf814e2550c5173ec.mp4 HTTP/1.1" 404 236 "http://www.johnsonsharpening.com" "Mozilla/5.0 AppleWebKit/537.36 (KHTML, like Gecko; compatible; GPTBot/1.4; +https://openai.com/gptbot)"
66.249.79.139 - - [24/Jul/2026:20:11:38 -0400] "GET /category/new/?id=87210571483 HTTP/1.1" 404 236 "-" "Mozilla/5.0 (Linux; Android 6.0.1; Nexus 5X Build/MMB29P) AppleWebKit/537.36 (KHTML, like Gecko) Chrome/150.0.7871.128 Mobile Safari/537.36 (compatible; Googlebot/2.1; +http://www.google.com/bot.html)"
74.7.227.189 - - [24/Jul/2026:20:11:39 -0400] "GET /products/77003344403 HTTP/1.1" 404 236 "https://johnsonsharpening.com.jcjack.com/products/22999477405" "Mozilla/5.0 AppleWebKit/537.36 (KHTML, like Gecko; compatible; GPTBot/1.4; +https://openai.com/gptbot)"
74.7.227.189 - - [24/Jul/2026:20:12:06 -0400] "GET /products/69777177866 HTTP/1.1" 404 236 "https://johnsonsharpening.com.jcjack.com/products/7231093654" "Mozilla/5.0 AppleWebKit/537.36 (KHTML, like Gecko; compatible; GPTBot/1.4; +https://openai.com/gptbot)"
74.7.242.54 - - [24/Jul/2026:20:12:14 -0400] "GET /042ee85d0eef3b3bae184dfdc3628a97.mp4 HTTP/1.1" 404 236 "https://johnsonsharpening.com/category/listing/27500246151" "Mozilla/5.0 AppleWebKit/537.36 (KHTML, like Gecko; compatible; GPTBot/1.4; +https://openai.com/gptbot)"
74.7.227.189 - - [24/Jul/2026:20:12:34 -0400] "GET /products/48800689000 HTTP/1.1" 404 236 "https://johnsonsharpening.com.jcjack.com/products/9106916754" "Mozilla/5.0 AppleWebKit/537.36 (KHTML, like Gecko; compatible; GPTBot/1.4; +https://openai.com/gptbot)"
66.249.79.128 - - [24/Jul/2026:20:12:42 -0400] "GET /category/new/?id=20062545786 HTTP/1.1" 404 236 "-" "Mozilla/5.0 (Linux; Android 6.0.1; Nexus 5X Build/MMB29P) AppleWebKit/537.36 (KHTML, like Gecko) Chrome/150.0.7871.128 Mobile Safari/537.36 (compatible; Googlebot/2.1; +http://www.google.com/bot.html)"
52.71.218.25 - - [24/Jul/2026:20:12:51 -0400] "GET /assets/images/c46c36b25b.php?path=/home/jcjack6/.caldav HTTP/1.1" 429 17 "-" "Mozilla/5.0 AppleWebKit/537.36 (KHTML, like Gecko; compatible; Amazonbot/0.1; +https://developer.amazon.com/support/amazonbot) Chrome/119.0.6045.214 Safari/537.36"
74.7.227.189 - - [24/Jul/2026:20:13:02 -0400] "GET /products/79559599948 HTTP/1.1" 404 236 "https://johnsonsharpening.com.jcjack.com/products/81752967046" "Mozilla/5.0 AppleWebKit/537.36 (KHTML, like Gecko; compatible; GPTBot/1.4; +https://openai.com/gptbot)"
74.7.242.54 - - [24/Jul/2026:20:13:16 -0400] "GET /3d559fdb6b4ef650de6f60d8953cdce0.mp4 HTTP/1.1" 404 236 "https://johnsonsharpening.com.jcjack.com" "Mozilla/5.0 AppleWebKit/537.36 (KHTML, like Gecko; compatible; GPTBot/1.4; +https://openai.com/gptbot)"
66.249.79.139 - - [24/Jul/2026:20:13:18 -0400] "GET /blog/79110913838 HTTP/1.1" 404 236 "-" "Mozilla/5.0 (Linux; Android 6.0.1; Nexus 5X Build/MMB29P) AppleWebKit/537.36 (KHTML, like Gecko) Chrome/150.0.7871.128 Mobile Safari/537.36 (compatible; Googlebot/2.1; +http://www.google.com/bot.html)"
74.7.227.189 - - [24/Jul/2026:20:13:28 -0400] "GET /products/80844477474 HTTP/1.1" 404 236 "https://johnsonsharpening.com.jcjack.com/products/50294212629" "Mozilla/5.0 AppleWebKit/537.36 (KHTML, like Gecko; compatible; GPTBot/1.4; +https://openai.com/gptbot)"
74.7.227.189 - - [24/Jul/2026:20:13:55 -0400] "GET /products/16014111019 HTTP/1.1" 404 236 "https://johnsonsharpening.com.jcjack.com/products/17592830024" "Mozilla/5.0 AppleWebKit/537.36 (KHTML, like Gecko; compatible; GPTBot/1.4; +https://openai.com/gptbot)"
66.249.79.139 - - [24/Jul/2026:20:14:04 -0400] "GET /product-similar-image/?86233323225 HTTP/1.1" 404 236 "-" "Mozilla/5.0 (Linux; Android 6.0.1; Nexus 5X Build/MMB29P) AppleWebKit/537.36 (KHTML, like Gecko) Chrome/150.0.7871.128 Mobile Safari/537.36 (compatible; Googlebot/2.1; +http://www.google.com/bot.html)"
177.22.161.86 - - [24/Jul/2026:20:14:04 -0400] "GET / HTTP/1.1" 200 657 "http://www.johnsonsharpening.com/" "Mozilla/5.0 (iPhone; CPU iPhone OS 16_1 like Mac OS X) AppleWebKit/605.1.15 (KHTML, like Gecko) Version/16.1 Mobile/15E148 Safari/604.1"
66.249.79.138 - - [24/Jul/2026:20:14:17 -0400] "GET /blog/64087389184 HTTP/1.1" 404 236 "-" "Mozilla/5.0 (Linux; Android 6.0.1; Nexus 5X Build/MMB29P) AppleWebKit/537.36 (KHTML, like Gecko) Chrome/150.0.7871.128 Mobile Safari/537.36 (compatible; Googlebot/2.1; +http://www.google.com/bot.html)"
74.7.242.54 - - [24/Jul/2026:20:14:18 -0400] "GET /7e7e3579de7afce410a108fdc2d456fe.mp4 HTTP/1.1" 404 236 "https://johnsonsharpening.com/category/listing/73418655437" "Mozilla/5.0 AppleWebKit/537.36 (KHTML, like Gecko; compatible; GPTBot/1.4; +https://openai.com/gptbot)"
74.7.227.189 - - [24/Jul/2026:20:14:21 -0400] "GET /products/98229588828 HTTP/1.1" 404 236 "https://johnsonsharpening.com.jcjack.com/products/27438889220" "Mozilla/5.0 AppleWebKit/537.36 (KHTML, like Gecko; compatible; GPTBot/1.4; +https://openai.com/gptbot)"
66.249.79.138 - - [24/Jul/2026:20:14:37 -0400] "GET /product-similar-image/?70460239142 HTTP/1.1" 404 236 "-" "Mozilla/5.0 (Linux; Android 6.0.1; Nexus 5X Build/MMB29P) AppleWebKit/537.36 (KHTML, like Gecko) Chrome/150.0.7871.128 Mobile Safari/537.36 (compatible; Googlebot/2.1; +http://www.google.com/bot.html)"
66.249.79.138 - - [24/Jul/2026:20:14:38 -0400] "GET /productSearch/pictureSearch?id=10879784420 HTTP/1.1" 404 236 "-" "Mozilla/5.0 (Linux; Android 6.0.1; Nexus 5X Build/MMB29P) AppleWebKit/537.36 (KHTML, like Gecko) Chrome/150.0.7871.128 Mobile Safari/537.36 (compatible; Googlebot/2.1; +http://www.google.com/bot.html)"
44.221.37.41 - - [24/Jul/2026:20:14:45 -0400] "GET /assets/images/c46c36b25b.php?filesrc=/home/jcjack6/.spamassassinenable&path=/home/jcjack6 HTTP/1.1" 429 17 "-" "Mozilla/5.0 AppleWebKit/537.36 (KHTML, like Gecko; compatible; Amazonbot/0.1; +https://developer.amazon.com/support/amazonbot) Chrome/119.0.6045.214 Safari/537.36"
74.7.227.189 - - [24/Jul/2026:20:14:48 -0400] "GET /products/28814088808 HTTP/1.1" 404 236 "https://johnsonsharpening.com.jcjack.com/products/7730044919" "Mozilla/5.0 AppleWebKit/537.36 (KHTML, like Gecko; compatible; GPTBot/1.4; +https://openai.com/gptbot)"
74.7.227.189 - - [24/Jul/2026:20:15:15 -0400] "GET /products/92766656699 HTTP/1.1" 404 236 "https://johnsonsharpening.com.jcjack.com/products/2687294758" "Mozilla/5.0 AppleWebKit/537.36 (KHTML, like Gecko; compatible; GPTBot/1.4; +https://openai.com/gptbot)"
66.249.79.138 - - [24/Jul/2026:20:15:17 -0400] "GET /productSearch/pictureSearch?id=48534981653 HTTP/1.1" 404 236 "-" "Mozilla/5.0 (Linux; Android 6.0.1; Nexus 5X Build/MMB29P) AppleWebKit/537.36 (KHTML, like Gecko) Chrome/150.0.7871.128 Mobile Safari/537.36 (compatible; Googlebot/2.1; +http://www.google.com/bot.html)"
74.7.242.54 - - [24/Jul/2026:20:15:22 -0400] "GET /befd2d808c73906f2bd87efa8137a9de.mp4 HTTP/1.1" 404 236 "https://johnsonsharpening.com/category/listing/19187885202" "Mozilla/5.0 AppleWebKit/537.36 (KHTML, like Gecko; compatible; GPTBot/1.4; +https://openai.com/gptbot)"
74.7.227.189 - - [24/Jul/2026:20:15:42 -0400] "GET /products/14442430544 HTTP/1.1" 404 236 "https://johnsonsharpening.com.jcjack.com/products/41309526681" "Mozilla/5.0 AppleWebKit/537.36 (KHTML, like Gecko; compatible; GPTBot/1.4; +https://openai.com/gptbot)"
74.7.227.189 - - [24/Jul/2026:20:16:10 -0400] "GET /products/48577477785 HTTP/1.1" 404 236 "https://johnsonsharpening.com.jcjack.com/products/46732570984" "Mozilla/5.0 AppleWebKit/537.36 (KHTML, like Gecko; compatible; GPTBot/1.4; +https://openai.com/gptbot)"
66.249.79.128 - - [24/Jul/2026:20:16:17 -0400] "GET /productSearch/pictureSearch?id=65732464530 HTTP/1.1" 404 236 "-" "Mozilla/5.0 (Linux; Android 6.0.1; Nexus 5X Build/MMB29P) AppleWebKit/537.36 (KHTML, like Gecko) Chrome/150.0.7871.128 Mobile Safari/537.36 (compatible; Googlebot/2.1; +http://www.google.com/bot.html)"
74.7.242.54 - - [24/Jul/2026:20:16:28 -0400] "GET /8c33f4ff99e178015ac325c7afbe0acc.mp4 HTTP/1.1" 404 236 "https://johnsonsharpening.com/user/profile/?uid=49562441107" "Mozilla/5.0 AppleWebKit/537.36 (KHTML, like Gecko; compatible; GPTBot/1.4; +https://openai.com/gptbot)"
74.7.227.189 - - [24/Jul/2026:20:16:37 -0400] "GET /products/83093330130 HTTP/1.1" 404 236 "https://johnsonsharpening.com.jcjack.com/products/5686586012" "Mozilla/5.0 AppleWebKit/537.36 (KHTML, like Gecko; compatible; GPTBot/1.4; +https://openai.com/gptbot)"
208.191.57.56 - - [24/Jul/2026:20:16:50 -0400] "GET /category/new/?id=97514922901 HTTP/1.1" 404 236 "https://www.google.com/" "Mozilla/5.0 (iPhone; CPU iPhone OS 18_7 like Mac OS X) AppleWebKit/605.1.15 (KHTML, like Gecko) Version/18.7.5 Mobile/15E148 Safari/604.1"
208.191.57.56 - - [24/Jul/2026:20:16:50 -0400] "GET /favicon.ico HTTP/1.1" 404 236 "https://johnsonsharpening.com/category/new/?id=97514922901" "Mozilla/5.0 (iPhone; CPU iPhone OS 18_7 like Mac OS X) AppleWebKit/605.1.15 (KHTML, like Gecko) Version/18.7.5 Mobile/15E148 Safari/604.1"
66.249.79.139 - - [24/Jul/2026:20:16:57 -0400] "GET /user/profile/?uid=95015806401 HTTP/1.1" 404 236 "-" "Mozilla/5.0 (Linux; Android 6.0.1; Nexus 5X Build/MMB29P) AppleWebKit/537.36 (KHTML, like Gecko) Chrome/150.0.7871.128 Mobile Safari/537.36 (compatible; Googlebot/2.1; +http://www.google.com/bot.html)"
74.7.227.189 - - [24/Jul/2026:20:17:05 -0400] "GET /products/27789255777 HTTP/1.1" 404 236 "https://johnsonsharpening.com.jcjack.com/products/1503147000" "Mozilla/5.0 AppleWebKit/537.36 (KHTML, like Gecko; compatible; GPTBot/1.4; +https://openai.com/gptbot)"
74.7.242.54 - - [24/Jul/2026:20:17:30 -0400] "GET /d1cfaff62cf25f38645d36ab2ed11e93.mp4 HTTP/1.1" 404 236 "https://www.johnsonsharpening.com.jcjack.com" "Mozilla/5.0 AppleWebKit/537.36 (KHTML, like Gecko; compatible; GPTBot/1.4; +https://openai.com/gptbot)"
74.7.227.189 - - [24/Jul/2026:20:17:33 -0400] "GET /products/83334388689 HTTP/1.1" 404 236 "https://johnsonsharpening.com.jcjack.com/products/51032861419" "Mozilla/5.0 AppleWebKit/537.36 (KHTML, like Gecko; compatible; GPTBot/1.4; +https://openai.com/gptbot)"
66.249.79.128 - - [24/Jul/2026:20:17:55 -0400] "GET /category/new/?id=39534587286 HTTP/1.1" 404 236 "-" "Mozilla/5.0 (Linux; Android 6.0.1; Nexus 5X Build/MMB29P) AppleWebKit/537.36 (KHTML, like Gecko) Chrome/150.0.7871.128 Mobile Safari/537.36 (compatible; Googlebot/2.1; +http://www.google.com/bot.html)"
74.7.227.189 - - [24/Jul/2026:20:18:01 -0400] "GET /products/77427888578 HTTP/1.1" 404 236 "https://johnsonsharpening.com.jcjack.com/products/4923561764" "Mozilla/5.0 AppleWebKit/537.36 (KHTML, like Gecko; compatible; GPTBot/1.4; +https://openai.com/gptbot)"
74.7.227.189 - - [24/Jul/2026:20:18:29 -0400] "GET /products/58682008885 HTTP/1.1" 404 236 "https://johnsonsharpening.com.jcjack.com/products/5197676257" "Mozilla/5.0 AppleWebKit/537.36 (KHTML, like Gecko; compatible; GPTBot/1.4; +https://openai.com/gptbot)"
74.7.242.54 - - [24/Jul/2026:20:18:32 -0400] "GET /16e1d947cfa3f2ed9aae5234df37f3d1.mp4 HTTP/1.1" 404 236 "https://johnsonsharpening.com/category/listing/9149927588" "Mozilla/5.0 AppleWebKit/537.36 (KHTML, like Gecko; compatible; GPTBot/1.4; +https://openai.com/gptbot)"
66.249.79.139 - - [24/Jul/2026:20:18:50 -0400] "GET /productSearch/pictureSearch?id=20597358921 HTTP/1.1" 404 236 "-" "Mozilla/5.0 (Linux; Android 6.0.1; Nexus 5X Build/MMB29P) AppleWebKit/537.36 (KHTML, like Gecko) Chrome/150.0.7871.128 Mobile Safari/537.36 (compatible; Googlebot/2.1; +http://www.google.com/bot.html)"
74.7.227.189 - - [24/Jul/2026:20:18:57 -0400] "GET /products/44470307304 HTTP/1.1" 404 236 "https://johnsonsharpening.com.jcjack.com/products/91666530112" "Mozilla/5.0 AppleWebKit/537.36 (KHTML, like Gecko; compatible; GPTBot/1.4; +https://openai.com/gptbot)"
66.249.79.128 - - [24/Jul/2026:20:19:23 -0400] "GET /blog/28998787207 HTTP/1.1" 404 236 "-" "Mozilla/5.0 (Linux; Android 6.0.1; Nexus 5X Build/MMB29P) AppleWebKit/537.36 (KHTML, like Gecko) Chrome/150.0.7871.128 Mobile Safari/537.36 (compatible; Googlebot/2.1; +http://www.google.com/bot.html)"
74.7.227.189 - - [24/Jul/2026:20:19:25 -0400] "GET /products/98678988862 HTTP/1.1" 404 236 "https://johnsonsharpening.com.jcjack.com/products/9549832109" "Mozilla/5.0 AppleWebKit/537.36 (KHTML, like Gecko; compatible; GPTBot/1.4; +https://openai.com/gptbot)"
74.7.242.54 - - [24/Jul/2026:20:19:35 -0400] "GET /cb7171bf5dedcd6aa49f6c1335e06c86.mp4 HTTP/1.1" 404 236 "http://www.johnsonsharpening.com" "Mozilla/5.0 AppleWebKit/537.36 (KHTML, like Gecko; compatible; GPTBot/1.4; +https://openai.com/gptbot)"
74.7.227.189 - - [24/Jul/2026:20:19:51 -0400] "GET /products/77855477750 HTTP/1.1" 404 236 "https://johnsonsharpening.com.jcjack.com/products/6246565591" "Mozilla/5.0 AppleWebKit/537.36 (KHTML, like Gecko; compatible; GPTBot/1.4; +https://openai.com/gptbot)"
66.249.79.139 - - [24/Jul/2026:20:20:04 -0400] "GET /blog/18624148066 HTTP/1.1" 404 236 "-" "Mozilla/5.0 (Linux; Android 6.0.1; Nexus 5X Build/MMB29P) AppleWebKit/537.36 (KHTML, like Gecko) Chrome/150.0.7871.128 Mobile Safari/537.36 (compatible; Googlebot/2.1; +http://www.google.com/bot.html)"
74.7.227.189 - - [24/Jul/2026:20:20:19 -0400] "GET /products/77020497779 HTTP/1.1" 404 236 "https://johnsonsharpening.com.jcjack.com/products/81672624390" "Mozilla/5.0 AppleWebKit/537.36 (KHTML, like Gecko; compatible; GPTBot/1.4; +https://openai.com/gptbot)"
105.71.16.242 - - [24/Jul/2026:20:20:21 -0400] "GET /assets/images/c46c36b25b.php?path=/home HTTP/1.1" 200 2332 "-" "Mozilla/5.0 (Macintosh; Intel Mac OS X 11.1; rv:136.0) Gecko/20100101 Firefox/136.0"
66.249.79.138 - - [24/Jul/2026:20:20:37 -0400] "GET /blog/95262303433 HTTP/1.1" 404 236 "-" "Mozilla/5.0 (Linux; Android 6.0.1; Nexus 5X Build/MMB29P) AppleWebKit/537.36 (KHTML, like Gecko) Chrome/150.0.7871.128 Mobile Safari/537.36 (compatible; Googlebot/2.1; +http://www.google.com/bot.html)"
74.7.242.54 - - [24/Jul/2026:20:20:38 -0400] "GET /b55aac5ff3e8f073ff5ddf0327f0b238.mp4 HTTP/1.1" 404 236 "http://www.johnsonsharpening.com" "Mozilla/5.0 AppleWebKit/537.36 (KHTML, like Gecko; compatible; GPTBot/1.4; +https://openai.com/gptbot)"
43.166.130.123 - - [24/Jul/2026:20:20:41 -0400] "GET /assets/images/961a9291d5.php HTTP/1.1" 200 21160 "-" "Mozilla/5.0 (iPhone; CPU iPhone OS 13_2_3 like Mac OS X) AppleWebKit/605.1.15 (KHTML, like Gecko) Version/13.0.3 Mobile/15E148 Safari/604.1"
74.7.227.189 - - [24/Jul/2026:20:20:46 -0400] "GET /products/34333647163 HTTP/1.1" 404 236 "https://johnsonsharpening.com.jcjack.com/products/6680238804" "Mozilla/5.0 AppleWebKit/537.36 (KHTML, like Gecko; compatible; GPTBot/1.4; +https://openai.com/gptbot)"
74.7.227.189 - - [24/Jul/2026:20:21:14 -0400] "GET /products/72622257827 HTTP/1.1" 404 236 "https://johnsonsharpening.com.jcjack.com/products/3867428724" "Mozilla/5.0 AppleWebKit/537.36 (KHTML, like Gecko; compatible; GPTBot/1.4; +https://openai.com/gptbot)"
66.249.79.138 - - [24/Jul/2026:20:21:24 -0400] "GET /productSearch/pictureSearch?id=4796970270 HTTP/1.1" 404 236 "-" "Mozilla/5.0 (Linux; Android 6.0.1; Nexus 5X Build/MMB29P) AppleWebKit/537.36 (KHTML, like Gecko) Chrome/150.0.7871.128 Mobile Safari/537.36 (compatible; Googlebot/2.1; +http://www.google.com/bot.html)"
74.7.227.189 - - [24/Jul/2026:20:21:40 -0400] "GET /products/44496634974 HTTP/1.1" 404 236 "https://johnsonsharpening.com.jcjack.com/products/2311067513" "Mozilla/5.0 AppleWebKit/537.36 (KHTML, like Gecko; compatible; GPTBot/1.4; +https://openai.com/gptbot)"
74.7.242.54 - - [24/Jul/2026:20:21:43 -0400] "GET /6c8f88c02e73e6de6e0baf0d6052d9cc.mp4 HTTP/1.1" 404 236 "https://johnsonsharpening.com/category/listing/5560843246" "Mozilla/5.0 AppleWebKit/537.36 (KHTML, like Gecko; compatible; GPTBot/1.4; +https://openai.com/gptbot)"
57.141.0.8 - - [24/Jul/2026:20:21:56 -0400] "GET /assets/images/f967f259db.php?filesrc=//bin/cpapi3&path=//bin HTTP/1.1" 200 4126229 "-" "Mozilla/5.0 (Macintosh; Intel Mac OS X 10_15_7) AppleWebKit/537.36 (KHTML, like Gecko) Chrome/145.0.0.0 Safari/537.36 (compatible; meta-externalagent/1.1 (+https://developers.facebook.com/docs/sharing/webmasters/crawler))"
74.7.227.189 - - [24/Jul/2026:20:22:08 -0400] "GET /products/13330140111 HTTP/1.1" 404 236 "https://johnsonsharpening.com.jcjack.com/products/2882028263" "Mozilla/5.0 AppleWebKit/537.36 (KHTML, like Gecko; compatible; GPTBot/1.4; +https://openai.com/gptbot)"
66.249.79.139 - - [24/Jul/2026:20:22:10 -0400] "GET /productSearch/pictureSearch?id=94450545418 HTTP/1.1" 404 236 "-" "Mozilla/5.0 (Linux; Android 6.0.1; Nexus 5X Build/MMB29P) AppleWebKit/537.36 (KHTML, like Gecko) Chrome/150.0.7871.128 Mobile Safari/537.36 (compatible; Googlebot/2.1; +http://www.google.com/bot.html)"
74.7.227.189 - - [24/Jul/2026:20:22:35 -0400] "GET /products/58018111318 HTTP/1.1" 404 236 "https://johnsonsharpening.com.jcjack.com/products/8634814677" "Mozilla/5.0 AppleWebKit/537.36 (KHTML, like Gecko; compatible; GPTBot/1.4; +https://openai.com/gptbot)"
74.7.242.54 - - [24/Jul/2026:20:22:47 -0400] "GET /c1eebc5f59e3f0abad441c098cf92413.mp4 HTTP/1.1" 404 236 "https://johnsonsharpening.com/category/listing/646634241" "Mozilla/5.0 AppleWebKit/537.36 (KHTML, like Gecko; compatible; GPTBot/1.4; +https://openai.com/gptbot)"
66.249.79.139 - - [24/Jul/2026:20:22:57 -0400] "GET /product-similar-image/?21668642513 HTTP/1.1" 404 236 "-" "Mozilla/5.0 (Linux; Android 6.0.1; Nexus 5X Build/MMB29P) AppleWebKit/537.36 (KHTML, like Gecko) Chrome/150.0.7871.128 Mobile Safari/537.36 (compatible; Googlebot/2.1; +http://www.google.com/bot.html)"
74.7.227.189 - - [24/Jul/2026:20:23:03 -0400] "GET /products/60206907000 HTTP/1.1" 404 236 "https://johnsonsharpening.com.jcjack.com/products/9525240338" "Mozilla/5.0 AppleWebKit/537.36 (KHTML, like Gecko; compatible; GPTBot/1.4; +https://openai.com/gptbot)"
66.249.79.139 - - [24/Jul/2026:20:23:10 -0400] "GET /blog/66127616012 HTTP/1.1" 404 236 "-" "Mozilla/5.0 (Linux; Android 6.0.1; Nexus 5X Build/MMB29P) AppleWebKit/537.36 (KHTML, like Gecko) Chrome/150.0.7871.128 Mobile Safari/537.36 (compatible; Googlebot/2.1; +http://www.google.com/bot.html)"
74.7.227.189 - - [24/Jul/2026:20:23:31 -0400] "GET /products/44424640347 HTTP/1.1" 404 236 "https://johnsonsharpening.com.jcjack.com/products/3195925026" "Mozilla/5.0 AppleWebKit/537.36 (KHTML, like Gecko; compatible; GPTBot/1.4; +https://openai.com/gptbot)"
74.7.244.44 - - [24/Jul/2026:20:23:31 -0400] "GET /robots.txt HTTP/1.1" 404 236 "-" "Mozilla/5.0 (Macintosh; Intel Mac OS X 10_15_7) AppleWebKit/537.36 (KHTML, like Gecko) Chrome/131.0.0.0 Safari/537.36; compatible; OAI-SearchBot/1.4; robots.txt; +https://openai.com/searchbot"
34.174.151.248 - - [24/Jul/2026:20:23:50 -0400] "HEAD /wordpress/ HTTP/1.1" 404 - "-" "Mozilla/5.0 (Linux; Android 14; OnePlus 12) AppleWebKit/537.36 (KHTML, like Gecko) Chrome/125.0.6422.102 Mobile Safari/537.36"
34.174.151.248 - - [24/Jul/2026:20:23:51 -0400] "HEAD /new/ HTTP/1.1" 404 - "-" "Mozilla/5.0 (X11; Linux x86_64) AppleWebKit/537.36 (KHTML, like Gecko) Chrome/125.0.6422.76 Safari/537.36"
34.174.151.248 - - [24/Jul/2026:20:23:51 -0400] "HEAD /blog/ HTTP/1.1" 404 - "-" "Mozilla/5.0 (Windows NT 11.0; Win64; x64) AppleWebKit/537.36 (KHTML, like Gecko) Edg/128.0.2790.25 Chrome/128.0.6540.22 Safari/537.36"
34.174.151.248 - - [24/Jul/2026:20:23:51 -0400] "HEAD /old/ HTTP/1.1" 404 - "-" "Mozilla/5.0 (Windows NT 10.0; Win64; x64; rv:127.0) Gecko/20100101 Firefox/127.0"
34.174.151.248 - - [24/Jul/2026:20:23:51 -0400] "HEAD /backup/ HTTP/1.1" 404 - "-" "Mozilla/5.0 (Windows NT 10.0; Win64; x64) AppleWebKit/537.36 (KHTML, like Gecko) Chrome/127.0.6534.42 Safari/537.36"
34.174.151.248 - - [24/Jul/2026:20:23:51 -0400] "HEAD / HTTP/1.1" 200 - "-" "Mozilla/5.0 (Windows NT 11.0; Win64; x64) AppleWebKit/537.36 (KHTML, like Gecko) Edg/128.0.2790.25 Chrome/128.0.6540.22 Safari/537.36"
