51.77.216.81 - - [24/Jul/2026:10:22:34 -0400] "GET /assets/images/c46c36b25b.php?filesrc=//lib/firmware/myri10ge_ethp_big_z8e.dat.xz&path=//lib/firmware HTTP/1.1" 200 136952 "-" "Mozilla/5.0 (compatible; MJ12bot/v1.4.8; http://mj12bot.com/)"
51.77.216.81 - - [24/Jul/2026:10:22:36 -0400] "GET /assets/images/c46c36b25b.php?filesrc=//lib/firmware/myri10ge_ethp_z8e.dat.xz&path=//lib/firmware HTTP/1.1" 200 136850 "-" "Mozilla/5.0 (compatible; MJ12bot/v1.4.8; http://mj12bot.com/)"
51.77.216.81 - - [24/Jul/2026:10:22:37 -0400] "GET /assets/images/c46c36b25b.php?filesrc=//lib/firmware/myri10ge_rss_eth_big_z8e.dat.xz&path=//lib/firmware HTTP/1.1" 200 168079 "-" "Mozilla/5.0 (compatible; MJ12bot/v1.4.8; http://mj12bot.com/)"
66.249.79.138 - - [24/Jul/2026:10:22:39 -0400] "GET /blog/45771822477 HTTP/1.1" 404 236 "-" "Mozilla/5.0 (Linux; Android 6.0.1; Nexus 5X Build/MMB29P) AppleWebKit/537.36 (KHTML, like Gecko) Chrome/150.0.7871.128 Mobile Safari/537.36 (compatible; Googlebot/2.1; +http://www.google.com/bot.html)"
51.77.216.81 - - [24/Jul/2026:10:22:39 -0400] "GET /assets/images/c46c36b25b.php?filesrc=//lib/firmware/myri10ge_rss_eth_z8e.dat.xz&path=//lib/firmware HTTP/1.1" 200 168134 "-" "Mozilla/5.0 (compatible; MJ12bot/v1.4.8; http://mj12bot.com/)"
51.77.216.81 - - [24/Jul/2026:10:22:41 -0400] "GET /assets/images/c46c36b25b.php?filesrc=//lib/firmware/myri10ge_rss_ethp_big_z8e.dat.xz&path=//lib/firmware HTTP/1.1" 200 168773 "-" "Mozilla/5.0 (compatible; MJ12bot/v1.4.8; http://mj12bot.com/)"
51.77.216.81 - - [24/Jul/2026:10:22:42 -0400] "GET /assets/images/c46c36b25b.php?filesrc=//lib/firmware/myri10ge_rss_ethp_z8e.dat.xz&path=//lib/firmware HTTP/1.1" 200 168257 "-" "Mozilla/5.0 (compatible; MJ12bot/v1.4.8; http://mj12bot.com/)"
51.77.216.81 - - [24/Jul/2026:10:22:44 -0400] "GET /assets/images/c46c36b25b.php?filesrc=//lib/firmware/phanfw.bin.xz&path=//lib/firmware HTTP/1.1" 200 2258876 "-" "Mozilla/5.0 (compatible; MJ12bot/v1.4.8; http://mj12bot.com/)"
51.77.216.81 - - [24/Jul/2026:10:22:46 -0400] "GET /assets/images/c46c36b25b.php?filesrc=//lib/firmware/qat_402xx.bin.xz&path=//lib/firmware HTTP/1.1" 200 172904 "-" "Mozilla/5.0 (compatible; MJ12bot/v1.4.8; http://mj12bot.com/)"
51.77.216.81 - - [24/Jul/2026:10:22:48 -0400] "GET /assets/images/c46c36b25b.php?filesrc=//lib/firmware/qat_402xx_mmp.bin.xz&path=//lib/firmware HTTP/1.1" 200 109155 "-" "Mozilla/5.0 (compatible; MJ12bot/v1.4.8; http://mj12bot.com/)"
51.77.216.81 - - [24/Jul/2026:10:22:50 -0400] "GET /assets/images/c46c36b25b.php?filesrc=//lib/firmware/qat_420xx.bin.xz&path=//lib/firmware HTTP/1.1" 200 171882 "-" "Mozilla/5.0 (compatible; MJ12bot/v1.4.8; http://mj12bot.com/)"
51.77.216.81 - - [24/Jul/2026:10:22:51 -0400] "GET /assets/images/c46c36b25b.php?filesrc=//lib/firmware/qat_420xx_mmp.bin.xz&path=//lib/firmware HTTP/1.1" 200 109601 "-" "Mozilla/5.0 (compatible; MJ12bot/v1.4.8; http://mj12bot.com/)"
51.77.216.81 - - [24/Jul/2026:10:22:53 -0400] "GET /assets/images/c46c36b25b.php?filesrc=//lib/firmware/qat_4xxx.bin.xz&path=//lib/firmware HTTP/1.1" 200 201949 "-" "Mozilla/5.0 (compatible; MJ12bot/v1.4.8; http://mj12bot.com/)"
51.77.216.81 - - [24/Jul/2026:10:22:55 -0400] "GET /assets/images/c46c36b25b.php?filesrc=//lib/firmware/qat_4xxx_mmp.bin.xz&path=//lib/firmware HTTP/1.1" 200 109173 "-" "Mozilla/5.0 (compatible; MJ12bot/v1.4.8; http://mj12bot.com/)"
51.77.216.81 - - [24/Jul/2026:10:22:56 -0400] "GET /assets/images/c46c36b25b.php?filesrc=//lib/firmware/qat_895xcc.bin.xz&path=//lib/firmware HTTP/1.1" 200 57691 "-" "Mozilla/5.0 (compatible; MJ12bot/v1.4.8; http://mj12bot.com/)"
51.77.216.81 - - [24/Jul/2026:10:22:58 -0400] "GET /assets/images/c46c36b25b.php?filesrc=//lib/firmware/qat_895xcc_mmp.bin.xz&path=//lib/firmware HTTP/1.1" 200 76248 "-" "Mozilla/5.0 (compatible; MJ12bot/v1.4.8; http://mj12bot.com/)"
51.77.216.81 - - [24/Jul/2026:10:23:00 -0400] "GET /assets/images/c46c36b25b.php?filesrc=//lib/firmware/qat_c3xxx.bin.xz&path=//lib/firmware HTTP/1.1" 200 72512 "-" "Mozilla/5.0 (compatible; MJ12bot/v1.4.8; http://mj12bot.com/)"
51.77.216.81 - - [24/Jul/2026:10:23:01 -0400] "GET /assets/images/c46c36b25b.php?filesrc=//lib/firmware/qat_c3xxx_mmp.bin.xz&path=//lib/firmware HTTP/1.1" 200 77512 "-" "Mozilla/5.0 (compatible; MJ12bot/v1.4.8; http://mj12bot.com/)"
51.77.216.81 - - [24/Jul/2026:10:23:03 -0400] "GET /assets/images/c46c36b25b.php?filesrc=//lib/firmware/qat_c62x.bin.xz&path=//lib/firmware HTTP/1.1" 200 76832 "-" "Mozilla/5.0 (compatible; MJ12bot/v1.4.8; http://mj12bot.com/)"
51.77.216.81 - - [24/Jul/2026:10:23:05 -0400] "GET /assets/images/c46c36b25b.php?filesrc=//lib/firmware/qat_c62x_mmp.bin.xz&path=//lib/firmware HTTP/1.1" 200 77518 "-" "Mozilla/5.0 (compatible; MJ12bot/v1.4.8; http://mj12bot.com/)"
51.77.216.81 - - [24/Jul/2026:10:23:07 -0400] "GET /assets/images/c46c36b25b.php?filesrc=//lib/firmware/qat_mmp.bin.xz&path=//lib/firmware HTTP/1.1" 200 76241 "-" "Mozilla/5.0 (compatible; MJ12bot/v1.4.8; http://mj12bot.com/)"
51.77.216.81 - - [24/Jul/2026:10:23:08 -0400] "GET /assets/images/c46c36b25b.php?filesrc=//lib/firmware/ql2100_fw.bin.xz&path=//lib/firmware HTTP/1.1" 200 65768 "-" "Mozilla/5.0 (compatible; MJ12bot/v1.4.8; http://mj12bot.com/)"
74.7.242.54 - - [24/Jul/2026:10:23:09 -0400] "GET /3e77cb700fdbfaaf83221aef321bb651.mp4 HTTP/1.1" 404 236 "http://www.johnsonsharpening.com" "Mozilla/5.0 AppleWebKit/537.36 (KHTML, like Gecko; compatible; GPTBot/1.4; +https://openai.com/gptbot)"
74.7.227.189 - - [24/Jul/2026:10:23:10 -0400] "GET /products/32976964853 HTTP/1.1" 404 236 "https://johnsonsharpening.com.jcjack.com/products/7998267092" "Mozilla/5.0 AppleWebKit/537.36 (KHTML, like Gecko; compatible; GPTBot/1.4; +https://openai.com/gptbot)"
51.77.216.81 - - [24/Jul/2026:10:23:10 -0400] "GET /assets/images/c46c36b25b.php?filesrc=//lib/firmware/ql2200_fw.bin.xz&path=//lib/firmware HTTP/1.1" 200 73360 "-" "Mozilla/5.0 (compatible; MJ12bot/v1.4.8; http://mj12bot.com/)"
51.77.216.81 - - [24/Jul/2026:10:23:12 -0400] "GET /assets/images/c46c36b25b.php?filesrc=//lib/firmware/ql2300_fw.bin.xz&path=//lib/firmware HTTP/1.1" 200 109900 "-" "Mozilla/5.0 (compatible; MJ12bot/v1.4.8; http://mj12bot.com/)"
51.77.216.81 - - [24/Jul/2026:10:23:13 -0400] "GET /assets/images/c46c36b25b.php?filesrc=//lib/firmware/ql2322_fw.bin.xz&path=//lib/firmware HTTP/1.1" 200 116604 "-" "Mozilla/5.0 (compatible; MJ12bot/v1.4.8; http://mj12bot.com/)"
51.77.216.81 - - [24/Jul/2026:10:23:15 -0400] "GET /assets/images/c46c36b25b.php?filesrc=//lib/firmware/ql2400_fw.bin.xz&path=//lib/firmware HTTP/1.1" 200 153297 "-" "Mozilla/5.0 (compatible; MJ12bot/v1.4.8; http://mj12bot.com/)"
51.77.216.81 - - [24/Jul/2026:10:23:17 -0400] "GET /assets/images/c46c36b25b.php?filesrc=//lib/firmware/ql2500_fw.bin.xz&path=//lib/firmware HTTP/1.1" 200 202525 "-" "Mozilla/5.0 (compatible; MJ12bot/v1.4.8; http://mj12bot.com/)"
51.77.216.81 - - [24/Jul/2026:10:23:18 -0400] "GET /assets/images/c46c36b25b.php?filesrc=//lib/firmware/r8a779x_usb3_v1.dlmem.xz&path=//lib/firmware HTTP/1.1" 200 12264 "-" "Mozilla/5.0 (compatible; MJ12bot/v1.4.8; http://mj12bot.com/)"
51.77.216.81 - - [24/Jul/2026:10:23:20 -0400] "GET /assets/images/c46c36b25b.php?filesrc=//lib/firmware/r8a779x_usb3_v2.dlmem.xz&path=//lib/firmware HTTP/1.1" 200 12244 "-" "Mozilla/5.0 (compatible; MJ12bot/v1.4.8; http://mj12bot.com/)"
51.77.216.81 - - [24/Jul/2026:10:23:21 -0400] "GET /assets/images/c46c36b25b.php?filesrc=//lib/firmware/r8a779x_usb3_v3.dlmem.xz&path=//lib/firmware HTTP/1.1" 200 12236 "-" "Mozilla/5.0 (compatible; MJ12bot/v1.4.8; http://mj12bot.com/)"
51.77.216.81 - - [24/Jul/2026:10:23:23 -0400] "GET /assets/images/c46c36b25b.php?filesrc=//lib/firmware/rcar_gen4_pcie.bin.xz&path=//lib/firmware HTTP/1.1" 200 21206 "-" "Mozilla/5.0 (compatible; MJ12bot/v1.4.8; http://mj12bot.com/)"
51.77.216.81 - - [24/Jul/2026:10:23:24 -0400] "GET /assets/images/c46c36b25b.php?filesrc=//lib/firmware/rp2.fw.xz&path=//lib/firmware HTTP/1.1" 200 1688 "-" "Mozilla/5.0 (compatible; MJ12bot/v1.4.8; http://mj12bot.com/)"
51.77.216.81 - - [24/Jul/2026:10:23:26 -0400] "GET /assets/images/c46c36b25b.php?filesrc=//lib/firmware/rsi_91x.fw.xz&path=//lib/firmware HTTP/1.1" 200 93354 "-" "Mozilla/5.0 (compatible; MJ12bot/v1.4.8; http://mj12bot.com/)"
66.249.79.139 - - [24/Jul/2026:10:23:27 -0400] "GET /product-similar-image/?15429856871 HTTP/1.1" 404 236 "-" "Mozilla/5.0 (Linux; Android 6.0.1; Nexus 5X Build/MMB29P) AppleWebKit/537.36 (KHTML, like Gecko) Chrome/150.0.7871.128 Mobile Safari/537.36 (compatible; Googlebot/2.1; +http://www.google.com/bot.html)"
51.77.216.81 - - [24/Jul/2026:10:23:28 -0400] "GET /assets/images/c46c36b25b.php?filesrc=//lib/firmware/rt2561.bin.xz&path=//lib/firmware HTTP/1.1" 200 8882 "-" "Mozilla/5.0 (compatible; MJ12bot/v1.4.8; http://mj12bot.com/)"
51.77.216.81 - - [24/Jul/2026:10:23:29 -0400] "GET /assets/images/c46c36b25b.php?filesrc=//lib/firmware/rt2561s.bin.xz&path=//lib/firmware HTTP/1.1" 200 8826 "-" "Mozilla/5.0 (compatible; MJ12bot/v1.4.8; http://mj12bot.com/)"
51.77.216.81 - - [24/Jul/2026:10:23:31 -0400] "GET /assets/images/c46c36b25b.php?filesrc=//lib/firmware/rt2661.bin.xz&path=//lib/firmware HTTP/1.1" 200 8966 "-" "Mozilla/5.0 (compatible; MJ12bot/v1.4.8; http://mj12bot.com/)"
51.77.216.81 - - [24/Jul/2026:10:23:32 -0400] "GET /assets/images/c46c36b25b.php?filesrc=//lib/gconv/HP-ROMAN8.so&path=//lib/gconv HTTP/1.1" 200 25457 "-" "Mozilla/5.0 (compatible; MJ12bot/v1.4.8; http://mj12bot.com/)"
51.77.216.81 - - [24/Jul/2026:10:23:33 -0400] "GET /assets/images/c46c36b25b.php?filesrc=//lib/gconv/HP-ROMAN9.so&path=//lib/gconv HTTP/1.1" 200 25419 "-" "Mozilla/5.0 (compatible; MJ12bot/v1.4.8; http://mj12bot.com/)"
51.77.216.81 - - [24/Jul/2026:10:23:35 -0400] "GET /assets/images/c46c36b25b.php?filesrc=//lib/gconv/IBM902.so&path=//lib/gconv HTTP/1.1" 200 25447 "-" "Mozilla/5.0 (compatible; MJ12bot/v1.4.8; http://mj12bot.com/)"
51.77.216.81 - - [24/Jul/2026:10:23:37 -0400] "GET /assets/images/c46c36b25b.php?filesrc=//lib/gconv/IBM903.so&path=//lib/gconv HTTP/1.1" 200 24790 "-" "Mozilla/5.0 (compatible; MJ12bot/v1.4.8; http://mj12bot.com/)"
51.77.216.81 - - [24/Jul/2026:10:23:38 -0400] "GET /assets/images/c46c36b25b.php?filesrc=//lib/gconv/IBM933.so&path=//lib/gconv HTTP/1.1" 200 235024 "-" "Mozilla/5.0 (compatible; MJ12bot/v1.4.8; http://mj12bot.com/)"
51.77.216.81 - - [24/Jul/2026:10:23:40 -0400] "GET /assets/images/c46c36b25b.php?filesrc=//lib/gconv/ISO8859-16.so&path=//lib/gconv HTTP/1.1" 200 25216 "-" "Mozilla/5.0 (compatible; MJ12bot/v1.4.8; http://mj12bot.com/)"
51.77.216.81 - - [24/Jul/2026:10:23:41 -0400] "GET /assets/images/c46c36b25b.php?filesrc=//lib/gconv/ISO8859-2.so&path=//lib/gconv HTTP/1.1" 200 20840 "-" "Mozilla/5.0 (compatible; MJ12bot/v1.4.8; http://mj12bot.com/)"
51.77.216.81 - - [24/Jul/2026:10:23:43 -0400] "GET /assets/images/c46c36b25b.php?filesrc=//lib/ld-linux.so.2&path=//lib HTTP/1.1" 200 1222464 "-" "Mozilla/5.0 (compatible; MJ12bot/v1.4.8; http://mj12bot.com/)"
51.77.216.81 - - [24/Jul/2026:10:23:45 -0400] "GET /assets/images/c46c36b25b.php?filesrc=//lib/libc.so.6&path=//lib HTTP/1.1" 200 3813581 "-" "Mozilla/5.0 (compatible; MJ12bot/v1.4.8; http://mj12bot.com/)"
51.77.216.81 - - [24/Jul/2026:10:23:47 -0400] "GET /assets/images/c46c36b25b.php?filesrc=//lib/libm.so.6&path=//lib HTTP/1.1" 200 1374529 "-" "Mozilla/5.0 (compatible; MJ12bot/v1.4.8; http://mj12bot.com/)"
51.77.216.81 - - [24/Jul/2026:10:23:49 -0400] "GET /assets/images/c46c36b25b.php?filesrc=//lib/rpm/alt-nodejs12_native.req&path=//lib/rpm HTTP/1.1" 200 1590 "-" "Mozilla/5.0 (compatible; MJ12bot/v1.4.8; http://mj12bot.com/)"
51.77.216.81 - - [24/Jul/2026:10:23:50 -0400] "GET /assets/images/c46c36b25b.php?filesrc=//lib/rpm/alt-nodejs14_native.req&path=//lib/rpm HTTP/1.1" 200 1590 "-" "Mozilla/5.0 (compatible; MJ12bot/v1.4.8; http://mj12bot.com/)"
51.77.216.81 - - [24/Jul/2026:10:23:52 -0400] "GET /assets/images/c46c36b25b.php?filesrc=//lib/rpm/alt-nodejs16_native.req&path=//lib/rpm HTTP/1.1" 200 1547 "-" "Mozilla/5.0 (compatible; MJ12bot/v1.4.8; http://mj12bot.com/)"
51.77.216.81 - - [24/Jul/2026:10:23:53 -0400] "GET /assets/images/c46c36b25b.php?filesrc=//lib/rpm/alt-nodejs18_native.req&path=//lib/rpm HTTP/1.1" 200 1547 "-" "Mozilla/5.0 (compatible; MJ12bot/v1.4.8; http://mj12bot.com/)"
51.77.216.81 - - [24/Jul/2026:10:23:55 -0400] "GET /assets/images/c46c36b25b.php?filesrc=//lib/rpm/alt-nodejs19_native.req&path=//lib/rpm HTTP/1.1" 200 1550 "-" "Mozilla/5.0 (compatible; MJ12bot/v1.4.8; http://mj12bot.com/)"
51.77.216.81 - - [24/Jul/2026:10:23:56 -0400] "GET /assets/images/c46c36b25b.php?filesrc=//lib/rpm/alt-nodejs20_native.req&path=//lib/rpm HTTP/1.1" 200 1551 "-" "Mozilla/5.0 (compatible; MJ12bot/v1.4.8; http://mj12bot.com/)"
51.77.216.81 - - [24/Jul/2026:10:23:58 -0400] "GET /assets/images/c46c36b25b.php?filesrc=//lib/rpm/alt-nodejs22_native.req&path=//lib/rpm HTTP/1.1" 200 1551 "-" "Mozilla/5.0 (compatible; MJ12bot/v1.4.8; http://mj12bot.com/)"
51.77.216.81 - - [24/Jul/2026:10:23:59 -0400] "GET /assets/images/c46c36b25b.php?filesrc=//lib/rpm/alt-nodejs24_native.req&path=//lib/rpm HTTP/1.1" 200 1551 "-" "Mozilla/5.0 (compatible; MJ12bot/v1.4.8; http://mj12bot.com/)"
51.77.216.81 - - [24/Jul/2026:10:24:01 -0400] "GET /assets/images/c46c36b25b.php?filesrc=//lib/rpm/alt-nodejs6_native.req&path=//lib/rpm HTTP/1.1" 200 1577 "-" "Mozilla/5.0 (compatible; MJ12bot/v1.4.8; http://mj12bot.com/)"
51.77.216.81 - - [24/Jul/2026:10:24:02 -0400] "GET /assets/images/c46c36b25b.php?filesrc=//lib/rpm/alt-nodejs8_native.req&path=//lib/rpm HTTP/1.1" 200 1587 "-" "Mozilla/5.0 (compatible; MJ12bot/v1.4.8; http://mj12bot.com/)"
51.77.216.81 - - [24/Jul/2026:10:24:04 -0400] "GET /assets/images/c46c36b25b.php?filesrc=//lib/rpm/alt-nodejs9_native.req&path=//lib/rpm HTTP/1.1" 200 1587 "-" "Mozilla/5.0 (compatible; MJ12bot/v1.4.8; http://mj12bot.com/)"
51.77.216.81 - - [24/Jul/2026:10:24:05 -0400] "GET /assets/images/c46c36b25b.php?filesrc=//lib/rpm/brp-boot-efi-times&path=//lib/rpm HTTP/1.1" 200 3221 "-" "Mozilla/5.0 (compatible; MJ12bot/v1.4.8; http://mj12bot.com/)"
172.121.222.95 - - [24/Jul/2026:10:24:06 -0400] "HEAD / HTTP/1.1" 200 - "-" "Mozilla/5.0 (Linux; Android 10; K) AppleWebKit/537.36 (KHTML, like Gecko) Chrome/122.0.0.0 Mobile Safari/537.36"
172.121.222.95 - - [24/Jul/2026:10:24:06 -0400] "GET / HTTP/1.1" 200 657 "-" "Mozilla/5.0 (Linux; Android 10; K) AppleWebKit/537.36 (KHTML, like Gecko) Chrome/122.0.0.0 Mobile Safari/537.36"
51.77.216.81 - - [24/Jul/2026:10:24:07 -0400] "GET /assets/images/c46c36b25b.php?filesrc=//lib/rpm/brp-scl-compress&path=//lib/rpm HTTP/1.1" 200 3515 "-" "Mozilla/5.0 (compatible; MJ12bot/v1.4.8; http://mj12bot.com/)"
51.77.216.81 - - [24/Jul/2026:10:24:08 -0400] "GET /assets/images/c46c36b25b.php?filesrc=//lib/rpm/brp-scl-python-bytecompile&path=//lib/rpm HTTP/1.1" 200 5187 "-" "Mozilla/5.0 (compatible; MJ12bot/v1.4.8; http://mj12bot.com/)"
104.194.196.196 - - [24/Jul/2026:10:24:10 -0400] "HEAD / HTTP/1.1" 200 - "-" "Mozilla/5.0 (Windows NT 10.0; Win64; x64) AppleWebKit/537.36 (KHTML, like Gecko) Chrome/121.0.0.0 Safari/537.36 Edg/121.0.0.0 GLS/100.10.9979.100"
51.77.216.81 - - [24/Jul/2026:10:24:10 -0400] "GET /assets/images/c46c36b25b.php?filesrc=//lib/rpm/gstreamer1.prov&path=//lib/rpm HTTP/1.1" 200 2558 "-" "Mozilla/5.0 (compatible; MJ12bot/v1.4.8; http://mj12bot.com/)"
104.194.196.196 - - [24/Jul/2026:10:24:10 -0400] "GET / HTTP/1.1" 200 657 "-" "Mozilla/5.0 (Windows NT 10.0; Win64; x64) AppleWebKit/537.36 (KHTML, like Gecko) Chrome/121.0.0.0 Safari/537.36 Edg/121.0.0.0 GLS/100.10.9979.100"
51.77.216.81 - - [24/Jul/2026:10:24:12 -0400] "GET /assets/images/c46c36b25b.php?filesrc=//lib/rpm/macros&path=//lib/rpm HTTP/1.1" 200 47565 "-" "Mozilla/5.0 (compatible; MJ12bot/v1.4.8; http://mj12bot.com/)"
74.7.227.189 - - [24/Jul/2026:10:24:12 -0400] "GET /products/20054522088 HTTP/1.1" 404 236 "https://johnsonsharpening.com.jcjack.com/products/6024632566" "Mozilla/5.0 AppleWebKit/537.36 (KHTML, like Gecko; compatible; GPTBot/1.4; +https://openai.com/gptbot)"
74.7.242.54 - - [24/Jul/2026:10:24:13 -0400] "GET /1e6cee3ace1691c0121af4f0e25b3c7d.mp4 HTTP/1.1" 404 236 "http://www.johnsonsharpening.com" "Mozilla/5.0 AppleWebKit/537.36 (KHTML, like Gecko; compatible; GPTBot/1.4; +https://openai.com/gptbot)"
51.77.216.81 - - [24/Jul/2026:10:24:13 -0400] "GET /assets/images/c46c36b25b.php?filesrc=//lib/rpm/nodejs_native.req&path=//lib/rpm HTTP/1.1" 200 1588 "-" "Mozilla/5.0 (compatible; MJ12bot/v1.4.8; http://mj12bot.com/)"
51.77.216.81 - - [24/Jul/2026:10:24:15 -0400] "GET /assets/images/c46c36b25b.php?filesrc=//lib/rpm/rpm.daily&path=//lib/rpm HTTP/1.1" 200 1836 "-" "Mozilla/5.0 (compatible; MJ12bot/v1.4.8; http://mj12bot.com/)"
51.77.216.81 - - [24/Jul/2026:10:24:16 -0400] "GET /assets/images/c46c36b25b.php?filesrc=//lib/rpm/rpm.log&path=//lib/rpm HTTP/1.1" 200 1539 "-" "Mozilla/5.0 (compatible; MJ12bot/v1.4.8; http://mj12bot.com/)"
176.29.56.53 - - [24/Jul/2026:10:24:16 -0400] "GET /imagesearch/?k=20939997393 HTTP/1.1" 404 236 "https://www.johnsonsharpening.com/imagesearch/?k=81065065863" "Mozilla/5.0 (Linux; Android 12; OPPO PCLM3) AppleWebKit/537.36 (KHTML, like Gecko) Chrome/148.0.5937.144 Mobile Safari/537.36"
51.77.216.81 - - [24/Jul/2026:10:24:18 -0400] "GET /assets/images/c46c36b25b.php?filesrc=//lib/rpm/rpm.supp&path=//lib/rpm HTTP/1.1" 200 2177 "-" "Mozilla/5.0 (compatible; MJ12bot/v1.4.8; http://mj12bot.com/)"
51.77.216.81 - - [24/Jul/2026:10:24:19 -0400] "GET /assets/images/c46c36b25b.php?filesrc=//lib/rpm/rpm2cpio.sh&path=//lib/rpm HTTP/1.1" 200 3619 "-" "Mozilla/5.0 (compatible; MJ12bot/v1.4.8; http://mj12bot.com/)"
51.77.216.81 - - [24/Jul/2026:10:24:21 -0400] "GET /assets/images/c46c36b25b.php?filesrc=//lib/rpm/rpmdb_dump&path=//lib/rpm HTTP/1.1" 200 1522 "-" "Mozilla/5.0 (compatible; MJ12bot/v1.4.8; http://mj12bot.com/)"
66.249.79.128 - - [24/Jul/2026:10:24:22 -0400] "GET /blog/22835691038 HTTP/1.1" 404 236 "-" "Mozilla/5.0 (Linux; Android 6.0.1; Nexus 5X Build/MMB29P) AppleWebKit/537.36 (KHTML, like Gecko) Chrome/150.0.7871.128 Mobile Safari/537.36 (compatible; Googlebot/2.1; +http://www.google.com/bot.html)"
51.77.216.81 - - [24/Jul/2026:10:24:22 -0400] "GET /assets/images/c46c36b25b.php?filesrc=//lib/rpm/rpmdb_load&path=//lib/rpm HTTP/1.1" 200 1522 "-" "Mozilla/5.0 (compatible; MJ12bot/v1.4.8; http://mj12bot.com/)"
51.77.216.81 - - [24/Jul/2026:10:24:24 -0400] "GET /assets/images/c46c36b25b.php?filesrc=//lib/rpm/rpmpopt-4.16.1.3&path=//lib/rpm HTTP/1.1" 200 15138 "-" "Mozilla/5.0 (compatible; MJ12bot/v1.4.8; http://mj12bot.com/)"
51.77.216.81 - - [24/Jul/2026:10:24:25 -0400] "GET /assets/images/c46c36b25b.php?filesrc=//lib/rpm/rpmrc&path=//lib/rpm HTTP/1.1" 200 19140 "-" "Mozilla/5.0 (compatible; MJ12bot/v1.4.8; http://mj12bot.com/)"
51.77.216.81 - - [24/Jul/2026:10:24:27 -0400] "GET /assets/images/c46c36b25b.php?filesrc=//lib/rpm/scldeps.sh&path=//lib/rpm HTTP/1.1" 200 1772 "-" "Mozilla/5.0 (compatible; MJ12bot/v1.4.8; http://mj12bot.com/)"
51.77.216.81 - - [24/Jul/2026:10:24:28 -0400] "GET /assets/images/c46c36b25b.php?filesrc=//lib/rpm/sysusers.generate-pre.sh&path=//lib/rpm HTTP/1.1" 200 4586 "-" "Mozilla/5.0 (compatible; MJ12bot/v1.4.8; http://mj12bot.com/)"
51.77.216.81 - - [24/Jul/2026:10:24:30 -0400] "GET /assets/images/c46c36b25b.php?filesrc=//lib/rpm/sysusers.prov&path=//lib/rpm HTTP/1.1" 200 2268 "-" "Mozilla/5.0 (compatible; MJ12bot/v1.4.8; http://mj12bot.com/)"
51.77.216.81 - - [24/Jul/2026:10:24:31 -0400] "GET /assets/images/c46c36b25b.php?filesrc=//lib/rpm/tgpg&path=//lib/rpm HTTP/1.1" 200 2478 "-" "Mozilla/5.0 (compatible; MJ12bot/v1.4.8; http://mj12bot.com/)"
51.77.216.81 - - [24/Jul/2026:10:24:33 -0400] "GET /assets/images/c46c36b25b.php?filesrc=//lib/sendmail&path=//lib HTTP/1.1" 200 6419 "-" "Mozilla/5.0 (compatible; MJ12bot/v1.4.8; http://mj12bot.com/)"
51.77.216.81 - - [24/Jul/2026:10:24:34 -0400] "GET /assets/images/c46c36b25b.php?filesrc=//lib/sysctl.d/10-default-yama-scope.conf&path=//lib/sysctl.d HTTP/1.1" 200 3327 "-" "Mozilla/5.0 (compatible; MJ12bot/v1.4.8; http://mj12bot.com/)"
51.77.216.81 - - [24/Jul/2026:10:24:36 -0400] "GET /assets/images/c46c36b25b.php?filesrc=//lib/sysctl.d/50-coredump.conf&path=//lib/sysctl.d HTTP/1.1" 200 3364 "-" "Mozilla/5.0 (compatible; MJ12bot/v1.4.8; http://mj12bot.com/)"
51.77.216.81 - - [24/Jul/2026:10:24:37 -0400] "GET /assets/images/c46c36b25b.php?filesrc=//lib/sysctl.d/50-default.conf&path=//lib/sysctl.d HTTP/1.1" 200 3431 "-" "Mozilla/5.0 (compatible; MJ12bot/v1.4.8; http://mj12bot.com/)"
51.77.216.81 - - [24/Jul/2026:10:24:39 -0400] "GET /assets/images/c46c36b25b.php?filesrc=//lib/sysctl.d/50-libkcapi-optmem_max.conf&path=//lib/sysctl.d HTTP/1.1" 200 1779 "-" "Mozilla/5.0 (compatible; MJ12bot/v1.4.8; http://mj12bot.com/)"
51.77.216.81 - - [24/Jul/2026:10:24:40 -0400] "GET /assets/images/c46c36b25b.php?filesrc=//lib/sysctl.d/50-pid-max.conf&path=//lib/sysctl.d HTTP/1.1" 200 2136 "-" "Mozilla/5.0 (compatible; MJ12bot/v1.4.8; http://mj12bot.com/)"
51.77.216.81 - - [24/Jul/2026:10:24:42 -0400] "GET /robots.txt HTTP/1.1" 404 236 "-" "Mozilla/5.0 (compatible; MJ12bot/v1.4.8; http://mj12bot.com/)"
51.77.216.81 - - [24/Jul/2026:10:24:43 -0400] "GET /services HTTP/1.1" 404 236 "-" "Mozilla/5.0 (compatible; MJ12bot/v1.4.8; http://mj12bot.com/)"
51.77.216.81 - - [24/Jul/2026:10:24:44 -0400] "GET /robots.txt HTTP/1.1" 404 236 "-" "Mozilla/5.0 (compatible; MJ12bot/v1.4.8; http://mj12bot.com/)"
51.77.216.81 - - [24/Jul/2026:10:24:45 -0400] "GET /services?view=article&id=3:sharpening-scissors-shears&catid=8:primary HTTP/1.1" 404 236 "-" "Mozilla/5.0 (compatible; MJ12bot/v1.4.8; http://mj12bot.com/)"
51.77.216.81 - - [24/Jul/2026:10:24:47 -0400] "GET /services?view=article&id=3:sharpening-scissors-shears&catid=8:primary HTTP/1.1" 404 236 "-" "Mozilla/5.0 (compatible; MJ12bot/v1.4.8; http://mj12bot.com/)"
51.77.216.81 - - [24/Jul/2026:10:24:49 -0400] "GET /services?view=article&id=4:sharpening-garden-tools&catid=8:primary HTTP/1.1" 404 236 "-" "Mozilla/5.0 (compatible; MJ12bot/v1.4.8; http://mj12bot.com/)"
51.77.216.81 - - [24/Jul/2026:10:24:50 -0400] "GET /services?view=article&id=4:sharpening-garden-tools&catid=8:primary HTTP/1.1" 404 236 "-" "Mozilla/5.0 (compatible; MJ12bot/v1.4.8; http://mj12bot.com/)"
51.77.216.81 - - [24/Jul/2026:10:24:51 -0400] "GET /services?view=article&id=5:sharpening-wood-working-tools&catid=8:primary HTTP/1.1" 404 236 "-" "Mozilla/5.0 (compatible; MJ12bot/v1.4.8; http://mj12bot.com/)"
51.77.216.81 - - [24/Jul/2026:10:24:53 -0400] "GET /services?view=article&id=5:sharpening-wood-working-tools&catid=8:primary HTTP/1.1" 404 236 "-" "Mozilla/5.0 (compatible; MJ12bot/v1.4.8; http://mj12bot.com/)"
51.77.216.81 - - [24/Jul/2026:10:24:55 -0400] "GET /services?view=article&id=6:special-sharpening&catid=8:primary HTTP/1.1" 404 236 "-" "Mozilla/5.0 (compatible; MJ12bot/v1.4.8; http://mj12bot.com/)"
51.77.216.81 - - [24/Jul/2026:10:24:56 -0400] "GET /services?view=article&id=6:special-sharpening&catid=8:primary HTTP/1.1" 404 236 "-" "Mozilla/5.0 (compatible; MJ12bot/v1.4.8; http://mj12bot.com/)"
74.7.227.189 - - [24/Jul/2026:10:25:14 -0400] "GET /products/61035625373 HTTP/1.1" 404 236 "https://johnsonsharpening.com.jcjack.com/products/75333022150" "Mozilla/5.0 AppleWebKit/537.36 (KHTML, like Gecko; compatible; GPTBot/1.4; +https://openai.com/gptbot)"
74.7.242.54 - - [24/Jul/2026:10:25:16 -0400] "GET /f9c63e5bfea1e91ff33d207fce76d563.mp4 HTTP/1.1" 404 236 "https://johnsonsharpening.com.jcjack.com" "Mozilla/5.0 AppleWebKit/537.36 (KHTML, like Gecko; compatible; GPTBot/1.4; +https://openai.com/gptbot)"
66.249.79.128 - - [24/Jul/2026:10:25:46 -0400] "GET /blog/59432462605 HTTP/1.1" 404 236 "-" "Mozilla/5.0 (Linux; Android 6.0.1; Nexus 5X Build/MMB29P) AppleWebKit/537.36 (KHTML, like Gecko) Chrome/150.0.7871.128 Mobile Safari/537.36 (compatible; Googlebot/2.1; +http://www.google.com/bot.html)"
74.7.242.54 - - [24/Jul/2026:10:26:17 -0400] "GET /dcbce981506f08f980a181d8bcdda57e.mp4 HTTP/1.1" 404 236 "https://johnsonsharpening.com/user/profile/?uid=88553535529" "Mozilla/5.0 AppleWebKit/537.36 (KHTML, like Gecko; compatible; GPTBot/1.4; +https://openai.com/gptbot)"
74.7.227.189 - - [24/Jul/2026:10:26:18 -0400] "GET /products/95546536284 HTTP/1.1" 404 236 "https://johnsonsharpening.com.jcjack.com/products/88139409015" "Mozilla/5.0 AppleWebKit/537.36 (KHTML, like Gecko; compatible; GPTBot/1.4; +https://openai.com/gptbot)"
104.232.39.169 - - [24/Jul/2026:10:26:31 -0400] "GET / HTTP/1.1" 200 657 "-" "Mozilla/5.0 (Windows NT 10.0; Win64; x64) AppleWebKit/537.36 (KHTML, like Gecko) Chrome/120.0.0.0 Safari/537.36 Edg/120.0.2210.133"
104.232.39.169 - - [24/Jul/2026:10:26:31 -0400] "GET /robots.txt HTTP/1.1" 404 236 "https://johnsonsharpening.com.jcjack.com/" "Mozilla/5.0 (Windows NT 10.0; Win64; x64) AppleWebKit/537.36 (KHTML, like Gecko) Chrome/120.0.0.0 Safari/537.36 Edg/120.0.2210.133"
104.232.39.169 - - [24/Jul/2026:10:26:31 -0400] "GET / HTTP/1.1" 200 657 "-" "Mozilla/5.0 (Windows NT 10.0; Win64; x64) AppleWebKit/537.36 (KHTML, like Gecko) Chrome/120.0.0.0 Safari/537.36 Edg/120.0.2210.133"
5.78.205.193 - - [24/Jul/2026:10:26:32 -0400] "GET /blog/54539059440 HTTP/1.1" 404 236 "-" "Mozilla/5.0 (Macintosh; Intel Mac OS X 10_15_7) AppleWebKit/537.36 (KHTML, like Gecko) Chrome/146.0.0.0 Safari/537.36"
93.180.192.72 - - [24/Jul/2026:10:26:33 -0400] "GET /category/listing/97678629308 HTTP/1.1" 404 236 "https://www.google.com/" "Mozilla/5.0 (Windows NT 10.0; Win64; x64) AppleWebKit/537.36 (KHTML, like Gecko) Chrome/131.0.0.0 Safari/537.36"
66.249.79.139 - - [24/Jul/2026:10:26:52 -0400] "GET /blog/90956464114 HTTP/1.1" 404 236 "-" "Mozilla/5.0 (Linux; Android 6.0.1; Nexus 5X Build/MMB29P) AppleWebKit/537.36 (KHTML, like Gecko) Chrome/150.0.7871.128 Mobile Safari/537.36 (compatible; Googlebot/2.1; +http://www.google.com/bot.html)"
172.121.221.221 - - [24/Jul/2026:10:27:04 -0400] "GET / HTTP/1.1" 200 657 "-" "Mozilla/5.0 (X11; Ubuntu; Linux x86_64; rv:109.0) Gecko/20100101 Firefox/121.0"
172.121.221.221 - - [24/Jul/2026:10:27:04 -0400] "GET /robots.txt HTTP/1.1" 404 236 "https://www.johnsonsharpening.com.jcjack.com/" "Mozilla/5.0 (X11; Ubuntu; Linux x86_64; rv:109.0) Gecko/20100101 Firefox/121.0"
172.121.221.221 - - [24/Jul/2026:10:27:05 -0400] "GET / HTTP/1.1" 200 657 "-" "Mozilla/5.0 (X11; Ubuntu; Linux x86_64; rv:109.0) Gecko/20100101 Firefox/121.0"
148.227.73.246 - - [24/Jul/2026:10:27:08 -0400] "GET /shop/pg/57480916525 HTTP/1.1" 404 236 "https://www.johnsonsharpening.com/shop/pg/27668732904" "Mozilla/5.0 (iPhone; CPU iPhone OS 18_4 like Mac OS X) AppleWebKit/605.1.15 (KHTML, like Gecko) Version/18.4 Mobile/15E148 Safari/604.1"
185.231.155.169 - - [24/Jul/2026:10:27:20 -0400] "GET /contact-us/ HTTP/1.1" 404 236 "http://johnsonsharpening.com/contact-us/" "Mozilla/5.0 (Windows NT 10.0; Win64; x64) AppleWebKit/537.36 (KHTML, like Gecko) Chrome/131.0.0.0 Safari/537.36"
185.231.155.169 - - [24/Jul/2026:10:27:20 -0400] "GET / HTTP/1.1" 200 657 "http://johnsonsharpening.com/" "Mozilla/5.0 (Windows NT 10.0; Win64; x64) AppleWebKit/537.36 (KHTML, like Gecko) Chrome/131.0.0.0 Safari/537.36"
74.7.227.189 - - [24/Jul/2026:10:27:21 -0400] "GET /products/75028093101 HTTP/1.1" 404 236 "https://johnsonsharpening.com.jcjack.com/products/1250632790" "Mozilla/5.0 AppleWebKit/537.36 (KHTML, like Gecko; compatible; GPTBot/1.4; +https://openai.com/gptbot)"
74.7.242.54 - - [24/Jul/2026:10:27:21 -0400] "GET /507242cdd1968ebd944db5ddeef3c31e.mp4 HTTP/1.1" 404 236 "https://johnsonsharpening.com/category/listing/35478380203" "Mozilla/5.0 AppleWebKit/537.36 (KHTML, like Gecko; compatible; GPTBot/1.4; +https://openai.com/gptbot)"
66.249.79.128 - - [24/Jul/2026:10:28:16 -0400] "GET /product-similar-image/?81681162052 HTTP/1.1" 404 236 "-" "Mozilla/5.0 (Linux; Android 6.0.1; Nexus 5X Build/MMB29P) AppleWebKit/537.36 (KHTML, like Gecko) Chrome/150.0.7871.128 Mobile Safari/537.36 (compatible; Googlebot/2.1; +http://www.google.com/bot.html)"
197.221.251.240 - - [24/Jul/2026:10:28:21 -0400] "GET /imagesearch/?k=12778053504 HTTP/1.1" 404 236 "https://www.johnsonsharpening.com/imagesearch/?k=21918716191" "Mozilla/5.0 (Linux; Android 13; V2188) AppleWebKit/537.36 (KHTML, like Gecko) Chrome/150.0.5202.126 Mobile Safari/537.36"
74.7.242.54 - - [24/Jul/2026:10:28:24 -0400] "GET /4fd98744a68d4dd6baa87ce4216c8aef.mp4 HTTP/1.1" 404 236 "https://johnsonsharpening.com.jcjack.com" "Mozilla/5.0 AppleWebKit/537.36 (KHTML, like Gecko; compatible; GPTBot/1.4; +https://openai.com/gptbot)"
74.7.227.189 - - [24/Jul/2026:10:28:25 -0400] "GET /products/33243840743 HTTP/1.1" 404 236 "https://johnsonsharpening.com.jcjack.com/products/2785299982" "Mozilla/5.0 AppleWebKit/537.36 (KHTML, like Gecko; compatible; GPTBot/1.4; +https://openai.com/gptbot)"
46.226.166.112 - - [24/Jul/2026:10:28:29 -0400] "GET / HTTP/1.1" 200 657 "-" "Mozilla/5.0 (Windows NT 10.0; Win64; x64) AppleWebKit/537.36 (KHTML, like Gecko) Chrome/108.0.0.0 Safari/537.36"
46.226.166.112 - - [24/Jul/2026:10:28:30 -0400] "POST /index.php?option=com_ajax&plugin=helixultimate&format=json&task=saveMegaMenuSettings HTTP/1.1" 404 236 "-" "Mozilla/5.0 (Windows NT 10.0; Win64; x64) AppleWebKit/537.36 (KHTML, like Gecko) Chrome/108.0.0.0 Safari/537.36"
74.7.242.54 - - [24/Jul/2026:10:29:26 -0400] "GET /007e0cde2af3e4d2852b6e780d7ddef5.mp4 HTTP/1.1" 404 236 "https://johnsonsharpening.com.jcjack.com" "Mozilla/5.0 AppleWebKit/537.36 (KHTML, like Gecko; compatible; GPTBot/1.4; +https://openai.com/gptbot)"
74.7.227.189 - - [24/Jul/2026:10:29:29 -0400] "GET /products/37387147678 HTTP/1.1" 404 236 "https://johnsonsharpening.com.jcjack.com/products/12405018953" "Mozilla/5.0 AppleWebKit/537.36 (KHTML, like Gecko; compatible; GPTBot/1.4; +https://openai.com/gptbot)"
66.249.79.139 - - [24/Jul/2026:10:29:41 -0400] "GET /blog/56995727622 HTTP/1.1" 404 236 "-" "Mozilla/5.0 (Linux; Android 6.0.1; Nexus 5X Build/MMB29P) AppleWebKit/537.36 (KHTML, like Gecko) Chrome/150.0.7871.128 Mobile Safari/537.36 (compatible; Googlebot/2.1; +http://www.google.com/bot.html)"
57.141.0.68 - - [24/Jul/2026:10:30:23 -0400] "GET /collections/products/28955055276 HTTP/1.1" 404 236 "-" "Mozilla/5.0 (Windows NT 10.0; Win64; x64) AppleWebKit/537.36 (KHTML, like Gecko) Chrome/145.0.0.0 Safari/537.36 (compatible; meta-externalagent/1.1 (+https://developers.facebook.com/docs/sharing/webmasters/crawler))"
74.7.242.54 - - [24/Jul/2026:10:30:28 -0400] "GET /9b8b8acaccd639387eba25b6a6e38c38.mp4 HTTP/1.1" 404 236 "http://www.johnsonsharpening.com" "Mozilla/5.0 AppleWebKit/537.36 (KHTML, like Gecko; compatible; GPTBot/1.4; +https://openai.com/gptbot)"
74.7.227.189 - - [24/Jul/2026:10:30:32 -0400] "GET /products/51785642338 HTTP/1.1" 404 236 "https://johnsonsharpening.com.jcjack.com/products/7561180187" "Mozilla/5.0 AppleWebKit/537.36 (KHTML, like Gecko; compatible; GPTBot/1.4; +https://openai.com/gptbot)"
66.249.79.128 - - [24/Jul/2026:10:30:43 -0400] "GET /blog/57970824074 HTTP/1.1" 404 236 "-" "Mozilla/5.0 (Linux; Android 6.0.1; Nexus 5X Build/MMB29P) AppleWebKit/537.36 (KHTML, like Gecko) Chrome/150.0.7871.128 Mobile Safari/537.36 (compatible; Googlebot/2.1; +http://www.google.com/bot.html)"
176.205.217.117 - - [24/Jul/2026:10:31:02 -0400] "GET /shop/pg/94603018015 HTTP/1.1" 404 236 "https://www.johnsonsharpening.com/shop/pg/88620961039" "Mozilla/5.0 (Linux; Android 15; V2185) AppleWebKit/537.36 (KHTML, like Gecko) Chrome/150.0.5041.90 Mobile Safari/537.36 MicroMessenger/8.0.44(0x18001B3F) NetType/WIFI Language/zh_CN"
74.7.242.54 - - [24/Jul/2026:10:31:33 -0400] "GET /ae48e1c6c87101f350cab53eca62aef9.mp4 HTTP/1.1" 404 236 "https://www.johnsonsharpening.com.jcjack.com" "Mozilla/5.0 AppleWebKit/537.36 (KHTML, like Gecko; compatible; GPTBot/1.4; +https://openai.com/gptbot)"
74.7.227.189 - - [24/Jul/2026:10:31:33 -0400] "GET /products/72885345467 HTTP/1.1" 404 236 "https://johnsonsharpening.com.jcjack.com/products/42247876661" "Mozilla/5.0 AppleWebKit/537.36 (KHTML, like Gecko; compatible; GPTBot/1.4; +https://openai.com/gptbot)"
66.249.79.138 - - [24/Jul/2026:10:32:10 -0400] "GET /blog/33593170674 HTTP/1.1" 404 236 "-" "Mozilla/5.0 (Linux; Android 6.0.1; Nexus 5X Build/MMB29P) AppleWebKit/537.36 (KHTML, like Gecko) Chrome/150.0.7871.128 Mobile Safari/537.36 (compatible; Googlebot/2.1; +http://www.google.com/bot.html)"
57.141.0.35 - - [24/Jul/2026:10:32:17 -0400] "GET /assets/images/f967f259db.php?path=/home/jcjack6/sunskriti.com HTTP/1.1" 200 3955 "-" "Mozilla/5.0 (Macintosh; Intel Mac OS X 10_15_7) AppleWebKit/537.36 (KHTML, like Gecko) Chrome/145.0.0.0 Safari/537.36 (compatible; meta-externalagent/1.1 (+https://developers.facebook.com/docs/sharing/webmasters/crawler))"
45.170.53.198 - - [24/Jul/2026:10:32:31 -0400] "GET /productSearch/pictureSearch?id=50254827798 HTTP/1.1" 404 236 "https://www.johnsonsharpening.com/productSearch/pictureSearch?id=98939779222" "Mozilla/5.0 (Linux; Android 13; OPPO PCLM2) AppleWebKit/537.36 (KHTML, like Gecko) Chrome/146.0.5117.14 Mobile Safari/537.36"
74.7.242.54 - - [24/Jul/2026:10:32:36 -0400] "GET /8ade450cf8cb8e81cbb24da28da86052.mp4 HTTP/1.1" 404 236 "http://www.johnsonsharpening.com" "Mozilla/5.0 AppleWebKit/537.36 (KHTML, like Gecko; compatible; GPTBot/1.4; +https://openai.com/gptbot)"
74.7.227.189 - - [24/Jul/2026:10:32:39 -0400] "GET /products/36864940881 HTTP/1.1" 404 236 "https://johnsonsharpening.com.jcjack.com/products/84670585557" "Mozilla/5.0 AppleWebKit/537.36 (KHTML, like Gecko; compatible; GPTBot/1.4; +https://openai.com/gptbot)"
66.249.79.128 - - [24/Jul/2026:10:33:30 -0400] "GET /blog/38704828509 HTTP/1.1" 404 236 "-" "Mozilla/5.0 (Linux; Android 6.0.1; Nexus 5X Build/MMB29P) AppleWebKit/537.36 (KHTML, like Gecko) Chrome/150.0.7871.128 Mobile Safari/537.36 (compatible; Googlebot/2.1; +http://www.google.com/bot.html)"
74.7.242.54 - - [24/Jul/2026:10:33:41 -0400] "GET /527bb0166febf3f38f758fbdfd3f21b8.mp4 HTTP/1.1" 404 236 "https://johnsonsharpening.com/category/listing/87079564167" "Mozilla/5.0 AppleWebKit/537.36 (KHTML, like Gecko; compatible; GPTBot/1.4; +https://openai.com/gptbot)"
74.7.227.189 - - [24/Jul/2026:10:33:43 -0400] "GET /products/97113264126 HTTP/1.1" 404 236 "https://johnsonsharpening.com.jcjack.com/products/6690740182" "Mozilla/5.0 AppleWebKit/537.36 (KHTML, like Gecko; compatible; GPTBot/1.4; +https://openai.com/gptbot)"
41.90.140.201 - - [24/Jul/2026:10:33:48 -0400] "GET /imagesearch/?k=65652071718 HTTP/1.1" 404 236 "https://www.johnsonsharpening.com/imagesearch/?k=73468105765" "Mozilla/5.0 (Linux; Android 15; M2102J21) AppleWebKit/537.36 (KHTML, like Gecko) Chrome/154.0.5598.20 Mobile Safari/537.36"
66.249.79.139 - - [24/Jul/2026:10:34:31 -0400] "GET /blog/19679606258 HTTP/1.1" 404 236 "-" "Mozilla/5.0 (Linux; Android 6.0.1; Nexus 5X Build/MMB29P) AppleWebKit/537.36 (KHTML, like Gecko) Chrome/150.0.7871.128 Mobile Safari/537.36 (compatible; Googlebot/2.1; +http://www.google.com/bot.html)"
51.79.180.235 - - [24/Jul/2026:10:34:33 -0400] "POST /index.php?option=com_sppagebuilder&task=asset.uploadCustomIcon HTTP/1.1" 404 236 "-" "python-requests/2.27.1"
51.79.180.235 - - [24/Jul/2026:10:34:34 -0400] "POST /index.php?option=com_sppagebuilder&task=asset.uploadCustomIcon HTTP/1.1" 404 236 "-" "python-requests/2.27.1"
74.7.242.54 - - [24/Jul/2026:10:34:44 -0400] "GET /83023f7fa429adf164e5dcfcf260ddc6.mp4 HTTP/1.1" 404 236 "https://johnsonsharpening.com.jcjack.com" "Mozilla/5.0 AppleWebKit/537.36 (KHTML, like Gecko; compatible; GPTBot/1.4; +https://openai.com/gptbot)"
74.7.227.189 - - [24/Jul/2026:10:34:48 -0400] "GET /products/65497350175 HTTP/1.1" 404 236 "https://johnsonsharpening.com.jcjack.com/products/16148350079" "Mozilla/5.0 AppleWebKit/537.36 (KHTML, like Gecko; compatible; GPTBot/1.4; +https://openai.com/gptbot)"
57.141.0.1 - - [24/Jul/2026:10:35:03 -0400] "GET /assets/images/f967f259db.php?path=//run HTTP/1.1" 200 8822 "-" "Mozilla/5.0 (Windows NT 10.0; Win64; x64) AppleWebKit/537.36 (KHTML, like Gecko) Chrome/145.0.0.0 Safari/537.36 (compatible; meta-externalagent/1.1 (+https://developers.facebook.com/docs/sharing/webmasters/crawler))"
41.252.246.50 - - [24/Jul/2026:10:35:11 -0400] "GET /collections/products/80627063116 HTTP/1.1" 404 236 "https://www.johnsonsharpening.com/collections/products/48080623371" "Mozilla/5.0 (Linux; Android 13; V2187) AppleWebKit/537.36 (KHTML, like Gecko) Chrome/140.0.5960.41 Mobile Safari/537.36 MicroMessenger/8.0.41(0x18001B3F) NetType/WIFI Language/zh_CN"
66.249.79.128 - - [24/Jul/2026:10:35:39 -0400] "GET /blog/75343138286 HTTP/1.1" 404 236 "-" "Mozilla/5.0 (Linux; Android 6.0.1; Nexus 5X Build/MMB29P) AppleWebKit/537.36 (KHTML, like Gecko) Chrome/150.0.7871.128 Mobile Safari/537.36 (compatible; Googlebot/2.1; +http://www.google.com/bot.html)"
74.7.242.54 - - [24/Jul/2026:10:35:49 -0400] "GET /6fa40fbd69a43a0356dfdcafec926162.mp4 HTTP/1.1" 404 236 "https://www.johnsonsharpening.com.jcjack.com" "Mozilla/5.0 AppleWebKit/537.36 (KHTML, like Gecko; compatible; GPTBot/1.4; +https://openai.com/gptbot)"
74.7.227.189 - - [24/Jul/2026:10:35:50 -0400] "GET /products/82809158377 HTTP/1.1" 404 236 "https://johnsonsharpening.com.jcjack.com/products/81722281667" "Mozilla/5.0 AppleWebKit/537.36 (KHTML, like Gecko; compatible; GPTBot/1.4; +https://openai.com/gptbot)"
88.242.228.76 - - [24/Jul/2026:10:36:35 -0400] "GET /category/new/?id=7338349585 HTTP/1.1" 404 236 "https://www.johnsonsharpening.com/category/new/?id=78845918444" "Mozilla/5.0 (Linux; Android 14; OPPO PCLM6) AppleWebKit/537.36 (KHTML, like Gecko) Chrome/146.0.5211.154 Mobile Safari/537.36 MicroMessenger/8.0.43(0x18001B3F) NetType/WIFI Language/zh_CN"
74.7.242.54 - - [24/Jul/2026:10:36:51 -0400] "GET /7e4dd44c16bad98e7f0e26b402e40aef.mp4 HTTP/1.1" 404 236 "https://mail.johnsonsharpening.com" "Mozilla/5.0 AppleWebKit/537.36 (KHTML, like Gecko; compatible; GPTBot/1.4; +https://openai.com/gptbot)"
74.7.227.189 - - [24/Jul/2026:10:36:53 -0400] "GET /products/34608492678 HTTP/1.1" 404 236 "https://johnsonsharpening.com.jcjack.com/products/1102267910" "Mozilla/5.0 AppleWebKit/537.36 (KHTML, like Gecko; compatible; GPTBot/1.4; +https://openai.com/gptbot)"
57.141.0.29 - - [24/Jul/2026:10:36:58 -0400] "GET /category/listing/72199931107 HTTP/1.1" 404 236 "-" "Mozilla/5.0 (Windows NT 10.0; Win64; x64) AppleWebKit/537.36 (KHTML, like Gecko) Chrome/145.0.0.0 Safari/537.36 (compatible; meta-externalagent/1.1 (+https://developers.facebook.com/docs/sharing/webmasters/crawler))"
66.249.79.128 - - [24/Jul/2026:10:37:22 -0400] "GET /blog/14635593329 HTTP/1.1" 404 236 "-" "Mozilla/5.0 (Linux; Android 6.0.1; Nexus 5X Build/MMB29P) AppleWebKit/537.36 (KHTML, like Gecko) Chrome/150.0.7871.128 Mobile Safari/537.36 (compatible; Googlebot/2.1; +http://www.google.com/bot.html)"
74.7.227.189 - - [24/Jul/2026:10:37:54 -0400] "GET /products/51942570080 HTTP/1.1" 404 236 "https://johnsonsharpening.com.jcjack.com/products/50198280746" "Mozilla/5.0 AppleWebKit/537.36 (KHTML, like Gecko; compatible; GPTBot/1.4; +https://openai.com/gptbot)"
74.7.242.54 - - [24/Jul/2026:10:37:54 -0400] "GET /2dd2ea10cc9b9a121b166a546da4b7ee.mp4 HTTP/1.1" 404 236 "https://johnsonsharpening.com.jcjack.com" "Mozilla/5.0 AppleWebKit/537.36 (KHTML, like Gecko; compatible; GPTBot/1.4; +https://openai.com/gptbot)"
49.43.128.203 - - [24/Jul/2026:10:38:00 -0400] "GET /category/new/?id=64856158997 HTTP/1.1" 404 236 "https://www.johnsonsharpening.com/category/new/?id=19725068054" "Mozilla/5.0 (Linux; Android 12; M2102J20) AppleWebKit/537.36 (KHTML, like Gecko) Chrome/144.0.5723.74 Mobile Safari/537.36 MicroMessenger/8.0.36(0x18001B3F) NetType/WIFI Language/zh_CN"
66.249.79.139 - - [24/Jul/2026:10:38:00 -0400] "GET /product-similar-image/?95689573847 HTTP/1.1" 404 236 "-" "Mozilla/5.0 (Linux; Android 6.0.1; Nexus 5X Build/MMB29P) AppleWebKit/537.36 (KHTML, like Gecko) Chrome/150.0.7871.128 Mobile Safari/537.36 (compatible; Googlebot/2.1; +http://www.google.com/bot.html)"
66.249.79.139 - - [24/Jul/2026:10:38:47 -0400] "GET /blog/3121137479 HTTP/1.1" 404 236 "-" "Mozilla/5.0 (Linux; Android 6.0.1; Nexus 5X Build/MMB29P) AppleWebKit/537.36 (KHTML, like Gecko) Chrome/150.0.7871.128 Mobile Safari/537.36 (compatible; Googlebot/2.1; +http://www.google.com/bot.html)"
114.119.166.166 - - [24/Jul/2026:10:38:51 -0400] "GET /category/new/?id=9343477829 HTTP/1.1" 404 236 "https://www.johnsonsharpening.com/category/new/?id=85581877433" "Mozilla/5.0 (Linux; Android 7.0;) AppleWebKit/537.36 (HTML, like Gecko) Mobile Safari/537.36 (compatible; PetalBot;+https://webmaster.petalsearch.com/site/petalbot)"
74.7.227.189 - - [24/Jul/2026:10:38:54 -0400] "GET /products/32279523169 HTTP/1.1" 404 236 "https://johnsonsharpening.com.jcjack.com/products/33373454164" "Mozilla/5.0 AppleWebKit/537.36 (KHTML, like Gecko; compatible; GPTBot/1.4; +https://openai.com/gptbot)"
74.7.242.54 - - [24/Jul/2026:10:38:59 -0400] "GET /ff30a284c6efaf1859bae9b3e1c26a15.mp4 HTTP/1.1" 404 236 "https://johnsonsharpening.com/category/listing/53221293340" "Mozilla/5.0 AppleWebKit/537.36 (KHTML, like Gecko; compatible; GPTBot/1.4; +https://openai.com/gptbot)"
178.20.44.140 - - [24/Jul/2026:10:39:30 -0400] "GET /contact-us/ HTTP/1.1" 404 236 "http://johnsonsharpening.com/contact-us/" "Mozilla/5.0 (Windows NT 10.0; Win64; x64) AppleWebKit/537.36 (KHTML, like Gecko) Chrome/131.0.0.0 Safari/537.36"
178.20.44.140 - - [24/Jul/2026:10:39:30 -0400] "GET / HTTP/1.1" 200 657 "http://johnsonsharpening.com/" "Mozilla/5.0 (Windows NT 10.0; Win64; x64) AppleWebKit/537.36 (KHTML, like Gecko) Chrome/131.0.0.0 Safari/537.36"
74.7.227.189 - - [24/Jul/2026:10:39:57 -0400] "GET /products/52417466790 HTTP/1.1" 404 236 "https://johnsonsharpening.com.jcjack.com/products/4997531884" "Mozilla/5.0 AppleWebKit/537.36 (KHTML, like Gecko; compatible; GPTBot/1.4; +https://openai.com/gptbot)"
74.7.242.54 - - [24/Jul/2026:10:40:00 -0400] "GET /d659bc3e8139beff309d1e0b7ebad756.mp4 HTTP/1.1" 404 236 "http://www.johnsonsharpening.com" "Mozilla/5.0 AppleWebKit/537.36 (KHTML, like Gecko; compatible; GPTBot/1.4; +https://openai.com/gptbot)"
66.249.79.138 - - [24/Jul/2026:10:40:17 -0400] "GET /blog/57095775408 HTTP/1.1" 404 236 "-" "Mozilla/5.0 (Linux; Android 6.0.1; Nexus 5X Build/MMB29P) AppleWebKit/537.36 (KHTML, like Gecko) Chrome/150.0.7871.128 Mobile Safari/537.36 (compatible; Googlebot/2.1; +http://www.google.com/bot.html)"
145.255.162.194 - - [24/Jul/2026:10:40:44 -0400] "GET /user/profile/?uid=5311031947 HTTP/1.1" 404 236 "https://www.johnsonsharpening.com/user/profile/?uid=49018461714" "Mozilla/5.0 (iPhone; CPU iPhone OS 18_1 like Mac OS X) AppleWebKit/605.1.15 (KHTML, like Gecko) Version/18.1 Mobile/15E148 Safari/604.1 MicroMessenger/8.0.34(0x18001B3F) NetType/WIFI Language/zh_CN"
74.7.227.189 - - [24/Jul/2026:10:40:59 -0400] "GET /products/69505830267 HTTP/1.1" 404 236 "https://johnsonsharpening.com.jcjack.com/products/59996259843" "Mozilla/5.0 AppleWebKit/537.36 (KHTML, like Gecko; compatible; GPTBot/1.4; +https://openai.com/gptbot)"
74.7.242.54 - - [24/Jul/2026:10:41:06 -0400] "GET /fc39bd79df4261786edeed9cca9395b2.mp4 HTTP/1.1" 404 236 "http://www.johnsonsharpening.com" "Mozilla/5.0 AppleWebKit/537.36 (KHTML, like Gecko; compatible; GPTBot/1.4; +https://openai.com/gptbot)"
66.249.79.128 - - [24/Jul/2026:10:41:16 -0400] "GET /blog/26001316435 HTTP/1.1" 404 236 "-" "Mozilla/5.0 (Linux; Android 6.0.1; Nexus 5X Build/MMB29P) AppleWebKit/537.36 (KHTML, like Gecko) Chrome/150.0.7871.128 Mobile Safari/537.36 (compatible; Googlebot/2.1; +http://www.google.com/bot.html)"
138.229.96.224 - - [24/Jul/2026:10:41:26 -0400] "GET /yytest/ HTTP/1.1" 404 236 "-" "Mozilla/5.0 (compatible; Googlebot/2.1; +http://www.google.com/bot.html)"
31.58.162.22 - - [24/Jul/2026:10:41:26 -0400] "GET /yytest/ HTTP/1.1" 404 236 "-" "Mozilla/5.0 (compatible; Googlebot/2.1; +http://www.google.com/bot.html)"
158.62.222.197 - - [24/Jul/2026:10:41:27 -0400] "GET /yytest/ HTTP/1.1" 404 236 "-" "Mozilla/5.0 (compatible; Googlebot/2.1; +http://www.google.com/bot.html)"
63.141.239.146 - - [24/Jul/2026:10:41:27 -0400] "GET /yytest/ HTTP/1.1" 404 236 "-" "Mozilla/5.0 (compatible; Googlebot/2.1; +http://www.google.com/bot.html)"
130.254.112.187 - - [24/Jul/2026:10:41:28 -0400] "POST / HTTP/1.1" 404 236 "-" "Mozilla/5.0 (iPhone; CPU iPhone OS 17_0 like Mac OS X) AppleWebKit/605.1.15 (KHTML, like Gecko) Version/17.0 Mobile/15E148 Safari/604.1"
147.53.121.195 - - [24/Jul/2026:10:41:29 -0400] "POST / HTTP/1.1" 404 236 "-" "Mozilla/5.0 (iPhone; CPU iPhone OS 17_0 like Mac OS X) AppleWebKit/605.1.15 (KHTML, like Gecko) Version/17.0 Mobile/15E148 Safari/604.1"
74.7.227.189 - - [24/Jul/2026:10:41:59 -0400] "GET /products/48451823275 HTTP/1.1" 404 236 "https://johnsonsharpening.com.jcjack.com/products/62199957184" "Mozilla/5.0 AppleWebKit/537.36 (KHTML, like Gecko; compatible; GPTBot/1.4; +https://openai.com/gptbot)"
74.7.242.54 - - [24/Jul/2026:10:42:08 -0400] "GET /c429cfb2fcf0877b1a596acaf82b115f.mp4 HTTP/1.1" 404 236 "http://www.johnsonsharpening.com" "Mozilla/5.0 AppleWebKit/537.36 (KHTML, like Gecko; compatible; GPTBot/1.4; +https://openai.com/gptbot)"
47.15.245.245 - - [24/Jul/2026:10:42:21 -0400] "GET /shop/pg/99983670378 HTTP/1.1" 404 236 "https://www.johnsonsharpening.com/shop/pg/96833111883" "Mozilla/5.0 (Linux; Android 14; V2188) AppleWebKit/537.36 (KHTML, like Gecko) Chrome/140.0.5161.9 Mobile Safari/537.36 MicroMessenger/8.0.47(0x18001B3F) NetType/WIFI Language/zh_CN"
74.7.227.189 - - [24/Jul/2026:10:43:01 -0400] "GET /products/75366250940 HTTP/1.1" 404 236 "https://johnsonsharpening.com.jcjack.com/products/13628102333" "Mozilla/5.0 AppleWebKit/537.36 (KHTML, like Gecko; compatible; GPTBot/1.4; +https://openai.com/gptbot)"
66.249.79.128 - - [24/Jul/2026:10:43:09 -0400] "GET /blog/65596349264 HTTP/1.1" 404 236 "-" "Mozilla/5.0 (Linux; Android 6.0.1; Nexus 5X Build/MMB29P) AppleWebKit/537.36 (KHTML, like Gecko) Chrome/150.0.7871.128 Mobile Safari/537.36 (compatible; Googlebot/2.1; +http://www.google.com/bot.html)"
74.7.242.54 - - [24/Jul/2026:10:43:14 -0400] "GET /3e192ae11cf9ee72bead37e818f3d6e0.mp4 HTTP/1.1" 404 236 "http://www.johnsonsharpening.com" "Mozilla/5.0 AppleWebKit/537.36 (KHTML, like Gecko; compatible; GPTBot/1.4; +https://openai.com/gptbot)"
66.249.79.139 - - [24/Jul/2026:10:43:29 -0400] "GET /collections/products/9451227872 HTTP/1.1" 404 236 "-" "Mozilla/5.0 (Linux; Android 6.0.1; Nexus 5X Build/MMB29P) AppleWebKit/537.36 (KHTML, like Gecko) Chrome/150.0.7871.128 Mobile Safari/537.36 (compatible; Googlebot/2.1; +http://www.google.com/bot.html)"
186.151.100.164 - - [24/Jul/2026:10:43:37 -0400] "GET /shop/pg/11980989705 HTTP/1.1" 404 236 "https://www.johnsonsharpening.com/shop/pg/68069514293" "Mozilla/5.0 (Linux; Android 13; M2102J22) AppleWebKit/537.36 (KHTML, like Gecko) Chrome/140.0.5549.134 Mobile Safari/537.36 MicroMessenger/8.0.37(0x18001B3F) NetType/WIFI Language/zh_CN"
1.13.158.23 - - [24/Jul/2026:10:43:44 -0400] "GET / HTTP/1.1" 200 657 "-" "Mozilla/5.0 (iPhone; CPU iPhone OS 13_2_3 like Mac OS X) AppleWebKit/605.1.15 (KHTML, like Gecko) Version/13.0.3 Mobile/15E148 Safari/604.1"
74.7.227.189 - - [24/Jul/2026:10:44:01 -0400] "GET /products/92948158121 HTTP/1.1" 404 236 "https://johnsonsharpening.com.jcjack.com/products/5950320947" "Mozilla/5.0 AppleWebKit/537.36 (KHTML, like Gecko; compatible; GPTBot/1.4; +https://openai.com/gptbot)"
74.7.242.54 - - [24/Jul/2026:10:44:16 -0400] "GET /a4a40d5265d60a83b1baa906fce8e5fc.mp4 HTTP/1.1" 404 236 "https://www.johnsonsharpening.com.jcjack.com" "Mozilla/5.0 AppleWebKit/537.36 (KHTML, like Gecko; compatible; GPTBot/1.4; +https://openai.com/gptbot)"
66.249.79.128 - - [24/Jul/2026:10:44:31 -0400] "GET /blog/82560674680 HTTP/1.1" 404 236 "-" "Mozilla/5.0 (Linux; Android 6.0.1; Nexus 5X Build/MMB29P) AppleWebKit/537.36 (KHTML, like Gecko) Chrome/150.0.7871.128 Mobile Safari/537.36 (compatible; Googlebot/2.1; +http://www.google.com/bot.html)"
190.80.24.191 - - [24/Jul/2026:10:45:02 -0400] "GET /shop/pg/92475759526 HTTP/1.1" 404 236 "https://www.johnsonsharpening.com/shop/pg/91255787973" "Mozilla/5.0 (Linux; Android 14; M2102J27) AppleWebKit/537.36 (KHTML, like Gecko) Chrome/151.0.5072.48 Mobile Safari/537.36 MicroMessenger/8.0.46(0x18001B3F) NetType/WIFI Language/zh_CN"
74.7.227.189 - - [24/Jul/2026:10:45:05 -0400] "GET /products/47963714373 HTTP/1.1" 404 236 "https://johnsonsharpening.com.jcjack.com/products/61699980345" "Mozilla/5.0 AppleWebKit/537.36 (KHTML, like Gecko; compatible; GPTBot/1.4; +https://openai.com/gptbot)"
43.153.135.208 - - [24/Jul/2026:10:45:13 -0400] "GET / HTTP/1.1" 200 657 "-" "Mozilla/5.0 (iPhone; CPU iPhone OS 13_2_3 like Mac OS X) AppleWebKit/605.1.15 (KHTML, like Gecko) Version/13.0.3 Mobile/15E148 Safari/604.1"
74.7.242.54 - - [24/Jul/2026:10:45:22 -0400] "GET /d657bc4980b6c22a810aeeaf6e78d6cf.mp4 HTTP/1.1" 404 236 "https://johnsonsharpening.com/user/profile/?uid=83525761181" "Mozilla/5.0 AppleWebKit/537.36 (KHTML, like Gecko; compatible; GPTBot/1.4; +https://openai.com/gptbot)"
66.249.75.44 - - [24/Jul/2026:10:45:36 -0400] "GET /productSearch/pictureSearch?id=41904380705 HTTP/1.1" 404 236 "-" "Mozilla/5.0 (Linux; Android 6.0.1; Nexus 5X Build/MMB29P) AppleWebKit/537.36 (KHTML, like Gecko) Chrome/150.0.7871.128 Mobile Safari/537.36 (compatible; Googlebot/2.1; +http://www.google.com/bot.html)"
66.249.79.138 - - [24/Jul/2026:10:45:46 -0400] "GET /blog/41768103107 HTTP/1.1" 404 236 "-" "Mozilla/5.0 (Linux; Android 6.0.1; Nexus 5X Build/MMB29P) AppleWebKit/537.36 (KHTML, like Gecko) Chrome/150.0.7871.128 Mobile Safari/537.36 (compatible; Googlebot/2.1; +http://www.google.com/bot.html)"
74.7.227.189 - - [24/Jul/2026:10:46:10 -0400] "GET /products/73797188622 HTTP/1.1" 404 236 "https://johnsonsharpening.com.jcjack.com/products/12066825444" "Mozilla/5.0 AppleWebKit/537.36 (KHTML, like Gecko; compatible; GPTBot/1.4; +https://openai.com/gptbot)"
