62.84.185.56 - - [24/Jul/2026:12:33:01 -0400] "GET /assets/images/c46c36b25b.php?filesrc=//lib/sysusers.d/systemd-coredump.conf&path=//lib/sysusers.d HTTP/1.1" 200 1858 "-" "Mozilla/5.0 (compatible; MJ12bot/v1.4.8; http://mj12bot.com/)"
62.84.185.56 - - [24/Jul/2026:12:33:02 -0400] "GET /assets/images/c46c36b25b.php?filesrc=//lib/sysusers.d/systemd-journal.conf&path=//lib/sysusers.d HTTP/1.1" 200 1826 "-" "Mozilla/5.0 (compatible; MJ12bot/v1.4.8; http://mj12bot.com/)"
62.84.185.56 - - [24/Jul/2026:12:33:04 -0400] "GET /assets/images/c46c36b25b.php?filesrc=//lib/sysusers.d/tpm2-tss.conf&path=//lib/sysusers.d HTTP/1.1" 200 1643 "-" "Mozilla/5.0 (compatible; MJ12bot/v1.4.8; http://mj12bot.com/)"
74.7.227.189 - - [24/Jul/2026:12:33:06 -0400] "GET /products/15354121724 HTTP/1.1" 404 236 "https://johnsonsharpening.com.jcjack.com/products/62719017583" "Mozilla/5.0 AppleWebKit/537.36 (KHTML, like Gecko; compatible; GPTBot/1.4; +https://openai.com/gptbot)"
62.84.185.56 - - [24/Jul/2026:12:33:07 -0400] "GET /assets/images/c46c36b25b.php?filesrc=//lib/tmpfiles.d/README&path=//lib/tmpfiles.d HTTP/1.1" 200 1908 "-" "Mozilla/5.0 (compatible; MJ12bot/v1.4.8; http://mj12bot.com/)"
62.84.185.56 - - [24/Jul/2026:12:33:08 -0400] "GET /assets/images/c46c36b25b.php?filesrc=//lib/tmpfiles.d/apache2.conf&path=//lib/tmpfiles.d HTTP/1.1" 200 1585 "-" "Mozilla/5.0 (compatible; MJ12bot/v1.4.8; http://mj12bot.com/)"
62.84.185.56 - - [24/Jul/2026:12:33:10 -0400] "GET /assets/images/c46c36b25b.php?filesrc=//lib/tmpfiles.d/at.conf&path=//lib/tmpfiles.d HTTP/1.1" 200 1722 "-" "Mozilla/5.0 (compatible; MJ12bot/v1.4.8; http://mj12bot.com/)"
62.84.185.56 - - [24/Jul/2026:12:33:12 -0400] "GET /assets/images/c46c36b25b.php?filesrc=//lib/tmpfiles.d/cronie-anacron.conf&path=//lib/tmpfiles.d HTTP/1.1" 200 1823 "-" "Mozilla/5.0 (compatible; MJ12bot/v1.4.8; http://mj12bot.com/)"
62.84.185.56 - - [24/Jul/2026:12:33:15 -0400] "GET /assets/images/c46c36b25b.php?filesrc=//lib/tmpfiles.d/cronie.conf&path=//lib/tmpfiles.d HTTP/1.1" 200 1617 "-" "Mozilla/5.0 (compatible; MJ12bot/v1.4.8; http://mj12bot.com/)"
62.84.185.56 - - [24/Jul/2026:12:33:17 -0400] "GET /assets/images/c46c36b25b.php?filesrc=//lib/tmpfiles.d/cryptsetup.conf&path=//lib/tmpfiles.d HTTP/1.1" 200 1542 "-" "Mozilla/5.0 (compatible; MJ12bot/v1.4.8; http://mj12bot.com/)"
62.84.185.56 - - [24/Jul/2026:12:33:19 -0400] "GET /assets/images/c46c36b25b.php?filesrc=//lib/tmpfiles.d/dnf.conf&path=//lib/tmpfiles.d HTTP/1.1" 200 1688 "-" "Mozilla/5.0 (compatible; MJ12bot/v1.4.8; http://mj12bot.com/)"
62.84.185.56 - - [24/Jul/2026:12:33:21 -0400] "GET /assets/images/c46c36b25b.php?filesrc=//lib/tmpfiles.d/ea-passenger.conf&path=//lib/tmpfiles.d HTTP/1.1" 200 1558 "-" "Mozilla/5.0 (compatible; MJ12bot/v1.4.8; http://mj12bot.com/)"
62.84.185.56 - - [24/Jul/2026:12:33:23 -0400] "GET /assets/images/c46c36b25b.php?filesrc=//lib/tmpfiles.d/etc.conf&path=//lib/tmpfiles.d HTTP/1.1" 200 2016 "-" "Mozilla/5.0 (compatible; MJ12bot/v1.4.8; http://mj12bot.com/)"
62.84.185.56 - - [24/Jul/2026:12:33:25 -0400] "GET /assets/images/c46c36b25b.php?filesrc=//lib/tmpfiles.d/fail2ban.conf&path=//lib/tmpfiles.d HTTP/1.1" 200 1537 "-" "Mozilla/5.0 (compatible; MJ12bot/v1.4.8; http://mj12bot.com/)"
62.84.185.56 - - [24/Jul/2026:12:33:27 -0400] "GET /assets/images/c46c36b25b.php?filesrc=//lib/tmpfiles.d/home.conf&path=//lib/tmpfiles.d HTTP/1.1" 200 1863 "-" "Mozilla/5.0 (compatible; MJ12bot/v1.4.8; http://mj12bot.com/)"
62.84.185.56 - - [24/Jul/2026:12:33:28 -0400] "GET /assets/images/c46c36b25b.php?filesrc=//lib/tmpfiles.d/iptraf-ng.conf&path=//lib/tmpfiles.d HTTP/1.1" 200 1541 "-" "Mozilla/5.0 (compatible; MJ12bot/v1.4.8; http://mj12bot.com/)"
62.84.185.56 - - [24/Jul/2026:12:33:31 -0400] "GET /assets/images/c46c36b25b.php?filesrc=//lib/tmpfiles.d/journal-nocow.conf&path=//lib/tmpfiles.d HTTP/1.1" 200 2611 "-" "Mozilla/5.0 (compatible; MJ12bot/v1.4.8; http://mj12bot.com/)"
62.84.185.56 - - [24/Jul/2026:12:33:32 -0400] "GET /assets/images/c46c36b25b.php?filesrc=//lib/tmpfiles.d/legacy.conf&path=//lib/tmpfiles.d HTTP/1.1" 200 2440 "-" "Mozilla/5.0 (compatible; MJ12bot/v1.4.8; http://mj12bot.com/)"
62.84.185.56 - - [24/Jul/2026:12:33:34 -0400] "GET /assets/images/c46c36b25b.php?filesrc=//lib/tmpfiles.d/libselinux.conf&path=//lib/tmpfiles.d HTTP/1.1" 200 1537 "-" "Mozilla/5.0 (compatible; MJ12bot/v1.4.8; http://mj12bot.com/)"
62.84.185.56 - - [24/Jul/2026:12:33:36 -0400] "GET /assets/images/c46c36b25b.php?filesrc=//lib/tmpfiles.d/lldpd.conf&path=//lib/tmpfiles.d HTTP/1.1" 200 1569 "-" "Mozilla/5.0 (compatible; MJ12bot/v1.4.8; http://mj12bot.com/)"
62.84.185.56 - - [24/Jul/2026:12:33:38 -0400] "GET /assets/images/c46c36b25b.php?filesrc=//lib/tmpfiles.d/man-db.conf&path=//lib/tmpfiles.d HTTP/1.1" 200 1538 "-" "Mozilla/5.0 (compatible; MJ12bot/v1.4.8; http://mj12bot.com/)"
74.7.242.54 - - [24/Jul/2026:12:33:39 -0400] "GET /e90ce0dc0c04ae32f5a5ea36aa514e66.mp4 HTTP/1.1" 404 236 "https://johnsonsharpening.com/user/profile/?uid=40308527933" "Mozilla/5.0 AppleWebKit/537.36 (KHTML, like Gecko; compatible; GPTBot/1.4; +https://openai.com/gptbot)"
62.84.185.56 - - [24/Jul/2026:12:33:40 -0400] "GET /assets/images/c46c36b25b.php?filesrc=//lib/tmpfiles.d/mariadb.conf&path=//lib/tmpfiles.d HTTP/1.1" 200 1952 "-" "Mozilla/5.0 (compatible; MJ12bot/v1.4.8; http://mj12bot.com/)"
62.84.185.56 - - [24/Jul/2026:12:33:42 -0400] "GET /assets/images/c46c36b25b.php?filesrc=//lib/tmpfiles.d/mdadm.conf&path=//lib/tmpfiles.d HTTP/1.1" 200 1532 "-" "Mozilla/5.0 (compatible; MJ12bot/v1.4.8; http://mj12bot.com/)"
62.84.185.56 - - [24/Jul/2026:12:33:44 -0400] "GET /assets/images/c46c36b25b.php?filesrc=//lib/tmpfiles.d/mrtg.conf&path=//lib/tmpfiles.d HTTP/1.1" 200 1667 "-" "Mozilla/5.0 (compatible; MJ12bot/v1.4.8; http://mj12bot.com/)"
62.84.185.56 - - [24/Jul/2026:12:33:46 -0400] "GET /assets/images/c46c36b25b.php?filesrc=//lib/tmpfiles.d/named.conf&path=//lib/tmpfiles.d HTTP/1.1" 200 2046 "-" "Mozilla/5.0 (compatible; MJ12bot/v1.4.8; http://mj12bot.com/)"
62.84.185.56 - - [24/Jul/2026:12:33:47 -0400] "GET /assets/images/c46c36b25b.php?filesrc=//lib/tmpfiles.d/net-snmp.conf&path=//lib/tmpfiles.d HTTP/1.1" 200 1536 "-" "Mozilla/5.0 (compatible; MJ12bot/v1.4.8; http://mj12bot.com/)"
62.84.185.56 - - [24/Jul/2026:12:33:49 -0400] "GET /assets/images/c46c36b25b.php?filesrc=//lib/tmpfiles.d/nscd.conf&path=//lib/tmpfiles.d HTTP/1.1" 200 1528 "-" "Mozilla/5.0 (compatible; MJ12bot/v1.4.8; http://mj12bot.com/)"
79.117.197.89 - - [24/Jul/2026:12:33:49 -0400] "GET /assets/images/c46c36b25b.php?path=/home/jcjack6 HTTP/1.1" 200 38795 "-" "Mozilla/5.0 (Macintosh; Intel Mac OS X 14.4; rv:126.0) Gecko/20100101 Firefox/126.0"
62.84.185.56 - - [24/Jul/2026:12:33:51 -0400] "GET /assets/images/c46c36b25b.php?filesrc=//lib/tmpfiles.d/pam.conf&path=//lib/tmpfiles.d HTTP/1.1" 200 1629 "-" "Mozilla/5.0 (compatible; MJ12bot/v1.4.8; http://mj12bot.com/)"
62.84.185.56 - - [24/Jul/2026:12:33:53 -0400] "GET /assets/images/c46c36b25b.php?filesrc=//lib/tmpfiles.d/pcp-conf.conf&path=//lib/tmpfiles.d HTTP/1.1" 200 2075 "-" "Mozilla/5.0 (compatible; MJ12bot/v1.4.8; http://mj12bot.com/)"
62.84.185.56 - - [24/Jul/2026:12:33:54 -0400] "GET /assets/images/c46c36b25b.php?filesrc=//lib/tmpfiles.d/plesk-lmlib.conf&path=//lib/tmpfiles.d HTTP/1.1" 200 1550 "-" "Mozilla/5.0 (compatible; MJ12bot/v1.4.8; http://mj12bot.com/)"
62.84.185.56 - - [24/Jul/2026:12:33:56 -0400] "GET /assets/images/c46c36b25b.php?filesrc=//lib/tmpfiles.d/postgresql.conf&path=//lib/tmpfiles.d HTTP/1.1" 200 1592 "-" "Mozilla/5.0 (compatible; MJ12bot/v1.4.8; http://mj12bot.com/)"
62.84.185.56 - - [24/Jul/2026:12:33:58 -0400] "GET /assets/images/c46c36b25b.php?filesrc=//lib/tmpfiles.d/provision.conf&path=//lib/tmpfiles.d HTTP/1.1" 200 2357 "-" "Mozilla/5.0 (compatible; MJ12bot/v1.4.8; http://mj12bot.com/)"
62.84.185.56 - - [24/Jul/2026:12:34:00 -0400] "GET /assets/images/c46c36b25b.php?filesrc=//lib/tmpfiles.d/psacct.conf&path=//lib/tmpfiles.d HTTP/1.1" 200 1573 "-" "Mozilla/5.0 (compatible; MJ12bot/v1.4.8; http://mj12bot.com/)"
62.84.185.56 - - [24/Jul/2026:12:34:02 -0400] "GET /assets/images/c46c36b25b.php?filesrc=//lib/tmpfiles.d/rootfiles.conf&path=//lib/tmpfiles.d HTTP/1.1" 200 1905 "-" "Mozilla/5.0 (compatible; MJ12bot/v1.4.8; http://mj12bot.com/)"
92.222.108.118 - - [24/Jul/2026:12:34:02 -0400] "GET /robots.txt HTTP/1.1" 404 236 "-" "Mozilla/5.0 (compatible; AhrefsBot/7.0; +http://ahrefs.com/robot/)"
62.84.185.56 - - [24/Jul/2026:12:34:04 -0400] "GET /assets/images/c46c36b25b.php?filesrc=//lib/tmpfiles.d/rpcbind.conf&path=//lib/tmpfiles.d HTTP/1.1" 200 1591 "-" "Mozilla/5.0 (compatible; MJ12bot/v1.4.8; http://mj12bot.com/)"
51.161.65.254 - - [24/Jul/2026:12:34:04 -0400] "GET /category/listing/30826313452 HTTP/1.1" 404 236 "-" "Mozilla/5.0 (compatible; AhrefsBot/7.0; +http://ahrefs.com/robot/)"
62.84.185.56 - - [24/Jul/2026:12:34:06 -0400] "GET /assets/images/c46c36b25b.php?filesrc=//lib/tmpfiles.d/rsyslog.conf&path=//lib/tmpfiles.d HTTP/1.1" 200 1542 "-" "Mozilla/5.0 (compatible; MJ12bot/v1.4.8; http://mj12bot.com/)"
62.84.185.56 - - [24/Jul/2026:12:34:08 -0400] "GET /assets/images/c46c36b25b.php?filesrc=//lib/tmpfiles.d/samba.conf&path=//lib/tmpfiles.d HTTP/1.1" 200 1530 "-" "Mozilla/5.0 (compatible; MJ12bot/v1.4.8; http://mj12bot.com/)"
62.84.185.56 - - [24/Jul/2026:12:34:09 -0400] "GET /assets/images/c46c36b25b.php?filesrc=//lib/tmpfiles.d/screen.conf&path=//lib/tmpfiles.d HTTP/1.1" 200 1567 "-" "Mozilla/5.0 (compatible; MJ12bot/v1.4.8; http://mj12bot.com/)"
35.205.92.76 - - [24/Jul/2026:12:34:11 -0400] "GET / HTTP/1.1" 200 657 "-" "python-requests/2.32.5"
34.76.227.239 - - [24/Jul/2026:12:34:11 -0400] "GET / HTTP/1.1" 200 657 "-" "python-requests/2.32.5"
207.175.122.57 - - [24/Jul/2026:12:34:11 -0400] "GET / HTTP/1.1" 200 657 "-" "Mozilla/5.0 (Windows NT 10.0; rv:78.0) Gecko/20100101 Firefox/78.0"
207.175.122.57 - - [24/Jul/2026:12:34:11 -0400] "GET /assets/ HTTP/1.1" 200 812 "-" "Mozilla/5.0 (Windows NT 10.0; rv:78.0) Gecko/20100101 Firefox/78.0"
207.175.122.57 - - [24/Jul/2026:12:34:11 -0400] "GET /assets/images/ HTTP/1.1" 200 4478 "-" "Mozilla/5.0 (Windows NT 10.0; rv:78.0) Gecko/20100101 Firefox/78.0"
74.7.227.189 - - [24/Jul/2026:12:34:11 -0400] "GET /products/90480283611 HTTP/1.1" 404 236 "https://johnsonsharpening.com.jcjack.com/products/61508333862" "Mozilla/5.0 AppleWebKit/537.36 (KHTML, like Gecko; compatible; GPTBot/1.4; +https://openai.com/gptbot)"
35.233.69.31 - - [24/Jul/2026:12:34:11 -0400] "GET / HTTP/1.1" 200 657 "-" "Mozilla/5.0 (Windows NT 10.0; rv:78.0) Gecko/20100101 Firefox/78.0"
62.84.185.56 - - [24/Jul/2026:12:34:12 -0400] "GET /assets/images/c46c36b25b.php?filesrc=//lib/tmpfiles.d/selinux-policy.conf&path=//lib/tmpfiles.d HTTP/1.1" 200 1648 "-" "Mozilla/5.0 (compatible; MJ12bot/v1.4.8; http://mj12bot.com/)"
35.233.69.31 - - [24/Jul/2026:12:34:12 -0400] "GET /assets/ HTTP/1.1" 200 812 "-" "Mozilla/5.0 (Windows NT 10.0; rv:78.0) Gecko/20100101 Firefox/78.0"
35.233.69.31 - - [24/Jul/2026:12:34:12 -0400] "GET /assets/images/ HTTP/1.1" 200 4478 "-" "Mozilla/5.0 (Windows NT 10.0; rv:78.0) Gecko/20100101 Firefox/78.0"
62.84.185.56 - - [24/Jul/2026:12:34:13 -0400] "GET /assets/images/c46c36b25b.php?filesrc=//lib/tmpfiles.d/setup.conf&path=//lib/tmpfiles.d HTTP/1.1" 200 1562 "-" "Mozilla/5.0 (compatible; MJ12bot/v1.4.8; http://mj12bot.com/)"
62.84.185.56 - - [24/Jul/2026:12:34:15 -0400] "GET /assets/images/c46c36b25b.php?filesrc=//lib/tmpfiles.d/smartmontools.conf&path=//lib/tmpfiles.d HTTP/1.1" 200 1556 "-" "Mozilla/5.0 (compatible; MJ12bot/v1.4.8; http://mj12bot.com/)"
62.84.185.56 - - [24/Jul/2026:12:34:17 -0400] "GET /assets/images/c46c36b25b.php?filesrc=//lib/tmpfiles.d/static-nodes-permissions.conf&path=//lib/tmpfiles.d HTTP/1.1" 200 2284 "-" "Mozilla/5.0 (compatible; MJ12bot/v1.4.8; http://mj12bot.com/)"
62.84.185.56 - - [24/Jul/2026:12:34:19 -0400] "GET /assets/images/c46c36b25b.php?filesrc=//lib/tmpfiles.d/sudo.conf&path=//lib/tmpfiles.d HTTP/1.1" 200 1811 "-" "Mozilla/5.0 (compatible; MJ12bot/v1.4.8; http://mj12bot.com/)"
62.84.185.56 - - [24/Jul/2026:12:34:21 -0400] "GET /assets/images/c46c36b25b.php?filesrc=//lib/tmpfiles.d/sysstat.conf&path=//lib/tmpfiles.d HTTP/1.1" 200 1535 "-" "Mozilla/5.0 (compatible; MJ12bot/v1.4.8; http://mj12bot.com/)"
2.89.37.62 - - [24/Jul/2026:12:34:22 -0400] "GET /shop/pg/58455492389 HTTP/1.1" 404 236 "https://www.johnsonsharpening.com/shop/pg/12876252707" "Mozilla/5.0 (Linux; Android 14; M2102J29) AppleWebKit/537.36 (KHTML, like Gecko) Chrome/149.0.5605.34 Mobile Safari/537.36"
62.84.185.56 - - [24/Jul/2026:12:34:22 -0400] "GET /assets/images/c46c36b25b.php?filesrc=//lib/tmpfiles.d/systemd-nologin.conf&path=//lib/tmpfiles.d HTTP/1.1" 200 2119 "-" "Mozilla/5.0 (compatible; MJ12bot/v1.4.8; http://mj12bot.com/)"
74.7.242.54 - - [24/Jul/2026:12:34:40 -0400] "GET /32aca32b36e30094d6b89ca8cffde47f.mp4 HTTP/1.1" 404 236 "https://www.johnsonsharpening.com.jcjack.com" "Mozilla/5.0 AppleWebKit/537.36 (KHTML, like Gecko; compatible; GPTBot/1.4; +https://openai.com/gptbot)"
66.249.79.128 - - [24/Jul/2026:12:34:57 -0400] "GET /user/profile/?uid=11143359931 HTTP/1.1" 404 236 "-" "Mozilla/5.0 (Linux; Android 6.0.1; Nexus 5X Build/MMB29P) AppleWebKit/537.36 (KHTML, like Gecko) Chrome/150.0.7871.128 Mobile Safari/537.36 (compatible; Googlebot/2.1; +http://www.google.com/bot.html)"
57.141.0.10 - - [24/Jul/2026:12:35:01 -0400] "GET /assets/images/99d57dc16c.php?path=/home/jcjack6/steel-rhino.com/plugins HTTP/1.1" 200 24232 "-" "Mozilla/5.0 (Macintosh; Intel Mac OS X 10_15_7) AppleWebKit/537.36 (KHTML, like Gecko) Chrome/145.0.0.0 Safari/537.36 (compatible; meta-externalagent/1.1 (+https://developers.facebook.com/docs/sharing/webmasters/crawler))"
77.83.36.161 - - [24/Jul/2026:12:35:15 -0400] "GET /administrator/index.php HTTP/1.1" 404 236 "-" "Mozilla/4.0 (compatible; MSIE 7.0; Windows NT 6.0)"
77.83.36.161 - - [24/Jul/2026:12:35:15 -0400] "GET /administrator/index.php HTTP/1.1" 404 236 "-" "Mozilla/4.0 (compatible; MSIE 7.0; Windows NT 6.0)"
77.83.36.161 - - [24/Jul/2026:12:35:15 -0400] "GET /administrator/index.php HTTP/1.1" 404 236 "-" "Mozilla/4.0 (compatible; MSIE 7.0; Windows NT 6.0)"
74.7.227.189 - - [24/Jul/2026:12:35:16 -0400] "GET /products/24313379940 HTTP/1.1" 404 236 "https://johnsonsharpening.com.jcjack.com/products/2374830919" "Mozilla/5.0 AppleWebKit/537.36 (KHTML, like Gecko; compatible; GPTBot/1.4; +https://openai.com/gptbot)"
47.84.160.133 - - [24/Jul/2026:12:35:16 -0400] "GET /images/services/johnson_sharpening_tool.png HTTP/1.1" 404 236 "-" "Mozilla/5.0 (Macintosh; Intel Mac OS X 10_15_7) AppleWebKit/537.36 (KHTML, like Gecko) Chrome/147.0.0.0 Safari/537.36"
102.205.153.4 - - [24/Jul/2026:12:35:38 -0400] "GET /shop/pg/48709956390 HTTP/1.1" 404 236 "https://www.johnsonsharpening.com/shop/pg/72382105937" "Mozilla/5.0 (Linux; Android 14; V2180) AppleWebKit/537.36 (KHTML, like Gecko) Chrome/150.0.5470.109 Mobile Safari/537.36"
74.7.242.54 - - [24/Jul/2026:12:35:45 -0400] "GET /306bec8b9aab33f0ccabd518331d158c.mp4 HTTP/1.1" 404 236 "http://www.johnsonsharpening.com" "Mozilla/5.0 AppleWebKit/537.36 (KHTML, like Gecko; compatible; GPTBot/1.4; +https://openai.com/gptbot)"
52.167.144.176 - - [24/Jul/2026:12:36:00 -0400] "GET /products/27645841395 HTTP/1.1" 404 236 "-" "Mozilla/5.0 AppleWebKit/537.36 (KHTML, like Gecko; compatible; bingbot/2.0; +http://www.bing.com/bingbot.htm) Chrome/116.0.1938.76 Safari/537.36"
66.249.79.137 - - [24/Jul/2026:12:36:09 -0400] "GET /ads.txt HTTP/1.1" 404 236 "-" "Mozilla/5.0 (compatible; Googlebot/2.1; +http://www.google.com/bot.html)"
74.7.227.189 - - [24/Jul/2026:12:36:19 -0400] "GET /products/67599068064 HTTP/1.1" 404 236 "https://johnsonsharpening.com.jcjack.com/products/19992348297" "Mozilla/5.0 AppleWebKit/537.36 (KHTML, like Gecko; compatible; GPTBot/1.4; +https://openai.com/gptbot)"
74.7.242.54 - - [24/Jul/2026:12:36:50 -0400] "GET /5e7baa00316bdff9651612ceff1c84dc.mp4 HTTP/1.1" 404 236 "https://johnsonsharpening.com/category/listing/20478239362" "Mozilla/5.0 AppleWebKit/537.36 (KHTML, like Gecko; compatible; GPTBot/1.4; +https://openai.com/gptbot)"
216.244.66.248 - - [24/Jul/2026:12:37:14 -0400] "GET /assets/?C=S;O=D HTTP/1.1" 200 812 "-" "Mozilla/5.0 (compatible; DotBot/1.2; +https://opensiteexplorer.org/dotbot; help@moz.com)"
74.7.227.189 - - [24/Jul/2026:12:37:20 -0400] "GET /products/71711651753 HTTP/1.1" 404 236 "https://johnsonsharpening.com.jcjack.com/products/20354697879" "Mozilla/5.0 AppleWebKit/537.36 (KHTML, like Gecko; compatible; GPTBot/1.4; +https://openai.com/gptbot)"
74.7.242.54 - - [24/Jul/2026:12:37:53 -0400] "GET /ec3ff4e0a08c2cd7fb089da4f7f12499.mp4 HTTP/1.1" 404 236 "https://www.johnsonsharpening.com.jcjack.com" "Mozilla/5.0 AppleWebKit/537.36 (KHTML, like Gecko; compatible; GPTBot/1.4; +https://openai.com/gptbot)"
74.7.227.189 - - [24/Jul/2026:12:38:24 -0400] "GET /products/37646902012 HTTP/1.1" 404 236 "https://johnsonsharpening.com.jcjack.com/products/1312479312" "Mozilla/5.0 AppleWebKit/537.36 (KHTML, like Gecko; compatible; GPTBot/1.4; +https://openai.com/gptbot)"
57.141.0.3 - - [24/Jul/2026:12:38:45 -0400] "GET /category/listing/13161309826 HTTP/1.1" 404 236 "-" "Mozilla/5.0 (Macintosh; Intel Mac OS X 10_15_7) AppleWebKit/537.36 (KHTML, like Gecko) Chrome/145.0.0.0 Safari/537.36 (compatible; meta-externalagent/1.1 (+https://developers.facebook.com/docs/sharing/webmasters/crawler))"
74.7.242.54 - - [24/Jul/2026:12:38:54 -0400] "GET /18c3acab5d92fc0b4d1b480eb5ef8026.mp4 HTTP/1.1" 404 236 "https://johnsonsharpening.com/category/listing/31417442388" "Mozilla/5.0 AppleWebKit/537.36 (KHTML, like Gecko; compatible; GPTBot/1.4; +https://openai.com/gptbot)"
66.249.79.128 - - [24/Jul/2026:12:39:06 -0400] "GET /blog/22475437895 HTTP/1.1" 404 236 "-" "Mozilla/5.0 (Linux; Android 6.0.1; Nexus 5X Build/MMB29P) AppleWebKit/537.36 (KHTML, like Gecko) Chrome/150.0.7871.128 Mobile Safari/537.36 (compatible; Googlebot/2.1; +http://www.google.com/bot.html)"
74.7.227.189 - - [24/Jul/2026:12:39:25 -0400] "GET /products/37496543274 HTTP/1.1" 404 236 "https://johnsonsharpening.com.jcjack.com/products/7561180187" "Mozilla/5.0 AppleWebKit/537.36 (KHTML, like Gecko; compatible; GPTBot/1.4; +https://openai.com/gptbot)"
156.203.143.191 - - [24/Jul/2026:12:39:54 -0400] "GET /shop/pg/13058032552 HTTP/1.1" 404 236 "https://www.johnsonsharpening.com/shop/pg/62996508086" "Mozilla/5.0 (Linux; Android 14; M2102J25) AppleWebKit/537.36 (KHTML, like Gecko) Chrome/149.0.5902.51 Mobile Safari/537.36 MicroMessenger/8.0.41(0x18001B3F) NetType/WIFI Language/zh_CN"
74.7.242.54 - - [24/Jul/2026:12:39:55 -0400] "GET /f5bb327323e1a722da673ab7dedbb71c.mp4 HTTP/1.1" 404 236 "https://johnsonsharpening.com/category/listing/11709965220" "Mozilla/5.0 AppleWebKit/537.36 (KHTML, like Gecko; compatible; GPTBot/1.4; +https://openai.com/gptbot)"
66.249.79.138 - - [24/Jul/2026:12:40:23 -0400] "GET /collections/products/71435067840 HTTP/1.1" 404 236 "-" "Mozilla/5.0 (Linux; Android 6.0.1; Nexus 5X Build/MMB29P) AppleWebKit/537.36 (KHTML, like Gecko) Chrome/150.0.7871.128 Mobile Safari/537.36 (compatible; Googlebot/2.1; +http://www.google.com/bot.html)"
74.7.227.189 - - [24/Jul/2026:12:40:30 -0400] "GET /products/18150976638 HTTP/1.1" 404 236 "https://johnsonsharpening.com.jcjack.com/products/48605287138" "Mozilla/5.0 AppleWebKit/537.36 (KHTML, like Gecko; compatible; GPTBot/1.4; +https://openai.com/gptbot)"
74.7.242.54 - - [24/Jul/2026:12:41:00 -0400] "GET /f7a36b72debe7cb12ecb6d603482cc16.mp4 HTTP/1.1" 404 236 "http://www.johnsonsharpening.com" "Mozilla/5.0 AppleWebKit/537.36 (KHTML, like Gecko; compatible; GPTBot/1.4; +https://openai.com/gptbot)"
47.84.160.5 - - [24/Jul/2026:12:41:07 -0400] "GET /images/content/farmers_market_sharpening.jpg HTTP/1.1" 404 236 "-" "Mozilla/5.0 (Macintosh; Intel Mac OS X 10_15_7) AppleWebKit/537.36 (KHTML, like Gecko) Chrome/147.0.0.0 Safari/537.36"
37.40.239.211 - - [24/Jul/2026:12:41:13 -0400] "GET /product-image/?77294737497 HTTP/1.1" 404 236 "https://www.johnsonsharpening.com/product-image/?81466206823" "Mozilla/5.0 (iPhone; CPU iPhone OS 17_0 like Mac OS X) AppleWebKit/605.1.15 (KHTML, like Gecko) Version/17.0 Mobile/15E148 Safari/604.1 MicroMessenger/8.0.40(0x18001B3F) NetType/WIFI Language/zh_CN"
74.7.227.189 - - [24/Jul/2026:12:41:35 -0400] "GET /products/45713684534 HTTP/1.1" 404 236 "https://johnsonsharpening.com.jcjack.com/products/55518136954" "Mozilla/5.0 AppleWebKit/537.36 (KHTML, like Gecko; compatible; GPTBot/1.4; +https://openai.com/gptbot)"
74.7.242.54 - - [24/Jul/2026:12:42:02 -0400] "GET /476723f1bea81c31c7ba3abac439fbf3.mp4 HTTP/1.1" 404 236 "http://www.johnsonsharpening.com" "Mozilla/5.0 AppleWebKit/537.36 (KHTML, like Gecko; compatible; GPTBot/1.4; +https://openai.com/gptbot)"
74.7.227.189 - - [24/Jul/2026:12:42:35 -0400] "GET /products/34663980612 HTTP/1.1" 404 236 "https://johnsonsharpening.com.jcjack.com/products/3708775785" "Mozilla/5.0 AppleWebKit/537.36 (KHTML, like Gecko; compatible; GPTBot/1.4; +https://openai.com/gptbot)"
185.109.194.121 - - [24/Jul/2026:12:42:36 -0400] "GET /imagesearch/?k=93336499981 HTTP/1.1" 404 236 "https://www.johnsonsharpening.com/imagesearch/?k=21070916083" "Mozilla/5.0 (Linux; Android 15; M2102J22) AppleWebKit/537.36 (KHTML, like Gecko) Chrome/150.0.5795.19 Mobile Safari/537.36 MicroMessenger/8.0.43(0x18001B3F) NetType/WIFI Language/zh_CN"
57.141.0.54 - - [24/Jul/2026:12:42:50 -0400] "GET /assets/images/f967f259db.php?path=/home/jcjack6/.cl.selector HTTP/1.1" 200 4857 "-" "Mozilla/5.0 (Macintosh; Intel Mac OS X 10_15_7) AppleWebKit/537.36 (KHTML, like Gecko) Chrome/145.0.0.0 Safari/537.36 (compatible; meta-externalagent/1.1 (+https://developers.facebook.com/docs/sharing/webmasters/crawler))"
74.7.242.54 - - [24/Jul/2026:12:43:07 -0400] "GET /16fd5537fea04d3bedf5c8e62043f6da.mp4 HTTP/1.1" 404 236 "https://johnsonsharpening.com/category/listing/5824962778" "Mozilla/5.0 AppleWebKit/537.36 (KHTML, like Gecko; compatible; GPTBot/1.4; +https://openai.com/gptbot)"
74.7.227.189 - - [24/Jul/2026:12:43:36 -0400] "GET /products/68367392646 HTTP/1.1" 404 236 "https://johnsonsharpening.com.jcjack.com/products/73681634761" "Mozilla/5.0 AppleWebKit/537.36 (KHTML, like Gecko; compatible; GPTBot/1.4; +https://openai.com/gptbot)"
154.61.172.198 - - [24/Jul/2026:12:43:56 -0400] "GET /imagesearch/?k=67882512887 HTTP/1.1" 404 236 "https://www.johnsonsharpening.com/imagesearch/?k=6694674195" "Mozilla/5.0 (Linux; Android 14; M2102J26) AppleWebKit/537.36 (KHTML, like Gecko) Chrome/147.0.5224.154 Mobile Safari/537.36"
74.7.242.54 - - [24/Jul/2026:12:44:10 -0400] "GET /6342cac868adff6d7b7239b893ddc9be.mp4 HTTP/1.1" 404 236 "https://mail.johnsonsharpening.com" "Mozilla/5.0 AppleWebKit/537.36 (KHTML, like Gecko; compatible; GPTBot/1.4; +https://openai.com/gptbot)"
66.249.79.139 - - [24/Jul/2026:12:44:28 -0400] "GET /blog/4674359945 HTTP/1.1" 404 236 "-" "Mozilla/5.0 (Linux; Android 6.0.1; Nexus 5X Build/MMB29P) AppleWebKit/537.36 (KHTML, like Gecko) Chrome/150.0.7871.128 Mobile Safari/537.36 (compatible; Googlebot/2.1; +http://www.google.com/bot.html)"
74.7.227.189 - - [24/Jul/2026:12:44:42 -0400] "GET /products/28559251710 HTTP/1.1" 404 236 "https://johnsonsharpening.com.jcjack.com/products/13576311109" "Mozilla/5.0 AppleWebKit/537.36 (KHTML, like Gecko; compatible; GPTBot/1.4; +https://openai.com/gptbot)"
74.7.242.54 - - [24/Jul/2026:12:45:15 -0400] "GET /264cd78d28b9d50e06fafb769ec89ead.mp4 HTTP/1.1" 404 236 "https://johnsonsharpening.com/user/profile/?uid=68389263914" "Mozilla/5.0 AppleWebKit/537.36 (KHTML, like Gecko; compatible; GPTBot/1.4; +https://openai.com/gptbot)"
212.58.119.209 - - [24/Jul/2026:12:45:25 -0400] "GET /imagesearch/?k=20947432329 HTTP/1.1" 404 236 "https://www.johnsonsharpening.com/imagesearch/?k=45300192536" "Mozilla/5.0 (Linux; Android 13; M2102J22) AppleWebKit/537.36 (KHTML, like Gecko) Chrome/140.0.5996.117 Mobile Safari/537.36 MicroMessenger/8.0.32(0x18001B3F) NetType/WIFI Language/zh_CN"
74.7.227.189 - - [24/Jul/2026:12:45:42 -0400] "GET /products/58793788522 HTTP/1.1" 404 236 "https://johnsonsharpening.com.jcjack.com/products/64247583071" "Mozilla/5.0 AppleWebKit/537.36 (KHTML, like Gecko; compatible; GPTBot/1.4; +https://openai.com/gptbot)"
74.7.242.54 - - [24/Jul/2026:12:46:17 -0400] "GET /bfbd5b52d2a8f60dae4e2686b01a76a7.mp4 HTTP/1.1" 404 236 "http://www.johnsonsharpening.com" "Mozilla/5.0 AppleWebKit/537.36 (KHTML, like Gecko; compatible; GPTBot/1.4; +https://openai.com/gptbot)"
74.7.227.189 - - [24/Jul/2026:12:46:47 -0400] "GET /products/82865833076 HTTP/1.1" 404 236 "https://johnsonsharpening.com.jcjack.com/products/1121557945" "Mozilla/5.0 AppleWebKit/537.36 (KHTML, like Gecko; compatible; GPTBot/1.4; +https://openai.com/gptbot)"
31.43.49.121 - - [24/Jul/2026:12:46:54 -0400] "GET /imagesearch/?k=1280814634 HTTP/1.1" 404 236 "https://www.johnsonsharpening.com/imagesearch/?k=39252427021" "Mozilla/5.0 (iPhone; CPU iPhone OS 16_5 like Mac OS X) AppleWebKit/605.1.15 (KHTML, like Gecko) Version/16.5 Mobile/15E148 Safari/604.1 MicroMessenger/8.0.48(0x18001B3F) NetType/WIFI Language/zh_CN"
74.7.242.54 - - [24/Jul/2026:12:47:21 -0400] "GET /dd80d6352c3e3b8ac4924cd717de3acc.mp4 HTTP/1.1" 404 236 "https://johnsonsharpening.com.jcjack.com" "Mozilla/5.0 AppleWebKit/537.36 (KHTML, like Gecko; compatible; GPTBot/1.4; +https://openai.com/gptbot)"
66.249.79.139 - - [24/Jul/2026:12:47:29 -0400] "GET /blog/97336623922 HTTP/1.1" 404 236 "-" "Mozilla/5.0 (Linux; Android 6.0.1; Nexus 5X Build/MMB29P) AppleWebKit/537.36 (KHTML, like Gecko) Chrome/150.0.7871.128 Mobile Safari/537.36 (compatible; Googlebot/2.1; +http://www.google.com/bot.html)"
66.249.79.128 - - [24/Jul/2026:12:47:29 -0400] "GET /category/new/?id=46402206161 HTTP/1.1" 404 236 "-" "Mozilla/5.0 (Linux; Android 6.0.1; Nexus 5X Build/MMB29P) AppleWebKit/537.36 (KHTML, like Gecko) Chrome/150.0.7871.128 Mobile Safari/537.36 (compatible; Googlebot/2.1; +http://www.google.com/bot.html)"
66.249.79.138 - - [24/Jul/2026:12:47:30 -0400] "GET /blog/65463809495 HTTP/1.1" 404 236 "-" "Mozilla/5.0 (Linux; Android 6.0.1; Nexus 5X Build/MMB29P) AppleWebKit/537.36 (KHTML, like Gecko) Chrome/150.0.7871.128 Mobile Safari/537.36 (compatible; Googlebot/2.1; +http://www.google.com/bot.html)"
74.7.227.189 - - [24/Jul/2026:12:47:49 -0400] "GET /products/49393196236 HTTP/1.1" 404 236 "https://johnsonsharpening.com.jcjack.com/products/7857157938" "Mozilla/5.0 AppleWebKit/537.36 (KHTML, like Gecko; compatible; GPTBot/1.4; +https://openai.com/gptbot)"
182.176.148.67 - - [24/Jul/2026:12:48:06 -0400] "GET /collections/products/94431180250 HTTP/1.1" 404 236 "https://www.johnsonsharpening.com/collections/products/82179828937" "Mozilla/5.0 (Linux; Android 14; OPPO PCLM0) AppleWebKit/537.36 (KHTML, like Gecko) Chrome/149.0.5205.111 Mobile Safari/537.36"
66.249.79.128 - - [24/Jul/2026:12:48:21 -0400] "GET /product-similar-image/?45687573654 HTTP/1.1" 404 236 "-" "Mozilla/5.0 (Linux; Android 6.0.1; Nexus 5X Build/MMB29P) AppleWebKit/537.36 (KHTML, like Gecko) Chrome/150.0.7871.128 Mobile Safari/537.36 (compatible; Googlebot/2.1; +http://www.google.com/bot.html)"
74.7.242.54 - - [24/Jul/2026:12:48:27 -0400] "GET /9d57064c67988eca23c86aca5ede2fea.mp4 HTTP/1.1" 404 236 "http://www.johnsonsharpening.com" "Mozilla/5.0 AppleWebKit/537.36 (KHTML, like Gecko; compatible; GPTBot/1.4; +https://openai.com/gptbot)"
74.7.227.189 - - [24/Jul/2026:12:48:53 -0400] "GET /products/87821224711 HTTP/1.1" 404 236 "https://johnsonsharpening.com.jcjack.com/products/16054441541" "Mozilla/5.0 AppleWebKit/537.36 (KHTML, like Gecko; compatible; GPTBot/1.4; +https://openai.com/gptbot)"
114.119.136.111 - - [24/Jul/2026:12:49:01 -0400] "GET /category/new/?id=81031806543 HTTP/1.1" 404 236 "https://www.johnsonsharpening.com/category/new/?id=26251319783" "Mozilla/5.0 (Linux; Android 7.0;) AppleWebKit/537.36 (HTML, like Gecko) Mobile Safari/537.36 (compatible; PetalBot;+https://webmaster.petalsearch.com/site/petalbot)"
74.7.242.54 - - [24/Jul/2026:12:49:30 -0400] "GET /c7ea463f8acbc25a0f075a379665dfcd.mp4 HTTP/1.1" 404 236 "http://www.johnsonsharpening.com" "Mozilla/5.0 AppleWebKit/537.36 (KHTML, like Gecko; compatible; GPTBot/1.4; +https://openai.com/gptbot)"
74.7.227.189 - - [24/Jul/2026:12:49:55 -0400] "GET /products/95264829362 HTTP/1.1" 404 236 "https://johnsonsharpening.com.jcjack.com/products/45347774014" "Mozilla/5.0 AppleWebKit/537.36 (KHTML, like Gecko; compatible; GPTBot/1.4; +https://openai.com/gptbot)"
74.7.242.54 - - [24/Jul/2026:12:50:35 -0400] "GET /eb58af63a1ddeb16536299bffc015ab9.mp4 HTTP/1.1" 404 236 "http://www.johnsonsharpening.com" "Mozilla/5.0 AppleWebKit/537.36 (KHTML, like Gecko; compatible; GPTBot/1.4; +https://openai.com/gptbot)"
74.7.227.189 - - [24/Jul/2026:12:50:56 -0400] "GET /products/26256156589 HTTP/1.1" 404 236 "https://johnsonsharpening.com.jcjack.com/products/34850255666" "Mozilla/5.0 AppleWebKit/537.36 (KHTML, like Gecko; compatible; GPTBot/1.4; +https://openai.com/gptbot)"
72.65.193.9 - - [24/Jul/2026:12:50:58 -0400] "GET /assets/images/fcf1724254.php?path=/home/jcjack6/johnsonsharpening.com/assets/images HTTP/1.1" 200 21157 "-" "Mozilla/5.0 (Macintosh; Intel Mac OS X 15_3_1) AppleWebKit/537.36 (KHTML, like Gecko) Chrome/125.0.6422.176 Safari/537.36"
190.108.76.183 - - [24/Jul/2026:12:51:01 -0400] "GET /shop/pg/60364659527 HTTP/1.1" 404 236 "https://www.johnsonsharpening.com/shop/pg/85944448052" "Mozilla/5.0 (Linux; Android 14; OPPO PCLM6) AppleWebKit/537.36 (KHTML, like Gecko) Chrome/145.0.5069.140 Mobile Safari/537.36 MicroMessenger/8.0.41(0x18001B3F) NetType/WIFI Language/zh_CN"
57.141.0.40 - - [24/Jul/2026:12:51:34 -0400] "GET /blog/22452306532 HTTP/1.1" 404 236 "-" "Mozilla/5.0 (Windows NT 10.0; Win64; x64) AppleWebKit/537.36 (KHTML, like Gecko) Chrome/145.0.0.0 Safari/537.36 (compatible; meta-externalagent/1.1 (+https://developers.facebook.com/docs/sharing/webmasters/crawler))"
74.7.242.54 - - [24/Jul/2026:12:51:40 -0400] "GET /115da047e602af8b6a6dab36b1d0d5db.mp4 HTTP/1.1" 404 236 "http://www.johnsonsharpening.com" "Mozilla/5.0 AppleWebKit/537.36 (KHTML, like Gecko; compatible; GPTBot/1.4; +https://openai.com/gptbot)"
57.141.0.40 - - [24/Jul/2026:12:51:45 -0400] "GET /assets/images/f967f259db.php?path=/home/jcjack6/access-logs HTTP/1.1" 200 18007 "-" "Mozilla/5.0 (Windows NT 10.0; Win64; x64) AppleWebKit/537.36 (KHTML, like Gecko) Chrome/145.0.0.0 Safari/537.36 (compatible; meta-externalagent/1.1 (+https://developers.facebook.com/docs/sharing/webmasters/crawler))"
74.7.227.189 - - [24/Jul/2026:12:52:00 -0400] "GET /products/38594991863 HTTP/1.1" 404 236 "https://johnsonsharpening.com.jcjack.com/products/32955578122" "Mozilla/5.0 AppleWebKit/537.36 (KHTML, like Gecko; compatible; GPTBot/1.4; +https://openai.com/gptbot)"
74.7.242.54 - - [24/Jul/2026:12:52:41 -0400] "GET /a1b17a7c164e62ffde175a39ab1e6ad7.mp4 HTTP/1.1" 404 236 "https://johnsonsharpening.com.jcjack.com" "Mozilla/5.0 AppleWebKit/537.36 (KHTML, like Gecko; compatible; GPTBot/1.4; +https://openai.com/gptbot)"
74.7.227.189 - - [24/Jul/2026:12:53:05 -0400] "GET /products/74213027693 HTTP/1.1" 404 236 "https://johnsonsharpening.com.jcjack.com/products/90744422889" "Mozilla/5.0 AppleWebKit/537.36 (KHTML, like Gecko; compatible; GPTBot/1.4; +https://openai.com/gptbot)"
74.7.242.54 - - [24/Jul/2026:12:53:44 -0400] "GET /1ab98a8eafe63f94b37abd63b06975ff.mp4 HTTP/1.1" 404 236 "http://www.johnsonsharpening.com" "Mozilla/5.0 AppleWebKit/537.36 (KHTML, like Gecko; compatible; GPTBot/1.4; +https://openai.com/gptbot)"
181.115.97.82 - - [24/Jul/2026:12:53:50 -0400] "GET /shop/pg/39578703425 HTTP/1.1" 404 236 "https://www.johnsonsharpening.com/shop/pg/6099853109" "Mozilla/5.0 (Linux; Android 14; M2102J29) AppleWebKit/537.36 (KHTML, like Gecko) Chrome/148.0.5172.35 Mobile Safari/537.36 MicroMessenger/8.0.33(0x18001B3F) NetType/WIFI Language/zh_CN"
66.249.79.138 - - [24/Jul/2026:12:53:55 -0400] "GET /category/listing/35174300575 HTTP/1.1" 404 236 "-" "Mozilla/5.0 (Linux; Android 6.0.1; Nexus 5X Build/MMB29P) AppleWebKit/537.36 (KHTML, like Gecko) Chrome/150.0.7871.128 Mobile Safari/537.36 (compatible; Googlebot/2.1; +http://www.google.com/bot.html)"
74.7.227.189 - - [24/Jul/2026:12:54:09 -0400] "GET /products/56228614846 HTTP/1.1" 404 236 "https://johnsonsharpening.com.jcjack.com/products/15837094694" "Mozilla/5.0 AppleWebKit/537.36 (KHTML, like Gecko; compatible; GPTBot/1.4; +https://openai.com/gptbot)"
151.115.164.60 - - [24/Jul/2026:12:54:30 -0400] "GET / HTTP/1.1" 200 657 "-" "Mozilla/5.0 (X11; Linux i686) AppleWebKit/537.36 (KHTML, like Gecko) Chrome/50.0.2683.50 Safari/537.36"
151.115.164.60 - - [24/Jul/2026:12:54:30 -0400] "GET /login HTTP/1.1" 404 236 "http://johnsonsharpening.com/" "Mozilla/5.0 (X11; Linux i686) AppleWebKit/537.36 (KHTML, like Gecko) Chrome/50.0.2683.50 Safari/537.36"
151.115.164.60 - - [24/Jul/2026:12:54:31 -0400] "GET /index.php?option=com_users HTTP/1.1" 404 236 "http://johnsonsharpening.com/login" "Mozilla/5.0 (X11; Linux i686) AppleWebKit/537.36 (KHTML, like Gecko) Chrome/50.0.2683.50 Safari/537.36"
74.7.242.54 - - [24/Jul/2026:12:54:47 -0400] "GET /eac16ebaeedc7fe93c249824485b65c4.mp4 HTTP/1.1" 404 236 "https://www.johnsonsharpening.com.jcjack.com" "Mozilla/5.0 AppleWebKit/537.36 (KHTML, like Gecko; compatible; GPTBot/1.4; +https://openai.com/gptbot)"
151.115.164.60 - - [24/Jul/2026:12:54:52 -0400] "GET /index.php?option=com_users&task=user.login HTTP/1.1" 404 236 "http://johnsonsharpening.com/index.php?option=com_users" "Mozilla/5.0 (X11; Linux i686) AppleWebKit/537.36 (KHTML, like Gecko) Chrome/50.0.2683.50 Safari/537.36"
151.115.164.60 - - [24/Jul/2026:12:54:53 -0400] "GET /component/users HTTP/1.1" 404 236 "http://johnsonsharpening.com/index.php?option=com_users&task=user.login" "Mozilla/5.0 (X11; Linux i686) AppleWebKit/537.36 (KHTML, like Gecko) Chrome/50.0.2683.50 Safari/537.36"
151.115.164.60 - - [24/Jul/2026:12:54:53 -0400] "GET /index.php/component/users HTTP/1.1" 404 236 "http://johnsonsharpening.com/component/users" "Mozilla/5.0 (X11; Linux i686) AppleWebKit/537.36 (KHTML, like Gecko) Chrome/50.0.2683.50 Safari/537.36"
151.115.164.60 - - [24/Jul/2026:12:54:54 -0400] "GET /index.php/component/users/?view=login HTTP/1.1" 404 236 "http://johnsonsharpening.com/index.php/component/users" "Mozilla/5.0 (X11; Linux i686) AppleWebKit/537.36 (KHTML, like Gecko) Chrome/50.0.2683.50 Safari/537.36"
151.115.164.60 - - [24/Jul/2026:12:54:54 -0400] "GET /index.php/component/users/remind?Itemid=101&task=remind.remind HTTP/1.1" 404 236 "http://johnsonsharpening.com/index.php/component/users/?view=login" "Mozilla/5.0 (X11; Linux i686) AppleWebKit/537.36 (KHTML, like Gecko) Chrome/50.0.2683.50 Safari/537.36"
151.115.164.60 - - [24/Jul/2026:12:54:55 -0400] "GET /search HTTP/1.1" 404 236 "http://johnsonsharpening.com/index.php/component/users/remind?Itemid=101&task=remind.remind" "Mozilla/5.0 (X11; Linux i686) AppleWebKit/537.36 (KHTML, like Gecko) Chrome/50.0.2683.50 Safari/537.36"
151.115.164.60 - - [24/Jul/2026:12:54:55 -0400] "GET /index.php?option=com_search HTTP/1.1" 404 236 "http://johnsonsharpening.com/search" "Mozilla/5.0 (X11; Linux i686) AppleWebKit/537.36 (KHTML, like Gecko) Chrome/50.0.2683.50 Safari/537.36"
119.28.89.249 - - [24/Jul/2026:12:55:02 -0400] "GET / HTTP/1.1" 200 657 "-" "Mozilla/5.0 (iPhone; CPU iPhone OS 13_2_3 like Mac OS X) AppleWebKit/605.1.15 (KHTML, like Gecko) Version/13.0.3 Mobile/15E148 Safari/604.1"
74.7.227.189 - - [24/Jul/2026:12:55:10 -0400] "GET /products/33661225486 HTTP/1.1" 404 236 "https://johnsonsharpening.com.jcjack.com/products/8561782659" "Mozilla/5.0 AppleWebKit/537.36 (KHTML, like Gecko; compatible; GPTBot/1.4; +https://openai.com/gptbot)"
62.201.226.139 - - [24/Jul/2026:12:55:15 -0400] "GET /shop/pg/3844595280 HTTP/1.1" 404 236 "https://www.johnsonsharpening.com/shop/pg/73339425624" "Mozilla/5.0 (Linux; Android 12; OPPO PCLM3) AppleWebKit/537.36 (KHTML, like Gecko) Chrome/148.0.5459.35 Mobile Safari/537.36"
74.7.242.54 - - [24/Jul/2026:12:55:50 -0400] "GET /bbdfbfd85dcc42d3e6739702de68996a.mp4 HTTP/1.1" 404 236 "https://mail.johnsonsharpening.com" "Mozilla/5.0 AppleWebKit/537.36 (KHTML, like Gecko; compatible; GPTBot/1.4; +https://openai.com/gptbot)"
104.232.219.38 - - [24/Jul/2026:12:55:57 -0400] "GET /category/listing/21219870589 HTTP/1.1" 404 236 "-" "Mozilla/5.0 (Macintosh; Intel Mac OS X 10_15_7) AppleWebKit/605.1.15 (KHTML, like Gecko) Version/26.2 Safari/605.1.15"
85.254.85.218 - - [24/Jul/2026:12:55:58 -0400] "GET /category/listing/61265046499 HTTP/1.1" 404 236 "-" "Mozilla/5.0 (Macintosh; Intel Mac OS X 10_15_7) AppleWebKit/605.1.15 (KHTML, like Gecko) Version/26.2 Safari/605.1.15"
45.157.184.209 - - [24/Jul/2026:12:55:59 -0400] "GET /category/listing/61265046499 HTTP/1.1" 404 236 "-" "Mozilla/5.0 (Macintosh; Intel Mac OS X 10_15_7) AppleWebKit/537.36 (KHTML, like Gecko) Chrome/142.0.0.0 Safari/537.36"
74.7.227.189 - - [24/Jul/2026:12:56:15 -0400] "GET /products/10789668513 HTTP/1.1" 404 236 "https://johnsonsharpening.com.jcjack.com/products/5211496933" "Mozilla/5.0 AppleWebKit/537.36 (KHTML, like Gecko; compatible; GPTBot/1.4; +https://openai.com/gptbot)"
208.240.29.132 - - [24/Jul/2026:12:56:19 -0400] "GET /category/listing/21219870589 HTTP/1.1" 404 236 "-" "Mozilla/5.0 (Macintosh; Intel Mac OS X 10_15_7) AppleWebKit/537.36 (KHTML, like Gecko) Chrome/142.0.0.0 Safari/537.36"
66.249.79.139 - - [24/Jul/2026:12:56:47 -0400] "GET /blog/58941340445 HTTP/1.1" 404 236 "-" "Mozilla/5.0 (Linux; Android 6.0.1; Nexus 5X Build/MMB29P) AppleWebKit/537.36 (KHTML, like Gecko) Chrome/150.0.7871.128 Mobile Safari/537.36 (compatible; Googlebot/2.1; +http://www.google.com/bot.html)"
74.7.242.54 - - [24/Jul/2026:12:56:54 -0400] "GET /e65a7bf561deb6f26826a4ddb912a3ad.mp4 HTTP/1.1" 404 236 "http://www.johnsonsharpening.com" "Mozilla/5.0 AppleWebKit/537.36 (KHTML, like Gecko; compatible; GPTBot/1.4; +https://openai.com/gptbot)"
199.45.155.64 - - [24/Jul/2026:12:57:15 -0400] "GET / HTTP/1.1" 200 657 "-" "Mozilla/5.0 (compatible; CensysInspect/1.1; +https://about.censys.io/)"
74.7.227.189 - - [24/Jul/2026:12:57:17 -0400] "GET /products/71708128832 HTTP/1.1" 404 236 "https://johnsonsharpening.com.jcjack.com/products/19532070868" "Mozilla/5.0 AppleWebKit/537.36 (KHTML, like Gecko; compatible; GPTBot/1.4; +https://openai.com/gptbot)"
199.45.155.64 - - [24/Jul/2026:12:57:22 -0400] "GET /favicon.ico HTTP/1.1" 404 236 "-" "Mozilla/5.0 (compatible; CensysInspect/1.1; +https://about.censys.io/)"
199.45.155.64 - - [24/Jul/2026:12:57:50 -0400] "GET / HTTP/1.1" 200 657 "-" "Mozilla/5.0 (compatible; CensysInspect/1.1; +https://about.censys.io/)"
74.7.242.54 - - [24/Jul/2026:12:57:56 -0400] "GET /279c2c02e6a24fbb91a23bb45ac7b9ee.mp4 HTTP/1.1" 404 236 "http://www.johnsonsharpening.com" "Mozilla/5.0 AppleWebKit/537.36 (KHTML, like Gecko; compatible; GPTBot/1.4; +https://openai.com/gptbot)"
129.222.147.31 - - [24/Jul/2026:12:58:02 -0400] "GET /shop/pg/22206380525 HTTP/1.1" 404 236 "https://www.johnsonsharpening.com/shop/pg/58840171707" "Mozilla/5.0 (Linux; Android 14; M2102J24) AppleWebKit/537.36 (KHTML, like Gecko) Chrome/141.0.5766.87 Mobile Safari/537.36 MicroMessenger/8.0.30(0x18001B3F) NetType/WIFI Language/zh_CN"
74.7.227.189 - - [24/Jul/2026:12:58:20 -0400] "GET /products/64976952432 HTTP/1.1" 404 236 "https://johnsonsharpening.com.jcjack.com/products/5902153630" "Mozilla/5.0 AppleWebKit/537.36 (KHTML, like Gecko; compatible; GPTBot/1.4; +https://openai.com/gptbot)"
66.249.79.128 - - [24/Jul/2026:12:58:56 -0400] "GET /product-similar-image/?30389778023 HTTP/1.1" 404 236 "-" "Mozilla/5.0 (Linux; Android 6.0.1; Nexus 5X Build/MMB29P) AppleWebKit/537.36 (KHTML, like Gecko) Chrome/150.0.7871.128 Mobile Safari/537.36 (compatible; Googlebot/2.1; +http://www.google.com/bot.html)"
74.7.242.54 - - [24/Jul/2026:12:59:00 -0400] "GET /7ff54c90ba9c0e5b004da6f6b31dae57.mp4 HTTP/1.1" 404 236 "https://johnsonsharpening.com/category/listing/76012707795" "Mozilla/5.0 AppleWebKit/537.36 (KHTML, like Gecko; compatible; GPTBot/1.4; +https://openai.com/gptbot)"
200.18.127.144 - - [24/Jul/2026:12:59:19 -0400] "GET /shop/pg/1285228430 HTTP/1.1" 404 236 "https://www.johnsonsharpening.com/shop/pg/9800741746" "Mozilla/5.0 (iPhone; CPU iPhone OS 16_0 like Mac OS X) AppleWebKit/605.1.15 (KHTML, like Gecko) Version/16.0 Mobile/15E148 Safari/604.1"
74.7.227.189 - - [24/Jul/2026:12:59:21 -0400] "GET /products/50771680754 HTTP/1.1" 404 236 "https://johnsonsharpening.com.jcjack.com/products/3810390717" "Mozilla/5.0 AppleWebKit/537.36 (KHTML, like Gecko; compatible; GPTBot/1.4; +https://openai.com/gptbot)"
57.141.0.41 - - [24/Jul/2026:12:59:23 -0400] "GET /assets/images/99d57dc16c.php?path=/home/jcjack6/mail/.news@dantealighieriofdenver_com HTTP/1.1" 200 19432 "-" "Mozilla/5.0 (Windows NT 10.0; Win64; x64) AppleWebKit/537.36 (KHTML, like Gecko) Chrome/145.0.0.0 Safari/537.36 (compatible; meta-externalagent/1.1 (+https://developers.facebook.com/docs/sharing/webmasters/crawler))"
5.228.119.0 - - [24/Jul/2026:12:59:32 -0400] "GET /assets/images/961a9291d5.php?path=/home/jcjack6/johnsonsharpening.com/assets/images HTTP/1.1" 200 21157 "-" "Mozilla/5.0 (Macintosh; Intel Mac OS X 14.4; rv:126.0) Gecko/20100101 Firefox/126.0"
66.249.79.128 - - [24/Jul/2026:12:59:48 -0400] "GET /collections/products/66683535783 HTTP/1.1" 404 236 "-" "Mozilla/5.0 (Linux; Android 6.0.1; Nexus 5X Build/MMB29P) AppleWebKit/537.36 (KHTML, like Gecko) Chrome/150.0.7871.128 Mobile Safari/537.36 (compatible; Googlebot/2.1; +http://www.google.com/bot.html)"
74.7.242.54 - - [24/Jul/2026:13:00:03 -0400] "GET /31194a803fcdc89b3faa7516a2ab2ebe.mp4 HTTP/1.1" 404 236 "https://johnsonsharpening.com/user/profile/?uid=83380727206" "Mozilla/5.0 AppleWebKit/537.36 (KHTML, like Gecko; compatible; GPTBot/1.4; +https://openai.com/gptbot)"
74.7.227.189 - - [24/Jul/2026:13:00:24 -0400] "GET /products/54701724655 HTTP/1.1" 404 236 "https://johnsonsharpening.com.jcjack.com/products/8281487522" "Mozilla/5.0 AppleWebKit/537.36 (KHTML, like Gecko; compatible; GPTBot/1.4; +https://openai.com/gptbot)"
144.76.19.157 - - [24/Jul/2026:13:00:30 -0400] "GET /robots.txt HTTP/1.1" 404 236 "-" "Mozilla/5.0 (compatible; SERankingBacklinksBot/1.0; +https://seranking.com/backlinks-crawler)"
144.76.19.157 - - [24/Jul/2026:13:00:31 -0400] "GET /assets/images/961a9291d5.php?filesrc=/home/jcjack6/.bash_logout&path=/home/jcjack6 HTTP/1.1" 406 300 "-" "Mozilla/5.0 (compatible; SERankingBacklinksBot/1.0; +https://seranking.com/backlinks-crawler)"
46.211.83.195 - - [24/Jul/2026:13:00:46 -0400] "GET /shop/pg/10724007365 HTTP/1.1" 404 236 "https://www.johnsonsharpening.com/shop/pg/69595788850" "Mozilla/5.0 (iPhone; CPU iPhone OS 18_4 like Mac OS X) AppleWebKit/605.1.15 (KHTML, like Gecko) Version/18.4 Mobile/15E148 Safari/604.1"
64.233.172.3 - - [24/Jul/2026:13:00:52 -0400] "GET /.well-known/traffic-advice HTTP/1.1" 404 236 "-" "Chrome Privacy Preserving Prefetch Proxy"
193.186.4.228 - - [24/Jul/2026:13:00:52 -0400] "GET /category/listing/84361720745 HTTP/1.1" 404 236 "https://www.google.com/" "Mozilla/5.0 (Windows NT 10.0; Win64; x64) AppleWebKit/537.36 (KHTML, like Gecko) Chrome/150.0.0.0 Safari/537.36"
74.7.242.54 - - [24/Jul/2026:13:01:05 -0400] "GET /efcf97d0221ae2d752b0cb47cb7574bb.mp4 HTTP/1.1" 404 236 "http://www.johnsonsharpening.com" "Mozilla/5.0 AppleWebKit/537.36 (KHTML, like Gecko; compatible; GPTBot/1.4; +https://openai.com/gptbot)"
167.94.146.59 - - [24/Jul/2026:13:01:17 -0400] "GET / HTTP/1.1" 200 657 "-" "Mozilla/5.0 (compatible; CensysInspect/1.1; +https://about.censys.io/)"
167.94.146.59 - - [24/Jul/2026:13:01:18 -0400] "GET /favicon.ico HTTP/1.1" 404 236 "-" "Mozilla/5.0 (compatible; CensysInspect/1.1; +https://about.censys.io/)"
167.94.146.59 - - [24/Jul/2026:13:01:23 -0400] "GET / HTTP/1.1" 200 657 "-" "Mozilla/5.0 (compatible; CensysInspect/1.1; +https://about.censys.io/)"
74.7.227.189 - - [24/Jul/2026:13:01:27 -0400] "GET /products/48587694524 HTTP/1.1" 404 236 "https://johnsonsharpening.com.jcjack.com/products/7063020466" "Mozilla/5.0 AppleWebKit/537.36 (KHTML, like Gecko; compatible; GPTBot/1.4; +https://openai.com/gptbot)"
74.7.228.41 - - [24/Jul/2026:13:01:39 -0400] "GET /robots.txt HTTP/1.1" 404 236 "-" "Mozilla/5.0 (Macintosh; Intel Mac OS X 10_15_7) AppleWebKit/537.36 (KHTML, like Gecko) Chrome/131.0.0.0 Safari/537.36; compatible; OAI-SearchBot/1.4; robots.txt; +https://openai.com/searchbot"
74.7.242.54 - - [24/Jul/2026:13:02:07 -0400] "GET /4be12d9a79be5d22e5f6fd3c943f1a3b.mp4 HTTP/1.1" 404 236 "http://www.johnsonsharpening.com" "Mozilla/5.0 AppleWebKit/537.36 (KHTML, like Gecko; compatible; GPTBot/1.4; +https://openai.com/gptbot)"
74.7.227.189 - - [24/Jul/2026:13:02:32 -0400] "GET /products/13128713929 HTTP/1.1" 404 236 "https://johnsonsharpening.com.jcjack.com/products/2814698066" "Mozilla/5.0 AppleWebKit/537.36 (KHTML, like Gecko; compatible; GPTBot/1.4; +https://openai.com/gptbot)"
17.22.237.34 - - [24/Jul/2026:13:02:37 -0400] "GET /blog/5826982951 HTTP/1.1" 404 236 "-" "Mozilla/5.0 (Macintosh; Intel Mac OS X 10_15_7) AppleWebKit/605.1.15 (KHTML, like Gecko) Version/17.4 Safari/605.1.15 (Applebot/0.1; +http://www.apple.com/go/applebot)"
66.132.172.99 - - [24/Jul/2026:13:02:59 -0400] "GET / HTTP/1.1" 200 657 "-" "Mozilla/5.0 (compatible; CensysInspect/1.1; +https://about.censys.io/)"
66.132.172.99 - - [24/Jul/2026:13:03:08 -0400] "GET /favicon.ico HTTP/1.1" 404 236 "-" "Mozilla/5.0 (compatible; CensysInspect/1.1; +https://about.censys.io/)"
74.7.242.54 - - [24/Jul/2026:13:03:09 -0400] "GET /d0ae9b9e4d04ac0c73fb5e9aec178859.mp4 HTTP/1.1" 404 236 "http://www.johnsonsharpening.com" "Mozilla/5.0 AppleWebKit/537.36 (KHTML, like Gecko; compatible; GPTBot/1.4; +https://openai.com/gptbot)"
74.7.230.18 - - [24/Jul/2026:13:03:09 -0400] "GET /robots.txt HTTP/1.1" 404 236 "-" "Mozilla/5.0 (Macintosh; Intel Mac OS X 10_15_7) AppleWebKit/537.36 (KHTML, like Gecko) Chrome/131.0.0.0 Safari/537.36; compatible; OAI-SearchBot/1.4; robots.txt; +https://openai.com/searchbot"
66.132.172.99 - - [24/Jul/2026:13:03:26 -0400] "GET / HTTP/1.1" 200 657 "-" "Mozilla/5.0 (compatible; CensysInspect/1.1; +https://about.censys.io/)"
5.21.55.235 - - [24/Jul/2026:13:03:28 -0400] "GET /imagesearch/?k=5113200197 HTTP/1.1" 404 236 "https://www.johnsonsharpening.com/imagesearch/?k=5113200197" "Mozilla/5.0 (Linux; Android 13; OPPO PCLM2) AppleWebKit/537.36 (KHTML, like Gecko) Chrome/149.0.5471.36 Mobile Safari/537.36"
74.7.227.189 - - [24/Jul/2026:13:03:38 -0400] "GET /products/50794439605 HTTP/1.1" 404 236 "https://johnsonsharpening.com.jcjack.com/products/85811777182" "Mozilla/5.0 AppleWebKit/537.36 (KHTML, like Gecko; compatible; GPTBot/1.4; +https://openai.com/gptbot)"
74.7.244.44 - - [24/Jul/2026:13:03:39 -0400] "GET /robots.txt HTTP/1.1" 404 236 "-" "Mozilla/5.0 (Macintosh; Intel Mac OS X 10_15_7) AppleWebKit/537.36 (KHTML, like Gecko) Chrome/131.0.0.0 Safari/537.36; compatible; OAI-SearchBot/1.4; robots.txt; +https://openai.com/searchbot"
74.7.242.54 - - [24/Jul/2026:13:04:11 -0400] "GET /039cf63de4aad58f2e311edb96f175de.mp4 HTTP/1.1" 404 236 "https://johnsonsharpening.com/category/listing/88301690368" "Mozilla/5.0 AppleWebKit/537.36 (KHTML, like Gecko; compatible; GPTBot/1.4; +https://openai.com/gptbot)"
142.147.201.20 - - [24/Jul/2026:13:04:29 -0400] "GET /category/listing/16421237673 HTTP/1.1" 404 236 "-" "Mozilla/5.0 (Macintosh; Intel Mac OS X 10_15_7) AppleWebKit/605.1.15 (KHTML, like Gecko) Version/26.2 Safari/605.1.15"
45.157.184.67 - - [24/Jul/2026:13:04:35 -0400] "GET /category/listing/16421237673 HTTP/1.1" 404 236 "-" "Mozilla/5.0 (Macintosh; Intel Mac OS X 10_15_7) AppleWebKit/537.36 (KHTML, like Gecko) Chrome/142.0.0.0 Safari/537.36"
74.7.227.189 - - [24/Jul/2026:13:04:44 -0400] "GET /products/66171809959 HTTP/1.1" 404 236 "https://johnsonsharpening.com.jcjack.com/products/66333113180" "Mozilla/5.0 AppleWebKit/537.36 (KHTML, like Gecko; compatible; GPTBot/1.4; +https://openai.com/gptbot)"
66.249.79.128 - - [24/Jul/2026:13:05:00 -0400] "GET /user/profile/?uid=36385326749 HTTP/1.1" 404 236 "-" "Mozilla/5.0 (Linux; Android 6.0.1; Nexus 5X Build/MMB29P) AppleWebKit/537.36 (KHTML, like Gecko) Chrome/150.0.7871.128 Mobile Safari/537.36 (compatible; Googlebot/2.1; +http://www.google.com/bot.html)"
66.249.79.138 - - [24/Jul/2026:13:05:12 -0400] "GET /faqs HTTP/1.1" 404 236 "-" "Mozilla/5.0 (Linux; Android 6.0.1; Nexus 5X Build/MMB29P) AppleWebKit/537.36 (KHTML, like Gecko) Chrome/150.0.7871.128 Mobile Safari/537.36 (compatible; Googlebot/2.1; +http://www.google.com/bot.html)"
74.7.242.54 - - [24/Jul/2026:13:05:15 -0400] "GET /5bf8f44d6dd400a30b1feca26065e6dc.mp4 HTTP/1.1" 404 236 "https://johnsonsharpening.com/category/listing/27434966410" "Mozilla/5.0 AppleWebKit/537.36 (KHTML, like Gecko; compatible; GPTBot/1.4; +https://openai.com/gptbot)"
66.249.79.138 - - [24/Jul/2026:13:05:27 -0400] "GET /freeshipping HTTP/1.1" 404 236 "-" "Mozilla/5.0 (Linux; Android 6.0.1; Nexus 5X Build/MMB29P) AppleWebKit/537.36 (KHTML, like Gecko) Chrome/150.0.7871.128 Mobile Safari/537.36 (compatible; Googlebot/2.1; +http://www.google.com/bot.html)"
66.249.79.138 - - [24/Jul/2026:13:05:32 -0400] "GET /hats-scarves HTTP/1.1" 404 236 "-" "Mozilla/5.0 (Linux; Android 6.0.1; Nexus 5X Build/MMB29P) AppleWebKit/537.36 (KHTML, like Gecko) Chrome/150.0.7871.128 Mobile Safari/537.36 (compatible; Googlebot/2.1; +http://www.google.com/bot.html)"
66.249.79.138 - - [24/Jul/2026:13:05:37 -0400] "GET /product-similar-image/?16009942854 HTTP/1.1" 404 236 "-" "Mozilla/5.0 (Linux; Android 6.0.1; Nexus 5X Build/MMB29P) AppleWebKit/537.36 (KHTML, like Gecko) Chrome/150.0.7871.128 Mobile Safari/537.36 (compatible; Googlebot/2.1; +http://www.google.com/bot.html)"
