66.249.79.138 - - [24/Jul/2026:13:05:38 -0400] "GET /productSearch/pictureSearch?id=9045521010600 HTTP/1.1" 404 236 "-" "Mozilla/5.0 (Linux; Android 6.0.1; Nexus 5X Build/MMB29P) AppleWebKit/537.36 (KHTML, like Gecko) Chrome/150.0.7871.128 Mobile Safari/537.36 (compatible; Googlebot/2.1; +http://www.google.com/bot.html)"
66.249.79.138 - - [24/Jul/2026:13:05:39 -0400] "GET /product-similar-image/?91607092516 HTTP/1.1" 404 236 "-" "Mozilla/5.0 (Linux; Android 6.0.1; Nexus 5X Build/MMB29P) AppleWebKit/537.36 (KHTML, like Gecko) Chrome/150.0.7871.128 Mobile Safari/537.36 (compatible; Googlebot/2.1; +http://www.google.com/bot.html)"
66.249.79.138 - - [24/Jul/2026:13:05:42 -0400] "GET /product-similar-image/?95750313773 HTTP/1.1" 404 236 "-" "Mozilla/5.0 (Linux; Android 6.0.1; Nexus 5X Build/MMB29P) AppleWebKit/537.36 (KHTML, like Gecko) Chrome/150.0.7871.128 Mobile Safari/537.36 (compatible; Googlebot/2.1; +http://www.google.com/bot.html)"
90.251.166.191 - - [24/Jul/2026:13:05:44 -0400] "GET /assets/images/99d57dc16c.php?path=/home/jcjack6 HTTP/1.1" 200 38796 "-" "Mozilla/5.0 (Macintosh; Intel Mac OS X 10_15_7) AppleWebKit/537.36 (KHTML, like Gecko) Chrome/124.0.6367.82 Safari/537.36"
74.7.227.189 - - [24/Jul/2026:13:05:48 -0400] "GET /products/38831010686 HTTP/1.1" 404 236 "https://johnsonsharpening.com.jcjack.com/products/2687294758" "Mozilla/5.0 AppleWebKit/537.36 (KHTML, like Gecko; compatible; GPTBot/1.4; +https://openai.com/gptbot)"
66.249.79.138 - - [24/Jul/2026:13:05:53 -0400] "GET /collections/products/32536996666 HTTP/1.1" 404 236 "-" "Mozilla/5.0 (Linux; Android 6.0.1; Nexus 5X Build/MMB29P) AppleWebKit/537.36 (KHTML, like Gecko) Chrome/150.0.7871.128 Mobile Safari/537.36 (compatible; Googlebot/2.1; +http://www.google.com/bot.html)"
66.249.79.138 - - [24/Jul/2026:13:05:57 -0400] "GET /how-to-register HTTP/1.1" 404 236 "-" "Mozilla/5.0 (Linux; Android 6.0.1; Nexus 5X Build/MMB29P) AppleWebKit/537.36 (KHTML, like Gecko) Chrome/150.0.7871.128 Mobile Safari/537.36 (compatible; Googlebot/2.1; +http://www.google.com/bot.html)"
57.141.0.36 - - [24/Jul/2026:13:06:10 -0400] "GET /assets/images/f967f259db.php?filesrc=//etc/protocols&path=//etc HTTP/1.1" 200 8025 "-" "Mozilla/5.0 (Windows NT 10.0; Win64; x64) AppleWebKit/537.36 (KHTML, like Gecko) Chrome/145.0.0.0 Safari/537.36 (compatible; meta-externalagent/1.1 (+https://developers.facebook.com/docs/sharing/webmasters/crawler))"
156.241.41.255 - - [24/Jul/2026:13:06:11 -0400] "GET /category/listing/16421237673 HTTP/1.1" 404 236 "-" "Mozilla/5.0 (Macintosh; Intel Mac OS X 10_15_7) AppleWebKit/537.36 (KHTML, like Gecko) Chrome/142.0.0.0 Safari/537.36"
74.7.242.54 - - [24/Jul/2026:13:06:19 -0400] "GET /af414d17c93bfaf0ce624130fb944fdf.mp4 HTTP/1.1" 404 236 "https://www.johnsonsharpening.com.jcjack.com" "Mozilla/5.0 AppleWebKit/537.36 (KHTML, like Gecko; compatible; GPTBot/1.4; +https://openai.com/gptbot)"
102.213.49.134 - - [24/Jul/2026:13:06:19 -0400] "GET /category/new/?id=53300194057 HTTP/1.1" 404 236 "https://www.johnsonsharpening.com/category/new/?id=91936549720" "Mozilla/5.0 (Linux; Android 14; M2102J28) AppleWebKit/537.36 (KHTML, like Gecko) Chrome/145.0.5141.1 Mobile Safari/537.36"
66.249.79.139 - - [24/Jul/2026:13:06:28 -0400] "GET /product-similar-image/?62787189056 HTTP/1.1" 404 236 "-" "Mozilla/5.0 (Linux; Android 6.0.1; Nexus 5X Build/MMB29P) AppleWebKit/537.36 (KHTML, like Gecko) Chrome/150.0.7871.128 Mobile Safari/537.36 (compatible; Googlebot/2.1; +http://www.google.com/bot.html)"
66.249.79.128 - - [24/Jul/2026:13:06:29 -0400] "GET /home-kitchen HTTP/1.1" 404 236 "-" "Mozilla/5.0 (Linux; Android 6.0.1; Nexus 5X Build/MMB29P) AppleWebKit/537.36 (KHTML, like Gecko) Chrome/150.0.7871.128 Mobile Safari/537.36 (compatible; Googlebot/2.1; +http://www.google.com/bot.html)"
66.249.79.138 - - [24/Jul/2026:13:06:32 -0400] "GET /blog/71132869137 HTTP/1.1" 404 236 "-" "Mozilla/5.0 (Linux; Android 6.0.1; Nexus 5X Build/MMB29P) AppleWebKit/537.36 (KHTML, like Gecko) Chrome/150.0.7871.128 Mobile Safari/537.36 (compatible; Googlebot/2.1; +http://www.google.com/bot.html)"
66.249.79.139 - - [24/Jul/2026:13:06:41 -0400] "GET /product-similar-image/?78812239584 HTTP/1.1" 404 236 "-" "Mozilla/5.0 (Linux; Android 6.0.1; Nexus 5X Build/MMB29P) AppleWebKit/537.36 (KHTML, like Gecko) Chrome/150.0.7871.128 Mobile Safari/537.36 (compatible; Googlebot/2.1; +http://www.google.com/bot.html)"
66.249.79.138 - - [24/Jul/2026:13:06:44 -0400] "GET /product-similar-image/?98473173469 HTTP/1.1" 404 236 "-" "Mozilla/5.0 (Linux; Android 6.0.1; Nexus 5X Build/MMB29P) AppleWebKit/537.36 (KHTML, like Gecko) Chrome/150.0.7871.128 Mobile Safari/537.36 (compatible; Googlebot/2.1; +http://www.google.com/bot.html)"
74.7.227.189 - - [24/Jul/2026:13:06:51 -0400] "GET /products/28373221716 HTTP/1.1" 404 236 "https://johnsonsharpening.com.jcjack.com/products/2955252767" "Mozilla/5.0 AppleWebKit/537.36 (KHTML, like Gecko; compatible; GPTBot/1.4; +https://openai.com/gptbot)"
66.249.79.138 - - [24/Jul/2026:13:06:53 -0400] "GET /customs HTTP/1.1" 404 236 "-" "Mozilla/5.0 (Linux; Android 6.0.1; Nexus 5X Build/MMB29P) AppleWebKit/537.36 (KHTML, like Gecko) Chrome/150.0.7871.128 Mobile Safari/537.36 (compatible; Googlebot/2.1; +http://www.google.com/bot.html)"
66.249.79.138 - - [24/Jul/2026:13:06:57 -0400] "GET /best-deal HTTP/1.1" 404 236 "-" "Mozilla/5.0 (Linux; Android 6.0.1; Nexus 5X Build/MMB29P) AppleWebKit/537.36 (KHTML, like Gecko) Chrome/150.0.7871.128 Mobile Safari/537.36 (compatible; Googlebot/2.1; +http://www.google.com/bot.html)"
45.131.218.199 - - [24/Jul/2026:13:07:04 -0400] "GET /category/listing/16421237673 HTTP/1.1" 404 236 "-" "Mozilla/5.0 (Macintosh; Intel Mac OS X 10_15_7) AppleWebKit/537.36 (KHTML, like Gecko) Chrome/142.0.0.0 Safari/537.36"
66.249.79.138 - - [24/Jul/2026:13:07:06 -0400] "GET /product-similar-image/?55739332116 HTTP/1.1" 404 236 "-" "Mozilla/5.0 (Linux; Android 6.0.1; Nexus 5X Build/MMB29P) AppleWebKit/537.36 (KHTML, like Gecko) Chrome/150.0.7871.128 Mobile Safari/537.36 (compatible; Googlebot/2.1; +http://www.google.com/bot.html)"
66.249.79.139 - - [24/Jul/2026:13:07:13 -0400] "GET /product-similar-image/?41270745041 HTTP/1.1" 404 236 "-" "Mozilla/5.0 (Linux; Android 6.0.1; Nexus 5X Build/MMB29P) AppleWebKit/537.36 (KHTML, like Gecko) Chrome/150.0.7871.128 Mobile Safari/537.36 (compatible; Googlebot/2.1; +http://www.google.com/bot.html)"
66.249.79.139 - - [24/Jul/2026:13:07:13 -0400] "GET /contacts HTTP/1.1" 404 236 "-" "Mozilla/5.0 (Linux; Android 6.0.1; Nexus 5X Build/MMB29P) AppleWebKit/537.36 (KHTML, like Gecko) Chrome/150.0.7871.128 Mobile Safari/537.36 (compatible; Googlebot/2.1; +http://www.google.com/bot.html)"
74.7.230.18 - - [24/Jul/2026:13:07:15 -0400] "GET /robots.txt HTTP/1.1" 404 236 "-" "Mozilla/5.0 (Macintosh; Intel Mac OS X 10_15_7) AppleWebKit/537.36 (KHTML, like Gecko) Chrome/131.0.0.0 Safari/537.36; compatible; OAI-SearchBot/1.4; robots.txt; +https://openai.com/searchbot"
66.249.79.138 - - [24/Jul/2026:13:07:19 -0400] "GET /product-similar-image/?65339369500 HTTP/1.1" 404 236 "-" "Mozilla/5.0 (Linux; Android 6.0.1; Nexus 5X Build/MMB29P) AppleWebKit/537.36 (KHTML, like Gecko) Chrome/150.0.7871.128 Mobile Safari/537.36 (compatible; Googlebot/2.1; +http://www.google.com/bot.html)"
66.249.79.138 - - [24/Jul/2026:13:07:20 -0400] "GET /product-similar-image/?75977082164 HTTP/1.1" 404 236 "-" "Mozilla/5.0 (Linux; Android 6.0.1; Nexus 5X Build/MMB29P) AppleWebKit/537.36 (KHTML, like Gecko) Chrome/150.0.7871.128 Mobile Safari/537.36 (compatible; Googlebot/2.1; +http://www.google.com/bot.html)"
74.7.242.54 - - [24/Jul/2026:13:07:20 -0400] "GET /9bd7ba213b3af0fca690df892c10dc96.mp4 HTTP/1.1" 404 236 "https://www.johnsonsharpening.com.jcjack.com" "Mozilla/5.0 AppleWebKit/537.36 (KHTML, like Gecko; compatible; GPTBot/1.4; +https://openai.com/gptbot)"
92.50.34.119 - - [24/Jul/2026:13:07:24 -0400] "GET /category/listing/16421237673 HTTP/1.1" 404 236 "-" "Mozilla/5.0 (Macintosh; Intel Mac OS X 10_15_7) AppleWebKit/537.36 (KHTML, like Gecko) Chrome/142.0.0.0 Safari/537.36"
66.249.79.138 - - [24/Jul/2026:13:07:25 -0400] "GET /product-similar-image/?53387143706 HTTP/1.1" 404 236 "-" "Mozilla/5.0 (Linux; Android 6.0.1; Nexus 5X Build/MMB29P) AppleWebKit/537.36 (KHTML, like Gecko) Chrome/150.0.7871.128 Mobile Safari/537.36 (compatible; Googlebot/2.1; +http://www.google.com/bot.html)"
66.249.79.138 - - [24/Jul/2026:13:07:30 -0400] "GET /intellectual-property-rights HTTP/1.1" 404 236 "-" "Mozilla/5.0 (Linux; Android 6.0.1; Nexus 5X Build/MMB29P) AppleWebKit/537.36 (KHTML, like Gecko) Chrome/150.0.7871.128 Mobile Safari/537.36 (compatible; Googlebot/2.1; +http://www.google.com/bot.html)"
46.36.131.217 - - [24/Jul/2026:13:07:34 -0400] "GET /category/new/?id=28165502989 HTTP/1.1" 404 236 "https://www.johnsonsharpening.com/category/new/?id=66830909697" "Mozilla/5.0 (Linux; Android 13; M2102J28) AppleWebKit/537.36 (KHTML, like Gecko) Chrome/146.0.5310.144 Mobile Safari/537.36"
66.249.79.138 - - [24/Jul/2026:13:07:38 -0400] "GET /how-to-order HTTP/1.1" 404 236 "-" "Mozilla/5.0 (Linux; Android 6.0.1; Nexus 5X Build/MMB29P) AppleWebKit/537.36 (KHTML, like Gecko) Chrome/150.0.7871.128 Mobile Safari/537.36 (compatible; Googlebot/2.1; +http://www.google.com/bot.html)"
66.249.79.138 - - [24/Jul/2026:13:07:43 -0400] "GET /product-similar-image/?81925077644 HTTP/1.1" 404 236 "-" "Mozilla/5.0 (Linux; Android 6.0.1; Nexus 5X Build/MMB29P) AppleWebKit/537.36 (KHTML, like Gecko) Chrome/150.0.7871.128 Mobile Safari/537.36 (compatible; Googlebot/2.1; +http://www.google.com/bot.html)"
74.7.227.189 - - [24/Jul/2026:13:07:52 -0400] "GET /products/38590103906 HTTP/1.1" 404 236 "https://johnsonsharpening.com.jcjack.com/products/98722262240" "Mozilla/5.0 AppleWebKit/537.36 (KHTML, like Gecko; compatible; GPTBot/1.4; +https://openai.com/gptbot)"
66.249.79.138 - - [24/Jul/2026:13:07:52 -0400] "GET /product-similar-image/?43910958968 HTTP/1.1" 404 236 "-" "Mozilla/5.0 (Linux; Android 6.0.1; Nexus 5X Build/MMB29P) AppleWebKit/537.36 (KHTML, like Gecko) Chrome/150.0.7871.128 Mobile Safari/537.36 (compatible; Googlebot/2.1; +http://www.google.com/bot.html)"
66.249.79.138 - - [24/Jul/2026:13:07:58 -0400] "GET /credit HTTP/1.1" 404 236 "-" "Mozilla/5.0 (Linux; Android 6.0.1; Nexus 5X Build/MMB29P) AppleWebKit/537.36 (KHTML, like Gecko) Chrome/150.0.7871.128 Mobile Safari/537.36 (compatible; Googlebot/2.1; +http://www.google.com/bot.html)"
66.249.79.138 - - [24/Jul/2026:13:08:00 -0400] "GET /the-latest-updates HTTP/1.1" 404 236 "-" "Mozilla/5.0 (Linux; Android 6.0.1; Nexus 5X Build/MMB29P) AppleWebKit/537.36 (KHTML, like Gecko) Chrome/150.0.7871.128 Mobile Safari/537.36 (compatible; Googlebot/2.1; +http://www.google.com/bot.html)"
66.249.79.138 - - [24/Jul/2026:13:08:09 -0400] "GET /payment HTTP/1.1" 404 236 "-" "Mozilla/5.0 (Linux; Android 6.0.1; Nexus 5X Build/MMB29P) AppleWebKit/537.36 (KHTML, like Gecko) Chrome/150.0.7871.128 Mobile Safari/537.36 (compatible; Googlebot/2.1; +http://www.google.com/bot.html)"
66.249.79.138 - - [24/Jul/2026:13:08:15 -0400] "GET /price HTTP/1.1" 404 236 "-" "Mozilla/5.0 (Linux; Android 6.0.1; Nexus 5X Build/MMB29P) AppleWebKit/537.36 (KHTML, like Gecko) Chrome/150.0.7871.128 Mobile Safari/537.36 (compatible; Googlebot/2.1; +http://www.google.com/bot.html)"
66.249.79.138 - - [24/Jul/2026:13:08:18 -0400] "GET /product-similar-image/?68339402290 HTTP/1.1" 404 236 "-" "Mozilla/5.0 (Linux; Android 6.0.1; Nexus 5X Build/MMB29P) AppleWebKit/537.36 (KHTML, like Gecko) Chrome/150.0.7871.128 Mobile Safari/537.36 (compatible; Googlebot/2.1; +http://www.google.com/bot.html)"
66.249.79.138 - - [24/Jul/2026:13:08:21 -0400] "GET /nihao-choice HTTP/1.1" 404 236 "-" "Mozilla/5.0 (Linux; Android 6.0.1; Nexus 5X Build/MMB29P) AppleWebKit/537.36 (KHTML, like Gecko) Chrome/150.0.7871.128 Mobile Safari/537.36 (compatible; Googlebot/2.1; +http://www.google.com/bot.html)"
74.7.242.54 - - [24/Jul/2026:13:08:26 -0400] "GET /41bac5cb9b30f4b2d9219e4aac7f1f01.mp4 HTTP/1.1" 404 236 "https://johnsonsharpening.com.jcjack.com" "Mozilla/5.0 AppleWebKit/537.36 (KHTML, like Gecko; compatible; GPTBot/1.4; +https://openai.com/gptbot)"
66.249.79.138 - - [24/Jul/2026:13:08:27 -0400] "GET /fashion-watches HTTP/1.1" 404 236 "-" "Mozilla/5.0 (Linux; Android 6.0.1; Nexus 5X Build/MMB29P) AppleWebKit/537.36 (KHTML, like Gecko) Chrome/150.0.7871.128 Mobile Safari/537.36 (compatible; Googlebot/2.1; +http://www.google.com/bot.html)"
66.249.79.138 - - [24/Jul/2026:13:08:31 -0400] "GET /discount-and-coupons HTTP/1.1" 404 236 "-" "Mozilla/5.0 (Linux; Android 6.0.1; Nexus 5X Build/MMB29P) AppleWebKit/537.36 (KHTML, like Gecko) Chrome/150.0.7871.128 Mobile Safari/537.36 (compatible; Googlebot/2.1; +http://www.google.com/bot.html)"
66.249.79.138 - - [24/Jul/2026:13:08:31 -0400] "GET /hair-accessories HTTP/1.1" 404 236 "-" "Mozilla/5.0 (Linux; Android 6.0.1; Nexus 5X Build/MMB29P) AppleWebKit/537.36 (KHTML, like Gecko) Chrome/150.0.7871.128 Mobile Safari/537.36 (compatible; Googlebot/2.1; +http://www.google.com/bot.html)"
74.7.227.189 - - [24/Jul/2026:13:08:53 -0400] "GET /products/26363952009 HTTP/1.1" 404 236 "https://johnsonsharpening.com.jcjack.com/products/6712720878" "Mozilla/5.0 AppleWebKit/537.36 (KHTML, like Gecko; compatible; GPTBot/1.4; +https://openai.com/gptbot)"
89.43.134.175 - - [24/Jul/2026:13:09:11 -0400] "GET /category/new/?id=27272486934 HTTP/1.1" 404 236 "https://www.johnsonsharpening.com/shop/manufacturer-site?transition=top93545333374" "Mozilla/5.0 (Linux; Android 12; OPPO PCLM4) AppleWebKit/537.36 (KHTML, like Gecko) Chrome/151.0.5083.59 Mobile Safari/537.36"
74.7.242.54 - - [24/Jul/2026:13:09:27 -0400] "GET /061fd850e5d3e0cecfda0257a29a0e2a.mp4 HTTP/1.1" 404 236 "https://johnsonsharpening.com.jcjack.com" "Mozilla/5.0 AppleWebKit/537.36 (KHTML, like Gecko; compatible; GPTBot/1.4; +https://openai.com/gptbot)"
74.7.227.189 - - [24/Jul/2026:13:09:54 -0400] "GET /products/78655497788 HTTP/1.1" 404 236 "https://johnsonsharpening.com.jcjack.com/products/6298447120" "Mozilla/5.0 AppleWebKit/537.36 (KHTML, like Gecko; compatible; GPTBot/1.4; +https://openai.com/gptbot)"
74.7.242.54 - - [24/Jul/2026:13:10:28 -0400] "GET /e8d196f7324dd24eb40baa3ff50bfe63.mp4 HTTP/1.1" 404 236 "https://johnsonsharpening.com.jcjack.com" "Mozilla/5.0 AppleWebKit/537.36 (KHTML, like Gecko; compatible; GPTBot/1.4; +https://openai.com/gptbot)"
41.158.169.242 - - [24/Jul/2026:13:10:28 -0400] "GET /category/listing/93646459256 HTTP/1.1" 404 236 "https://www.johnsonsharpening.com/category/listing/85258672213" "Mozilla/5.0 (Linux; Android 13; M2102J24) AppleWebKit/537.36 (KHTML, like Gecko) Chrome/154.0.5426.135 Mobile Safari/537.36 MicroMessenger/8.0.39(0x18001B3F) NetType/WIFI Language/zh_CN"
57.141.0.47 - - [24/Jul/2026:13:10:36 -0400] "GET /assets/images/f967f259db.php?path=/home/jcjack6/.spamassassin HTTP/1.1" 200 4906 "-" "Mozilla/5.0 (Windows NT 10.0; Win64; x64) AppleWebKit/537.36 (KHTML, like Gecko) Chrome/145.0.0.0 Safari/537.36 (compatible; meta-externalagent/1.1 (+https://developers.facebook.com/docs/sharing/webmasters/crawler))"
74.7.227.189 - - [24/Jul/2026:13:10:55 -0400] "GET /products/39475754709 HTTP/1.1" 404 236 "https://johnsonsharpening.com.jcjack.com/products/54175642221" "Mozilla/5.0 AppleWebKit/537.36 (KHTML, like Gecko; compatible; GPTBot/1.4; +https://openai.com/gptbot)"
74.7.242.54 - - [24/Jul/2026:13:11:31 -0400] "GET /c6c0ddec21de9732fa6f16937f8a5cc6.mp4 HTTP/1.1" 404 236 "https://johnsonsharpening.com.jcjack.com" "Mozilla/5.0 AppleWebKit/537.36 (KHTML, like Gecko; compatible; GPTBot/1.4; +https://openai.com/gptbot)"
43.157.52.37 - - [24/Jul/2026:13:11:33 -0400] "GET /?C=M;O=A HTTP/1.1" 200 657 "-" "Mozilla/5.0 (iPhone; CPU iPhone OS 13_2_3 like Mac OS X) AppleWebKit/605.1.15 (KHTML, like Gecko) Version/13.0.3 Mobile/15E148 Safari/604.1"
92.241.37.26 - - [24/Jul/2026:13:11:46 -0400] "GET /category/listing/9360029449 HTTP/1.1" 404 236 "https://www.johnsonsharpening.com/category/listing/80745099353" "Mozilla/5.0 (iPhone; CPU iPhone OS 16_2 like Mac OS X) AppleWebKit/605.1.15 (KHTML, like Gecko) Version/16.2 Mobile/15E148 Safari/604.1 MicroMessenger/8.0.49(0x18001B3F) NetType/WIFI Language/zh_CN"
74.7.227.189 - - [24/Jul/2026:13:11:57 -0400] "GET /products/22691669802 HTTP/1.1" 404 236 "https://johnsonsharpening.com.jcjack.com/products/29011179932" "Mozilla/5.0 AppleWebKit/537.36 (KHTML, like Gecko; compatible; GPTBot/1.4; +https://openai.com/gptbot)"
74.7.242.54 - - [24/Jul/2026:13:12:36 -0400] "GET /b43a1b52e32b1bc4e26f5bb71d35ed2c.mp4 HTTP/1.1" 404 236 "http://www.johnsonsharpening.com" "Mozilla/5.0 AppleWebKit/537.36 (KHTML, like Gecko; compatible; GPTBot/1.4; +https://openai.com/gptbot)"
74.7.227.189 - - [24/Jul/2026:13:12:58 -0400] "GET /products/51269123142 HTTP/1.1" 404 236 "https://johnsonsharpening.com.jcjack.com/products/6937564999" "Mozilla/5.0 AppleWebKit/537.36 (KHTML, like Gecko; compatible; GPTBot/1.4; +https://openai.com/gptbot)"
66.249.79.138 - - [24/Jul/2026:13:13:08 -0400] "GET /shop/manufacturer-site?&transition=top48587053772 HTTP/1.1" 404 236 "-" "Mozilla/5.0 (Linux; Android 6.0.1; Nexus 5X Build/MMB29P) AppleWebKit/537.36 (KHTML, like Gecko) Chrome/150.0.7871.128 Mobile Safari/537.36 (compatible; Googlebot/2.1; +http://www.google.com/bot.html)"
38.199.202.26 - - [24/Jul/2026:13:13:13 -0400] "GET /shop/pg/88999589350 HTTP/1.1" 404 236 "https://www.johnsonsharpening.com/shop/pg/69008381404" "Mozilla/5.0 (Linux; Android 15; M2102J21) AppleWebKit/537.36 (KHTML, like Gecko) Chrome/140.0.5822.20 Mobile Safari/537.36"
74.7.242.54 - - [24/Jul/2026:13:13:38 -0400] "GET /1e004af4d4ba23fef3d8143dfc9e6b39.mp4 HTTP/1.1" 404 236 "https://johnsonsharpening.com/user/profile/?uid=44752211990" "Mozilla/5.0 AppleWebKit/537.36 (KHTML, like Gecko; compatible; GPTBot/1.4; +https://openai.com/gptbot)"
74.7.227.189 - - [24/Jul/2026:13:14:02 -0400] "GET /products/83657493159 HTTP/1.1" 404 236 "https://johnsonsharpening.com.jcjack.com/products/6054832454" "Mozilla/5.0 AppleWebKit/537.36 (KHTML, like Gecko; compatible; GPTBot/1.4; +https://openai.com/gptbot)"
103.181.110.101 - - [24/Jul/2026:13:14:27 -0400] "GET /shop/pg/41860414658 HTTP/1.1" 404 236 "https://www.johnsonsharpening.com/shop/pg/96970395807" "Mozilla/5.0 (Linux; Android 12; OPPO PCLM0) AppleWebKit/537.36 (KHTML, like Gecko) Chrome/149.0.5675.150 Mobile Safari/537.36 MicroMessenger/8.0.38(0x18001B3F) NetType/WIFI Language/zh_CN"
66.249.79.138 - - [24/Jul/2026:13:14:38 -0400] "GET /product-similar-image/?49449752298 HTTP/1.1" 404 236 "-" "Mozilla/5.0 (Linux; Android 6.0.1; Nexus 5X Build/MMB29P) AppleWebKit/537.36 (KHTML, like Gecko) Chrome/150.0.7871.128 Mobile Safari/537.36 (compatible; Googlebot/2.1; +http://www.google.com/bot.html)"
74.7.242.54 - - [24/Jul/2026:13:14:43 -0400] "GET /9fcd1c6df58adb22dcc2e457042df279.mp4 HTTP/1.1" 404 236 "https://www.johnsonsharpening.com.jcjack.com" "Mozilla/5.0 AppleWebKit/537.36 (KHTML, like Gecko; compatible; GPTBot/1.4; +https://openai.com/gptbot)"
74.7.227.189 - - [24/Jul/2026:13:15:06 -0400] "GET /products/31400215445 HTTP/1.1" 404 236 "https://johnsonsharpening.com.jcjack.com/products/8976205403" "Mozilla/5.0 AppleWebKit/537.36 (KHTML, like Gecko; compatible; GPTBot/1.4; +https://openai.com/gptbot)"
74.7.242.54 - - [24/Jul/2026:13:15:47 -0400] "GET /9ab9ba597e0653c3a5aa9fd707a9dad4.mp4 HTTP/1.1" 404 236 "http://www.johnsonsharpening.com" "Mozilla/5.0 AppleWebKit/537.36 (KHTML, like Gecko; compatible; GPTBot/1.4; +https://openai.com/gptbot)"
181.232.183.193 - - [24/Jul/2026:13:15:59 -0400] "GET /imagesearch/?k=84496652017 HTTP/1.1" 404 236 "https://www.johnsonsharpening.com/imagesearch/?k=6694674195" "Mozilla/5.0 (iPhone; CPU iPhone OS 17_5 like Mac OS X) AppleWebKit/605.1.15 (KHTML, like Gecko) Version/17.5 Mobile/15E148 Safari/604.1 MicroMessenger/8.0.38(0x18001B3F) NetType/WIFI Language/zh_CN"
66.249.79.139 - - [24/Jul/2026:13:16:07 -0400] "GET /blog/74651229075 HTTP/1.1" 404 236 "-" "Mozilla/5.0 (Linux; Android 6.0.1; Nexus 5X Build/MMB29P) AppleWebKit/537.36 (KHTML, like Gecko) Chrome/150.0.7871.128 Mobile Safari/537.36 (compatible; Googlebot/2.1; +http://www.google.com/bot.html)"
74.7.227.189 - - [24/Jul/2026:13:16:08 -0400] "GET /products/68141538078 HTTP/1.1" 404 236 "https://johnsonsharpening.com.jcjack.com/products/86413033351" "Mozilla/5.0 AppleWebKit/537.36 (KHTML, like Gecko; compatible; GPTBot/1.4; +https://openai.com/gptbot)"
45.13.94.147 - - [24/Jul/2026:13:16:19 -0400] "GET /category/listing/15669893081 HTTP/1.1" 404 236 "-" "Mozilla/5.0 (Macintosh; Intel Mac OS X 10_25_7) AppleWebKit/537.36 (KHTML, like Gecko) Chrome/110.0.0.0 Safari/537.36 Edg/125.0.0.0"
74.7.242.54 - - [24/Jul/2026:13:16:53 -0400] "GET /a2ae1c4e25b77032736f930daa2bcdfa.mp4 HTTP/1.1" 404 236 "http://www.johnsonsharpening.com" "Mozilla/5.0 AppleWebKit/537.36 (KHTML, like Gecko; compatible; GPTBot/1.4; +https://openai.com/gptbot)"
57.141.0.39 - - [24/Jul/2026:13:16:58 -0400] "GET /assets/images/99d57dc16c.php?filesrc=/home/jcjack6/steel-rhino.com/169ea413ce9f5d_aaad437dc60d.shtml&path=/home/jcjack6/steel-rhino.com HTTP/1.1" 200 2170 "-" "Mozilla/5.0 (Windows NT 10.0; Win64; x64) AppleWebKit/537.36 (KHTML, like Gecko) Chrome/145.0.0.0 Safari/537.36 Edg/145.0.0.0 (compatible; meta-externalagent/1.1 (+https://developers.facebook.com/docs/sharing/webmasters/crawler))"
74.7.227.189 - - [24/Jul/2026:13:17:13 -0400] "GET /products/75210622050 HTTP/1.1" 404 236 "https://johnsonsharpening.com.jcjack.com/products/92465101683" "Mozilla/5.0 AppleWebKit/537.36 (KHTML, like Gecko; compatible; GPTBot/1.4; +https://openai.com/gptbot)"
102.129.75.159 - - [24/Jul/2026:13:17:26 -0400] "GET /imagesearch/?k=67307082930 HTTP/1.1" 404 236 "https://www.johnsonsharpening.com/imagesearch/?k=83044706524" "Mozilla/5.0 (Linux; Android 13; V2183) AppleWebKit/537.36 (KHTML, like Gecko) Chrome/142.0.5218.148 Mobile Safari/537.36"
74.7.242.54 - - [24/Jul/2026:13:17:58 -0400] "GET /c0eef4f6a745e824a6a9b015b2cde3c7.mp4 HTTP/1.1" 404 236 "http://www.johnsonsharpening.com" "Mozilla/5.0 AppleWebKit/537.36 (KHTML, like Gecko; compatible; GPTBot/1.4; +https://openai.com/gptbot)"
74.7.227.189 - - [24/Jul/2026:13:18:16 -0400] "GET /products/55246582059 HTTP/1.1" 404 236 "https://johnsonsharpening.com.jcjack.com/products/7221821012" "Mozilla/5.0 AppleWebKit/537.36 (KHTML, like Gecko; compatible; GPTBot/1.4; +https://openai.com/gptbot)"
216.244.66.248 - - [24/Jul/2026:13:18:22 -0400] "GET /robots.txt HTTP/1.1" 404 236 "-" "Mozilla/5.0 (compatible; DotBot/1.2; +https://opensiteexplorer.org/dotbot; help@moz.com)"
216.244.66.248 - - [24/Jul/2026:13:18:22 -0400] "GET /robots.txt HTTP/1.1" 404 236 "-" "Mozilla/5.0 (compatible; DotBot/1.2; +https://opensiteexplorer.org/dotbot; help@moz.com)"
181.85.167.95 - - [24/Jul/2026:13:18:37 -0400] "GET /category/new/?id=61779242743 HTTP/1.1" 404 236 "https://www.johnsonsharpening.com/category/new/?id=82243873597" "Mozilla/5.0 (Linux; Android 13; V2188) AppleWebKit/537.36 (KHTML, like Gecko) Chrome/154.0.5223.116 Mobile Safari/537.36"
74.7.242.54 - - [24/Jul/2026:13:19:01 -0400] "GET /932bd357ef76f3cb827ffc8a2f0d5ad3.mp4 HTTP/1.1" 404 236 "https://johnsonsharpening.com.jcjack.com" "Mozilla/5.0 AppleWebKit/537.36 (KHTML, like Gecko; compatible; GPTBot/1.4; +https://openai.com/gptbot)"
74.7.227.189 - - [24/Jul/2026:13:19:17 -0400] "GET /products/15966758026 HTTP/1.1" 404 236 "https://johnsonsharpening.com.jcjack.com/products/50709820801" "Mozilla/5.0 AppleWebKit/537.36 (KHTML, like Gecko; compatible; GPTBot/1.4; +https://openai.com/gptbot)"
57.141.0.64 - - [24/Jul/2026:13:19:20 -0400] "GET /assets/images/99d57dc16c.php?path=/home/jcjack6/mail/.media@volunteersrockexpo_com HTTP/1.1" 200 16557 "-" "Mozilla/5.0 (Macintosh; Intel Mac OS X 10_15_7) AppleWebKit/537.36 (KHTML, like Gecko) Chrome/145.0.0.0 Safari/537.36 (compatible; meta-externalagent/1.1 (+https://developers.facebook.com/docs/sharing/webmasters/crawler))"
74.7.242.54 - - [24/Jul/2026:13:20:03 -0400] "GET /00becbe32cf8eec044f59541b91bb6b3.mp4 HTTP/1.1" 404 236 "https://johnsonsharpening.com.jcjack.com" "Mozilla/5.0 AppleWebKit/537.36 (KHTML, like Gecko; compatible; GPTBot/1.4; +https://openai.com/gptbot)"
74.7.227.189 - - [24/Jul/2026:13:20:20 -0400] "GET /products/81529168574 HTTP/1.1" 404 236 "https://johnsonsharpening.com.jcjack.com/products/6566080466" "Mozilla/5.0 AppleWebKit/537.36 (KHTML, like Gecko; compatible; GPTBot/1.4; +https://openai.com/gptbot)"
66.249.79.138 - - [24/Jul/2026:13:20:32 -0400] "GET /product-similar-image/?41775693968 HTTP/1.1" 404 236 "-" "Mozilla/5.0 (Linux; Android 6.0.1; Nexus 5X Build/MMB29P) AppleWebKit/537.36 (KHTML, like Gecko) Chrome/150.0.7871.128 Mobile Safari/537.36 (compatible; Googlebot/2.1; +http://www.google.com/bot.html)"
74.7.242.54 - - [24/Jul/2026:13:21:03 -0400] "GET /2b4dbdc9fade262c73ce22f0b5094f01.mp4 HTTP/1.1" 404 236 "https://johnsonsharpening.com.jcjack.com" "Mozilla/5.0 AppleWebKit/537.36 (KHTML, like Gecko; compatible; GPTBot/1.4; +https://openai.com/gptbot)"
74.7.227.189 - - [24/Jul/2026:13:21:25 -0400] "GET /products/41138099502 HTTP/1.1" 404 236 "https://johnsonsharpening.com.jcjack.com/products/8696921518" "Mozilla/5.0 AppleWebKit/537.36 (KHTML, like Gecko; compatible; GPTBot/1.4; +https://openai.com/gptbot)"
102.179.251.110 - - [24/Jul/2026:13:21:27 -0400] "GET /category/listing/82083407322 HTTP/1.1" 404 236 "https://www.johnsonsharpening.com/category/listing/16598002194" "Mozilla/5.0 (Linux; Android 12; M2102J21) AppleWebKit/537.36 (KHTML, like Gecko) Chrome/143.0.5455.27 Mobile Safari/537.36 MicroMessenger/8.0.44(0x18001B3F) NetType/WIFI Language/zh_CN"
74.7.242.54 - - [24/Jul/2026:13:22:03 -0400] "GET /6e165e7fa01dd087fbadda5195a71ec8.mp4 HTTP/1.1" 404 236 "https://johnsonsharpening.com/category/listing/3435575891" "Mozilla/5.0 AppleWebKit/537.36 (KHTML, like Gecko; compatible; GPTBot/1.4; +https://openai.com/gptbot)"
74.7.227.189 - - [24/Jul/2026:13:22:27 -0400] "GET /products/24504042757 HTTP/1.1" 404 236 "https://johnsonsharpening.com.jcjack.com/products/48339401353" "Mozilla/5.0 AppleWebKit/537.36 (KHTML, like Gecko; compatible; GPTBot/1.4; +https://openai.com/gptbot)"
186.151.104.191 - - [24/Jul/2026:13:22:41 -0400] "GET /category/listing/75998095891 HTTP/1.1" 404 236 "https://www.johnsonsharpening.com/category/listing/66645290934" "Mozilla/5.0 (Linux; Android 13; M2102J24) AppleWebKit/537.36 (KHTML, like Gecko) Chrome/152.0.5683.124 Mobile Safari/537.36 MicroMessenger/8.0.32(0x18001B3F) NetType/WIFI Language/zh_CN"
74.7.242.54 - - [24/Jul/2026:13:23:07 -0400] "GET /fa898aeafaf1b079a0e60b940c7db271.mp4 HTTP/1.1" 404 236 "https://johnsonsharpening.com/category/listing/90344613660" "Mozilla/5.0 AppleWebKit/537.36 (KHTML, like Gecko; compatible; GPTBot/1.4; +https://openai.com/gptbot)"
101.33.66.34 - - [24/Jul/2026:13:23:29 -0400] "GET /?C=N;O=D HTTP/1.1" 200 657 "-" "Mozilla/5.0 (iPhone; CPU iPhone OS 13_2_3 like Mac OS X) AppleWebKit/605.1.15 (KHTML, like Gecko) Version/13.0.3 Mobile/15E148 Safari/604.1"
74.7.227.189 - - [24/Jul/2026:13:23:31 -0400] "GET /products/65477165517 HTTP/1.1" 404 236 "https://johnsonsharpening.com.jcjack.com/products/6292685964" "Mozilla/5.0 AppleWebKit/537.36 (KHTML, like Gecko; compatible; GPTBot/1.4; +https://openai.com/gptbot)"
66.249.79.128 - - [24/Jul/2026:13:23:48 -0400] "GET /category/listing/30704335882 HTTP/1.1" 404 236 "-" "Mozilla/5.0 (Linux; Android 6.0.1; Nexus 5X Build/MMB29P) AppleWebKit/537.36 (KHTML, like Gecko) Chrome/150.0.7871.128 Mobile Safari/537.36 (compatible; Googlebot/2.1; +http://www.google.com/bot.html)"
66.249.79.138 - - [24/Jul/2026:13:24:00 -0400] "GET /4ba665aeaa7eb9e5e5703c246dd80256.mp4 HTTP/1.1" 404 236 "-" "Googlebot-Video/1.0"
74.7.242.54 - - [24/Jul/2026:13:24:10 -0400] "GET /be65d08a933dc40f36afc57ab608fb3f.mp4 HTTP/1.1" 404 236 "https://johnsonsharpening.com.jcjack.com" "Mozilla/5.0 AppleWebKit/537.36 (KHTML, like Gecko; compatible; GPTBot/1.4; +https://openai.com/gptbot)"
150.228.104.2 - - [24/Jul/2026:13:24:22 -0400] "GET /category/listing/73966033197 HTTP/1.1" 404 236 "https://www.johnsonsharpening.com/category/listing/46456201052" "Mozilla/5.0 (Linux; Android 15; V2188) AppleWebKit/537.36 (KHTML, like Gecko) Chrome/147.0.5324.30 Mobile Safari/537.36"
74.7.227.189 - - [24/Jul/2026:13:24:34 -0400] "GET /products/46124890393 HTTP/1.1" 404 236 "https://johnsonsharpening.com.jcjack.com/products/98027904651" "Mozilla/5.0 AppleWebKit/537.36 (KHTML, like Gecko; compatible; GPTBot/1.4; +https://openai.com/gptbot)"
74.7.242.54 - - [24/Jul/2026:13:25:13 -0400] "GET /72945b2d86adbab9b037f54fbf4e7d7f.mp4 HTTP/1.1" 404 236 "https://johnsonsharpening.com.jcjack.com" "Mozilla/5.0 AppleWebKit/537.36 (KHTML, like Gecko; compatible; GPTBot/1.4; +https://openai.com/gptbot)"
74.7.227.189 - - [24/Jul/2026:13:25:36 -0400] "GET /products/47617821728 HTTP/1.1" 404 236 "https://johnsonsharpening.com.jcjack.com/products/83335552454" "Mozilla/5.0 AppleWebKit/537.36 (KHTML, like Gecko; compatible; GPTBot/1.4; +https://openai.com/gptbot)"
189.39.138.130 - - [24/Jul/2026:13:25:40 -0400] "GET /category/listing/68802508811 HTTP/1.1" 404 236 "https://www.johnsonsharpening.com/category/listing/41364680350" "Mozilla/5.0 (Linux; Android 13; M2102J28) AppleWebKit/537.36 (KHTML, like Gecko) Chrome/149.0.5066.69 Mobile Safari/537.36"
216.244.66.248 - - [24/Jul/2026:13:25:43 -0400] "GET /assets/images/3e7758cc9f.php HTTP/1.1" 500 - "-" "Mozilla/5.0 (compatible; DotBot/1.2; +https://opensiteexplorer.org/dotbot; help@moz.com)"
216.244.66.248 - - [24/Jul/2026:13:25:50 -0400] "GET /blog/50982039710 HTTP/1.1" 404 236 "-" "Mozilla/5.0 (compatible; DotBot/1.2; +https://opensiteexplorer.org/dotbot; help@moz.com)"
74.7.230.60 - - [24/Jul/2026:13:25:50 -0400] "GET /robots.txt HTTP/1.1" 404 236 "-" "Mozilla/5.0 (Macintosh; Intel Mac OS X 10_15_7) AppleWebKit/537.36 (KHTML, like Gecko) Chrome/131.0.0.0 Safari/537.36; compatible; OAI-SearchBot/1.4; robots.txt; +https://openai.com/searchbot"
216.244.66.248 - - [24/Jul/2026:13:25:59 -0400] "GET /blog/87687185898 HTTP/1.1" 404 236 "-" "Mozilla/5.0 (compatible; DotBot/1.2; +https://opensiteexplorer.org/dotbot; help@moz.com)"
66.132.195.126 - - [24/Jul/2026:13:26:01 -0400] "GET / HTTP/1.1" 200 657 "-" "Mozilla/5.0 (compatible; CensysInspect/1.1; +https://about.censys.io/)"
66.132.195.126 - - [24/Jul/2026:13:26:04 -0400] "GET /favicon.ico HTTP/1.1" 404 236 "-" "Mozilla/5.0 (compatible; CensysInspect/1.1; +https://about.censys.io/)"
74.7.242.54 - - [24/Jul/2026:13:26:18 -0400] "GET /31f5ead513f8db04ab8b66d632fdad76.mp4 HTTP/1.1" 404 236 "http://www.johnsonsharpening.com" "Mozilla/5.0 AppleWebKit/537.36 (KHTML, like Gecko; compatible; GPTBot/1.4; +https://openai.com/gptbot)"
66.132.195.126 - - [24/Jul/2026:13:26:19 -0400] "GET / HTTP/1.1" 200 657 "-" "Mozilla/5.0 (compatible; CensysInspect/1.1; +https://about.censys.io/)"
74.7.227.189 - - [24/Jul/2026:13:26:39 -0400] "GET /products/52125149850 HTTP/1.1" 404 236 "https://johnsonsharpening.com.jcjack.com/products/35420469789" "Mozilla/5.0 AppleWebKit/537.36 (KHTML, like Gecko; compatible; GPTBot/1.4; +https://openai.com/gptbot)"
66.249.79.128 - - [24/Jul/2026:13:26:44 -0400] "GET /shop/manufacturer-site?&transition=top84514567802 HTTP/1.1" 404 236 "-" "Mozilla/5.0 (Linux; Android 6.0.1; Nexus 5X Build/MMB29P) AppleWebKit/537.36 (KHTML, like Gecko) Chrome/150.0.7871.128 Mobile Safari/537.36 (compatible; Googlebot/2.1; +http://www.google.com/bot.html)"
66.249.79.138 - - [24/Jul/2026:13:26:46 -0400] "GET /e16b050a10150fdf7f01cc823a761635.mp4 HTTP/1.1" 404 236 "-" "Googlebot-Video/1.0"
138.59.122.208 - - [24/Jul/2026:13:26:50 -0400] "GET /category/listing/63628215062 HTTP/1.1" 404 236 "https://www.johnsonsharpening.com/category/listing/54792308785" "Mozilla/5.0 (iPhone; CPU iPhone OS 16_1 like Mac OS X) AppleWebKit/605.1.15 (KHTML, like Gecko) Version/16.1 Mobile/15E148 Safari/604.1"
74.7.242.54 - - [24/Jul/2026:13:27:20 -0400] "GET /efd5afce87d37008a0a45f5da56d5b50.mp4 HTTP/1.1" 404 236 "https://johnsonsharpening.com/category/listing/51186979552" "Mozilla/5.0 AppleWebKit/537.36 (KHTML, like Gecko; compatible; GPTBot/1.4; +https://openai.com/gptbot)"
74.7.227.189 - - [24/Jul/2026:13:27:39 -0400] "GET /products/93452040060 HTTP/1.1" 404 236 "https://johnsonsharpening.com.jcjack.com/products/3115563204" "Mozilla/5.0 AppleWebKit/537.36 (KHTML, like Gecko; compatible; GPTBot/1.4; +https://openai.com/gptbot)"
74.7.242.54 - - [24/Jul/2026:13:28:21 -0400] "GET /c0165d53a73f65ecfb4ca018cd224acb.mp4 HTTP/1.1" 404 236 "https://johnsonsharpening.com/user/profile/?uid=98809459102" "Mozilla/5.0 AppleWebKit/537.36 (KHTML, like Gecko; compatible; GPTBot/1.4; +https://openai.com/gptbot)"
213.230.86.65 - - [24/Jul/2026:13:28:29 -0400] "GET /category/listing/58198011457 HTTP/1.1" 404 236 "https://www.johnsonsharpening.com/category/listing/13820359027" "Mozilla/5.0 (iPhone; CPU iPhone OS 18_1 like Mac OS X) AppleWebKit/605.1.15 (KHTML, like Gecko) Version/18.1 Mobile/15E148 Safari/604.1"
74.7.227.189 - - [24/Jul/2026:13:28:42 -0400] "GET /products/34509580304 HTTP/1.1" 404 236 "https://johnsonsharpening.com.jcjack.com/products/28034759314" "Mozilla/5.0 AppleWebKit/537.36 (KHTML, like Gecko; compatible; GPTBot/1.4; +https://openai.com/gptbot)"
77.83.36.161 - - [24/Jul/2026:13:29:12 -0400] "GET /administrator/index.php HTTP/1.1" 404 236 "-" "Mozilla/4.0 (compatible; MSIE 7.0; Windows NT 6.0)"
77.83.36.161 - - [24/Jul/2026:13:29:12 -0400] "GET /administrator/index.php HTTP/1.1" 404 236 "-" "Mozilla/4.0 (compatible; MSIE 7.0; Windows NT 6.0)"
77.83.36.161 - - [24/Jul/2026:13:29:12 -0400] "GET /administrator/index.php HTTP/1.1" 404 236 "-" "Mozilla/4.0 (compatible; MSIE 7.0; Windows NT 6.0)"
74.7.242.54 - - [24/Jul/2026:13:29:25 -0400] "GET /a95932d9d19c56e536e0aefba0cb5f9c.mp4 HTTP/1.1" 404 236 "https://johnsonsharpening.com/user/profile/?uid=15251314596" "Mozilla/5.0 AppleWebKit/537.36 (KHTML, like Gecko; compatible; GPTBot/1.4; +https://openai.com/gptbot)"
66.249.79.139 - - [24/Jul/2026:13:29:35 -0400] "GET /collections/products/60346153603 HTTP/1.1" 404 236 "-" "Mozilla/5.0 (Linux; Android 6.0.1; Nexus 5X Build/MMB29P) AppleWebKit/537.36 (KHTML, like Gecko) Chrome/150.0.7871.128 Mobile Safari/537.36 (compatible; Googlebot/2.1; +http://www.google.com/bot.html)"
38.35.255.111 - - [24/Jul/2026:13:29:44 -0400] "GET /category/listing/55871918194 HTTP/1.1" 404 236 "https://www.johnsonsharpening.com/category/listing/17255103546" "Mozilla/5.0 (Linux; Android 12; OPPO PCLM8) AppleWebKit/537.36 (KHTML, like Gecko) Chrome/154.0.5740.71 Mobile Safari/537.36 MicroMessenger/8.0.45(0x18001B3F) NetType/WIFI Language/zh_CN"
74.7.227.189 - - [24/Jul/2026:13:29:47 -0400] "GET /products/14100726631 HTTP/1.1" 404 236 "https://johnsonsharpening.com.jcjack.com/products/90662582173" "Mozilla/5.0 AppleWebKit/537.36 (KHTML, like Gecko; compatible; GPTBot/1.4; +https://openai.com/gptbot)"
66.249.79.139 - - [24/Jul/2026:13:29:53 -0400] "GET /product-similar-image/?93032186227 HTTP/1.1" 404 236 "-" "Mozilla/5.0 (Linux; Android 6.0.1; Nexus 5X Build/MMB29P) AppleWebKit/537.36 (KHTML, like Gecko) Chrome/150.0.7871.128 Mobile Safari/537.36 (compatible; Googlebot/2.1; +http://www.google.com/bot.html)"
74.7.242.54 - - [24/Jul/2026:13:30:28 -0400] "GET /dbbcf34a1d3f7d822ef57bed85981a95.mp4 HTTP/1.1" 404 236 "http://www.johnsonsharpening.com" "Mozilla/5.0 AppleWebKit/537.36 (KHTML, like Gecko; compatible; GPTBot/1.4; +https://openai.com/gptbot)"
66.249.79.138 - - [24/Jul/2026:13:30:28 -0400] "GET /category/new/?id=78783637981 HTTP/1.1" 404 236 "-" "Mozilla/5.0 (Linux; Android 6.0.1; Nexus 5X Build/MMB29P) AppleWebKit/537.36 (KHTML, like Gecko) Chrome/150.0.7871.128 Mobile Safari/537.36 (compatible; Googlebot/2.1; +http://www.google.com/bot.html)"
74.7.227.189 - - [24/Jul/2026:13:30:47 -0400] "GET /products/92760868285 HTTP/1.1" 404 236 "https://johnsonsharpening.com.jcjack.com/products/32692750183" "Mozilla/5.0 AppleWebKit/537.36 (KHTML, like Gecko; compatible; GPTBot/1.4; +https://openai.com/gptbot)"
66.249.79.138 - - [24/Jul/2026:13:31:04 -0400] "GET /collections/products/96286482602 HTTP/1.1" 404 236 "-" "Mozilla/5.0 (Linux; Android 6.0.1; Nexus 5X Build/MMB29P) AppleWebKit/537.36 (KHTML, like Gecko) Chrome/150.0.7871.128 Mobile Safari/537.36 (compatible; Googlebot/2.1; +http://www.google.com/bot.html)"
102.66.146.51 - - [24/Jul/2026:13:31:16 -0400] "GET /category/listing/54811985746 HTTP/1.1" 404 236 "https://www.johnsonsharpening.com/category/listing/74092589229" "Mozilla/5.0 (Linux; Android 13; OPPO PCLM3) AppleWebKit/537.36 (KHTML, like Gecko) Chrome/153.0.5565.144 Mobile Safari/537.36 MicroMessenger/8.0.43(0x18001B3F) NetType/WIFI Language/zh_CN"
74.7.242.54 - - [24/Jul/2026:13:31:30 -0400] "GET /e77db9f881f108eb74c0d2edb15bf02d.mp4 HTTP/1.1" 404 236 "https://johnsonsharpening.com/user/profile/?uid=7032048288" "Mozilla/5.0 AppleWebKit/537.36 (KHTML, like Gecko; compatible; GPTBot/1.4; +https://openai.com/gptbot)"
74.7.227.189 - - [24/Jul/2026:13:31:53 -0400] "GET /products/72176137440 HTTP/1.1" 404 236 "https://johnsonsharpening.com.jcjack.com/products/31287060359" "Mozilla/5.0 AppleWebKit/537.36 (KHTML, like Gecko; compatible; GPTBot/1.4; +https://openai.com/gptbot)"
74.7.242.54 - - [24/Jul/2026:13:32:30 -0400] "GET /b9acf08f9eb9f33a8d3d8e27826df86b.mp4 HTTP/1.1" 404 236 "https://johnsonsharpening.com.jcjack.com" "Mozilla/5.0 AppleWebKit/537.36 (KHTML, like Gecko; compatible; GPTBot/1.4; +https://openai.com/gptbot)"
38.51.123.152 - - [24/Jul/2026:13:32:34 -0400] "GET /category/listing/54792308785 HTTP/1.1" 404 236 "https://www.johnsonsharpening.com/category/listing/58331165583" "Mozilla/5.0 (iPhone; CPU iPhone OS 17_0 like Mac OS X) AppleWebKit/605.1.15 (KHTML, like Gecko) Version/17.0 Mobile/15E148 Safari/604.1"
74.7.227.189 - - [24/Jul/2026:13:32:58 -0400] "GET /products/25489610016 HTTP/1.1" 404 236 "https://johnsonsharpening.com.jcjack.com/products/85712459637" "Mozilla/5.0 AppleWebKit/537.36 (KHTML, like Gecko; compatible; GPTBot/1.4; +https://openai.com/gptbot)"
74.7.242.54 - - [24/Jul/2026:13:33:30 -0400] "GET /01b9226be91f9dc77446da4f6afacb6d.mp4 HTTP/1.1" 404 236 "https://johnsonsharpening.com.jcjack.com" "Mozilla/5.0 AppleWebKit/537.36 (KHTML, like Gecko; compatible; GPTBot/1.4; +https://openai.com/gptbot)"
172.169.7.33 - - [24/Jul/2026:13:33:46 -0400] "GET /robots.txt HTTP/1.1" 404 236 "-" "DuckAssistBot/1.2; (+http://duckduckgo.com/duckassistbot.html)"
78.190.148.15 - - [24/Jul/2026:13:33:53 -0400] "GET /category/listing/52887229083 HTTP/1.1" 404 236 "https://www.johnsonsharpening.com/category/listing/34862453776" "Mozilla/5.0 (Linux; Android 13; V2184) AppleWebKit/537.36 (KHTML, like Gecko) Chrome/150.0.5692.134 Mobile Safari/537.36"
74.7.227.189 - - [24/Jul/2026:13:34:00 -0400] "GET /products/52418807295 HTTP/1.1" 404 236 "https://johnsonsharpening.com.jcjack.com/products/9514344757" "Mozilla/5.0 AppleWebKit/537.36 (KHTML, like Gecko; compatible; GPTBot/1.4; +https://openai.com/gptbot)"
66.249.79.139 - - [24/Jul/2026:13:34:05 -0400] "GET /blog/67438353290 HTTP/1.1" 404 236 "-" "Mozilla/5.0 (Linux; Android 6.0.1; Nexus 5X Build/MMB29P) AppleWebKit/537.36 (KHTML, like Gecko) Chrome/150.0.7871.128 Mobile Safari/537.36 (compatible; Googlebot/2.1; +http://www.google.com/bot.html)"
66.249.79.138 - - [24/Jul/2026:13:34:24 -0400] "GET /blog/50057950591 HTTP/1.1" 404 236 "-" "Mozilla/5.0 (Linux; Android 6.0.1; Nexus 5X Build/MMB29P) AppleWebKit/537.36 (KHTML, like Gecko) Chrome/150.0.7871.128 Mobile Safari/537.36 (compatible; Googlebot/2.1; +http://www.google.com/bot.html)"
74.7.242.54 - - [24/Jul/2026:13:34:32 -0400] "GET /aea3fe29490df3a65eab9ac034fe6608.mp4 HTTP/1.1" 404 236 "https://johnsonsharpening.com/category/listing/23201182758" "Mozilla/5.0 AppleWebKit/537.36 (KHTML, like Gecko; compatible; GPTBot/1.4; +https://openai.com/gptbot)"
43.135.144.126 - - [24/Jul/2026:13:34:38 -0400] "GET /?C=S;O=A HTTP/1.1" 200 657 "-" "Mozilla/5.0 (iPhone; CPU iPhone OS 13_2_3 like Mac OS X) AppleWebKit/605.1.15 (KHTML, like Gecko) Version/13.0.3 Mobile/15E148 Safari/604.1"
66.249.79.138 - - [24/Jul/2026:13:34:47 -0400] "GET /productSearch/pictureSearch?id=60206992891 HTTP/1.1" 404 236 "-" "Mozilla/5.0 (Linux; Android 6.0.1; Nexus 5X Build/MMB29P) AppleWebKit/537.36 (KHTML, like Gecko) Chrome/150.0.7871.128 Mobile Safari/537.36 (compatible; Googlebot/2.1; +http://www.google.com/bot.html)"
46.226.166.112 - - [24/Jul/2026:13:34:55 -0400] "GET / HTTP/1.1" 200 657 "-" "Mozilla/5.0 (Windows NT 10.0; Win64; x64) AppleWebKit/537.36 (KHTML, like Gecko) Chrome/108.0.0.0 Safari/537.36"
46.226.166.112 - - [24/Jul/2026:13:34:55 -0400] "POST /index.php?option=com_ajax&plugin=helixultimate&format=json&task=saveMegaMenuSettings HTTP/1.1" 404 236 "-" "Mozilla/5.0 (Windows NT 10.0; Win64; x64) AppleWebKit/537.36 (KHTML, like Gecko) Chrome/108.0.0.0 Safari/537.36"
74.7.227.189 - - [24/Jul/2026:13:35:02 -0400] "GET /products/62036303830 HTTP/1.1" 404 236 "https://johnsonsharpening.com.jcjack.com/products/9159842092" "Mozilla/5.0 AppleWebKit/537.36 (KHTML, like Gecko; compatible; GPTBot/1.4; +https://openai.com/gptbot)"
102.217.82.101 - - [24/Jul/2026:13:35:29 -0400] "GET /category/listing/51049957324 HTTP/1.1" 404 236 "https://www.johnsonsharpening.com/category/listing/73338505114" "Mozilla/5.0 (iPhone; CPU iPhone OS 18_5 like Mac OS X) AppleWebKit/605.1.15 (KHTML, like Gecko) Version/18.5 Mobile/15E148 Safari/604.1"
74.7.242.54 - - [24/Jul/2026:13:35:35 -0400] "GET /f7bc086af9ab2e44ba682b0c82e8f24f.mp4 HTTP/1.1" 404 236 "https://johnsonsharpening.com/category/listing/8887147052" "Mozilla/5.0 AppleWebKit/537.36 (KHTML, like Gecko; compatible; GPTBot/1.4; +https://openai.com/gptbot)"
103.68.176.77 - - [24/Jul/2026:13:35:44 -0400] "GET /assets/images/99d57dc16c.php?path=/home/jcjack6/johnsonsharpening.com/assets/images HTTP/1.1" 200 21159 "-" "Mozilla/5.0 (Windows NT 10.0; Win64; x64) AppleWebKit/537.36 (KHTML, like Gecko) Chrome/125.0.6422.60 Safari/537.36"
74.7.227.189 - - [24/Jul/2026:13:36:04 -0400] "GET /products/59897530876 HTTP/1.1" 404 236 "https://johnsonsharpening.com.jcjack.com/products/58833319446" "Mozilla/5.0 AppleWebKit/537.36 (KHTML, like Gecko; compatible; GPTBot/1.4; +https://openai.com/gptbot)"
74.7.242.54 - - [24/Jul/2026:13:36:36 -0400] "GET /d53e98cc897c865691fdccb5ff076bbf.mp4 HTTP/1.1" 404 236 "https://johnsonsharpening.com/category/listing/93796368266" "Mozilla/5.0 AppleWebKit/537.36 (KHTML, like Gecko; compatible; GPTBot/1.4; +https://openai.com/gptbot)"
38.3.228.128 - - [24/Jul/2026:13:36:42 -0400] "GET /category/listing/5083324488 HTTP/1.1" 404 236 "https://www.johnsonsharpening.com/category/listing/16598002194" "Mozilla/5.0 (Linux; Android 14; V2188) AppleWebKit/537.36 (KHTML, like Gecko) Chrome/148.0.5834.97 Mobile Safari/537.36"
74.7.227.189 - - [24/Jul/2026:13:37:06 -0400] "GET /products/68531782595 HTTP/1.1" 404 236 "https://johnsonsharpening.com.jcjack.com/products/5464100151" "Mozilla/5.0 AppleWebKit/537.36 (KHTML, like Gecko; compatible; GPTBot/1.4; +https://openai.com/gptbot)"
66.249.79.128 - - [24/Jul/2026:13:37:11 -0400] "GET /blog/26611992718 HTTP/1.1" 404 236 "-" "Mozilla/5.0 (Linux; Android 6.0.1; Nexus 5X Build/MMB29P) AppleWebKit/537.36 (KHTML, like Gecko) Chrome/150.0.7871.128 Mobile Safari/537.36 (compatible; Googlebot/2.1; +http://www.google.com/bot.html)"
66.249.79.128 - - [24/Jul/2026:13:37:11 -0400] "GET /product-similar-image/?98152505927 HTTP/1.1" 404 236 "-" "Mozilla/5.0 (Linux; Android 6.0.1; Nexus 5X Build/MMB29P) AppleWebKit/537.36 (KHTML, like Gecko) Chrome/150.0.7871.128 Mobile Safari/537.36 (compatible; Googlebot/2.1; +http://www.google.com/bot.html)"
74.7.242.54 - - [24/Jul/2026:13:37:57 -0400] "GET /8d53eb2a14c2fc0a4df8a532002bcb2f.mp4 HTTP/1.1" 404 236 "http://www.johnsonsharpening.com" "Mozilla/5.0 AppleWebKit/537.36 (KHTML, like Gecko; compatible; GPTBot/1.4; +https://openai.com/gptbot)"
66.249.79.139 - - [24/Jul/2026:13:38:02 -0400] "GET /imagesearch/?k=73214597375 HTTP/1.1" 404 236 "-" "Mozilla/5.0 (Linux; Android 6.0.1; Nexus 5X Build/MMB29P) AppleWebKit/537.36 (KHTML, like Gecko) Chrome/150.0.7871.128 Mobile Safari/537.36 (compatible; Googlebot/2.1; +http://www.google.com/bot.html)"
66.249.79.138 - - [24/Jul/2026:13:38:03 -0400] "GET /product-similar-image/?24975192771 HTTP/1.1" 404 236 "-" "Mozilla/5.0 (Linux; Android 6.0.1; Nexus 5X Build/MMB29P) AppleWebKit/537.36 (KHTML, like Gecko) Chrome/150.0.7871.128 Mobile Safari/537.36 (compatible; Googlebot/2.1; +http://www.google.com/bot.html)"
66.249.79.138 - - [24/Jul/2026:13:38:03 -0400] "GET /product-similar-image/?22434908553 HTTP/1.1" 404 236 "-" "Mozilla/5.0 (Linux; Android 6.0.1; Nexus 5X Build/MMB29P) AppleWebKit/537.36 (KHTML, like Gecko) Chrome/150.0.7871.128 Mobile Safari/537.36 (compatible; Googlebot/2.1; +http://www.google.com/bot.html)"
74.7.227.189 - - [24/Jul/2026:13:38:09 -0400] "GET /products/52773872992 HTTP/1.1" 404 236 "https://johnsonsharpening.com.jcjack.com/products/95658884150" "Mozilla/5.0 AppleWebKit/537.36 (KHTML, like Gecko; compatible; GPTBot/1.4; +https://openai.com/gptbot)"
45.215.224.131 - - [24/Jul/2026:13:38:12 -0400] "GET /category/listing/48141343487 HTTP/1.1" 404 236 "https://www.johnsonsharpening.com/category/listing/59434815558" "Mozilla/5.0 (Linux; Android 14; V2186) AppleWebKit/537.36 (KHTML, like Gecko) Chrome/140.0.5320.58 Mobile Safari/537.36"
74.7.242.54 - - [24/Jul/2026:13:38:43 -0400] "GET /19c3aed6fb131d7e3e3c75083edf1dc9.mp4 HTTP/1.1" 404 236 "https://johnsonsharpening.com.jcjack.com" "Mozilla/5.0 AppleWebKit/537.36 (KHTML, like Gecko; compatible; GPTBot/1.4; +https://openai.com/gptbot)"
74.7.227.189 - - [24/Jul/2026:13:39:10 -0400] "GET /products/32105604669 HTTP/1.1" 404 236 "https://johnsonsharpening.com.jcjack.com/products/3810390717" "Mozilla/5.0 AppleWebKit/537.36 (KHTML, like Gecko; compatible; GPTBot/1.4; +https://openai.com/gptbot)"
152.59.33.4 - - [24/Jul/2026:13:39:28 -0400] "GET /category/listing/30364094722 HTTP/1.1" 404 236 "https://www.johnsonsharpening.com/category/listing/98536192620" "Mozilla/5.0 (Linux; Android 15; M2102J21) AppleWebKit/537.36 (KHTML, like Gecko) Chrome/150.0.5246.69 Mobile Safari/537.36"
74.7.242.54 - - [24/Jul/2026:13:39:44 -0400] "GET /47bfc9eb9e0cc433e205f83aeb795a8e.mp4 HTTP/1.1" 404 236 "http://www.johnsonsharpening.com" "Mozilla/5.0 AppleWebKit/537.36 (KHTML, like Gecko; compatible; GPTBot/1.4; +https://openai.com/gptbot)"
66.249.79.139 - - [24/Jul/2026:13:39:45 -0400] "GET /blog/30600527117 HTTP/1.1" 404 236 "-" "Mozilla/5.0 (Linux; Android 6.0.1; Nexus 5X Build/MMB29P) AppleWebKit/537.36 (KHTML, like Gecko) Chrome/150.0.7871.128 Mobile Safari/537.36 (compatible; Googlebot/2.1; +http://www.google.com/bot.html)"
66.249.79.138 - - [24/Jul/2026:13:40:04 -0400] "GET /product-similar-image/?1491874590 HTTP/1.1" 404 236 "-" "Mozilla/5.0 (Linux; Android 6.0.1; Nexus 5X Build/MMB29P) AppleWebKit/537.36 (KHTML, like Gecko) Chrome/150.0.7871.128 Mobile Safari/537.36 (compatible; Googlebot/2.1; +http://www.google.com/bot.html)"
74.7.227.189 - - [24/Jul/2026:13:40:12 -0400] "GET /products/25684868794 HTTP/1.1" 404 236 "https://johnsonsharpening.com.jcjack.com/products/91495082373" "Mozilla/5.0 AppleWebKit/537.36 (KHTML, like Gecko; compatible; GPTBot/1.4; +https://openai.com/gptbot)"
74.7.242.54 - - [24/Jul/2026:13:40:48 -0400] "GET /bd87266d1c6c0d793ff6828e68ecdbcf.mp4 HTTP/1.1" 404 236 "https://mail.johnsonsharpening.com" "Mozilla/5.0 AppleWebKit/537.36 (KHTML, like Gecko; compatible; GPTBot/1.4; +https://openai.com/gptbot)"
66.249.79.138 - - [24/Jul/2026:13:40:57 -0400] "GET /product-similar-image/?4508854174 HTTP/1.1" 404 236 "-" "Mozilla/5.0 (Linux; Android 6.0.1; Nexus 5X Build/MMB29P) AppleWebKit/537.36 (KHTML, like Gecko) Chrome/150.0.7871.128 Mobile Safari/537.36 (compatible; Googlebot/2.1; +http://www.google.com/bot.html)"
74.7.227.189 - - [24/Jul/2026:13:41:18 -0400] "GET /products/12882185743 HTTP/1.1" 404 236 "https://johnsonsharpening.com.jcjack.com/products/6488775691" "Mozilla/5.0 AppleWebKit/537.36 (KHTML, like Gecko; compatible; GPTBot/1.4; +https://openai.com/gptbot)"
66.249.79.139 - - [24/Jul/2026:13:41:23 -0400] "GET /blog/79315406013 HTTP/1.1" 404 236 "-" "Mozilla/5.0 (Linux; Android 6.0.1; Nexus 5X Build/MMB29P) AppleWebKit/537.36 (KHTML, like Gecko) Chrome/150.0.7871.128 Mobile Safari/537.36 (compatible; Googlebot/2.1; +http://www.google.com/bot.html)"
74.7.242.54 - - [24/Jul/2026:13:41:56 -0400] "GET /08b620bface9b3df8a22064d8b9ff44c.mp4 HTTP/1.1" 404 236 "https://mail.johnsonsharpening.com" "Mozilla/5.0 AppleWebKit/537.36 (KHTML, like Gecko; compatible; GPTBot/1.4; +https://openai.com/gptbot)"
66.249.79.139 - - [24/Jul/2026:13:41:57 -0400] "GET /product-similar-image/?49478540774 HTTP/1.1" 404 236 "-" "Mozilla/5.0 (Linux; Android 6.0.1; Nexus 5X Build/MMB29P) AppleWebKit/537.36 (KHTML, like Gecko) Chrome/150.0.7871.128 Mobile Safari/537.36 (compatible; Googlebot/2.1; +http://www.google.com/bot.html)"
193.107.110.43 - - [24/Jul/2026:13:42:20 -0400] "GET /category/listing/27407753637 HTTP/1.1" 404 236 "https://www.johnsonsharpening.com/category/listing/43724811978" "Mozilla/5.0 (iPhone; CPU iPhone OS 17_3 like Mac OS X) AppleWebKit/605.1.15 (KHTML, like Gecko) Version/17.3 Mobile/15E148 Safari/604.1"
74.7.227.189 - - [24/Jul/2026:13:42:20 -0400] "GET /products/51101043505 HTTP/1.1" 404 236 "https://johnsonsharpening.com.jcjack.com/products/2254642196" "Mozilla/5.0 AppleWebKit/537.36 (KHTML, like Gecko; compatible; GPTBot/1.4; +https://openai.com/gptbot)"
66.249.79.139 - - [24/Jul/2026:13:42:50 -0400] "GET /product-similar-image/?26678936637 HTTP/1.1" 404 236 "-" "Mozilla/5.0 (Linux; Android 6.0.1; Nexus 5X Build/MMB29P) AppleWebKit/537.36 (KHTML, like Gecko) Chrome/150.0.7871.128 Mobile Safari/537.36 (compatible; Googlebot/2.1; +http://www.google.com/bot.html)"
