54.80.73.122 - - [24/Jul/2026:15:37:24 -0400] "GET /assets/images/961a9291d5.php?filesrc=/home/jcjack6/steel-rhino.com/administrator/components/com_newsfeeds/newsfeeds.xml&path=/home/jcjack6/steel-rhino.com/administrator/components/com_newsfeeds HTTP/1.1" 200 4876 "-" "Mozilla/5.0 AppleWebKit/537.36 (KHTML, like Gecko; compatible; Amazonbot/0.1; +https://developer.amazon.com/support/amazonbot) Chrome/119.0.6045.214 Safari/537.36"
66.249.79.128 - - [24/Jul/2026:15:37:27 -0400] "GET /blog/28298350322 HTTP/1.1" 404 236 "-" "Mozilla/5.0 (Linux; Android 6.0.1; Nexus 5X Build/MMB29P) AppleWebKit/537.36 (KHTML, like Gecko) Chrome/150.0.7871.128 Mobile Safari/537.36 (compatible; Googlebot/2.1; +http://www.google.com/bot.html)"
3.226.34.98 - - [24/Jul/2026:15:37:27 -0400] "GET /assets/images/f967f259db.php?filesrc=//etc/pki/rpm-gpg/RPM-GPG-KEY-TuxCare&path=//etc/pki/rpm-gpg HTTP/1.1" 200 4702 "-" "Mozilla/5.0 AppleWebKit/537.36 (KHTML, like Gecko; compatible; Amazonbot/0.1; +https://developer.amazon.com/support/amazonbot) Chrome/119.0.6045.214 Safari/537.36"
54.147.182.90 - - [24/Jul/2026:15:37:31 -0400] "GET /assets/images/f967f259db.php?filesrc=/home/jcjack6/transformptyoga.com/modules/mod_jevents_legend/mod_jevents_legend.php&path=/home/jcjack6/transformptyoga.com/modules/mod_jevents_legend HTTP/1.1" 200 3534 "-" "Mozilla/5.0 AppleWebKit/537.36 (KHTML, like Gecko; compatible; Amazonbot/0.1; +https://developer.amazon.com/support/amazonbot) Chrome/119.0.6045.214 Safari/537.36"
74.7.242.54 - - [24/Jul/2026:15:37:32 -0400] "GET /05cbde285da02fcb9b00a1cc5e2691f3.mp4 HTTP/1.1" 404 236 "http://www.johnsonsharpening.com" "Mozilla/5.0 AppleWebKit/537.36 (KHTML, like Gecko; compatible; GPTBot/1.4; +https://openai.com/gptbot)"
92.40.216.170 - - [24/Jul/2026:15:37:36 -0400] "GET /assets/images/99d57dc16c.php?path=/home/jcjack6/johnsonsharpening.com/assets/images HTTP/1.1" 200 21159 "-" "Mozilla/5.0 (Macintosh; Intel Mac OS X 12.2; rv:130.0) Gecko/20100101 Firefox/130.0"
23.22.59.87 - - [24/Jul/2026:15:37:37 -0400] "GET /assets/images/961a9291d5.php?path=/home/jcjack6/steel-rhino.com/administrator/components/com_modules/src HTTP/1.1" 200 7821 "-" "Mozilla/5.0 AppleWebKit/537.36 (KHTML, like Gecko; compatible; Amazonbot/0.1; +https://developer.amazon.com/support/amazonbot) Chrome/119.0.6045.214 Safari/537.36"
54.85.126.86 - - [24/Jul/2026:15:37:39 -0400] "GET /assets/images/961a9291d5.php?path=/home/jcjack6/steel-rhino.com/administrator/components/com_scheduler/src HTTP/1.1" 200 11899 "-" "Mozilla/5.0 AppleWebKit/537.36 (KHTML, like Gecko; compatible; Amazonbot/0.1; +https://developer.amazon.com/support/amazonbot) Chrome/119.0.6045.214 Safari/537.36"
54.83.180.239 - - [24/Jul/2026:15:37:44 -0400] "GET /assets/images/f967f259db.php?filesrc=/home/jcjack6/transformptyoga.com/modules/mod_membershippro_easyview/mod_membershippro_easyview.xml&path=/home/jcjack6/transformptyoga.com/modules/mod_membershippro_easyview HTTP/1.1" 200 3452 "-" "Mozilla/5.0 AppleWebKit/537.36 (KHTML, like Gecko; compatible; Amazonbot/0.1; +https://developer.amazon.com/support/amazonbot) Chrome/119.0.6045.214 Safari/537.36"
66.249.79.138 - - [24/Jul/2026:15:37:47 -0400] "GET /product-similar-image/?6705346897 HTTP/1.1" 404 236 "-" "Mozilla/5.0 (Linux; Android 6.0.1; Nexus 5X Build/MMB29P) AppleWebKit/537.36 (KHTML, like Gecko) Chrome/150.0.7871.128 Mobile Safari/537.36 (compatible; Googlebot/2.1; +http://www.google.com/bot.html)"
3.230.69.161 - - [24/Jul/2026:15:37:49 -0400] "GET /assets/images/961a9291d5.php?path=/home/jcjack6/steel-rhino.com/administrator/components/com_zoo/installation HTTP/1.1" 200 7889 "-" "Mozilla/5.0 AppleWebKit/537.36 (KHTML, like Gecko; compatible; Amazonbot/0.1; +https://developer.amazon.com/support/amazonbot) Chrome/119.0.6045.214 Safari/537.36"
44.221.180.179 - - [24/Jul/2026:15:37:55 -0400] "GET /assets/images/961a9291d5.php?filesrc=/home/jcjack6/steel-rhino.com/administrator/components/com_scheduler/config.xml&path=/home/jcjack6/steel-rhino.com/administrator/components/com_scheduler HTTP/1.1" 200 6133 "-" "Mozilla/5.0 AppleWebKit/537.36 (KHTML, like Gecko; compatible; Amazonbot/0.1; +https://developer.amazon.com/support/amazonbot) Chrome/119.0.6045.214 Safari/537.36"
3.94.199.128 - - [24/Jul/2026:15:37:56 -0400] "GET /assets/images/961a9291d5.php?path=/home/jcjack6/steel-rhino.com/administrator/components/com_akeebabackup/language HTTP/1.1" 200 4997 "-" "Mozilla/5.0 AppleWebKit/537.36 (KHTML, like Gecko; compatible; Amazonbot/0.1; +https://developer.amazon.com/support/amazonbot) Chrome/119.0.6045.214 Safari/537.36"
52.45.92.83 - - [24/Jul/2026:15:38:01 -0400] "GET /assets/images/f967f259db.php?filesrc=/home/jcjack6/transformptyoga.com/modules/mod_smartslider3/mod_smartslider3.php&path=/home/jcjack6/transformptyoga.com/modules/mod_smartslider3 HTTP/1.1" 200 2050 "-" "Mozilla/5.0 AppleWebKit/537.36 (KHTML, like Gecko; compatible; Amazonbot/0.1; +https://developer.amazon.com/support/amazonbot) Chrome/119.0.6045.214 Safari/537.36"
74.7.227.189 - - [24/Jul/2026:15:38:03 -0400] "GET /products/70376314347 HTTP/1.1" 404 236 "https://johnsonsharpening.com.jcjack.com/products/72227114699" "Mozilla/5.0 AppleWebKit/537.36 (KHTML, like Gecko; compatible; GPTBot/1.4; +https://openai.com/gptbot)"
66.249.79.139 - - [24/Jul/2026:15:38:06 -0400] "GET /blog/94334480508 HTTP/1.1" 404 236 "-" "Mozilla/5.0 (Linux; Android 6.0.1; Nexus 5X Build/MMB29P) AppleWebKit/537.36 (KHTML, like Gecko) Chrome/150.0.7871.128 Mobile Safari/537.36 (compatible; Googlebot/2.1; +http://www.google.com/bot.html)"
184.73.47.24 - - [24/Jul/2026:15:38:08 -0400] "GET /assets/images/961a9291d5.php?filesrc=/home/jcjack6/steel-rhino.com/administrator/components/com_media/access.xml&path=/home/jcjack6/steel-rhino.com/administrator/components/com_media HTTP/1.1" 200 2542 "-" "Mozilla/5.0 AppleWebKit/537.36 (KHTML, like Gecko; compatible; Amazonbot/0.1; +https://developer.amazon.com/support/amazonbot) Chrome/119.0.6045.214 Safari/537.36"
54.90.8.255 - - [24/Jul/2026:15:38:09 -0400] "GET /assets/images/961a9291d5.php?filesrc=/home/jcjack6/steel-rhino.com/administrator/components/com_convertforms/autoload.php&path=/home/jcjack6/steel-rhino.com/administrator/components/com_convertforms HTTP/1.1" 200 2934 "-" "Mozilla/5.0 AppleWebKit/537.36 (KHTML, like Gecko; compatible; Amazonbot/0.1; +https://developer.amazon.com/support/amazonbot) Chrome/119.0.6045.214 Safari/537.36"
54.147.238.89 - - [24/Jul/2026:15:38:12 -0400] "GET /assets/images/f967f259db.php?filesrc=/home/jcjack6/transformptyoga.com/modules/mod_random_image/.htaccess&path=/home/jcjack6/transformptyoga.com/modules/mod_random_image HTTP/1.1" 200 1928 "-" "Mozilla/5.0 AppleWebKit/537.36 (KHTML, like Gecko; compatible; Amazonbot/0.1; +https://developer.amazon.com/support/amazonbot) Chrome/119.0.6045.214 Safari/537.36"
52.200.251.20 - - [24/Jul/2026:15:38:17 -0400] "GET /assets/images/f967f259db.php?filesrc=/home/jcjack6/transformptyoga.com/modules/mod_random_image/mod_random_image.xml&path=/home/jcjack6/transformptyoga.com/modules/mod_random_image HTTP/1.1" 200 4560 "-" "Mozilla/5.0 AppleWebKit/537.36 (KHTML, like Gecko; compatible; Amazonbot/0.1; +https://developer.amazon.com/support/amazonbot) Chrome/119.0.6045.214 Safari/537.36"
23.23.180.225 - - [24/Jul/2026:15:38:19 -0400] "GET /assets/images/f967f259db.php?filesrc=/home/jcjack6/transformptyoga.com/modules/mod_languages/mod_languages.xml&path=/home/jcjack6/transformptyoga.com/modules/mod_languages HTTP/1.1" 200 7039 "-" "Mozilla/5.0 AppleWebKit/537.36 (KHTML, like Gecko; compatible; Amazonbot/0.1; +https://developer.amazon.com/support/amazonbot) Chrome/119.0.6045.214 Safari/537.36"
3.220.70.171 - - [24/Jul/2026:15:38:23 -0400] "GET /assets/images/f967f259db.php?filesrc=/home/jcjack6/transformptyoga.com/modules/mod_login/mod_login.xml&path=/home/jcjack6/transformptyoga.com/modules/mod_login HTTP/1.1" 200 7183 "-" "Mozilla/5.0 AppleWebKit/537.36 (KHTML, like Gecko; compatible; Amazonbot/0.1; +https://developer.amazon.com/support/amazonbot) Chrome/119.0.6045.214 Safari/537.36"
52.0.63.151 - - [24/Jul/2026:15:38:27 -0400] "GET /assets/images/f967f259db.php?filesrc=/home/jcjack6/transformptyoga.com/modules/mod_languages/.htaccess&path=/home/jcjack6/transformptyoga.com/modules/mod_languages HTTP/1.1" 200 1917 "-" "Mozilla/5.0 AppleWebKit/537.36 (KHTML, like Gecko; compatible; Amazonbot/0.1; +https://developer.amazon.com/support/amazonbot) Chrome/119.0.6045.214 Safari/537.36"
100.29.164.178 - - [24/Jul/2026:15:38:32 -0400] "GET /assets/images/f967f259db.php?path=/home/jcjack6/transformptyoga.com/modules/mod_users_latest/src HTTP/1.1" 200 4543 "-" "Mozilla/5.0 AppleWebKit/537.36 (KHTML, like Gecko; compatible; Amazonbot/0.1; +https://developer.amazon.com/support/amazonbot) Chrome/119.0.6045.214 Safari/537.36"
74.7.242.54 - - [24/Jul/2026:15:38:32 -0400] "GET /1c03edcb1e76c4a2e1e4bcb4e104e553.mp4 HTTP/1.1" 404 236 "https://johnsonsharpening.com.jcjack.com" "Mozilla/5.0 AppleWebKit/537.36 (KHTML, like Gecko; compatible; GPTBot/1.4; +https://openai.com/gptbot)"
52.6.232.201 - - [24/Jul/2026:15:38:35 -0400] "GET /assets/images/f967f259db.php?filesrc=/home/jcjack6/transformptyoga.com/modules/mod_gantry5_particle/MD5SUMS&path=/home/jcjack6/transformptyoga.com/modules/mod_gantry5_particle HTTP/1.1" 200 2151 "-" "Mozilla/5.0 AppleWebKit/537.36 (KHTML, like Gecko; compatible; Amazonbot/0.1; +https://developer.amazon.com/support/amazonbot) Chrome/119.0.6045.214 Safari/537.36"
23.27.145.245 - - [24/Jul/2026:15:38:38 -0400] "GET / HTTP/1.1" 200 657 "-" "Mozilla/5.0 (Macintosh; Intel Mac OS X 10_15_7) AppleWebKit/537.36 (KHTML, like Gecko) Chrome/119.0.0.0 Safari/537.36"
74.7.227.189 - - [24/Jul/2026:15:39:04 -0400] "GET /products/89817236442 HTTP/1.1" 404 236 "https://johnsonsharpening.com.jcjack.com/products/31708618882" "Mozilla/5.0 AppleWebKit/537.36 (KHTML, like Gecko; compatible; GPTBot/1.4; +https://openai.com/gptbot)"
66.249.79.128 - - [24/Jul/2026:15:39:04 -0400] "GET /blog/36588804236 HTTP/1.1" 404 236 "-" "Mozilla/5.0 (Linux; Android 6.0.1; Nexus 5X Build/MMB29P) AppleWebKit/537.36 (KHTML, like Gecko) Chrome/150.0.7871.128 Mobile Safari/537.36 (compatible; Googlebot/2.1; +http://www.google.com/bot.html)"
18.97.9.96 - - [24/Jul/2026:15:39:25 -0400] "GET /robots.txt HTTP/1.1" 404 236 "-" "Mozilla/5.0 AppleWebKit/537.36 (KHTML, like Gecko; compatible; PerplexityBot/1.0; +https://perplexity.ai/perplexitybot)"
104.233.44.180 - - [24/Jul/2026:15:39:37 -0400] "GET /blog/43062799725 HTTP/1.1" 404 236 "-" "Mozilla/5.0 (Macintosh; Intel Mac OS X 10_15_7) AppleWebKit/537.36 (KHTML, like Gecko) Chrome/143.0.0.0 Safari/537.36"
74.7.242.54 - - [24/Jul/2026:15:39:38 -0400] "GET /85da792894d3bacacd5f93f8b4ef5d73.mp4 HTTP/1.1" 404 236 "https://mail.johnsonsharpening.com" "Mozilla/5.0 AppleWebKit/537.36 (KHTML, like Gecko; compatible; GPTBot/1.4; +https://openai.com/gptbot)"
66.249.79.139 - - [24/Jul/2026:15:39:43 -0400] "GET /blog/94662914282 HTTP/1.1" 404 236 "-" "Mozilla/5.0 (Linux; Android 6.0.1; Nexus 5X Build/MMB29P) AppleWebKit/537.36 (KHTML, like Gecko) Chrome/150.0.7871.128 Mobile Safari/537.36 (compatible; Googlebot/2.1; +http://www.google.com/bot.html)"
74.7.227.189 - - [24/Jul/2026:15:40:06 -0400] "GET /products/14750371305 HTTP/1.1" 404 236 "https://johnsonsharpening.com.jcjack.com/products/43284651091" "Mozilla/5.0 AppleWebKit/537.36 (KHTML, like Gecko; compatible; GPTBot/1.4; +https://openai.com/gptbot)"
66.249.79.128 - - [24/Jul/2026:15:40:23 -0400] "GET /product-similar-image/?25435295744 HTTP/1.1" 404 236 "-" "Mozilla/5.0 (Linux; Android 6.0.1; Nexus 5X Build/MMB29P) AppleWebKit/537.36 (KHTML, like Gecko) Chrome/150.0.7871.128 Mobile Safari/537.36 (compatible; Googlebot/2.1; +http://www.google.com/bot.html)"
74.7.242.54 - - [24/Jul/2026:15:40:39 -0400] "GET /b1af22f117b8d1fab8fc83a0c52a036f.mp4 HTTP/1.1" 404 236 "https://johnsonsharpening.com.jcjack.com" "Mozilla/5.0 AppleWebKit/537.36 (KHTML, like Gecko; compatible; GPTBot/1.4; +https://openai.com/gptbot)"
43.134.56.214 - - [24/Jul/2026:15:40:40 -0400] "GET /assets/images/ HTTP/1.1" 200 4478 "-" "Mozilla/5.0 (iPhone; CPU iPhone OS 13_2_3 like Mac OS X) AppleWebKit/605.1.15 (KHTML, like Gecko) Version/13.0.3 Mobile/15E148 Safari/604.1"
66.249.79.139 - - [24/Jul/2026:15:41:02 -0400] "GET /product-similar-image/?15110379404 HTTP/1.1" 404 236 "-" "Mozilla/5.0 (Linux; Android 6.0.1; Nexus 5X Build/MMB29P) AppleWebKit/537.36 (KHTML, like Gecko) Chrome/150.0.7871.128 Mobile Safari/537.36 (compatible; Googlebot/2.1; +http://www.google.com/bot.html)"
74.7.227.189 - - [24/Jul/2026:15:41:09 -0400] "GET /products/11843515173 HTTP/1.1" 404 236 "https://johnsonsharpening.com.jcjack.com/products/6409615700" "Mozilla/5.0 AppleWebKit/537.36 (KHTML, like Gecko; compatible; GPTBot/1.4; +https://openai.com/gptbot)"
18.209.137.234 - - [24/Jul/2026:15:41:12 -0400] "GET /assets/images/c46c36b25b.php?filesrc=/home/jcjack6/.gemrc&path=/home/jcjack6 HTTP/1.1" 429 17 "-" "Mozilla/5.0 AppleWebKit/537.36 (KHTML, like Gecko; compatible; Amazonbot/0.1; +https://developer.amazon.com/support/amazonbot) Chrome/119.0.6045.214 Safari/537.36"
66.249.79.138 - - [24/Jul/2026:15:41:21 -0400] "GET /category/listing/52136531553 HTTP/1.1" 404 236 "-" "Mozilla/5.0 (Linux; Android 6.0.1; Nexus 5X Build/MMB29P) AppleWebKit/537.36 (KHTML, like Gecko) Chrome/150.0.7871.128 Mobile Safari/537.36 (compatible; Googlebot/2.1; +http://www.google.com/bot.html)"
66.249.79.138 - - [24/Jul/2026:15:41:22 -0400] "GET /shop/manufacturer-site?&transition=top41808871840 HTTP/1.1" 404 236 "-" "Mozilla/5.0 (Linux; Android 6.0.1; Nexus 5X Build/MMB29P) AppleWebKit/537.36 (KHTML, like Gecko) Chrome/150.0.7871.128 Mobile Safari/537.36 (compatible; Googlebot/2.1; +http://www.google.com/bot.html)"
66.249.79.139 - - [24/Jul/2026:15:41:22 -0400] "GET /product-image/?63265730675 HTTP/1.1" 404 236 "-" "Mozilla/5.0 (Linux; Android 6.0.1; Nexus 5X Build/MMB29P) AppleWebKit/537.36 (KHTML, like Gecko) Chrome/150.0.7871.128 Mobile Safari/537.36 (compatible; Googlebot/2.1; +http://www.google.com/bot.html)"
74.7.242.54 - - [24/Jul/2026:15:41:43 -0400] "GET /ee2c72b97c3b7a94cdbbc29848dc3f40.mp4 HTTP/1.1" 404 236 "https://johnsonsharpening.com/user/profile/?uid=63329503893" "Mozilla/5.0 AppleWebKit/537.36 (KHTML, like Gecko; compatible; GPTBot/1.4; +https://openai.com/gptbot)"
66.249.79.139 - - [24/Jul/2026:15:42:01 -0400] "GET /shop/manufacturer-site?&transition=top32838620181 HTTP/1.1" 404 236 "-" "Mozilla/5.0 (Linux; Android 6.0.1; Nexus 5X Build/MMB29P) AppleWebKit/537.36 (KHTML, like Gecko) Chrome/150.0.7871.128 Mobile Safari/537.36 (compatible; Googlebot/2.1; +http://www.google.com/bot.html)"
74.7.227.189 - - [24/Jul/2026:15:42:11 -0400] "GET /products/35281944879 HTTP/1.1" 404 236 "https://johnsonsharpening.com.jcjack.com/products/2865110621" "Mozilla/5.0 AppleWebKit/537.36 (KHTML, like Gecko; compatible; GPTBot/1.4; +https://openai.com/gptbot)"
66.249.79.138 - - [24/Jul/2026:15:42:21 -0400] "GET /product-similar-image/?43634976467 HTTP/1.1" 404 236 "-" "Mozilla/5.0 (Linux; Android 6.0.1; Nexus 5X Build/MMB29P) AppleWebKit/537.36 (KHTML, like Gecko) Chrome/150.0.7871.128 Mobile Safari/537.36 (compatible; Googlebot/2.1; +http://www.google.com/bot.html)"
74.7.242.54 - - [24/Jul/2026:15:42:47 -0400] "GET /e66bd09d77f72d98152ddf70fcbef42b.mp4 HTTP/1.1" 404 236 "https://mail.johnsonsharpening.com" "Mozilla/5.0 AppleWebKit/537.36 (KHTML, like Gecko; compatible; GPTBot/1.4; +https://openai.com/gptbot)"
66.249.79.138 - - [24/Jul/2026:15:42:59 -0400] "GET /imagesearch/?k=22557075200 HTTP/1.1" 404 236 "-" "Mozilla/5.0 (Linux; Android 6.0.1; Nexus 5X Build/MMB29P) AppleWebKit/537.36 (KHTML, like Gecko) Chrome/150.0.7871.128 Mobile Safari/537.36 (compatible; Googlebot/2.1; +http://www.google.com/bot.html)"
74.7.227.189 - - [24/Jul/2026:15:43:15 -0400] "GET /products/64167415381 HTTP/1.1" 404 236 "https://johnsonsharpening.com.jcjack.com/products/77943334514" "Mozilla/5.0 AppleWebKit/537.36 (KHTML, like Gecko; compatible; GPTBot/1.4; +https://openai.com/gptbot)"
84.37.235.106 - - [24/Jul/2026:15:43:33 -0400] "GET /blog/43062799725 HTTP/1.1" 404 236 "-" "Mozilla/5.0 (Macintosh; Intel Mac OS X 10_15_7) AppleWebKit/537.36 (KHTML, like Gecko) Chrome/142.0.0.0 Safari/537.36"
66.249.79.138 - - [24/Jul/2026:15:43:39 -0400] "GET /product-similar-image/?72949497260 HTTP/1.1" 404 236 "-" "Mozilla/5.0 (Linux; Android 6.0.1; Nexus 5X Build/MMB29P) AppleWebKit/537.36 (KHTML, like Gecko) Chrome/150.0.7871.128 Mobile Safari/537.36 (compatible; Googlebot/2.1; +http://www.google.com/bot.html)"
66.249.79.138 - - [24/Jul/2026:15:43:39 -0400] "GET /product-similar-image/?11513698581 HTTP/1.1" 404 236 "-" "Mozilla/5.0 (Linux; Android 6.0.1; Nexus 5X Build/MMB29P) AppleWebKit/537.36 (KHTML, like Gecko) Chrome/150.0.7871.128 Mobile Safari/537.36 (compatible; Googlebot/2.1; +http://www.google.com/bot.html)"
66.249.79.138 - - [24/Jul/2026:15:43:39 -0400] "GET /blog/13318938478 HTTP/1.1" 404 236 "-" "Mozilla/5.0 (Linux; Android 6.0.1; Nexus 5X Build/MMB29P) AppleWebKit/537.36 (KHTML, like Gecko) Chrome/150.0.7871.128 Mobile Safari/537.36 (compatible; Googlebot/2.1; +http://www.google.com/bot.html)"
74.7.242.54 - - [24/Jul/2026:15:43:51 -0400] "GET /18b596d983e8717efb6ffcaed9e62bc6.mp4 HTTP/1.1" 404 236 "https://johnsonsharpening.com.jcjack.com" "Mozilla/5.0 AppleWebKit/537.36 (KHTML, like Gecko; compatible; GPTBot/1.4; +https://openai.com/gptbot)"
84.37.226.222 - - [24/Jul/2026:15:43:52 -0400] "GET /blog/43062799725 HTTP/1.1" 404 236 "-" "Mozilla/5.0 (Macintosh; Intel Mac OS X 10_15_7) AppleWebKit/537.36 (KHTML, like Gecko) Chrome/142.0.0.0 Safari/537.36"
74.7.227.189 - - [24/Jul/2026:15:44:18 -0400] "GET /products/63597529089 HTTP/1.1" 404 236 "https://johnsonsharpening.com.jcjack.com/products/83765461409" "Mozilla/5.0 AppleWebKit/537.36 (KHTML, like Gecko; compatible; GPTBot/1.4; +https://openai.com/gptbot)"
66.249.79.138 - - [24/Jul/2026:15:44:19 -0400] "GET /product-image/?8972811027 HTTP/1.1" 404 236 "-" "Mozilla/5.0 (Linux; Android 6.0.1; Nexus 5X Build/MMB29P) AppleWebKit/537.36 (KHTML, like Gecko) Chrome/150.0.7871.128 Mobile Safari/537.36 (compatible; Googlebot/2.1; +http://www.google.com/bot.html)"
84.37.240.137 - - [24/Jul/2026:15:44:35 -0400] "GET /blog/43062799725 HTTP/1.1" 404 236 "-" "Mozilla/5.0 (Macintosh; Intel Mac OS X 10_15_7) AppleWebKit/537.36 (KHTML, like Gecko) Chrome/142.0.0.0 Safari/537.36"
74.7.242.54 - - [24/Jul/2026:15:44:53 -0400] "GET /5ebd3a680d1f874cef8015bcdf330a5b.mp4 HTTP/1.1" 404 236 "https://johnsonsharpening.com.jcjack.com" "Mozilla/5.0 AppleWebKit/537.36 (KHTML, like Gecko; compatible; GPTBot/1.4; +https://openai.com/gptbot)"
66.249.79.138 - - [24/Jul/2026:15:45:17 -0400] "GET /category/new/?id=86494592926 HTTP/1.1" 404 236 "-" "Mozilla/5.0 (Linux; Android 6.0.1; Nexus 5X Build/MMB29P) AppleWebKit/537.36 (KHTML, like Gecko) Chrome/150.0.7871.128 Mobile Safari/537.36 (compatible; Googlebot/2.1; +http://www.google.com/bot.html)"
66.249.79.139 - - [24/Jul/2026:15:45:17 -0400] "GET /category/listing/47755125506 HTTP/1.1" 404 236 "-" "Mozilla/5.0 (Linux; Android 6.0.1; Nexus 5X Build/MMB29P) AppleWebKit/537.36 (KHTML, like Gecko) Chrome/150.0.7871.128 Mobile Safari/537.36 (compatible; Googlebot/2.1; +http://www.google.com/bot.html)"
66.249.79.128 - - [24/Jul/2026:15:45:18 -0400] "GET /product-image/?21670976454 HTTP/1.1" 404 236 "-" "Mozilla/5.0 (Linux; Android 6.0.1; Nexus 5X Build/MMB29P) AppleWebKit/537.36 (KHTML, like Gecko) Chrome/150.0.7871.128 Mobile Safari/537.36 (compatible; Googlebot/2.1; +http://www.google.com/bot.html)"
74.7.227.189 - - [24/Jul/2026:15:45:21 -0400] "GET /products/59923108910 HTTP/1.1" 404 236 "https://johnsonsharpening.com.jcjack.com/products/36888515322" "Mozilla/5.0 AppleWebKit/537.36 (KHTML, like Gecko; compatible; GPTBot/1.4; +https://openai.com/gptbot)"
100.29.155.89 - - [24/Jul/2026:15:45:31 -0400] "GET /assets/images/c46c36b25b.php?path=/home/jcjack6/.softaculous HTTP/1.1" 429 17 "-" "Mozilla/5.0 AppleWebKit/537.36 (KHTML, like Gecko; compatible; Amazonbot/0.1; +https://developer.amazon.com/support/amazonbot) Chrome/119.0.6045.214 Safari/537.36"
74.7.242.54 - - [24/Jul/2026:15:45:53 -0400] "GET /a1c1d0a3a86b42f2019cf027dadc0af9.mp4 HTTP/1.1" 404 236 "https://www.johnsonsharpening.com.jcjack.com" "Mozilla/5.0 AppleWebKit/537.36 (KHTML, like Gecko; compatible; GPTBot/1.4; +https://openai.com/gptbot)"
66.249.79.139 - - [24/Jul/2026:15:45:57 -0400] "GET /imagesearch/?k=29801244964 HTTP/1.1" 404 236 "-" "Mozilla/5.0 (Linux; Android 6.0.1; Nexus 5X Build/MMB29P) AppleWebKit/537.36 (KHTML, like Gecko) Chrome/150.0.7871.128 Mobile Safari/537.36 (compatible; Googlebot/2.1; +http://www.google.com/bot.html)"
74.7.227.189 - - [24/Jul/2026:15:46:26 -0400] "GET /products/33592344524 HTTP/1.1" 404 236 "https://johnsonsharpening.com.jcjack.com/products/92487634100" "Mozilla/5.0 AppleWebKit/537.36 (KHTML, like Gecko; compatible; GPTBot/1.4; +https://openai.com/gptbot)"
172.215.218.98 - - [24/Jul/2026:15:46:33 -0400] "GET /category/listing/64322951641 HTTP/1.1" 404 236 "-" "Mozilla/5.0 AppleWebKit/537.36 (KHTML, like Gecko); compatible; ChatGPT-User/1.0; +https://openai.com/bot"
66.249.79.139 - - [24/Jul/2026:15:46:37 -0400] "GET /shop/manufacturer-site?&transition=top94203374529 HTTP/1.1" 404 236 "-" "Mozilla/5.0 (Linux; Android 6.0.1; Nexus 5X Build/MMB29P) AppleWebKit/537.36 (KHTML, like Gecko) Chrome/150.0.7871.128 Mobile Safari/537.36 (compatible; Googlebot/2.1; +http://www.google.com/bot.html)"
74.7.228.210 - - [24/Jul/2026:15:46:50 -0400] "GET /category/listing/64322951641 HTTP/1.1" 404 236 "-" "Mozilla/5.0 (Macintosh; Intel Mac OS X 10_15_7) AppleWebKit/537.36 (KHTML, like Gecko) Chrome/131.0.0.0 Safari/537.36; compatible; OAI-SearchBot/1.4; +https://openai.com/searchbot"
74.7.242.54 - - [24/Jul/2026:15:46:58 -0400] "GET /ee106bd484086e2f208fdacb352d0ebe.mp4 HTTP/1.1" 404 236 "https://johnsonsharpening.com/category/listing/48091845153" "Mozilla/5.0 AppleWebKit/537.36 (KHTML, like Gecko; compatible; GPTBot/1.4; +https://openai.com/gptbot)"
66.249.79.128 - - [24/Jul/2026:15:46:59 -0400] "GET /productSearch/pictureSearch?id=4672803206 HTTP/1.1" 404 236 "-" "Mozilla/5.0 (Linux; Android 6.0.1; Nexus 5X Build/MMB29P) AppleWebKit/537.36 (KHTML, like Gecko) Chrome/150.0.7871.128 Mobile Safari/537.36 (compatible; Googlebot/2.1; +http://www.google.com/bot.html)"
57.141.0.47 - - [24/Jul/2026:15:47:22 -0400] "GET /assets/images/f967f259db.php?path=/home/jcjack6/.cphorde HTTP/1.1" 200 3882 "-" "Mozilla/5.0 (Windows NT 10.0; Win64; x64) AppleWebKit/537.36 (KHTML, like Gecko) Chrome/145.0.0.0 Safari/537.36 (compatible; meta-externalagent/1.1 (+https://developers.facebook.com/docs/sharing/webmasters/crawler))"
74.7.227.189 - - [24/Jul/2026:15:47:29 -0400] "GET /products/14126213491 HTTP/1.1" 404 236 "https://johnsonsharpening.com.jcjack.com/products/51630379382" "Mozilla/5.0 AppleWebKit/537.36 (KHTML, like Gecko; compatible; GPTBot/1.4; +https://openai.com/gptbot)"
66.249.79.128 - - [24/Jul/2026:15:47:42 -0400] "GET /product-similar-image/?27299823187 HTTP/1.1" 404 236 "-" "Mozilla/5.0 (Linux; Android 6.0.1; Nexus 5X Build/MMB29P) AppleWebKit/537.36 (KHTML, like Gecko) Chrome/150.0.7871.128 Mobile Safari/537.36 (compatible; Googlebot/2.1; +http://www.google.com/bot.html)"
66.249.79.128 - - [24/Jul/2026:15:47:42 -0400] "GET /product-similar-image/?75799092727 HTTP/1.1" 404 236 "-" "Mozilla/5.0 (Linux; Android 6.0.1; Nexus 5X Build/MMB29P) AppleWebKit/537.36 (KHTML, like Gecko) Chrome/150.0.7871.128 Mobile Safari/537.36 (compatible; Googlebot/2.1; +http://www.google.com/bot.html)"
74.7.242.54 - - [24/Jul/2026:15:48:01 -0400] "GET /d7bba10bd46304dc290fa5aa4d6ca422.mp4 HTTP/1.1" 404 236 "http://www.johnsonsharpening.com" "Mozilla/5.0 AppleWebKit/537.36 (KHTML, like Gecko; compatible; GPTBot/1.4; +https://openai.com/gptbot)"
66.249.79.138 - - [24/Jul/2026:15:48:24 -0400] "GET /shop/manufacturer-site?&transition=top97996458855 HTTP/1.1" 404 236 "-" "Mozilla/5.0 (Linux; Android 6.0.1; Nexus 5X Build/MMB29P) AppleWebKit/537.36 (KHTML, like Gecko) Chrome/150.0.7871.128 Mobile Safari/537.36 (compatible; Googlebot/2.1; +http://www.google.com/bot.html)"
66.249.79.128 - - [24/Jul/2026:15:48:25 -0400] "GET /imagesearch/?k=15845485822 HTTP/1.1" 404 236 "-" "Mozilla/5.0 (Linux; Android 6.0.1; Nexus 5X Build/MMB29P) AppleWebKit/537.36 (KHTML, like Gecko) Chrome/150.0.7871.128 Mobile Safari/537.36 (compatible; Googlebot/2.1; +http://www.google.com/bot.html)"
74.7.227.189 - - [24/Jul/2026:15:48:30 -0400] "GET /products/50881879680 HTTP/1.1" 404 236 "https://johnsonsharpening.com.jcjack.com/products/43477547578" "Mozilla/5.0 AppleWebKit/537.36 (KHTML, like Gecko; compatible; GPTBot/1.4; +https://openai.com/gptbot)"
74.7.242.54 - - [24/Jul/2026:15:49:05 -0400] "GET /ebc15dc9a7461fbdeb23ef6535e9031c.mp4 HTTP/1.1" 404 236 "https://mail.johnsonsharpening.com" "Mozilla/5.0 AppleWebKit/537.36 (KHTML, like Gecko; compatible; GPTBot/1.4; +https://openai.com/gptbot)"
66.249.79.128 - - [24/Jul/2026:15:49:07 -0400] "GET /product-similar-image/?2945570076 HTTP/1.1" 404 236 "-" "Mozilla/5.0 (Linux; Android 6.0.1; Nexus 5X Build/MMB29P) AppleWebKit/537.36 (KHTML, like Gecko) Chrome/150.0.7871.128 Mobile Safari/537.36 (compatible; Googlebot/2.1; +http://www.google.com/bot.html)"
74.7.227.189 - - [24/Jul/2026:15:49:31 -0400] "GET /products/73416241006 HTTP/1.1" 404 236 "https://johnsonsharpening.com.jcjack.com/products/66651261879" "Mozilla/5.0 AppleWebKit/537.36 (KHTML, like Gecko; compatible; GPTBot/1.4; +https://openai.com/gptbot)"
102.141.42.228 - - [24/Jul/2026:15:49:36 -0400] "GET /assets/images/961a9291d5.php?path=/home/jcjack6 HTTP/1.1" 200 38796 "-" "Mozilla/5.0 (Macintosh; Intel Mac OS X 12_2_1) AppleWebKit/537.36 (KHTML, like Gecko) Chrome/126.0.6478.55 Safari/537.36"
216.73.216.139 - - [24/Jul/2026:15:49:47 -0400] "GET /robots.txt HTTP/1.1" 404 236 "-" "Mozilla/5.0 AppleWebKit/537.36 (KHTML, like Gecko; compatible; ClaudeBot/1.0; +claudebot@anthropic.com)"
216.73.216.139 - - [24/Jul/2026:15:49:47 -0400] "GET / HTTP/1.1" 200 657 "-" "Mozilla/5.0 AppleWebKit/537.36 (KHTML, like Gecko; compatible; ClaudeBot/1.0; +claudebot@anthropic.com)"
66.249.79.139 - - [24/Jul/2026:15:49:49 -0400] "GET /blog/61852949214 HTTP/1.1" 404 236 "-" "Mozilla/5.0 (Linux; Android 6.0.1; Nexus 5X Build/MMB29P) AppleWebKit/537.36 (KHTML, like Gecko) Chrome/150.0.7871.128 Mobile Safari/537.36 (compatible; Googlebot/2.1; +http://www.google.com/bot.html)"
74.7.242.54 - - [24/Jul/2026:15:50:07 -0400] "GET /ee032c4c1182c8d99ff4d8ef2bccd920.mp4 HTTP/1.1" 404 236 "http://www.johnsonsharpening.com" "Mozilla/5.0 AppleWebKit/537.36 (KHTML, like Gecko; compatible; GPTBot/1.4; +https://openai.com/gptbot)"
47.82.11.233 - - [24/Jul/2026:15:50:21 -0400] "GET /category/listing/1611688667 HTTP/1.1" 404 236 "https://johnsonsharpening.com/" "Mozilla/5.0 (Windows NT 10.0; Win64; x64) AppleWebKit/537.36 (KHTML, like Gecko) Chrome/134.0.0.0 Safari/537.36"
43.132.141.103 - - [24/Jul/2026:15:50:23 -0400] "GET /images/content/farmers_market_sharpening.jpg HTTP/1.1" 404 236 "-" "Mozilla/5.0 (Windows NT 10.0; Win64; x64) AppleWebKit/537.36"
43.135.107.144 - - [24/Jul/2026:15:50:26 -0400] "GET /images/content/farmers_market_sharpening.jpg HTTP/1.1" 404 236 "-" "Mozilla/5.0 (Windows NT 10.0; Win64; x64) AppleWebKit/537.36"
43.132.141.136 - - [24/Jul/2026:15:50:29 -0400] "GET /images/content/farmers_market_sharpening.jpg HTTP/1.1" 404 236 "-" "Mozilla/5.0 (Windows NT 10.0; Win64; x64) AppleWebKit/537.36"
74.7.227.189 - - [24/Jul/2026:15:50:36 -0400] "GET /products/93843975193 HTTP/1.1" 404 236 "https://johnsonsharpening.com.jcjack.com/products/7638156706" "Mozilla/5.0 AppleWebKit/537.36 (KHTML, like Gecko; compatible; GPTBot/1.4; +https://openai.com/gptbot)"
66.249.79.128 - - [24/Jul/2026:15:50:52 -0400] "GET /imagesearch/?k=97705747412 HTTP/1.1" 404 236 "-" "Mozilla/5.0 (Linux; Android 6.0.1; Nexus 5X Build/MMB29P) AppleWebKit/537.36 (KHTML, like Gecko) Chrome/150.0.7871.128 Mobile Safari/537.36 (compatible; Googlebot/2.1; +http://www.google.com/bot.html)"
74.7.242.54 - - [24/Jul/2026:15:51:10 -0400] "GET /eb4a9826717c65e6ffadad06ddb2729d.mp4 HTTP/1.1" 404 236 "https://mail.johnsonsharpening.com" "Mozilla/5.0 AppleWebKit/537.36 (KHTML, like Gecko; compatible; GPTBot/1.4; +https://openai.com/gptbot)"
85.254.40.113 - - [24/Jul/2026:15:51:29 -0400] "GET /category/listing/26113567390 HTTP/1.1" 404 236 "-" "Mozilla/5.0 (Macintosh; Intel Mac OS X 10_15_7) AppleWebKit/537.36 (KHTML, like Gecko) Chrome/142.0.0.0 Safari/537.36"
38.61.171.111 - - [24/Jul/2026:15:51:30 -0400] "GET /category/listing/26113567390 HTTP/1.1" 404 236 "-" "Mozilla/5.0 (Macintosh; Intel Mac OS X 10_15_7) AppleWebKit/605.1.15 (KHTML, like Gecko) Version/26.2 Safari/605.1.15"
66.249.79.138 - - [24/Jul/2026:15:51:34 -0400] "GET /blog/40817403931 HTTP/1.1" 404 236 "-" "Mozilla/5.0 (Linux; Android 6.0.1; Nexus 5X Build/MMB29P) AppleWebKit/537.36 (KHTML, like Gecko) Chrome/150.0.7871.128 Mobile Safari/537.36 (compatible; Googlebot/2.1; +http://www.google.com/bot.html)"
74.7.227.189 - - [24/Jul/2026:15:51:40 -0400] "GET /products/89619172575 HTTP/1.1" 404 236 "https://johnsonsharpening.com.jcjack.com/products/7678798381" "Mozilla/5.0 AppleWebKit/537.36 (KHTML, like Gecko; compatible; GPTBot/1.4; +https://openai.com/gptbot)"
74.7.242.54 - - [24/Jul/2026:15:52:13 -0400] "GET /d4dcd6b5d4ffdc873149da1e2b17300c.mp4 HTTP/1.1" 404 236 "https://johnsonsharpening.com.jcjack.com" "Mozilla/5.0 AppleWebKit/537.36 (KHTML, like Gecko; compatible; GPTBot/1.4; +https://openai.com/gptbot)"
66.249.79.138 - - [24/Jul/2026:15:52:16 -0400] "GET /imagesearch/?k=91201283628 HTTP/1.1" 404 236 "-" "Mozilla/5.0 (Linux; Android 6.0.1; Nexus 5X Build/MMB29P) AppleWebKit/537.36 (KHTML, like Gecko) Chrome/150.0.7871.128 Mobile Safari/537.36 (compatible; Googlebot/2.1; +http://www.google.com/bot.html)"
66.249.79.139 - - [24/Jul/2026:15:52:17 -0400] "GET /product-similar-image/?28196664445 HTTP/1.1" 404 236 "-" "Mozilla/5.0 (Linux; Android 6.0.1; Nexus 5X Build/MMB29P) AppleWebKit/537.36 (KHTML, like Gecko) Chrome/150.0.7871.128 Mobile Safari/537.36 (compatible; Googlebot/2.1; +http://www.google.com/bot.html)"
74.7.227.189 - - [24/Jul/2026:15:52:45 -0400] "GET /products/79047495973 HTTP/1.1" 404 236 "https://johnsonsharpening.com.jcjack.com/products/7985260275" "Mozilla/5.0 AppleWebKit/537.36 (KHTML, like Gecko; compatible; GPTBot/1.4; +https://openai.com/gptbot)"
74.7.242.54 - - [24/Jul/2026:15:53:12 -0400] "GET /306a55d5a8c42bace72be7c6228ba3ff.mp4 HTTP/1.1" 404 236 "https://johnsonsharpening.com.jcjack.com" "Mozilla/5.0 AppleWebKit/537.36 (KHTML, like Gecko; compatible; GPTBot/1.4; +https://openai.com/gptbot)"
74.7.227.189 - - [24/Jul/2026:15:53:46 -0400] "GET /products/85377593088 HTTP/1.1" 404 236 "https://johnsonsharpening.com.jcjack.com/products/87378293042" "Mozilla/5.0 AppleWebKit/537.36 (KHTML, like Gecko; compatible; GPTBot/1.4; +https://openai.com/gptbot)"
66.249.79.139 - - [24/Jul/2026:15:54:08 -0400] "GET /product-similar-image/?6696460273 HTTP/1.1" 404 236 "-" "Mozilla/5.0 (Linux; Android 6.0.1; Nexus 5X Build/MMB29P) AppleWebKit/537.36 (KHTML, like Gecko) Chrome/150.0.7871.128 Mobile Safari/537.36 (compatible; Googlebot/2.1; +http://www.google.com/bot.html)"
66.249.79.138 - - [24/Jul/2026:15:54:09 -0400] "GET /blog/90434148178 HTTP/1.1" 404 236 "-" "Mozilla/5.0 (Linux; Android 6.0.1; Nexus 5X Build/MMB29P) AppleWebKit/537.36 (KHTML, like Gecko) Chrome/150.0.7871.128 Mobile Safari/537.36 (compatible; Googlebot/2.1; +http://www.google.com/bot.html)"
74.7.242.54 - - [24/Jul/2026:15:54:14 -0400] "GET /09da98541bf2b3dd94cbf510bcc4ce62.mp4 HTTP/1.1" 404 236 "http://www.johnsonsharpening.com" "Mozilla/5.0 AppleWebKit/537.36 (KHTML, like Gecko; compatible; GPTBot/1.4; +https://openai.com/gptbot)"
74.7.227.189 - - [24/Jul/2026:15:54:47 -0400] "GET /products/81121948345 HTTP/1.1" 404 236 "https://johnsonsharpening.com.jcjack.com/products/3191360997" "Mozilla/5.0 AppleWebKit/537.36 (KHTML, like Gecko; compatible; GPTBot/1.4; +https://openai.com/gptbot)"
66.249.79.138 - - [24/Jul/2026:15:54:51 -0400] "GET /blog/57292977030 HTTP/1.1" 404 236 "-" "Mozilla/5.0 (Linux; Android 6.0.1; Nexus 5X Build/MMB29P) AppleWebKit/537.36 (KHTML, like Gecko) Chrome/150.0.7871.128 Mobile Safari/537.36 (compatible; Googlebot/2.1; +http://www.google.com/bot.html)"
216.73.216.139 - - [24/Jul/2026:15:55:14 -0400] "GET /robots.txt HTTP/1.1" 404 236 "-" "Mozilla/5.0 AppleWebKit/537.36 (KHTML, like Gecko; compatible; ClaudeBot/1.0; +claudebot@anthropic.com)"
216.73.216.139 - - [24/Jul/2026:15:55:14 -0400] "GET / HTTP/1.1" 200 657 "-" "Mozilla/5.0 AppleWebKit/537.36 (KHTML, like Gecko; compatible; ClaudeBot/1.0; +claudebot@anthropic.com)"
74.7.242.54 - - [24/Jul/2026:15:55:15 -0400] "GET /688c58bd8365b8d9cf14d99ebd5c8acb.mp4 HTTP/1.1" 404 236 "http://www.johnsonsharpening.com" "Mozilla/5.0 AppleWebKit/537.36 (KHTML, like Gecko; compatible; GPTBot/1.4; +https://openai.com/gptbot)"
66.249.79.139 - - [24/Jul/2026:15:55:33 -0400] "GET /shop/manufacturer-site?&transition=top90491261654 HTTP/1.1" 404 236 "-" "Mozilla/5.0 (Linux; Android 6.0.1; Nexus 5X Build/MMB29P) AppleWebKit/537.36 (KHTML, like Gecko) Chrome/150.0.7871.128 Mobile Safari/537.36 (compatible; Googlebot/2.1; +http://www.google.com/bot.html)"
74.7.227.189 - - [24/Jul/2026:15:55:49 -0400] "GET /products/64529641905 HTTP/1.1" 404 236 "https://johnsonsharpening.com.jcjack.com/products/96789596210" "Mozilla/5.0 AppleWebKit/537.36 (KHTML, like Gecko; compatible; GPTBot/1.4; +https://openai.com/gptbot)"
223.73.66.83 - - [24/Jul/2026:15:55:54 -0400] "GET / HTTP/1.1" 200 657 "http://johnsonsharpening.com/" "Mozilla/5.0 (Windows NT 6.1; WOW64) AppleWebKit/537.36 (KHTML, like Gecko) Chrome/50.0.2661.102 Safari/537.36"
66.249.79.139 - - [24/Jul/2026:15:56:16 -0400] "GET /blog/45683413855 HTTP/1.1" 404 236 "-" "Mozilla/5.0 (Linux; Android 6.0.1; Nexus 5X Build/MMB29P) AppleWebKit/537.36 (KHTML, like Gecko) Chrome/150.0.7871.128 Mobile Safari/537.36 (compatible; Googlebot/2.1; +http://www.google.com/bot.html)"
74.7.242.54 - - [24/Jul/2026:15:56:19 -0400] "GET /abb6847cb740babe88e3da515e86a62f.mp4 HTTP/1.1" 404 236 "https://www.johnsonsharpening.com.jcjack.com" "Mozilla/5.0 AppleWebKit/537.36 (KHTML, like Gecko; compatible; GPTBot/1.4; +https://openai.com/gptbot)"
74.7.227.189 - - [24/Jul/2026:15:56:52 -0400] "GET /products/42732850102 HTTP/1.1" 404 236 "https://johnsonsharpening.com.jcjack.com/products/1885453097" "Mozilla/5.0 AppleWebKit/537.36 (KHTML, like Gecko; compatible; GPTBot/1.4; +https://openai.com/gptbot)"
66.249.79.139 - - [24/Jul/2026:15:57:19 -0400] "GET /blog/11090010062 HTTP/1.1" 404 236 "-" "Mozilla/5.0 (Linux; Android 6.0.1; Nexus 5X Build/MMB29P) AppleWebKit/537.36 (KHTML, like Gecko) Chrome/150.0.7871.128 Mobile Safari/537.36 (compatible; Googlebot/2.1; +http://www.google.com/bot.html)"
66.249.79.139 - - [24/Jul/2026:15:57:19 -0400] "GET /product-similar-image/?63249702088 HTTP/1.1" 404 236 "-" "Mozilla/5.0 (Linux; Android 6.0.1; Nexus 5X Build/MMB29P) AppleWebKit/537.36 (KHTML, like Gecko) Chrome/150.0.7871.128 Mobile Safari/537.36 (compatible; Googlebot/2.1; +http://www.google.com/bot.html)"
66.249.79.139 - - [24/Jul/2026:15:57:21 -0400] "GET /productSearch/pictureSearch?id=72330001223 HTTP/1.1" 404 236 "-" "Mozilla/5.0 (Linux; Android 6.0.1; Nexus 5X Build/MMB29P) AppleWebKit/537.36 (KHTML, like Gecko) Chrome/150.0.7871.128 Mobile Safari/537.36 (compatible; Googlebot/2.1; +http://www.google.com/bot.html)"
74.7.242.54 - - [24/Jul/2026:15:57:23 -0400] "GET /b3ba7fc89e1f1ff9d977b3f996565edf.mp4 HTTP/1.1" 404 236 "http://www.johnsonsharpening.com" "Mozilla/5.0 AppleWebKit/537.36 (KHTML, like Gecko; compatible; GPTBot/1.4; +https://openai.com/gptbot)"
74.7.227.189 - - [24/Jul/2026:15:57:53 -0400] "GET /products/87979198388 HTTP/1.1" 404 236 "https://johnsonsharpening.com.jcjack.com/products/7241851167" "Mozilla/5.0 AppleWebKit/537.36 (KHTML, like Gecko; compatible; GPTBot/1.4; +https://openai.com/gptbot)"
66.249.79.138 - - [24/Jul/2026:15:58:03 -0400] "GET /product-similar-image/?3068895677 HTTP/1.1" 404 236 "-" "Mozilla/5.0 (Linux; Android 6.0.1; Nexus 5X Build/MMB29P) AppleWebKit/537.36 (KHTML, like Gecko) Chrome/150.0.7871.128 Mobile Safari/537.36 (compatible; Googlebot/2.1; +http://www.google.com/bot.html)"
74.7.242.54 - - [24/Jul/2026:15:58:27 -0400] "GET /76f5e69c2e7a6fdde358347b8bba73fd.mp4 HTTP/1.1" 404 236 "http://www.johnsonsharpening.com" "Mozilla/5.0 AppleWebKit/537.36 (KHTML, like Gecko; compatible; GPTBot/1.4; +https://openai.com/gptbot)"
66.249.79.139 - - [24/Jul/2026:15:58:45 -0400] "GET /product-similar-image/?3491610345 HTTP/1.1" 404 236 "-" "Mozilla/5.0 (Linux; Android 6.0.1; Nexus 5X Build/MMB29P) AppleWebKit/537.36 (KHTML, like Gecko) Chrome/150.0.7871.128 Mobile Safari/537.36 (compatible; Googlebot/2.1; +http://www.google.com/bot.html)"
74.7.227.189 - - [24/Jul/2026:15:58:59 -0400] "GET /products/95698792260 HTTP/1.1" 404 236 "https://johnsonsharpening.com.jcjack.com/products/15485453331" "Mozilla/5.0 AppleWebKit/537.36 (KHTML, like Gecko; compatible; GPTBot/1.4; +https://openai.com/gptbot)"
66.249.79.128 - - [24/Jul/2026:15:59:06 -0400] "GET /product-similar-image/?17644506189 HTTP/1.1" 404 236 "-" "Mozilla/5.0 (Linux; Android 6.0.1; Nexus 5X Build/MMB29P) AppleWebKit/537.36 (KHTML, like Gecko) Chrome/150.0.7871.128 Mobile Safari/537.36 (compatible; Googlebot/2.1; +http://www.google.com/bot.html)"
66.249.79.139 - - [24/Jul/2026:15:59:28 -0400] "GET /blog/51437320227 HTTP/1.1" 404 236 "-" "Mozilla/5.0 (Linux; Android 6.0.1; Nexus 5X Build/MMB29P) AppleWebKit/537.36 (KHTML, like Gecko) Chrome/150.0.7871.128 Mobile Safari/537.36 (compatible; Googlebot/2.1; +http://www.google.com/bot.html)"
74.7.242.54 - - [24/Jul/2026:15:59:32 -0400] "GET /dba0befe1a477075716ac5270cbca7b8.mp4 HTTP/1.1" 404 236 "http://www.johnsonsharpening.com" "Mozilla/5.0 AppleWebKit/537.36 (KHTML, like Gecko; compatible; GPTBot/1.4; +https://openai.com/gptbot)"
74.7.227.189 - - [24/Jul/2026:16:00:01 -0400] "GET /products/14566303167 HTTP/1.1" 404 236 "https://johnsonsharpening.com.jcjack.com/products/22270843142" "Mozilla/5.0 AppleWebKit/537.36 (KHTML, like Gecko; compatible; GPTBot/1.4; +https://openai.com/gptbot)"
66.249.79.128 - - [24/Jul/2026:16:00:32 -0400] "GET /blog/5029848464 HTTP/1.1" 404 236 "-" "Mozilla/5.0 (Linux; Android 6.0.1; Nexus 5X Build/MMB29P) AppleWebKit/537.36 (KHTML, like Gecko) Chrome/150.0.7871.128 Mobile Safari/537.36 (compatible; Googlebot/2.1; +http://www.google.com/bot.html)"
74.7.242.54 - - [24/Jul/2026:16:00:35 -0400] "GET /4924ebdd8ae91defd459d064e0e01b0c.mp4 HTTP/1.1" 404 236 "http://www.johnsonsharpening.com" "Mozilla/5.0 AppleWebKit/537.36 (KHTML, like Gecko; compatible; GPTBot/1.4; +https://openai.com/gptbot)"
74.7.227.189 - - [24/Jul/2026:16:01:07 -0400] "GET /products/70099119546 HTTP/1.1" 404 236 "https://johnsonsharpening.com.jcjack.com/products/21573019498" "Mozilla/5.0 AppleWebKit/537.36 (KHTML, like Gecko; compatible; GPTBot/1.4; +https://openai.com/gptbot)"
69.171.231.18 - - [24/Jul/2026:16:01:12 -0400] "GET /robots.txt HTTP/1.1" 404 236 "-" "facebookexternalhit/1.1 (+http://www.facebook.com/externalhit_uatext.php)"
66.249.79.138 - - [24/Jul/2026:16:01:14 -0400] "GET /blog/78264607751 HTTP/1.1" 404 236 "-" "Mozilla/5.0 (Linux; Android 6.0.1; Nexus 5X Build/MMB29P) AppleWebKit/537.36 (KHTML, like Gecko) Chrome/150.0.7871.128 Mobile Safari/537.36 (compatible; Googlebot/2.1; +http://www.google.com/bot.html)"
43.130.139.136 - - [24/Jul/2026:16:01:29 -0400] "GET /assets/?C=N;O=D HTTP/1.1" 200 812 "-" "Mozilla/5.0 (iPhone; CPU iPhone OS 13_2_3 like Mac OS X) AppleWebKit/605.1.15 (KHTML, like Gecko) Version/13.0.3 Mobile/15E148 Safari/604.1"
74.7.242.54 - - [24/Jul/2026:16:01:39 -0400] "GET /eb15cac01a56bdeb629741ac6985cd1e.mp4 HTTP/1.1" 404 236 "https://johnsonsharpening.com.jcjack.com" "Mozilla/5.0 AppleWebKit/537.36 (KHTML, like Gecko; compatible; GPTBot/1.4; +https://openai.com/gptbot)"
66.249.79.139 - - [24/Jul/2026:16:01:56 -0400] "GET /blog/93649804132 HTTP/1.1" 404 236 "-" "Mozilla/5.0 (Linux; Android 6.0.1; Nexus 5X Build/MMB29P) AppleWebKit/537.36 (KHTML, like Gecko) Chrome/150.0.7871.128 Mobile Safari/537.36 (compatible; Googlebot/2.1; +http://www.google.com/bot.html)"
102.0.17.100 - - [24/Jul/2026:16:01:58 -0400] "GET /category/new/?id=53341859492 HTTP/1.1" 404 236 "https://www.johnsonsharpening.com/category/new/?id=59746552092" "Mozilla/5.0 (Linux; Android 13; OPPO PCLM1) AppleWebKit/537.36 (KHTML, like Gecko) Chrome/150.0.5931.1 Mobile Safari/537.36 MicroMessenger/8.0.32(0x18001B3F) NetType/WIFI Language/zh_CN"
74.7.227.189 - - [24/Jul/2026:16:02:11 -0400] "GET /products/65401716583 HTTP/1.1" 404 236 "https://johnsonsharpening.com.jcjack.com/products/7158277154" "Mozilla/5.0 AppleWebKit/537.36 (KHTML, like Gecko; compatible; GPTBot/1.4; +https://openai.com/gptbot)"
138.197.130.244 - - [24/Jul/2026:16:02:26 -0400] "GET / HTTP/1.1" 404 555 "-" "Mozilla/5.0 (X11; Linux x86_64) AppleWebKit/537.36 (KHTML, like Gecko) Chrome/142.0.0.0 Safari/537.36"
138.197.130.244 - - [24/Jul/2026:16:02:27 -0400] "GET /favicon.ico HTTP/1.1" 404 555 "https://autodiscover.johnsonsharpening.com/" "Mozilla/5.0 (X11; Linux x86_64) AppleWebKit/537.36 (KHTML, like Gecko) Chrome/142.0.0.0 Safari/537.36"
104.210.140.138 - - [24/Jul/2026:16:02:35 -0400] "GET /robots.txt HTTP/1.1" 404 236 "-" "Mozilla/5.0 (Macintosh; Intel Mac OS X 10_15_7) AppleWebKit/537.36 (KHTML, like Gecko) Chrome/131.0.0.0 Safari/537.36; compatible; OAI-SearchBot/1.0; +https://openai.com/searchbot"
104.210.140.143 - - [24/Jul/2026:16:02:35 -0400] "GET /robots.txt HTTP/1.1" 404 236 "-" "Mozilla/5.0 (Macintosh; Intel Mac OS X 10_15_7) AppleWebKit/537.36 (KHTML, like Gecko) Chrome/131.0.0.0 Safari/537.36; compatible; OAI-SearchBot/1.0; +https://openai.com/searchbot"
74.7.242.54 - - [24/Jul/2026:16:02:41 -0400] "GET /fd35dbeccb978145b896fda70bd6007e.mp4 HTTP/1.1" 404 236 "https://johnsonsharpening.com.jcjack.com" "Mozilla/5.0 AppleWebKit/537.36 (KHTML, like Gecko; compatible; GPTBot/1.4; +https://openai.com/gptbot)"
66.249.79.128 - - [24/Jul/2026:16:02:59 -0400] "GET /blog/42441010712 HTTP/1.1" 404 236 "-" "Mozilla/5.0 (Linux; Android 6.0.1; Nexus 5X Build/MMB29P) AppleWebKit/537.36 (KHTML, like Gecko) Chrome/150.0.7871.128 Mobile Safari/537.36 (compatible; Googlebot/2.1; +http://www.google.com/bot.html)"
74.7.227.189 - - [24/Jul/2026:16:03:12 -0400] "GET /products/79422317918 HTTP/1.1" 404 236 "https://johnsonsharpening.com.jcjack.com/products/90824556376" "Mozilla/5.0 AppleWebKit/537.36 (KHTML, like Gecko; compatible; GPTBot/1.4; +https://openai.com/gptbot)"
66.249.79.128 - - [24/Jul/2026:16:03:21 -0400] "GET /productSearch/pictureSearch?id=61513117277 HTTP/1.1" 404 236 "-" "Mozilla/5.0 (Linux; Android 6.0.1; Nexus 5X Build/MMB29P) AppleWebKit/537.36 (KHTML, like Gecko) Chrome/150.0.7871.128 Mobile Safari/537.36 (compatible; Googlebot/2.1; +http://www.google.com/bot.html)"
45.4.85.15 - - [24/Jul/2026:16:03:21 -0400] "GET /category/listing/40548151730 HTTP/1.1" 404 236 "https://www.johnsonsharpening.com/category/listing/56588560901" "Mozilla/5.0 (Linux; Android 14; V2181) AppleWebKit/537.36 (KHTML, like Gecko) Chrome/152.0.5147.57 Mobile Safari/537.36"
66.249.79.138 - - [24/Jul/2026:16:03:42 -0400] "GET /blog/89927664464 HTTP/1.1" 404 236 "-" "Mozilla/5.0 (Linux; Android 6.0.1; Nexus 5X Build/MMB29P) AppleWebKit/537.36 (KHTML, like Gecko) Chrome/150.0.7871.128 Mobile Safari/537.36 (compatible; Googlebot/2.1; +http://www.google.com/bot.html)"
74.7.242.54 - - [24/Jul/2026:16:03:46 -0400] "GET /5f72be6bcfdbaac68f087dfa84464433.mp4 HTTP/1.1" 404 236 "http://www.johnsonsharpening.com" "Mozilla/5.0 AppleWebKit/537.36 (KHTML, like Gecko; compatible; GPTBot/1.4; +https://openai.com/gptbot)"
74.7.227.189 - - [24/Jul/2026:16:04:14 -0400] "GET /products/92518788458 HTTP/1.1" 404 236 "https://johnsonsharpening.com.jcjack.com/products/3393238226" "Mozilla/5.0 AppleWebKit/537.36 (KHTML, like Gecko; compatible; GPTBot/1.4; +https://openai.com/gptbot)"
66.249.79.138 - - [24/Jul/2026:16:04:24 -0400] "GET /product-similar-image/?11089653574 HTTP/1.1" 404 236 "-" "Mozilla/5.0 (Linux; Android 6.0.1; Nexus 5X Build/MMB29P) AppleWebKit/537.36 (KHTML, like Gecko) Chrome/150.0.7871.128 Mobile Safari/537.36 (compatible; Googlebot/2.1; +http://www.google.com/bot.html)"
74.7.242.54 - - [24/Jul/2026:16:04:48 -0400] "GET /101824abfc2d10feab31bf61aac5152d.mp4 HTTP/1.1" 404 236 "https://mail.johnsonsharpening.com" "Mozilla/5.0 AppleWebKit/537.36 (KHTML, like Gecko; compatible; GPTBot/1.4; +https://openai.com/gptbot)"
66.249.79.138 - - [24/Jul/2026:16:05:13 -0400] "GET /product-similar-image/?52569292450 HTTP/1.1" 404 236 "-" "Mozilla/5.0 (Linux; Android 6.0.1; Nexus 5X Build/MMB29P) AppleWebKit/537.36 (KHTML, like Gecko) Chrome/150.0.7871.128 Mobile Safari/537.36 (compatible; Googlebot/2.1; +http://www.google.com/bot.html)"
66.249.79.138 - - [24/Jul/2026:16:05:14 -0400] "GET /user/profile/?uid=58670216053 HTTP/1.1" 404 236 "-" "Mozilla/5.0 (Linux; Android 6.0.1; Nexus 5X Build/MMB29P) AppleWebKit/537.36 (KHTML, like Gecko) Chrome/150.0.7871.128 Mobile Safari/537.36 (compatible; Googlebot/2.1; +http://www.google.com/bot.html)"
74.7.227.189 - - [24/Jul/2026:16:05:18 -0400] "GET /products/19410100266 HTTP/1.1" 404 236 "https://johnsonsharpening.com.jcjack.com/products/2510208655" "Mozilla/5.0 AppleWebKit/537.36 (KHTML, like Gecko; compatible; GPTBot/1.4; +https://openai.com/gptbot)"
74.7.242.54 - - [24/Jul/2026:16:05:51 -0400] "GET /78ebab1acdb21168bba68f0f1f80b872.mp4 HTTP/1.1" 404 236 "https://johnsonsharpening.com/user/profile/?uid=38027882139" "Mozilla/5.0 AppleWebKit/537.36 (KHTML, like Gecko; compatible; GPTBot/1.4; +https://openai.com/gptbot)"
66.249.79.128 - - [24/Jul/2026:16:06:11 -0400] "GET /shop/manufacturer-site?&transition=top17717467043 HTTP/1.1" 404 236 "-" "Mozilla/5.0 (Linux; Android 6.0.1; Nexus 5X Build/MMB29P) AppleWebKit/537.36 (KHTML, like Gecko) Chrome/150.0.7871.128 Mobile Safari/537.36 (compatible; Googlebot/2.1; +http://www.google.com/bot.html)"
74.7.227.189 - - [24/Jul/2026:16:06:24 -0400] "GET /products/49218834358 HTTP/1.1" 404 236 "https://johnsonsharpening.com.jcjack.com/products/3085704890" "Mozilla/5.0 AppleWebKit/537.36 (KHTML, like Gecko; compatible; GPTBot/1.4; +https://openai.com/gptbot)"
66.249.79.139 - - [24/Jul/2026:16:06:32 -0400] "GET /imagesearch/?k=12159242886 HTTP/1.1" 404 236 "-" "Mozilla/5.0 (Linux; Android 6.0.1; Nexus 5X Build/MMB29P) AppleWebKit/537.36 (KHTML, like Gecko) Chrome/150.0.7871.128 Mobile Safari/537.36 (compatible; Googlebot/2.1; +http://www.google.com/bot.html)"
66.249.79.138 - - [24/Jul/2026:16:06:53 -0400] "GET /user/profile/?uid=35243304165 HTTP/1.1" 404 236 "-" "Mozilla/5.0 (Linux; Android 6.0.1; Nexus 5X Build/MMB29P) AppleWebKit/537.36 (KHTML, like Gecko) Chrome/150.0.7871.128 Mobile Safari/537.36 (compatible; Googlebot/2.1; +http://www.google.com/bot.html)"
74.7.242.54 - - [24/Jul/2026:16:06:54 -0400] "GET /3de6efc3b91d8b43d1763ad24fbf8b06.mp4 HTTP/1.1" 404 236 "http://www.johnsonsharpening.com" "Mozilla/5.0 AppleWebKit/537.36 (KHTML, like Gecko; compatible; GPTBot/1.4; +https://openai.com/gptbot)"
74.7.227.189 - - [24/Jul/2026:16:07:30 -0400] "GET /products/82946331809 HTTP/1.1" 404 236 "https://johnsonsharpening.com.jcjack.com/products/3487054106" "Mozilla/5.0 AppleWebKit/537.36 (KHTML, like Gecko; compatible; GPTBot/1.4; +https://openai.com/gptbot)"
66.249.79.138 - - [24/Jul/2026:16:07:36 -0400] "GET /blog/22199010272 HTTP/1.1" 404 236 "-" "Mozilla/5.0 (Linux; Android 6.0.1; Nexus 5X Build/MMB29P) AppleWebKit/537.36 (KHTML, like Gecko) Chrome/150.0.7871.128 Mobile Safari/537.36 (compatible; Googlebot/2.1; +http://www.google.com/bot.html)"
123.97.16.52 - - [24/Jul/2026:16:07:52 -0400] "GET / HTTP/1.1" 200 657 "https://johnsonsharpening.com/" "Mozilla/5.0 (Windows NT 6.1; WOW64) AppleWebKit/537.36 (KHTML, like Gecko) Chrome/50.0.2661.102 Safari/537.36"
74.7.242.54 - - [24/Jul/2026:16:07:55 -0400] "GET /0ad6c275bb77846b2a5fbbe4b2589ada.mp4 HTTP/1.1" 404 236 "https://johnsonsharpening.com/user/profile/?uid=67934076940" "Mozilla/5.0 AppleWebKit/537.36 (KHTML, like Gecko; compatible; GPTBot/1.4; +https://openai.com/gptbot)"
40.77.167.149 - - [24/Jul/2026:16:08:00 -0400] "GET /products/77449794840 HTTP/1.1" 404 236 "-" "Mozilla/5.0 AppleWebKit/537.36 (KHTML, like Gecko; compatible; bingbot/2.0; +http://www.bing.com/bingbot.htm) Chrome/116.0.1938.76 Safari/537.36"
66.249.79.138 - - [24/Jul/2026:16:08:18 -0400] "GET /product-similar-image/?70183059190 HTTP/1.1" 404 236 "-" "Mozilla/5.0 (Linux; Android 6.0.1; Nexus 5X Build/MMB29P) AppleWebKit/537.36 (KHTML, like Gecko) Chrome/150.0.7871.128 Mobile Safari/537.36 (compatible; Googlebot/2.1; +http://www.google.com/bot.html)"
66.249.79.139 - - [24/Jul/2026:16:08:19 -0400] "GET /shop/manufacturer-site?&transition=top13956773798 HTTP/1.1" 404 236 "-" "Mozilla/5.0 (Linux; Android 6.0.1; Nexus 5X Build/MMB29P) AppleWebKit/537.36 (KHTML, like Gecko) Chrome/150.0.7871.128 Mobile Safari/537.36 (compatible; Googlebot/2.1; +http://www.google.com/bot.html)"
74.7.227.189 - - [24/Jul/2026:16:08:35 -0400] "GET /products/20520864815 HTTP/1.1" 404 236 "https://johnsonsharpening.com.jcjack.com/products/15466344456" "Mozilla/5.0 AppleWebKit/537.36 (KHTML, like Gecko; compatible; GPTBot/1.4; +https://openai.com/gptbot)"
66.249.79.138 - - [24/Jul/2026:16:08:39 -0400] "GET /shop/manufacturer-site?&transition=top98361639236 HTTP/1.1" 404 236 "-" "Mozilla/5.0 (Linux; Android 6.0.1; Nexus 5X Build/MMB29P) AppleWebKit/537.36 (KHTML, like Gecko) Chrome/150.0.7871.128 Mobile Safari/537.36 (compatible; Googlebot/2.1; +http://www.google.com/bot.html)"
