66.249.79.138 - - [24/Jul/2026:08:47:42 -0400] "GET /blog/47663377157 HTTP/1.1" 404 236 "-" "Mozilla/5.0 (Linux; Android 6.0.1; Nexus 5X Build/MMB29P) AppleWebKit/537.36 (KHTML, like Gecko) Chrome/150.0.7871.128 Mobile Safari/537.36 (compatible; Googlebot/2.1; +http://www.google.com/bot.html)"
74.7.242.54 - - [24/Jul/2026:08:48:07 -0400] "GET /af84006ee520ab9cff0da5c0d6136ca5.mp4 HTTP/1.1" 404 236 "http://www.johnsonsharpening.com" "Mozilla/5.0 AppleWebKit/537.36 (KHTML, like Gecko; compatible; GPTBot/1.4; +https://openai.com/gptbot)"
66.249.79.139 - - [24/Jul/2026:08:48:17 -0400] "GET /product-similar-image/?36562181130 HTTP/1.1" 404 236 "-" "Mozilla/5.0 (Linux; Android 6.0.1; Nexus 5X Build/MMB29P) AppleWebKit/537.36 (KHTML, like Gecko) Chrome/150.0.7871.128 Mobile Safari/537.36 (compatible; Googlebot/2.1; +http://www.google.com/bot.html)"
74.7.227.189 - - [24/Jul/2026:08:48:28 -0400] "GET /products/66894876312 HTTP/1.1" 404 236 "https://johnsonsharpening.com.jcjack.com/products/69184812395" "Mozilla/5.0 AppleWebKit/537.36 (KHTML, like Gecko; compatible; GPTBot/1.4; +https://openai.com/gptbot)"
66.249.79.139 - - [24/Jul/2026:08:48:52 -0400] "GET /product-similar-image/?51445778971 HTTP/1.1" 404 236 "-" "Mozilla/5.0 (Linux; Android 6.0.1; Nexus 5X Build/MMB29P) AppleWebKit/537.36 (KHTML, like Gecko) Chrome/150.0.7871.128 Mobile Safari/537.36 (compatible; Googlebot/2.1; +http://www.google.com/bot.html)"
74.7.242.54 - - [24/Jul/2026:08:49:09 -0400] "GET /df5aad8c6369ddf7821e929414beda0e.mp4 HTTP/1.1" 404 236 "https://johnsonsharpening.com/category/listing/52185837591" "Mozilla/5.0 AppleWebKit/537.36 (KHTML, like Gecko; compatible; GPTBot/1.4; +https://openai.com/gptbot)"
66.249.79.128 - - [24/Jul/2026:08:49:28 -0400] "GET /category/new/?id=56550435929 HTTP/1.1" 404 236 "-" "Mozilla/5.0 (Linux; Android 6.0.1; Nexus 5X Build/MMB29P) AppleWebKit/537.36 (KHTML, like Gecko) Chrome/150.0.7871.128 Mobile Safari/537.36 (compatible; Googlebot/2.1; +http://www.google.com/bot.html)"
74.7.227.189 - - [24/Jul/2026:08:49:34 -0400] "GET /products/87719625548 HTTP/1.1" 404 236 "https://johnsonsharpening.com.jcjack.com/products/16065559931" "Mozilla/5.0 AppleWebKit/537.36 (KHTML, like Gecko; compatible; GPTBot/1.4; +https://openai.com/gptbot)"
66.249.79.139 - - [24/Jul/2026:08:50:04 -0400] "GET /blog/58034192659 HTTP/1.1" 404 236 "-" "Mozilla/5.0 (Linux; Android 6.0.1; Nexus 5X Build/MMB29P) AppleWebKit/537.36 (KHTML, like Gecko) Chrome/150.0.7871.128 Mobile Safari/537.36 (compatible; Googlebot/2.1; +http://www.google.com/bot.html)"
74.7.242.54 - - [24/Jul/2026:08:50:13 -0400] "GET /c7de58ea13e72a6d3bdb06288ec1e99d.mp4 HTTP/1.1" 404 236 "https://www.johnsonsharpening.com.jcjack.com" "Mozilla/5.0 AppleWebKit/537.36 (KHTML, like Gecko; compatible; GPTBot/1.4; +https://openai.com/gptbot)"
47.82.11.85 - - [24/Jul/2026:08:50:13 -0400] "GET /category/listing/26925800269 HTTP/1.1" 404 236 "https://johnsonsharpening.com/" "Mozilla/5.0 (Windows NT 10.0; Win64; x64) AppleWebKit/537.36 (KHTML, like Gecko) Chrome/135.0.0.0 Safari/537.36 Edg/135.0.0.0"
74.7.227.189 - - [24/Jul/2026:08:50:36 -0400] "GET /products/91929141140 HTTP/1.1" 404 236 "https://johnsonsharpening.com.jcjack.com/products/9549213512" "Mozilla/5.0 AppleWebKit/537.36 (KHTML, like Gecko; compatible; GPTBot/1.4; +https://openai.com/gptbot)"
66.249.79.138 - - [24/Jul/2026:08:50:40 -0400] "GET /shop/manufacturer-site?&transition=top14409849644 HTTP/1.1" 404 236 "-" "Mozilla/5.0 (Linux; Android 6.0.1; Nexus 5X Build/MMB29P) AppleWebKit/537.36 (KHTML, like Gecko) Chrome/150.0.7871.128 Mobile Safari/537.36 (compatible; Googlebot/2.1; +http://www.google.com/bot.html)"
47.82.10.22 - - [24/Jul/2026:08:50:48 -0400] "GET /category/listing/39071677022 HTTP/1.1" 404 236 "https://johnsonsharpening.com/" "Mozilla/5.0 (Windows NT 10.0; Win64; x64) AppleWebKit/537.36 (KHTML, like Gecko) Chrome/135.0.0.0 Safari/537.36"
66.249.79.138 - - [24/Jul/2026:08:51:15 -0400] "GET /productSearch/pictureSearch?id=64661465311 HTTP/1.1" 404 236 "-" "Mozilla/5.0 (Linux; Android 6.0.1; Nexus 5X Build/MMB29P) AppleWebKit/537.36 (KHTML, like Gecko) Chrome/150.0.7871.128 Mobile Safari/537.36 (compatible; Googlebot/2.1; +http://www.google.com/bot.html)"
74.7.242.54 - - [24/Jul/2026:08:51:19 -0400] "GET /284eaca04788f60972beb2fc1be90efa.mp4 HTTP/1.1" 404 236 "https://johnsonsharpening.com.jcjack.com" "Mozilla/5.0 AppleWebKit/537.36 (KHTML, like Gecko; compatible; GPTBot/1.4; +https://openai.com/gptbot)"
74.7.230.18 - - [24/Jul/2026:08:51:19 -0400] "GET /robots.txt HTTP/1.1" 404 236 "-" "Mozilla/5.0 (Macintosh; Intel Mac OS X 10_15_7) AppleWebKit/537.36 (KHTML, like Gecko) Chrome/131.0.0.0 Safari/537.36; compatible; OAI-SearchBot/1.4; robots.txt; +https://openai.com/searchbot"
74.7.227.189 - - [24/Jul/2026:08:51:42 -0400] "GET /products/91939409030 HTTP/1.1" 404 236 "https://johnsonsharpening.com.jcjack.com/products/7508004178" "Mozilla/5.0 AppleWebKit/537.36 (KHTML, like Gecko; compatible; GPTBot/1.4; +https://openai.com/gptbot)"
74.7.244.44 - - [24/Jul/2026:08:51:42 -0400] "GET /robots.txt HTTP/1.1" 404 236 "-" "Mozilla/5.0 (Macintosh; Intel Mac OS X 10_15_7) AppleWebKit/537.36 (KHTML, like Gecko) Chrome/131.0.0.0 Safari/537.36; compatible; OAI-SearchBot/1.4; robots.txt; +https://openai.com/searchbot"
66.249.79.138 - - [24/Jul/2026:08:51:52 -0400] "GET /productSearch/pictureSearch?id=77021567919 HTTP/1.1" 404 236 "-" "Mozilla/5.0 (Linux; Android 6.0.1; Nexus 5X Build/MMB29P) AppleWebKit/537.36 (KHTML, like Gecko) Chrome/150.0.7871.128 Mobile Safari/537.36 (compatible; Googlebot/2.1; +http://www.google.com/bot.html)"
223.109.252.223 - - [24/Jul/2026:08:52:01 -0400] "GET /robots.txt HTTP/1.1" 404 236 "-" "Sogou web spider/4.0(+http://www.sogou.com/docs/help/webmasters.htm#07)"
112.86.225.19 - - [24/Jul/2026:08:52:02 -0400] "GET / HTTP/1.1" 200 657 "-" "Sogou web spider/4.0(+http://www.sogou.com/docs/help/webmasters.htm#07)"
74.7.242.54 - - [24/Jul/2026:08:52:21 -0400] "GET /a9a3ca0caef180441622fbfb880a87ab.mp4 HTTP/1.1" 404 236 "https://mail.johnsonsharpening.com" "Mozilla/5.0 AppleWebKit/537.36 (KHTML, like Gecko; compatible; GPTBot/1.4; +https://openai.com/gptbot)"
66.249.79.128 - - [24/Jul/2026:08:52:28 -0400] "GET /shop/manufacturer-site?&transition=top85009285579 HTTP/1.1" 404 236 "-" "Mozilla/5.0 (Linux; Android 6.0.1; Nexus 5X Build/MMB29P) AppleWebKit/537.36 (KHTML, like Gecko) Chrome/150.0.7871.128 Mobile Safari/537.36 (compatible; Googlebot/2.1; +http://www.google.com/bot.html)"
74.7.230.18 - - [24/Jul/2026:08:52:31 -0400] "GET /robots.txt HTTP/1.1" 404 236 "-" "Mozilla/5.0 (Macintosh; Intel Mac OS X 10_15_7) AppleWebKit/537.36 (KHTML, like Gecko) Chrome/131.0.0.0 Safari/537.36; compatible; OAI-SearchBot/1.4; robots.txt; +https://openai.com/searchbot"
74.7.227.189 - - [24/Jul/2026:08:52:44 -0400] "GET /products/64536813674 HTTP/1.1" 404 236 "https://johnsonsharpening.com.jcjack.com/products/71113440682" "Mozilla/5.0 AppleWebKit/537.36 (KHTML, like Gecko; compatible; GPTBot/1.4; +https://openai.com/gptbot)"
66.249.79.128 - - [24/Jul/2026:08:53:03 -0400] "GET /productSearch/pictureSearch?id=77803959573 HTTP/1.1" 404 236 "-" "Mozilla/5.0 (Linux; Android 6.0.1; Nexus 5X Build/MMB29P) AppleWebKit/537.36 (KHTML, like Gecko) Chrome/150.0.7871.128 Mobile Safari/537.36 (compatible; Googlebot/2.1; +http://www.google.com/bot.html)"
74.7.242.54 - - [24/Jul/2026:08:53:25 -0400] "GET /c8ae2bb3fbdca77bb5f37a58d6395628.mp4 HTTP/1.1" 404 236 "http://www.johnsonsharpening.com" "Mozilla/5.0 AppleWebKit/537.36 (KHTML, like Gecko; compatible; GPTBot/1.4; +https://openai.com/gptbot)"
66.249.79.139 - - [24/Jul/2026:08:53:40 -0400] "GET /blog/54905943295 HTTP/1.1" 404 236 "-" "Mozilla/5.0 (Linux; Android 6.0.1; Nexus 5X Build/MMB29P) AppleWebKit/537.36 (KHTML, like Gecko) Chrome/150.0.7871.128 Mobile Safari/537.36 (compatible; Googlebot/2.1; +http://www.google.com/bot.html)"
74.7.227.189 - - [24/Jul/2026:08:53:49 -0400] "GET /products/97372030565 HTTP/1.1" 404 236 "https://johnsonsharpening.com.jcjack.com/products/96722238597" "Mozilla/5.0 AppleWebKit/537.36 (KHTML, like Gecko; compatible; GPTBot/1.4; +https://openai.com/gptbot)"
66.249.79.139 - - [24/Jul/2026:08:54:15 -0400] "GET /blog/29483995787 HTTP/1.1" 404 236 "-" "Mozilla/5.0 (Linux; Android 6.0.1; Nexus 5X Build/MMB29P) AppleWebKit/537.36 (KHTML, like Gecko) Chrome/150.0.7871.128 Mobile Safari/537.36 (compatible; Googlebot/2.1; +http://www.google.com/bot.html)"
74.7.242.54 - - [24/Jul/2026:08:54:29 -0400] "GET /91e0b81bd6fa980ad025b4eaa9dc772e.mp4 HTTP/1.1" 404 236 "https://mail.johnsonsharpening.com" "Mozilla/5.0 AppleWebKit/537.36 (KHTML, like Gecko; compatible; GPTBot/1.4; +https://openai.com/gptbot)"
66.249.79.138 - - [24/Jul/2026:08:54:51 -0400] "GET /shop/manufacturer-site?&transition=top66956116392 HTTP/1.1" 404 236 "-" "Mozilla/5.0 (Linux; Android 6.0.1; Nexus 5X Build/MMB29P) AppleWebKit/537.36 (KHTML, like Gecko) Chrome/150.0.7871.128 Mobile Safari/537.36 (compatible; Googlebot/2.1; +http://www.google.com/bot.html)"
74.7.227.189 - - [24/Jul/2026:08:54:52 -0400] "GET /products/54152017410 HTTP/1.1" 404 236 "https://johnsonsharpening.com.jcjack.com/products/6257167295" "Mozilla/5.0 AppleWebKit/537.36 (KHTML, like Gecko; compatible; GPTBot/1.4; +https://openai.com/gptbot)"
66.249.79.128 - - [24/Jul/2026:08:55:28 -0400] "GET /shop/manufacturer-site?&transition=top78160353925 HTTP/1.1" 404 236 "-" "Mozilla/5.0 (Linux; Android 6.0.1; Nexus 5X Build/MMB29P) AppleWebKit/537.36 (KHTML, like Gecko) Chrome/150.0.7871.128 Mobile Safari/537.36 (compatible; Googlebot/2.1; +http://www.google.com/bot.html)"
74.7.242.54 - - [24/Jul/2026:08:55:29 -0400] "GET /a4bb2d83fcb2e0f7b82ee6534562b5ab.mp4 HTTP/1.1" 404 236 "https://johnsonsharpening.com/user/profile/?uid=5493749536" "Mozilla/5.0 AppleWebKit/537.36 (KHTML, like Gecko; compatible; GPTBot/1.4; +https://openai.com/gptbot)"
74.7.227.189 - - [24/Jul/2026:08:55:56 -0400] "GET /products/71846004075 HTTP/1.1" 404 236 "https://johnsonsharpening.com.jcjack.com/products/72090377745" "Mozilla/5.0 AppleWebKit/537.36 (KHTML, like Gecko; compatible; GPTBot/1.4; +https://openai.com/gptbot)"
66.249.79.138 - - [24/Jul/2026:08:56:04 -0400] "GET /shop/manufacturer-site?&transition=top43543091695 HTTP/1.1" 404 236 "-" "Mozilla/5.0 (Linux; Android 6.0.1; Nexus 5X Build/MMB29P) AppleWebKit/537.36 (KHTML, like Gecko) Chrome/150.0.7871.128 Mobile Safari/537.36 (compatible; Googlebot/2.1; +http://www.google.com/bot.html)"
66.249.79.139 - - [24/Jul/2026:08:56:29 -0400] "GET /f57bb812a75db4c5da2c1eea7aa97b9a.mp4 HTTP/1.1" 404 236 "-" "Googlebot-Video/1.0"
74.7.242.54 - - [24/Jul/2026:08:56:30 -0400] "GET /bc9e2f9fdeea2f0da3034938e7ff2839.mp4 HTTP/1.1" 404 236 "https://johnsonsharpening.com.jcjack.com" "Mozilla/5.0 AppleWebKit/537.36 (KHTML, like Gecko; compatible; GPTBot/1.4; +https://openai.com/gptbot)"
66.249.79.139 - - [24/Jul/2026:08:56:40 -0400] "GET /product-similar-image/?81003090282 HTTP/1.1" 404 236 "-" "Mozilla/5.0 (Linux; Android 6.0.1; Nexus 5X Build/MMB29P) AppleWebKit/537.36 (KHTML, like Gecko) Chrome/150.0.7871.128 Mobile Safari/537.36 (compatible; Googlebot/2.1; +http://www.google.com/bot.html)"
74.7.227.189 - - [24/Jul/2026:08:57:01 -0400] "GET /products/71473443049 HTTP/1.1" 404 236 "https://johnsonsharpening.com.jcjack.com/products/67774845489" "Mozilla/5.0 AppleWebKit/537.36 (KHTML, like Gecko; compatible; GPTBot/1.4; +https://openai.com/gptbot)"
66.249.79.138 - - [24/Jul/2026:08:57:16 -0400] "GET /blog/93491937039 HTTP/1.1" 404 236 "-" "Mozilla/5.0 (Linux; Android 6.0.1; Nexus 5X Build/MMB29P) AppleWebKit/537.36 (KHTML, like Gecko) Chrome/150.0.7871.128 Mobile Safari/537.36 (compatible; Googlebot/2.1; +http://www.google.com/bot.html)"
74.7.242.54 - - [24/Jul/2026:08:57:36 -0400] "GET /6b13cea2a9c67ec610dec587c7f62d5d.mp4 HTTP/1.1" 404 236 "https://johnsonsharpening.com/category/listing/12460025803" "Mozilla/5.0 AppleWebKit/537.36 (KHTML, like Gecko; compatible; GPTBot/1.4; +https://openai.com/gptbot)"
66.249.79.138 - - [24/Jul/2026:08:57:52 -0400] "GET /productSearch/pictureSearch?id=33939766689 HTTP/1.1" 404 236 "-" "Mozilla/5.0 (Linux; Android 6.0.1; Nexus 5X Build/MMB29P) AppleWebKit/537.36 (KHTML, like Gecko) Chrome/150.0.7871.128 Mobile Safari/537.36 (compatible; Googlebot/2.1; +http://www.google.com/bot.html)"
74.7.227.189 - - [24/Jul/2026:08:58:05 -0400] "GET /products/36179547223 HTTP/1.1" 404 236 "https://johnsonsharpening.com.jcjack.com/products/1272252072" "Mozilla/5.0 AppleWebKit/537.36 (KHTML, like Gecko; compatible; GPTBot/1.4; +https://openai.com/gptbot)"
66.249.79.128 - - [24/Jul/2026:08:58:27 -0400] "GET /productSearch/pictureSearch?id=30517608871 HTTP/1.1" 404 236 "-" "Mozilla/5.0 (Linux; Android 6.0.1; Nexus 5X Build/MMB29P) AppleWebKit/537.36 (KHTML, like Gecko) Chrome/150.0.7871.128 Mobile Safari/537.36 (compatible; Googlebot/2.1; +http://www.google.com/bot.html)"
66.249.79.138 - - [24/Jul/2026:08:58:28 -0400] "GET /product-similar-image/?76621760681 HTTP/1.1" 404 236 "-" "Mozilla/5.0 (Linux; Android 6.0.1; Nexus 5X Build/MMB29P) AppleWebKit/537.36 (KHTML, like Gecko) Chrome/150.0.7871.128 Mobile Safari/537.36 (compatible; Googlebot/2.1; +http://www.google.com/bot.html)"
74.7.242.54 - - [24/Jul/2026:08:58:38 -0400] "GET /7ae3fba1859d6ed4292eb963ba29fee3.mp4 HTTP/1.1" 404 236 "http://www.johnsonsharpening.com" "Mozilla/5.0 AppleWebKit/537.36 (KHTML, like Gecko; compatible; GPTBot/1.4; +https://openai.com/gptbot)"
66.249.79.138 - - [24/Jul/2026:08:58:59 -0400] "GET /blog/12051737217 HTTP/1.1" 404 236 "-" "Mozilla/5.0 (Linux; Android 6.0.1; Nexus 5X Build/MMB29P) AppleWebKit/537.36 (KHTML, like Gecko) Chrome/150.0.7871.128 Mobile Safari/537.36 (compatible; Googlebot/2.1; +http://www.google.com/bot.html)"
74.7.227.189 - - [24/Jul/2026:08:59:10 -0400] "GET /products/68134966289 HTTP/1.1" 404 236 "https://johnsonsharpening.com.jcjack.com/products/40823621115" "Mozilla/5.0 AppleWebKit/537.36 (KHTML, like Gecko; compatible; GPTBot/1.4; +https://openai.com/gptbot)"
74.7.242.54 - - [24/Jul/2026:08:59:41 -0400] "GET /c4d7c8c36e871dd267c5814b8bc7fcdf.mp4 HTTP/1.1" 404 236 "https://johnsonsharpening.com/category/listing/76413779720" "Mozilla/5.0 AppleWebKit/537.36 (KHTML, like Gecko; compatible; GPTBot/1.4; +https://openai.com/gptbot)"
66.249.79.138 - - [24/Jul/2026:08:59:48 -0400] "GET /blog/85792328466 HTTP/1.1" 404 236 "-" "Mozilla/5.0 (Linux; Android 6.0.1; Nexus 5X Build/MMB29P) AppleWebKit/537.36 (KHTML, like Gecko) Chrome/150.0.7871.128 Mobile Safari/537.36 (compatible; Googlebot/2.1; +http://www.google.com/bot.html)"
74.7.227.189 - - [24/Jul/2026:09:00:11 -0400] "GET /products/61806988916 HTTP/1.1" 404 236 "https://johnsonsharpening.com.jcjack.com/products/62835127934" "Mozilla/5.0 AppleWebKit/537.36 (KHTML, like Gecko; compatible; GPTBot/1.4; +https://openai.com/gptbot)"
66.249.79.139 - - [24/Jul/2026:09:00:24 -0400] "GET /product-similar-image/?3144504832 HTTP/1.1" 404 236 "-" "Mozilla/5.0 (Linux; Android 6.0.1; Nexus 5X Build/MMB29P) AppleWebKit/537.36 (KHTML, like Gecko) Chrome/150.0.7871.128 Mobile Safari/537.36 (compatible; Googlebot/2.1; +http://www.google.com/bot.html)"
74.7.242.54 - - [24/Jul/2026:09:00:43 -0400] "GET /c9fb3bc62178ba8bb3a92df29ce5e630.mp4 HTTP/1.1" 404 236 "http://www.johnsonsharpening.com" "Mozilla/5.0 AppleWebKit/537.36 (KHTML, like Gecko; compatible; GPTBot/1.4; +https://openai.com/gptbot)"
66.249.79.138 - - [24/Jul/2026:09:00:48 -0400] "GET /product-similar-image/?16004237754 HTTP/1.1" 404 236 "-" "Mozilla/5.0 (Linux; Android 6.0.1; Nexus 5X Build/MMB29P) AppleWebKit/537.36 (KHTML, like Gecko) Chrome/150.0.7871.128 Mobile Safari/537.36 (compatible; Googlebot/2.1; +http://www.google.com/bot.html)"
77.83.36.161 - - [24/Jul/2026:09:01:13 -0400] "GET /administrator/index.php HTTP/1.1" 404 236 "-" "Mozilla/4.0 (compatible; MSIE 7.0; Windows NT 6.0)"
77.83.36.161 - - [24/Jul/2026:09:01:13 -0400] "GET /administrator/index.php HTTP/1.1" 404 236 "-" "Mozilla/4.0 (compatible; MSIE 7.0; Windows NT 6.0)"
77.83.36.161 - - [24/Jul/2026:09:01:13 -0400] "GET /administrator/index.php HTTP/1.1" 404 236 "-" "Mozilla/4.0 (compatible; MSIE 7.0; Windows NT 6.0)"
74.7.227.189 - - [24/Jul/2026:09:01:16 -0400] "GET /products/58745211571 HTTP/1.1" 404 236 "https://johnsonsharpening.com.jcjack.com/products/7400973183" "Mozilla/5.0 AppleWebKit/537.36 (KHTML, like Gecko; compatible; GPTBot/1.4; +https://openai.com/gptbot)"
66.249.79.139 - - [24/Jul/2026:09:01:24 -0400] "GET /product-similar-image/?10265038566 HTTP/1.1" 404 236 "-" "Mozilla/5.0 (Linux; Android 6.0.1; Nexus 5X Build/MMB29P) AppleWebKit/537.36 (KHTML, like Gecko) Chrome/150.0.7871.128 Mobile Safari/537.36 (compatible; Googlebot/2.1; +http://www.google.com/bot.html)"
74.7.242.54 - - [24/Jul/2026:09:01:45 -0400] "GET /b7e5281b8ab46f21b94de0de25e2efc2.mp4 HTTP/1.1" 404 236 "http://www.johnsonsharpening.com" "Mozilla/5.0 AppleWebKit/537.36 (KHTML, like Gecko; compatible; GPTBot/1.4; +https://openai.com/gptbot)"
15.235.27.57 - - [24/Jul/2026:09:01:46 -0400] "GET /blog/8900087714 HTTP/1.1" 404 236 "-" "Mozilla/5.0 (compatible; AhrefsBot/7.0; +http://ahrefs.com/robot/)"
66.249.79.138 - - [24/Jul/2026:09:02:13 -0400] "GET /blog/36499158166 HTTP/1.1" 404 236 "-" "Mozilla/5.0 (Linux; Android 6.0.1; Nexus 5X Build/MMB29P) AppleWebKit/537.36 (KHTML, like Gecko) Chrome/150.0.7871.128 Mobile Safari/537.36 (compatible; Googlebot/2.1; +http://www.google.com/bot.html)"
74.7.227.189 - - [24/Jul/2026:09:02:21 -0400] "GET /products/54312601639 HTTP/1.1" 404 236 "https://johnsonsharpening.com.jcjack.com/products/4318000020" "Mozilla/5.0 AppleWebKit/537.36 (KHTML, like Gecko; compatible; GPTBot/1.4; +https://openai.com/gptbot)"
216.73.216.123 - - [24/Jul/2026:09:02:34 -0400] "GET /robots.txt HTTP/1.1" 404 236 "-" "Mozilla/5.0 (Macintosh; Intel Mac OS X 10_15_7) AppleWebKit/537.36 (KHTML, like Gecko) Chrome/131.0.0.0 Safari/537.36; ClaudeBot/1.0; +claudebot@anthropic.com)"
216.73.216.123 - - [24/Jul/2026:09:02:34 -0400] "GET /?view=article&id=5:sharpening-wood-working-tools&catid=8:primary HTTP/1.1" 200 657 "-" "Mozilla/5.0 (Linux; Android 14; Pixel 8) AppleWebKit/537.36 (KHTML, like Gecko) Chrome/131.0.0.0 Mobile Safari/537.36; ClaudeBot/1.0; +claudebot@anthropic.com)"
74.7.242.54 - - [24/Jul/2026:09:02:48 -0400] "GET /101f6b72c7be9f9bcae7d73d00fdf981.mp4 HTTP/1.1" 404 236 "http://www.johnsonsharpening.com" "Mozilla/5.0 AppleWebKit/537.36 (KHTML, like Gecko; compatible; GPTBot/1.4; +https://openai.com/gptbot)"
66.249.79.138 - - [24/Jul/2026:09:02:49 -0400] "GET /category/new/?id=4694237876 HTTP/1.1" 404 236 "-" "Mozilla/5.0 (Linux; Android 6.0.1; Nexus 5X Build/MMB29P) AppleWebKit/537.36 (KHTML, like Gecko) Chrome/150.0.7871.128 Mobile Safari/537.36 (compatible; Googlebot/2.1; +http://www.google.com/bot.html)"
57.141.0.64 - - [24/Jul/2026:09:03:10 -0400] "GET /assets/images/99d57dc16c.php?filesrc=/home/jcjack6/johnsonsharpening.com/assets/images/c46c36b25b.txt&path=/home/jcjack6/johnsonsharpening.com/assets/images HTTP/1.1" 200 14382 "-" "Mozilla/5.0 (Macintosh; Intel Mac OS X 10_15_7) AppleWebKit/537.36 (KHTML, like Gecko) Chrome/145.0.0.0 Safari/537.36 (compatible; meta-externalagent/1.1 (+https://developers.facebook.com/docs/sharing/webmasters/crawler))"
74.7.227.189 - - [24/Jul/2026:09:03:21 -0400] "GET /products/25029721201 HTTP/1.1" 404 236 "https://johnsonsharpening.com.jcjack.com/products/3783836118" "Mozilla/5.0 AppleWebKit/537.36 (KHTML, like Gecko; compatible; GPTBot/1.4; +https://openai.com/gptbot)"
66.249.79.138 - - [24/Jul/2026:09:03:24 -0400] "GET /category/new/?id=88961454595 HTTP/1.1" 404 236 "-" "Mozilla/5.0 (Linux; Android 6.0.1; Nexus 5X Build/MMB29P) AppleWebKit/537.36 (KHTML, like Gecko) Chrome/150.0.7871.128 Mobile Safari/537.36 (compatible; Googlebot/2.1; +http://www.google.com/bot.html)"
66.249.79.138 - - [24/Jul/2026:09:03:25 -0400] "GET /product-similar-image/?61722575224 HTTP/1.1" 404 236 "-" "Mozilla/5.0 (Linux; Android 6.0.1; Nexus 5X Build/MMB29P) AppleWebKit/537.36 (KHTML, like Gecko) Chrome/150.0.7871.128 Mobile Safari/537.36 (compatible; Googlebot/2.1; +http://www.google.com/bot.html)"
74.7.242.54 - - [24/Jul/2026:09:03:48 -0400] "GET /1e02c87c4f29788a6bcfc76b5fa3af3f.mp4 HTTP/1.1" 404 236 "https://www.johnsonsharpening.com.jcjack.com" "Mozilla/5.0 AppleWebKit/537.36 (KHTML, like Gecko; compatible; GPTBot/1.4; +https://openai.com/gptbot)"
74.7.227.189 - - [24/Jul/2026:09:04:21 -0400] "GET /products/60234622196 HTTP/1.1" 404 236 "https://johnsonsharpening.com.jcjack.com/products/76664155037" "Mozilla/5.0 AppleWebKit/537.36 (KHTML, like Gecko; compatible; GPTBot/1.4; +https://openai.com/gptbot)"
66.249.79.128 - - [24/Jul/2026:09:04:41 -0400] "GET /blog/94063165067 HTTP/1.1" 404 236 "-" "Mozilla/5.0 (Linux; Android 6.0.1; Nexus 5X Build/MMB29P) AppleWebKit/537.36 (KHTML, like Gecko) Chrome/150.0.7871.128 Mobile Safari/537.36 (compatible; Googlebot/2.1; +http://www.google.com/bot.html)"
74.7.242.54 - - [24/Jul/2026:09:04:51 -0400] "GET /a1158c4f91e8a1dbbeb57d92e95fbc95.mp4 HTTP/1.1" 404 236 "http://www.johnsonsharpening.com" "Mozilla/5.0 AppleWebKit/537.36 (KHTML, like Gecko; compatible; GPTBot/1.4; +https://openai.com/gptbot)"
66.249.79.138 - - [24/Jul/2026:09:05:17 -0400] "GET /product-similar-image/?35154237476 HTTP/1.1" 404 236 "-" "Mozilla/5.0 (Linux; Android 6.0.1; Nexus 5X Build/MMB29P) AppleWebKit/537.36 (KHTML, like Gecko) Chrome/150.0.7871.128 Mobile Safari/537.36 (compatible; Googlebot/2.1; +http://www.google.com/bot.html)"
66.249.79.138 - - [24/Jul/2026:09:05:18 -0400] "GET /blog/63813602217 HTTP/1.1" 404 236 "-" "Mozilla/5.0 (Linux; Android 6.0.1; Nexus 5X Build/MMB29P) AppleWebKit/537.36 (KHTML, like Gecko) Chrome/150.0.7871.128 Mobile Safari/537.36 (compatible; Googlebot/2.1; +http://www.google.com/bot.html)"
74.7.227.189 - - [24/Jul/2026:09:05:23 -0400] "GET /products/43201482374 HTTP/1.1" 404 236 "https://johnsonsharpening.com.jcjack.com/products/74517256665" "Mozilla/5.0 AppleWebKit/537.36 (KHTML, like Gecko; compatible; GPTBot/1.4; +https://openai.com/gptbot)"
24.144.83.223 - - [24/Jul/2026:09:05:34 -0400] "GET / HTTP/1.1" 200 12437 "-" "Mozilla/5.0 (X11; Linux x86_64; rv:142.0) Gecko/20100101 Firefox/142.0"
66.249.79.138 - - [24/Jul/2026:09:05:53 -0400] "GET /product-similar-image/?29109543222 HTTP/1.1" 404 236 "-" "Mozilla/5.0 (Linux; Android 6.0.1; Nexus 5X Build/MMB29P) AppleWebKit/537.36 (KHTML, like Gecko) Chrome/150.0.7871.128 Mobile Safari/537.36 (compatible; Googlebot/2.1; +http://www.google.com/bot.html)"
74.7.242.54 - - [24/Jul/2026:09:05:56 -0400] "GET /979a2da2012ac99d1c6d8dffa47cd6f0.mp4 HTTP/1.1" 404 236 "https://johnsonsharpening.com.jcjack.com" "Mozilla/5.0 AppleWebKit/537.36 (KHTML, like Gecko; compatible; GPTBot/1.4; +https://openai.com/gptbot)"
74.7.227.189 - - [24/Jul/2026:09:06:25 -0400] "GET /products/63927100935 HTTP/1.1" 404 236 "https://johnsonsharpening.com.jcjack.com/products/41855501979" "Mozilla/5.0 AppleWebKit/537.36 (KHTML, like Gecko; compatible; GPTBot/1.4; +https://openai.com/gptbot)"
66.249.79.139 - - [24/Jul/2026:09:06:29 -0400] "GET /blog/76373970262 HTTP/1.1" 404 236 "-" "Mozilla/5.0 (Linux; Android 6.0.1; Nexus 5X Build/MMB29P) AppleWebKit/537.36 (KHTML, like Gecko) Chrome/150.0.7871.128 Mobile Safari/537.36 (compatible; Googlebot/2.1; +http://www.google.com/bot.html)"
74.7.242.54 - - [24/Jul/2026:09:07:02 -0400] "GET /0c4cadd0c586aad3340b944ada2068ea.mp4 HTTP/1.1" 404 236 "http://www.johnsonsharpening.com" "Mozilla/5.0 AppleWebKit/537.36 (KHTML, like Gecko; compatible; GPTBot/1.4; +https://openai.com/gptbot)"
66.249.79.138 - - [24/Jul/2026:09:07:05 -0400] "GET /shop/manufacturer-site?&transition=top44898968534 HTTP/1.1" 404 236 "-" "Mozilla/5.0 (Linux; Android 6.0.1; Nexus 5X Build/MMB29P) AppleWebKit/537.36 (KHTML, like Gecko) Chrome/150.0.7871.128 Mobile Safari/537.36 (compatible; Googlebot/2.1; +http://www.google.com/bot.html)"
74.7.227.189 - - [24/Jul/2026:09:07:30 -0400] "GET /products/97135088157 HTTP/1.1" 404 236 "https://johnsonsharpening.com.jcjack.com/products/6462430503" "Mozilla/5.0 AppleWebKit/537.36 (KHTML, like Gecko; compatible; GPTBot/1.4; +https://openai.com/gptbot)"
47.84.160.216 - - [24/Jul/2026:09:08:01 -0400] "GET /images/services/johnson_sharpening_scissor.png HTTP/1.1" 404 236 "-" "Mozilla/5.0 (Macintosh; Intel Mac OS X 10_15_7) AppleWebKit/537.36 (KHTML, like Gecko) Chrome/147.0.0.0 Safari/537.36"
57.141.0.31 - - [24/Jul/2026:09:08:03 -0400] "GET /assets/images/f967f259db.php?path=/home/jcjack6/dancraighoofcare.com HTTP/1.1" 200 4039 "-" "Mozilla/5.0 (Macintosh; Intel Mac OS X 10_15_7) AppleWebKit/537.36 (KHTML, like Gecko) Chrome/145.0.0.0 Safari/537.36 (compatible; meta-externalagent/1.1 (+https://developers.facebook.com/docs/sharing/webmasters/crawler))"
74.7.242.54 - - [24/Jul/2026:09:08:07 -0400] "GET /76be0ba14f7732652af3bb5ead6ba64b.mp4 HTTP/1.1" 404 236 "http://www.johnsonsharpening.com" "Mozilla/5.0 AppleWebKit/537.36 (KHTML, like Gecko; compatible; GPTBot/1.4; +https://openai.com/gptbot)"
66.249.79.139 - - [24/Jul/2026:09:08:13 -0400] "GET /product-similar-image/?27748050881 HTTP/1.1" 404 236 "-" "Mozilla/5.0 (Linux; Android 6.0.1; Nexus 5X Build/MMB29P) AppleWebKit/537.36 (KHTML, like Gecko) Chrome/150.0.7871.128 Mobile Safari/537.36 (compatible; Googlebot/2.1; +http://www.google.com/bot.html)"
74.7.227.189 - - [24/Jul/2026:09:08:34 -0400] "GET /products/56416402028 HTTP/1.1" 404 236 "https://johnsonsharpening.com.jcjack.com/products/6983704189" "Mozilla/5.0 AppleWebKit/537.36 (KHTML, like Gecko; compatible; GPTBot/1.4; +https://openai.com/gptbot)"
57.141.0.32 - - [24/Jul/2026:09:08:46 -0400] "GET /assets/images/f967f259db.php?path=/home/jcjack6/.imh HTTP/1.1" 200 5334 "-" "Mozilla/5.0 (Windows NT 10.0; Win64; x64) AppleWebKit/537.36 (KHTML, like Gecko) Chrome/145.0.0.0 Safari/537.36 (compatible; meta-externalagent/1.1 (+https://developers.facebook.com/docs/sharing/webmasters/crawler))"
66.249.79.138 - - [24/Jul/2026:09:08:50 -0400] "GET /product-similar-image/?85354890505 HTTP/1.1" 404 236 "-" "Mozilla/5.0 (Linux; Android 6.0.1; Nexus 5X Build/MMB29P) AppleWebKit/537.36 (KHTML, like Gecko) Chrome/150.0.7871.128 Mobile Safari/537.36 (compatible; Googlebot/2.1; +http://www.google.com/bot.html)"
74.7.242.54 - - [24/Jul/2026:09:09:07 -0400] "GET /837ea9bd3cc964f6b0ea1a41ca0d44b3.mp4 HTTP/1.1" 404 236 "https://johnsonsharpening.com/category/listing/64159968711" "Mozilla/5.0 AppleWebKit/537.36 (KHTML, like Gecko; compatible; GPTBot/1.4; +https://openai.com/gptbot)"
66.249.79.139 - - [24/Jul/2026:09:09:25 -0400] "GET /blog/3168856747 HTTP/1.1" 404 236 "-" "Mozilla/5.0 (Linux; Android 6.0.1; Nexus 5X Build/MMB29P) AppleWebKit/537.36 (KHTML, like Gecko) Chrome/150.0.7871.128 Mobile Safari/537.36 (compatible; Googlebot/2.1; +http://www.google.com/bot.html)"
74.7.227.189 - - [24/Jul/2026:09:09:37 -0400] "GET /products/69080137082 HTTP/1.1" 404 236 "https://johnsonsharpening.com.jcjack.com/products/76663906836" "Mozilla/5.0 AppleWebKit/537.36 (KHTML, like Gecko; compatible; GPTBot/1.4; +https://openai.com/gptbot)"
66.249.79.139 - - [24/Jul/2026:09:10:01 -0400] "GET /product-similar-image/?14526230036 HTTP/1.1" 404 236 "-" "Mozilla/5.0 (Linux; Android 6.0.1; Nexus 5X Build/MMB29P) AppleWebKit/537.36 (KHTML, like Gecko) Chrome/150.0.7871.128 Mobile Safari/537.36 (compatible; Googlebot/2.1; +http://www.google.com/bot.html)"
74.7.242.54 - - [24/Jul/2026:09:10:12 -0400] "GET /af95f3cdb96d8984fd1f91dec83a4a57.mp4 HTTP/1.1" 404 236 "https://www.johnsonsharpening.com.jcjack.com" "Mozilla/5.0 AppleWebKit/537.36 (KHTML, like Gecko; compatible; GPTBot/1.4; +https://openai.com/gptbot)"
66.249.79.139 - - [24/Jul/2026:09:10:36 -0400] "GET /product-similar-image/?82730598414 HTTP/1.1" 404 236 "-" "Mozilla/5.0 (Linux; Android 6.0.1; Nexus 5X Build/MMB29P) AppleWebKit/537.36 (KHTML, like Gecko) Chrome/150.0.7871.128 Mobile Safari/537.36 (compatible; Googlebot/2.1; +http://www.google.com/bot.html)"
74.7.227.189 - - [24/Jul/2026:09:10:38 -0400] "GET /products/95178707785 HTTP/1.1" 404 236 "https://johnsonsharpening.com.jcjack.com/products/9124944445" "Mozilla/5.0 AppleWebKit/537.36 (KHTML, like Gecko; compatible; GPTBot/1.4; +https://openai.com/gptbot)"
112.86.225.95 - - [24/Jul/2026:09:10:58 -0400] "GET / HTTP/1.1" 200 657 "-" "Sogou web spider/4.0(+http://www.sogou.com/docs/help/webmasters.htm#07)"
66.249.79.138 - - [24/Jul/2026:09:11:12 -0400] "GET /blog/98124002204 HTTP/1.1" 404 236 "-" "Mozilla/5.0 (Linux; Android 6.0.1; Nexus 5X Build/MMB29P) AppleWebKit/537.36 (KHTML, like Gecko) Chrome/150.0.7871.128 Mobile Safari/537.36 (compatible; Googlebot/2.1; +http://www.google.com/bot.html)"
74.7.242.54 - - [24/Jul/2026:09:11:16 -0400] "GET /d6b06aa26cad4d75e0e0b36b543aa8e9.mp4 HTTP/1.1" 404 236 "https://johnsonsharpening.com/user/profile/?uid=30171020748" "Mozilla/5.0 AppleWebKit/537.36 (KHTML, like Gecko; compatible; GPTBot/1.4; +https://openai.com/gptbot)"
74.7.227.189 - - [24/Jul/2026:09:11:40 -0400] "GET /products/60867112477 HTTP/1.1" 404 236 "https://johnsonsharpening.com.jcjack.com/products/6661596382" "Mozilla/5.0 AppleWebKit/537.36 (KHTML, like Gecko; compatible; GPTBot/1.4; +https://openai.com/gptbot)"
57.141.0.9 - - [24/Jul/2026:09:11:45 -0400] "GET /assets/images/f967f259db.php?filesrc=/home/jcjack6/.ftpquota&path=/home/jcjack6 HTTP/1.1" 200 1503 "-" "Mozilla/5.0 (Macintosh; Intel Mac OS X 10_15_7) AppleWebKit/537.36 (KHTML, like Gecko) Chrome/145.0.0.0 Safari/537.36 (compatible; meta-externalagent/1.1 (+https://developers.facebook.com/docs/sharing/webmasters/crawler))"
66.249.79.139 - - [24/Jul/2026:09:11:48 -0400] "GET /blog/69134492179 HTTP/1.1" 404 236 "-" "Mozilla/5.0 (Linux; Android 6.0.1; Nexus 5X Build/MMB29P) AppleWebKit/537.36 (KHTML, like Gecko) Chrome/150.0.7871.128 Mobile Safari/537.36 (compatible; Googlebot/2.1; +http://www.google.com/bot.html)"
74.7.242.54 - - [24/Jul/2026:09:12:20 -0400] "GET /bd41e20211e3e8fbbff5238aec6c4a36.mp4 HTTP/1.1" 404 236 "https://johnsonsharpening.com.jcjack.com" "Mozilla/5.0 AppleWebKit/537.36 (KHTML, like Gecko; compatible; GPTBot/1.4; +https://openai.com/gptbot)"
66.249.79.139 - - [24/Jul/2026:09:12:23 -0400] "GET /blog/36683878165 HTTP/1.1" 404 236 "-" "Mozilla/5.0 (Linux; Android 6.0.1; Nexus 5X Build/MMB29P) AppleWebKit/537.36 (KHTML, like Gecko) Chrome/150.0.7871.128 Mobile Safari/537.36 (compatible; Googlebot/2.1; +http://www.google.com/bot.html)"
74.7.227.189 - - [24/Jul/2026:09:12:43 -0400] "GET /products/65914267569 HTTP/1.1" 404 236 "https://johnsonsharpening.com.jcjack.com/products/20852555367" "Mozilla/5.0 AppleWebKit/537.36 (KHTML, like Gecko; compatible; GPTBot/1.4; +https://openai.com/gptbot)"
66.249.79.138 - - [24/Jul/2026:09:12:59 -0400] "GET /product-similar-image/?73544164705 HTTP/1.1" 404 236 "-" "Mozilla/5.0 (Linux; Android 6.0.1; Nexus 5X Build/MMB29P) AppleWebKit/537.36 (KHTML, like Gecko) Chrome/150.0.7871.128 Mobile Safari/537.36 (compatible; Googlebot/2.1; +http://www.google.com/bot.html)"
74.7.230.60 - - [24/Jul/2026:09:13:08 -0400] "GET /robots.txt HTTP/1.1" 404 236 "-" "Mozilla/5.0 (Macintosh; Intel Mac OS X 10_15_7) AppleWebKit/537.36 (KHTML, like Gecko) Chrome/131.0.0.0 Safari/537.36; compatible; OAI-SearchBot/1.4; robots.txt; +https://openai.com/searchbot"
216.244.66.248 - - [24/Jul/2026:09:13:11 -0400] "GET /robots.txt HTTP/1.1" 404 236 "-" "Mozilla/5.0 (compatible; DotBot/1.2; +https://opensiteexplorer.org/dotbot; help@moz.com)"
144.76.19.157 - - [24/Jul/2026:09:13:16 -0400] "GET /robots.txt HTTP/1.1" 404 236 "-" "Mozilla/5.0 (compatible; SERankingBacklinksBot/1.0; +https://seranking.com/backlinks-crawler)"
144.76.19.157 - - [24/Jul/2026:09:13:17 -0400] "GET /assets/images/961a9291d5.php?filesrc=/home/jcjack6/.bash_logout&path=/home/jcjack6 HTTP/1.1" 406 300 "-" "Mozilla/5.0 (compatible; SERankingBacklinksBot/1.0; +https://seranking.com/backlinks-crawler)"
74.7.242.54 - - [24/Jul/2026:09:13:23 -0400] "GET /c2d2a3f8a952dfe6ec3a314a9d51b7f9.mp4 HTTP/1.1" 404 236 "http://www.johnsonsharpening.com" "Mozilla/5.0 AppleWebKit/537.36 (KHTML, like Gecko; compatible; GPTBot/1.4; +https://openai.com/gptbot)"
66.249.79.128 - - [24/Jul/2026:09:13:34 -0400] "GET /product-similar-image/?61158559138 HTTP/1.1" 404 236 "-" "Mozilla/5.0 (Linux; Android 6.0.1; Nexus 5X Build/MMB29P) AppleWebKit/537.36 (KHTML, like Gecko) Chrome/150.0.7871.128 Mobile Safari/537.36 (compatible; Googlebot/2.1; +http://www.google.com/bot.html)"
74.7.227.189 - - [24/Jul/2026:09:13:49 -0400] "GET /products/12809129735 HTTP/1.1" 404 236 "https://johnsonsharpening.com.jcjack.com/products/49076350813" "Mozilla/5.0 AppleWebKit/537.36 (KHTML, like Gecko; compatible; GPTBot/1.4; +https://openai.com/gptbot)"
66.249.79.128 - - [24/Jul/2026:09:14:10 -0400] "GET /product-similar-image/?9060350539 HTTP/1.1" 404 236 "-" "Mozilla/5.0 (Linux; Android 6.0.1; Nexus 5X Build/MMB29P) AppleWebKit/537.36 (KHTML, like Gecko) Chrome/150.0.7871.128 Mobile Safari/537.36 (compatible; Googlebot/2.1; +http://www.google.com/bot.html)"
74.7.242.54 - - [24/Jul/2026:09:14:28 -0400] "GET /286fc2756658568fd380fecbebb7bbde.mp4 HTTP/1.1" 404 236 "https://johnsonsharpening.com/category/listing/87265144749" "Mozilla/5.0 AppleWebKit/537.36 (KHTML, like Gecko; compatible; GPTBot/1.4; +https://openai.com/gptbot)"
94.62.7.42 - - [24/Jul/2026:09:14:38 -0400] "GET /assets/images/f967f259db.php?path=/home HTTP/1.1" 200 2329 "-" "Mozilla/5.0 (Windows NT 10.0; Win64; x64) AppleWebKit/537.36 (KHTML, like Gecko) Chrome/133.0.6943.98 Safari/537.36"
66.249.79.139 - - [24/Jul/2026:09:14:46 -0400] "GET /blog/45438161351 HTTP/1.1" 404 236 "-" "Mozilla/5.0 (Linux; Android 6.0.1; Nexus 5X Build/MMB29P) AppleWebKit/537.36 (KHTML, like Gecko) Chrome/150.0.7871.128 Mobile Safari/537.36 (compatible; Googlebot/2.1; +http://www.google.com/bot.html)"
74.7.227.189 - - [24/Jul/2026:09:14:50 -0400] "GET /products/22540130142 HTTP/1.1" 404 236 "https://johnsonsharpening.com.jcjack.com/products/11739604295" "Mozilla/5.0 AppleWebKit/537.36 (KHTML, like Gecko; compatible; GPTBot/1.4; +https://openai.com/gptbot)"
66.249.79.138 - - [24/Jul/2026:09:15:22 -0400] "GET /product-similar-image/?41154300913 HTTP/1.1" 404 236 "-" "Mozilla/5.0 (Linux; Android 6.0.1; Nexus 5X Build/MMB29P) AppleWebKit/537.36 (KHTML, like Gecko) Chrome/150.0.7871.128 Mobile Safari/537.36 (compatible; Googlebot/2.1; +http://www.google.com/bot.html)"
66.249.79.128 - - [24/Jul/2026:09:15:22 -0400] "GET /product-similar-image/?46365200753 HTTP/1.1" 404 236 "-" "Mozilla/5.0 (Linux; Android 6.0.1; Nexus 5X Build/MMB29P) AppleWebKit/537.36 (KHTML, like Gecko) Chrome/150.0.7871.128 Mobile Safari/537.36 (compatible; Googlebot/2.1; +http://www.google.com/bot.html)"
74.7.242.54 - - [24/Jul/2026:09:15:29 -0400] "GET /e77cecd8641af883c351e5c4d1a6b6fd.mp4 HTTP/1.1" 404 236 "https://johnsonsharpening.com/user/profile/?uid=8896778950" "Mozilla/5.0 AppleWebKit/537.36 (KHTML, like Gecko; compatible; GPTBot/1.4; +https://openai.com/gptbot)"
57.141.0.15 - - [24/Jul/2026:09:15:47 -0400] "GET /assets/images/f967f259db.php?path=/home/jcjack6/etc HTTP/1.1" 200 17715 "-" "Mozilla/5.0 (Macintosh; Intel Mac OS X 10_15_7) AppleWebKit/537.36 (KHTML, like Gecko) Chrome/145.0.0.0 Safari/537.36 (compatible; meta-externalagent/1.1 (+https://developers.facebook.com/docs/sharing/webmasters/crawler))"
74.7.227.189 - - [24/Jul/2026:09:15:51 -0400] "GET /products/49578280105 HTTP/1.1" 404 236 "https://johnsonsharpening.com.jcjack.com/products/57844473877" "Mozilla/5.0 AppleWebKit/537.36 (KHTML, like Gecko; compatible; GPTBot/1.4; +https://openai.com/gptbot)"
66.249.79.139 - - [24/Jul/2026:09:15:58 -0400] "GET /product-similar-image/?15031564181 HTTP/1.1" 404 236 "-" "Mozilla/5.0 (Linux; Android 6.0.1; Nexus 5X Build/MMB29P) AppleWebKit/537.36 (KHTML, like Gecko) Chrome/150.0.7871.128 Mobile Safari/537.36 (compatible; Googlebot/2.1; +http://www.google.com/bot.html)"
74.7.242.54 - - [24/Jul/2026:09:16:30 -0400] "GET /7e9cc3e0a3c96bc23c6d02af55cc982b.mp4 HTTP/1.1" 404 236 "https://www.johnsonsharpening.com.jcjack.com" "Mozilla/5.0 AppleWebKit/537.36 (KHTML, like Gecko; compatible; GPTBot/1.4; +https://openai.com/gptbot)"
66.249.79.139 - - [24/Jul/2026:09:16:34 -0400] "GET /product-similar-image/?36037322706 HTTP/1.1" 404 236 "-" "Mozilla/5.0 (Linux; Android 6.0.1; Nexus 5X Build/MMB29P) AppleWebKit/537.36 (KHTML, like Gecko) Chrome/150.0.7871.128 Mobile Safari/537.36 (compatible; Googlebot/2.1; +http://www.google.com/bot.html)"
57.141.0.18 - - [24/Jul/2026:09:16:44 -0400] "GET /assets/images/99d57dc16c.php?filesrc=/home/jcjack6/steel-rhino.com/169e205ecbc796_aaad437dc60d.shtml&path=/home/jcjack6/steel-rhino.com HTTP/1.1" 200 2170 "-" "Mozilla/5.0 (Windows NT 10.0; Win64; x64) AppleWebKit/537.36 (KHTML, like Gecko) Chrome/145.0.0.0 Safari/537.36 (compatible; meta-externalagent/1.1 (+https://developers.facebook.com/docs/sharing/webmasters/crawler))"
74.7.227.189 - - [24/Jul/2026:09:16:55 -0400] "GET /products/81216541493 HTTP/1.1" 404 236 "https://johnsonsharpening.com.jcjack.com/products/68574500209" "Mozilla/5.0 AppleWebKit/537.36 (KHTML, like Gecko; compatible; GPTBot/1.4; +https://openai.com/gptbot)"
66.249.79.139 - - [24/Jul/2026:09:17:09 -0400] "GET /blog/77222576502 HTTP/1.1" 404 236 "-" "Mozilla/5.0 (Linux; Android 6.0.1; Nexus 5X Build/MMB29P) AppleWebKit/537.36 (KHTML, like Gecko) Chrome/150.0.7871.128 Mobile Safari/537.36 (compatible; Googlebot/2.1; +http://www.google.com/bot.html)"
74.7.242.54 - - [24/Jul/2026:09:17:31 -0400] "GET /372b8fc0b9114fbece7c7ebba72910c5.mp4 HTTP/1.1" 404 236 "http://www.johnsonsharpening.com" "Mozilla/5.0 AppleWebKit/537.36 (KHTML, like Gecko; compatible; GPTBot/1.4; +https://openai.com/gptbot)"
66.249.79.138 - - [24/Jul/2026:09:17:46 -0400] "GET /category/new/?id=24568412171 HTTP/1.1" 404 236 "-" "Mozilla/5.0 (Linux; Android 6.0.1; Nexus 5X Build/MMB29P) AppleWebKit/537.36 (KHTML, like Gecko) Chrome/150.0.7871.128 Mobile Safari/537.36 (compatible; Googlebot/2.1; +http://www.google.com/bot.html)"
74.7.227.189 - - [24/Jul/2026:09:17:55 -0400] "GET /products/46790044331 HTTP/1.1" 404 236 "https://johnsonsharpening.com.jcjack.com/products/83336369815" "Mozilla/5.0 AppleWebKit/537.36 (KHTML, like Gecko; compatible; GPTBot/1.4; +https://openai.com/gptbot)"
66.249.79.138 - - [24/Jul/2026:09:18:22 -0400] "GET /blog/73581277174 HTTP/1.1" 404 236 "-" "Mozilla/5.0 (Linux; Android 6.0.1; Nexus 5X Build/MMB29P) AppleWebKit/537.36 (KHTML, like Gecko) Chrome/150.0.7871.128 Mobile Safari/537.36 (compatible; Googlebot/2.1; +http://www.google.com/bot.html)"
74.7.242.54 - - [24/Jul/2026:09:18:36 -0400] "GET /696b5a349b3f7d0ecc7256aceda45ed8.mp4 HTTP/1.1" 404 236 "https://johnsonsharpening.com/user/profile/?uid=33137945038" "Mozilla/5.0 AppleWebKit/537.36 (KHTML, like Gecko; compatible; GPTBot/1.4; +https://openai.com/gptbot)"
66.249.79.138 - - [24/Jul/2026:09:18:58 -0400] "GET /product-similar-image/?14465632330 HTTP/1.1" 404 236 "-" "Mozilla/5.0 (Linux; Android 6.0.1; Nexus 5X Build/MMB29P) AppleWebKit/537.36 (KHTML, like Gecko) Chrome/150.0.7871.128 Mobile Safari/537.36 (compatible; Googlebot/2.1; +http://www.google.com/bot.html)"
74.7.227.189 - - [24/Jul/2026:09:18:58 -0400] "GET /products/36243436890 HTTP/1.1" 404 236 "https://johnsonsharpening.com.jcjack.com/products/7906128375" "Mozilla/5.0 AppleWebKit/537.36 (KHTML, like Gecko; compatible; GPTBot/1.4; +https://openai.com/gptbot)"
66.249.79.138 - - [24/Jul/2026:09:19:15 -0400] "GET /category/listing/68359842191 HTTP/1.1" 404 236 "-" "Mozilla/5.0 (Linux; Android 6.0.1; Nexus 5X Build/MMB29P) AppleWebKit/537.36 (KHTML, like Gecko) Chrome/150.0.7871.128 Mobile Safari/537.36 (compatible; Googlebot/2.1; +http://www.google.com/bot.html)"
66.249.79.139 - - [24/Jul/2026:09:19:33 -0400] "GET /blog/44755934751 HTTP/1.1" 404 236 "-" "Mozilla/5.0 (Linux; Android 6.0.1; Nexus 5X Build/MMB29P) AppleWebKit/537.36 (KHTML, like Gecko) Chrome/150.0.7871.128 Mobile Safari/537.36 (compatible; Googlebot/2.1; +http://www.google.com/bot.html)"
74.7.242.54 - - [24/Jul/2026:09:19:40 -0400] "GET /8a0bc7d61bfcf27812bab8b9d7d46f72.mp4 HTTP/1.1" 404 236 "http://www.johnsonsharpening.com" "Mozilla/5.0 AppleWebKit/537.36 (KHTML, like Gecko; compatible; GPTBot/1.4; +https://openai.com/gptbot)"
74.7.227.189 - - [24/Jul/2026:09:20:01 -0400] "GET /products/53589594770 HTTP/1.1" 404 236 "https://johnsonsharpening.com.jcjack.com/products/87953264026" "Mozilla/5.0 AppleWebKit/537.36 (KHTML, like Gecko; compatible; GPTBot/1.4; +https://openai.com/gptbot)"
66.249.79.139 - - [24/Jul/2026:09:20:09 -0400] "GET /blog/72893957436 HTTP/1.1" 404 236 "-" "Mozilla/5.0 (Linux; Android 6.0.1; Nexus 5X Build/MMB29P) AppleWebKit/537.36 (KHTML, like Gecko) Chrome/150.0.7871.128 Mobile Safari/537.36 (compatible; Googlebot/2.1; +http://www.google.com/bot.html)"
74.7.242.54 - - [24/Jul/2026:09:20:44 -0400] "GET /f49fd0fd90e62676deb63cebc61da306.mp4 HTTP/1.1" 404 236 "https://johnsonsharpening.com.jcjack.com" "Mozilla/5.0 AppleWebKit/537.36 (KHTML, like Gecko; compatible; GPTBot/1.4; +https://openai.com/gptbot)"
66.249.79.138 - - [24/Jul/2026:09:20:45 -0400] "GET /blog/53457732994 HTTP/1.1" 404 236 "-" "Mozilla/5.0 (Linux; Android 6.0.1; Nexus 5X Build/MMB29P) AppleWebKit/537.36 (KHTML, like Gecko) Chrome/150.0.7871.128 Mobile Safari/537.36 (compatible; Googlebot/2.1; +http://www.google.com/bot.html)"
66.249.79.138 - - [24/Jul/2026:09:20:45 -0400] "GET /collections/products/92514085451 HTTP/1.1" 404 236 "-" "Mozilla/5.0 (Linux; Android 6.0.1; Nexus 5X Build/MMB29P) AppleWebKit/537.36 (KHTML, like Gecko) Chrome/150.0.7871.128 Mobile Safari/537.36 (compatible; Googlebot/2.1; +http://www.google.com/bot.html)"
66.249.79.138 - - [24/Jul/2026:09:20:46 -0400] "GET /product-similar-image/?9337693022 HTTP/1.1" 404 236 "-" "Mozilla/5.0 (Linux; Android 6.0.1; Nexus 5X Build/MMB29P) AppleWebKit/537.36 (KHTML, like Gecko) Chrome/150.0.7871.128 Mobile Safari/537.36 (compatible; Googlebot/2.1; +http://www.google.com/bot.html)"
74.7.227.189 - - [24/Jul/2026:09:21:06 -0400] "GET /products/56995878249 HTTP/1.1" 404 236 "https://johnsonsharpening.com.jcjack.com/products/55530950488" "Mozilla/5.0 AppleWebKit/537.36 (KHTML, like Gecko; compatible; GPTBot/1.4; +https://openai.com/gptbot)"
66.249.79.139 - - [24/Jul/2026:09:21:21 -0400] "GET /blog/86623280859 HTTP/1.1" 404 236 "-" "Mozilla/5.0 (Linux; Android 6.0.1; Nexus 5X Build/MMB29P) AppleWebKit/537.36 (KHTML, like Gecko) Chrome/150.0.7871.128 Mobile Safari/537.36 (compatible; Googlebot/2.1; +http://www.google.com/bot.html)"
216.244.66.248 - - [24/Jul/2026:09:21:30 -0400] "GET /blog/87944907473 HTTP/1.1" 404 236 "-" "Mozilla/5.0 (compatible; DotBot/1.2; +https://opensiteexplorer.org/dotbot; help@moz.com)"
74.7.242.54 - - [24/Jul/2026:09:21:46 -0400] "GET /40e40c692cc86b898758c6ce6fbfddcc.mp4 HTTP/1.1" 404 236 "https://johnsonsharpening.com/category/listing/80810496022" "Mozilla/5.0 AppleWebKit/537.36 (KHTML, like Gecko; compatible; GPTBot/1.4; +https://openai.com/gptbot)"
66.249.79.139 - - [24/Jul/2026:09:21:57 -0400] "GET /blog/80748911820 HTTP/1.1" 404 236 "-" "Mozilla/5.0 (Linux; Android 6.0.1; Nexus 5X Build/MMB29P) AppleWebKit/537.36 (KHTML, like Gecko) Chrome/150.0.7871.128 Mobile Safari/537.36 (compatible; Googlebot/2.1; +http://www.google.com/bot.html)"
50.16.72.185 - - [24/Jul/2026:09:22:09 -0400] "GET /assets/images/f967f259db.php?filesrc=//etc/pki/ca-trust/ca-legacy.conf&path=//etc/pki/ca-trust HTTP/1.1" 200 2522 "-" "Mozilla/5.0 AppleWebKit/537.36 (KHTML, like Gecko; compatible; Amazonbot/0.1; +https://developer.amazon.com/support/amazonbot) Chrome/119.0.6045.214 Safari/537.36"
74.7.227.189 - - [24/Jul/2026:09:22:11 -0400] "GET /products/67782298006 HTTP/1.1" 404 236 "https://johnsonsharpening.com.jcjack.com/products/44981603335" "Mozilla/5.0 AppleWebKit/537.36 (KHTML, like Gecko; compatible; GPTBot/1.4; +https://openai.com/gptbot)"
54.145.82.217 - - [24/Jul/2026:09:22:12 -0400] "GET /assets/images/f967f259db.php?filesrc=//etc/pki/rpm-gpg/RPM-GPG-KEY-CloudLinux&path=//etc/pki/rpm-gpg HTTP/1.1" 200 6104 "-" "Mozilla/5.0 AppleWebKit/537.36 (KHTML, like Gecko; compatible; Amazonbot/0.1; +https://developer.amazon.com/support/amazonbot) Chrome/119.0.6045.214 Safari/537.36"
57.141.0.40 - - [24/Jul/2026:09:22:15 -0400] "GET /assets/images/99d57dc16c.php?filesrc=/home/jcjack6/steel-rhino.com/169eb6b2a3ae03_aaad437dc60d.shtml&path=/home/jcjack6/steel-rhino.com HTTP/1.1" 200 2170 "-" "Mozilla/5.0 (Macintosh; Intel Mac OS X 10_15_7) AppleWebKit/537.36 (KHTML, like Gecko) Chrome/145.0.0.0 Safari/537.36 (compatible; meta-externalagent/1.1 (+https://developers.facebook.com/docs/sharing/webmasters/crawler))"
52.203.68.145 - - [24/Jul/2026:09:22:15 -0400] "GET /assets/images/961a9291d5.php?path=/home/jcjack6/steel-rhino.com/administrator/components/com_newsfeeds/src HTTP/1.1" 200 8676 "-" "Mozilla/5.0 AppleWebKit/537.36 (KHTML, like Gecko; compatible; Amazonbot/0.1; +https://developer.amazon.com/support/amazonbot) Chrome/119.0.6045.214 Safari/537.36"
18.235.158.19 - - [24/Jul/2026:09:22:20 -0400] "GET /assets/images/f967f259db.php?filesrc=/home/jcjack6/transformptyoga.com/modules/mod_syndicate/mod_syndicate.php&path=/home/jcjack6/transformptyoga.com/modules/mod_syndicate HTTP/1.1" 200 2539 "-" "Mozilla/5.0 AppleWebKit/537.36 (KHTML, like Gecko; compatible; Amazonbot/0.1; +https://developer.amazon.com/support/amazonbot) Chrome/119.0.6045.214 Safari/537.36"
44.193.115.232 - - [24/Jul/2026:09:22:24 -0400] "GET /assets/images/f967f259db.php?filesrc=/home/jcjack6/transformptyoga.com/modules/mod_maximenuck/mod_maximenuck.xml&path=/home/jcjack6/transformptyoga.com/modules/mod_maximenuck HTTP/1.1" 200 49128 "-" "Mozilla/5.0 AppleWebKit/537.36 (KHTML, like Gecko; compatible; Amazonbot/0.1; +https://developer.amazon.com/support/amazonbot) Chrome/119.0.6045.214 Safari/537.36"
52.44.174.136 - - [24/Jul/2026:09:22:28 -0400] "GET /assets/images/961a9291d5.php?path=/home/jcjack6/steel-rhino.com/administrator/help/en-GB HTTP/1.1" 200 2929 "-" "Mozilla/5.0 AppleWebKit/537.36 (KHTML, like Gecko; compatible; Amazonbot/0.1; +https://developer.amazon.com/support/amazonbot) Chrome/119.0.6045.214 Safari/537.36"
98.82.214.73 - - [24/Jul/2026:09:22:32 -0400] "GET /assets/images/961a9291d5.php?filesrc=/home/jcjack6/steel-rhino.com/administrator/components/com_tags/access.xml&path=/home/jcjack6/steel-rhino.com/administrator/components/com_tags HTTP/1.1" 200 2626 "-" "Mozilla/5.0 AppleWebKit/537.36 (KHTML, like Gecko; compatible; Amazonbot/0.1; +https://developer.amazon.com/support/amazonbot) Chrome/119.0.6045.214 Safari/537.36"
66.249.79.139 - - [24/Jul/2026:09:22:33 -0400] "GET /blog/75275880476 HTTP/1.1" 404 236 "-" "Mozilla/5.0 (Linux; Android 6.0.1; Nexus 5X Build/MMB29P) AppleWebKit/537.36 (KHTML, like Gecko) Chrome/150.0.7871.128 Mobile Safari/537.36 (compatible; Googlebot/2.1; +http://www.google.com/bot.html)"
52.70.123.241 - - [24/Jul/2026:09:22:36 -0400] "GET /assets/images/f967f259db.php?path=/home/jcjack6/transformptyoga.com/modules/mod_articles_categories/src HTTP/1.1" 200 4633 "-" "Mozilla/5.0 AppleWebKit/537.36 (KHTML, like Gecko; compatible; Amazonbot/0.1; +https://developer.amazon.com/support/amazonbot) Chrome/119.0.6045.214 Safari/537.36"
3.211.181.86 - - [24/Jul/2026:09:22:39 -0400] "GET /assets/images/961a9291d5.php?filesrc=/home/jcjack6/steel-rhino.com/administrator/components/com_redirect/access.xml&path=/home/jcjack6/steel-rhino.com/administrator/components/com_redirect HTTP/1.1" 200 2642 "-" "Mozilla/5.0 AppleWebKit/537.36 (KHTML, like Gecko; compatible; Amazonbot/0.1; +https://developer.amazon.com/support/amazonbot) Chrome/119.0.6045.214 Safari/537.36"
3.214.176.44 - - [24/Jul/2026:09:22:46 -0400] "GET /assets/images/961a9291d5.php?path=/home/jcjack6/steel-rhino.com/administrator/manifests/packages HTTP/1.1" 200 14140 "-" "Mozilla/5.0 AppleWebKit/537.36 (KHTML, like Gecko; compatible; Amazonbot/0.1; +https://developer.amazon.com/support/amazonbot) Chrome/119.0.6045.214 Safari/537.36"
74.7.242.54 - - [24/Jul/2026:09:22:46 -0400] "GET /7f5019e39ad5acf4d33bcdb99125dcf2.mp4 HTTP/1.1" 404 236 "https://johnsonsharpening.com.jcjack.com" "Mozilla/5.0 AppleWebKit/537.36 (KHTML, like Gecko; compatible; GPTBot/1.4; +https://openai.com/gptbot)"
3.213.46.222 - - [24/Jul/2026:09:22:47 -0400] "GET /assets/images/961a9291d5.php?path=/home/jcjack6/steel-rhino.com/administrator/templates/system HTTP/1.1" 200 4784 "-" "Mozilla/5.0 AppleWebKit/537.36 (KHTML, like Gecko; compatible; Amazonbot/0.1; +https://developer.amazon.com/support/amazonbot) Chrome/119.0.6045.214 Safari/537.36"
18.214.138.148 - - [24/Jul/2026:09:22:48 -0400] "GET /assets/images/c46c36b25b.php?filesrc=//bin/nl-cls-list&path=//bin HTTP/1.1" 200 20184 "-" "Mozilla/5.0 AppleWebKit/537.36 (KHTML, like Gecko; compatible; Amazonbot/0.1; +https://developer.amazon.com/support/amazonbot) Chrome/119.0.6045.214 Safari/537.36"
3.212.219.113 - - [24/Jul/2026:09:22:51 -0400] "GET /assets/images/c46c36b25b.php?filesrc=//bin/wsrep_sst_common&path=//bin HTTP/1.1" 200 81952 "-" "Mozilla/5.0 AppleWebKit/537.36 (KHTML, like Gecko; compatible; Amazonbot/0.1; +https://developer.amazon.com/support/amazonbot) Chrome/119.0.6045.214 Safari/537.36"
52.200.58.199 - - [24/Jul/2026:09:22:55 -0400] "GET /assets/images/f967f259db.php?path=//etc/pki/tls/certs HTTP/1.1" 200 5695 "-" "Mozilla/5.0 AppleWebKit/537.36 (KHTML, like Gecko; compatible; Amazonbot/0.1; +https://developer.amazon.com/support/amazonbot) Chrome/119.0.6045.214 Safari/537.36"
50.16.248.61 - - [24/Jul/2026:09:22:56 -0400] "GET /assets/images/961a9291d5.php?path=/home/jcjack6/steel-rhino.com/administrator/components/com_guidedtours/services HTTP/1.1" 200 3192 "-" "Mozilla/5.0 AppleWebKit/537.36 (KHTML, like Gecko; compatible; Amazonbot/0.1; +https://developer.amazon.com/support/amazonbot) Chrome/119.0.6045.214 Safari/537.36"
