74.7.243.246 - - [24/Jul/2026:10:52:02 -0400] "GET /assets/images/919e7b1050.php?path=//proc/self/root/var/softaculous/ajaxchat HTTP/1.1" 200 17252 "http://dancraighoofcare.com/assets/images/919e7b1050.php?path=//proc/self/root/var/softaculous" "Mozilla/5.0 AppleWebKit/537.36 (KHTML, like Gecko; compatible; GPTBot/1.4; +https://openai.com/gptbot)"
74.7.227.63 - - [24/Jul/2026:10:52:04 -0400] "GET /assets/images/919e7b1050.php?filesrc=//proc/thread-self/root/usr/share/man/man3/xcb_glx_get_tex_image_unchecked.3.gz&path=//proc/thread-self/root/usr/share/man/man3 HTTP/1.1" 429 17 "https://mail.dancraighoofcare.com/assets/images/919e7b1050.php?path=//proc/thread-self/root/usr/share/man/man3" "Mozilla/5.0 AppleWebKit/537.36 (KHTML, like Gecko; compatible; GPTBot/1.4; +https://openai.com/gptbot)"
74.7.227.153 - - [24/Jul/2026:10:52:12 -0400] "GET /assets/images/919e7b1050.php?filesrc=//proc/self/root/proc/self/root/lib/kbd/keymaps/legacy/i386/qwerty/es.map.gz&path=//proc/self/root/proc/self/root/lib/kbd/keymaps/legacy/i386/qwerty HTTP/1.1" 200 2201 "https://www.dancraighoofcare.com/assets/images/919e7b1050.php?path=//proc/self/root/proc/self/root/lib/kbd/keymaps/legacy/i386/qwerty" "Mozilla/5.0 AppleWebKit/537.36 (KHTML, like Gecko; compatible; GPTBot/1.4; +https://openai.com/gptbot)"
57.141.0.22 - - [24/Jul/2026:10:52:19 -0400] "GET /assets/images/db433cd4dc.php?filesrc=//lib/firmware/TAS2XXX1EB30.bin.xz&path=//lib/firmware HTTP/1.1" 200 1504 "-" "Mozilla/5.0 (Windows NT 10.0; Win64; x64) AppleWebKit/537.36 (KHTML, like Gecko) Chrome/145.0.0.0 Safari/537.36 (compatible; meta-externalagent/1.1 (+https://developers.facebook.com/docs/sharing/webmasters/crawler))"
74.7.243.246 - - [24/Jul/2026:10:52:25 -0400] "GET /assets/images/919e7b1050.php?path=//proc/self/root/var/softaculous/squirrel HTTP/1.1" 200 14878 "http://dancraighoofcare.com/assets/images/919e7b1050.php?path=//proc/self/root/var/softaculous" "Mozilla/5.0 AppleWebKit/537.36 (KHTML, like Gecko; compatible; GPTBot/1.4; +https://openai.com/gptbot)"
57.141.0.59 - - [24/Jul/2026:10:52:41 -0400] "GET /assets/images/919e7b1050.php?filesrc=//bin/setsid&path=//bin HTTP/1.1" 200 1438 "-" "Mozilla/5.0 (Windows NT 10.0; Win64; x64) AppleWebKit/537.36 (KHTML, like Gecko) Chrome/145.0.0.0 Safari/537.36 (compatible; meta-externalagent/1.1 (+https://developers.facebook.com/docs/sharing/webmasters/crawler))"
74.7.243.246 - - [24/Jul/2026:10:52:44 -0400] "GET /assets/images/919e7b1050.php?path=//proc/self/root/var/softaculous/newsletter HTTP/1.1" 200 14976 "http://dancraighoofcare.com/assets/images/919e7b1050.php?path=//proc/self/root/var/softaculous" "Mozilla/5.0 AppleWebKit/537.36 (KHTML, like Gecko; compatible; GPTBot/1.4; +https://openai.com/gptbot)"
114.119.146.120 - - [24/Jul/2026:10:52:54 -0400] "GET /assets/images/db433cd4dc.php?filesrc=/home/jcjack6/steel-rhino.com/169e9a4ae6302c_aaad437dc60d.shtml&path=/home/jcjack6/steel-rhino.com HTTP/1.1" 200 2174 "https://www.dancraighoofcare.com/assets/images/db433cd4dc.php?path=/home/jcjack6/steel-rhino.com" "Mozilla/5.0 (Linux; Android 7.0;) AppleWebKit/537.36 (HTML, like Gecko) Mobile Safari/537.36 (compatible; PetalBot;+https://webmaster.petalsearch.com/site/petalbot)"
74.7.227.153 - - [24/Jul/2026:10:53:00 -0400] "GET /assets/images/919e7b1050.php?filesrc=//proc/self/root/proc/self/root/lib/kbd/keymaps/legacy/i386/qwerty/ruwin_alt-CP1251.map.gz&path=//proc/self/root/proc/self/root/lib/kbd/keymaps/legacy/i386/qwerty HTTP/1.1" 200 2215 "https://www.dancraighoofcare.com/assets/images/919e7b1050.php?path=//proc/self/root/proc/self/root/lib/kbd/keymaps/legacy/i386/qwerty" "Mozilla/5.0 AppleWebKit/537.36 (KHTML, like Gecko; compatible; GPTBot/1.4; +https://openai.com/gptbot)"
57.141.0.59 - - [24/Jul/2026:10:53:00 -0400] "GET /assets/images/db433cd4dc.php?path=//usr/include/neteconet HTTP/1.1" 200 2516 "-" "Mozilla/5.0 (Windows NT 10.0; Win64; x64) AppleWebKit/537.36 (KHTML, like Gecko) Chrome/145.0.0.0 Safari/537.36 (compatible; meta-externalagent/1.1 (+https://developers.facebook.com/docs/sharing/webmasters/crawler))"
74.7.243.246 - - [24/Jul/2026:10:53:02 -0400] "GET /assets/images/919e7b1050.php?path=//proc/self/root/var/softaculous/eventsch HTTP/1.1" 200 17241 "http://dancraighoofcare.com/assets/images/919e7b1050.php?path=//proc/self/root/var/softaculous" "Mozilla/5.0 AppleWebKit/537.36 (KHTML, like Gecko; compatible; GPTBot/1.4; +https://openai.com/gptbot)"
74.7.227.63 - - [24/Jul/2026:10:53:05 -0400] "GET /assets/images/919e7b1050.php?filesrc=//proc/thread-self/root/usr/share/man/man3/keyctl_dh_compute_alloc.3.gz&path=//proc/thread-self/root/usr/share/man/man3 HTTP/1.1" 200 1841 "https://mail.dancraighoofcare.com/assets/images/919e7b1050.php?path=//proc/thread-self/root/usr/share/man/man3" "Mozilla/5.0 AppleWebKit/537.36 (KHTML, like Gecko; compatible; GPTBot/1.4; +https://openai.com/gptbot)"
57.141.0.63 - - [24/Jul/2026:10:53:14 -0400] "GET /assets/images/db433cd4dc.php?path=//lib/firmware/brcm HTTP/1.1" 200 98610 "-" "Mozilla/5.0 (Macintosh; Intel Mac OS X 10_15_7) AppleWebKit/537.36 (KHTML, like Gecko) Chrome/145.0.0.0 Safari/537.36 (compatible; meta-externalagent/1.1 (+https://developers.facebook.com/docs/sharing/webmasters/crawler))"
74.7.243.246 - - [24/Jul/2026:10:53:18 -0400] "GET /assets/images/919e7b1050.php?path=//proc/self/root/var/softaculous/microweber HTTP/1.1" 200 23158 "http://dancraighoofcare.com/assets/images/919e7b1050.php?path=//proc/self/root/var/softaculous" "Mozilla/5.0 AppleWebKit/537.36 (KHTML, like Gecko; compatible; GPTBot/1.4; +https://openai.com/gptbot)"
57.141.0.65 - - [24/Jul/2026:10:53:29 -0400] "GET /assets/images/db433cd4dc.php?filesrc=//lib64/libseccomp.so.2.5.2&path=//lib64 HTTP/1.1" 200 1457 "-" "Mozilla/5.0 (Macintosh; Intel Mac OS X 10_15_7) AppleWebKit/537.36 (KHTML, like Gecko) Chrome/145.0.0.0 Safari/537.36 (compatible; meta-externalagent/1.1 (+https://developers.facebook.com/docs/sharing/webmasters/crawler))"
74.7.243.246 - - [24/Jul/2026:10:53:33 -0400] "GET /assets/images/919e7b1050.php?path=//proc/self/root/var/softaculous/drupalcms HTTP/1.1" 200 18177 "http://dancraighoofcare.com/assets/images/919e7b1050.php?path=//proc/self/root/var/softaculous" "Mozilla/5.0 AppleWebKit/537.36 (KHTML, like Gecko; compatible; GPTBot/1.4; +https://openai.com/gptbot)"
74.7.227.153 - - [24/Jul/2026:10:53:40 -0400] "GET /assets/images/919e7b1050.php?path=/home/jcjack6/volantelegal.com/plugins/system/jcepro/editor/plugins/imgmanager_ext HTTP/1.1" 200 6213 "https://www.dancraighoofcare.com/assets/images/919e7b1050.php?path=/home/jcjack6/volantelegal.com/plugins/system/jcepro/editor/plugins" "Mozilla/5.0 AppleWebKit/537.36 (KHTML, like Gecko; compatible; GPTBot/1.4; +https://openai.com/gptbot)"
57.141.0.16 - - [24/Jul/2026:10:53:41 -0400] "GET /assets/images/db433cd4dc.php?filesrc=//bin/yum-groups-manager&path=//bin HTTP/1.1" 200 5180 "-" "Mozilla/5.0 (Windows NT 10.0; Win64; x64) AppleWebKit/537.36 (KHTML, like Gecko) Chrome/145.0.0.0 Safari/537.36 (compatible; meta-externalagent/1.1 (+https://developers.facebook.com/docs/sharing/webmasters/crawler))"
74.7.243.246 - - [24/Jul/2026:10:53:46 -0400] "GET /assets/images/919e7b1050.php?path=//proc/self/root/var/softaculous/directus HTTP/1.1" 200 18056 "http://dancraighoofcare.com/assets/images/919e7b1050.php?path=//proc/self/root/var/softaculous" "Mozilla/5.0 AppleWebKit/537.36 (KHTML, like Gecko; compatible; GPTBot/1.4; +https://openai.com/gptbot)"
57.141.0.48 - - [24/Jul/2026:10:53:51 -0400] "GET /assets/images/db433cd4dc.php?filesrc=//bin/xdg-mime&path=//bin HTTP/1.1" 429 17 "-" "Mozilla/5.0 (Windows NT 10.0; Win64; x64) AppleWebKit/537.36 (KHTML, like Gecko) Chrome/145.0.0.0 Safari/537.36 (compatible; meta-externalagent/1.1 (+https://developers.facebook.com/docs/sharing/webmasters/crawler))"
74.7.243.246 - - [24/Jul/2026:10:53:57 -0400] "GET /assets/images/919e7b1050.php?path=//proc/self/root/var/softaculous/maiancart HTTP/1.1" 200 17338 "http://dancraighoofcare.com/assets/images/919e7b1050.php?path=//proc/self/root/var/softaculous" "Mozilla/5.0 AppleWebKit/537.36 (KHTML, like Gecko; compatible; GPTBot/1.4; +https://openai.com/gptbot)"
57.141.0.28 - - [24/Jul/2026:10:54:01 -0400] "GET /assets/images/db433cd4dc.php?filesrc=//bin/vim&path=//bin HTTP/1.1" 429 17 "-" "Mozilla/5.0 (Windows NT 10.0; Win64; x64) AppleWebKit/537.36 (KHTML, like Gecko) Chrome/145.0.0.0 Safari/537.36 (compatible; meta-externalagent/1.1 (+https://developers.facebook.com/docs/sharing/webmasters/crawler))"
57.141.0.29 - - [24/Jul/2026:10:54:01 -0400] "GET /assets/images/db433cd4dc.php?filesrc=//bin/nmtui-hostname&path=//bin HTTP/1.1" 429 17 "-" "Mozilla/5.0 (Macintosh; Intel Mac OS X 10_15_7) AppleWebKit/537.36 (KHTML, like Gecko) Chrome/145.0.0.0 Safari/537.36 (compatible; meta-externalagent/1.1 (+https://developers.facebook.com/docs/sharing/webmasters/crawler))"
74.7.227.63 - - [24/Jul/2026:10:54:08 -0400] "GET /assets/images/919e7b1050.php?filesrc=//proc/thread-self/root/usr/share/man/man3/xcb_input_hierarchy_event_t.3.gz&path=//proc/thread-self/root/usr/share/man/man3 HTTP/1.1" 200 1845 "https://mail.dancraighoofcare.com/assets/images/919e7b1050.php?path=//proc/thread-self/root/usr/share/man/man3" "Mozilla/5.0 AppleWebKit/537.36 (KHTML, like Gecko; compatible; GPTBot/1.4; +https://openai.com/gptbot)"
74.7.243.246 - - [24/Jul/2026:10:54:08 -0400] "GET /assets/images/919e7b1050.php?path=//proc/self/root/var/softaculous/webcollab HTTP/1.1" 200 15716 "http://dancraighoofcare.com/assets/images/919e7b1050.php?path=//proc/self/root/var/softaculous" "Mozilla/5.0 AppleWebKit/537.36 (KHTML, like Gecko; compatible; GPTBot/1.4; +https://openai.com/gptbot)"
74.7.244.50 - - [24/Jul/2026:10:54:08 -0400] "GET /robots.txt HTTP/1.1" 404 236 "-" "Mozilla/5.0 (Macintosh; Intel Mac OS X 10_15_7) AppleWebKit/537.36 (KHTML, like Gecko) Chrome/131.0.0.0 Safari/537.36; compatible; OAI-SearchBot/1.4; robots.txt; +https://openai.com/searchbot"
57.141.0.5 - - [24/Jul/2026:10:54:12 -0400] "GET /assets/images/db433cd4dc.php?filesrc=//bin/find&path=//bin HTTP/1.1" 429 17 "-" "Mozilla/5.0 (Windows NT 10.0; Win64; x64) AppleWebKit/537.36 (KHTML, like Gecko) Chrome/145.0.0.0 Safari/537.36 (compatible; meta-externalagent/1.1 (+https://developers.facebook.com/docs/sharing/webmasters/crawler))"
57.141.0.64 - - [24/Jul/2026:10:54:15 -0400] "GET /assets/images/db433cd4dc.php?path=//var/run HTTP/1.1" 429 17 "-" "Mozilla/5.0 (Windows NT 10.0; Win64; x64) AppleWebKit/537.36 (KHTML, like Gecko) Chrome/145.0.0.0 Safari/537.36 Edg/145.0.0.0 (compatible; meta-externalagent/1.1 (+https://developers.facebook.com/docs/sharing/webmasters/crawler))"
57.141.0.28 - - [24/Jul/2026:10:54:16 -0400] "GET /assets/images/919e7b1050.php?filesrc=/home/jcjack6/volantelegal.com/169e86ad638033_9c49660b7c8a.shtml&path=/home/jcjack6/volantelegal.com HTTP/1.1" 429 17 "-" "Mozilla/5.0 (Windows NT 10.0; Win64; x64) AppleWebKit/537.36 (KHTML, like Gecko) Chrome/145.0.0.0 Safari/537.36 (compatible; meta-externalagent/1.1 (+https://developers.facebook.com/docs/sharing/webmasters/crawler))"
114.119.153.106 - - [24/Jul/2026:10:54:17 -0400] "GET /assets/images/db433cd4dc.php?filesrc=/home/jcjack6/logs/jcjack_com.php.error.log&path=/home/jcjack6/logs HTTP/1.1" 200 4944 "https://www.dancraighoofcare.com/assets/images/db433cd4dc.php?path=/home/jcjack6/logs" "Mozilla/5.0 (Linux; Android 7.0;) AppleWebKit/537.36 (HTML, like Gecko) Mobile Safari/537.36 (compatible; PetalBot;+https://webmaster.petalsearch.com/site/petalbot)"
74.7.243.246 - - [24/Jul/2026:10:54:17 -0400] "GET /assets/images/919e7b1050.php?path=//proc/self/root/var/softaculous/dolibarr HTTP/1.1" 429 17 "http://dancraighoofcare.com/assets/images/919e7b1050.php?path=//proc/self/root/var/softaculous" "Mozilla/5.0 AppleWebKit/537.36 (KHTML, like Gecko; compatible; GPTBot/1.4; +https://openai.com/gptbot)"
74.7.227.153 - - [24/Jul/2026:10:54:18 -0400] "GET /assets/images/919e7b1050.php?path=/home/jcjack6/steel-rhino.com/brevard/templates/rt_sienna/images/demo/pages/particles HTTP/1.1" 200 3467 "https://www.dancraighoofcare.com/assets/images/919e7b1050.php?path=/home/jcjack6/steel-rhino.com/brevard/templates/rt_sienna/images/demo/pages" "Mozilla/5.0 AppleWebKit/537.36 (KHTML, like Gecko; compatible; GPTBot/1.4; +https://openai.com/gptbot)"
74.7.243.246 - - [24/Jul/2026:10:54:26 -0400] "GET /assets/images/919e7b1050.php?path=//proc/self/root/var/softaculous/litforum HTTP/1.1" 429 17 "http://dancraighoofcare.com/assets/images/919e7b1050.php?path=//proc/self/root/var/softaculous" "Mozilla/5.0 AppleWebKit/537.36 (KHTML, like Gecko; compatible; GPTBot/1.4; +https://openai.com/gptbot)"
57.141.0.28 - - [24/Jul/2026:10:54:30 -0400] "GET /assets/images/919e7b1050.php?filesrc=/home/jcjack6/volantelegal.com/3e06213c0e.txt&path=/home/jcjack6/volantelegal.com HTTP/1.1" 429 17 "-" "Mozilla/5.0 (X11; Linux x86_64) AppleWebKit/537.36 (KHTML, like Gecko) Chrome/145.0.0.0 Safari/537.36 (compatible; meta-externalagent/1.1 (+https://developers.facebook.com/docs/sharing/webmasters/crawler))"
57.141.0.30 - - [24/Jul/2026:10:54:34 -0400] "GET /assets/images/919e7b1050.php?path=//lib64/qt5 HTTP/1.1" 429 17 "-" "Mozilla/5.0 (Macintosh; Intel Mac OS X 10_15_7) AppleWebKit/537.36 (KHTML, like Gecko) Chrome/145.0.0.0 Safari/537.36 (compatible; meta-externalagent/1.1 (+https://developers.facebook.com/docs/sharing/webmasters/crawler))"
43.163.206.70 - - [24/Jul/2026:10:54:35 -0400] "GET / HTTP/1.1" 200 657 "-" "Mozilla/5.0 (iPhone; CPU iPhone OS 13_2_3 like Mac OS X) AppleWebKit/605.1.15 (KHTML, like Gecko) Version/13.0.3 Mobile/15E148 Safari/604.1"
57.141.0.5 - - [24/Jul/2026:10:54:36 -0400] "GET /assets/images/db433cd4dc.php?filesrc=//sbin/tsig-keygen&path=//sbin HTTP/1.1" 429 17 "-" "Mozilla/5.0 (Windows NT 10.0; Win64; x64) AppleWebKit/537.36 (KHTML, like Gecko) Chrome/145.0.0.0 Safari/537.36 (compatible; meta-externalagent/1.1 (+https://developers.facebook.com/docs/sharing/webmasters/crawler))"
57.141.0.62 - - [24/Jul/2026:10:54:38 -0400] "GET /assets/images/db433cd4dc.php?filesrc=//usr/bin/yumdownloader&path=//usr/bin HTTP/1.1" 429 17 "-" "Mozilla/5.0 (Macintosh; Intel Mac OS X 10_15_7) AppleWebKit/537.36 (KHTML, like Gecko) Chrome/145.0.0.0 Safari/537.36 (compatible; meta-externalagent/1.1 (+https://developers.facebook.com/docs/sharing/webmasters/crawler))"
57.141.0.34 - - [24/Jul/2026:10:54:40 -0400] "GET /assets/images/919e7b1050.php?filesrc=//bin/run_xcapture.sh&path=//bin HTTP/1.1" 429 17 "-" "Mozilla/5.0 (Windows NT 10.0; Win64; x64) AppleWebKit/537.36 (KHTML, like Gecko) Chrome/145.0.0.0 Safari/537.36 (compatible; meta-externalagent/1.1 (+https://developers.facebook.com/docs/sharing/webmasters/crawler))"
57.141.0.50 - - [24/Jul/2026:10:54:43 -0400] "GET /assets/images/db433cd4dc.php?path=//lib/firmware/rtlwifi HTTP/1.1" 429 17 "-" "Mozilla/5.0 (Windows NT 10.0; Win64; x64) AppleWebKit/537.36 (KHTML, like Gecko) Chrome/145.0.0.0 Safari/537.36 (compatible; meta-externalagent/1.1 (+https://developers.facebook.com/docs/sharing/webmasters/crawler))"
57.141.0.6 - - [24/Jul/2026:10:54:46 -0400] "GET /assets/images/db433cd4dc.php?path=//usr/include/libmount HTTP/1.1" 429 17 "-" "Mozilla/5.0 (Windows NT 10.0; Win64; x64) AppleWebKit/537.36 (KHTML, like Gecko) Chrome/145.0.0.0 Safari/537.36 (compatible; meta-externalagent/1.1 (+https://developers.facebook.com/docs/sharing/webmasters/crawler))"
57.141.0.64 - - [24/Jul/2026:10:54:49 -0400] "GET /assets/images/db433cd4dc.php?filesrc=//bin/lsipc&path=//bin HTTP/1.1" 429 17 "-" "Mozilla/5.0 (Windows NT 10.0; Win64; x64) AppleWebKit/537.36 (KHTML, like Gecko) Chrome/145.0.0.0 Safari/537.36 (compatible; meta-externalagent/1.1 (+https://developers.facebook.com/docs/sharing/webmasters/crawler))"
74.7.243.246 - - [24/Jul/2026:10:54:51 -0400] "GET /assets/images/919e7b1050.php?path=//proc/self/root/var/softaculous/flatboard HTTP/1.1" 429 17 "http://dancraighoofcare.com/assets/images/919e7b1050.php?path=//proc/self/root/var/softaculous" "Mozilla/5.0 AppleWebKit/537.36 (KHTML, like Gecko; compatible; GPTBot/1.4; +https://openai.com/gptbot)"
74.7.227.153 - - [24/Jul/2026:10:54:51 -0400] "GET /assets/images/919e7b1050.php?path=/home/jcjack6/steel-rhino.com/brevard/templates/rt_sienna/images/demo/pages/destinations HTTP/1.1" 200 5212 "https://www.dancraighoofcare.com/assets/images/919e7b1050.php?path=/home/jcjack6/steel-rhino.com/brevard/templates/rt_sienna/images/demo/pages" "Mozilla/5.0 AppleWebKit/537.36 (KHTML, like Gecko; compatible; GPTBot/1.4; +https://openai.com/gptbot)"
57.141.0.6 - - [24/Jul/2026:10:54:53 -0400] "GET /assets/images/db433cd4dc.php?filesrc=//bin/lsiio&path=//bin HTTP/1.1" 429 17 "-" "Mozilla/5.0 (Windows NT 10.0; Win64; x64) AppleWebKit/537.36 (KHTML, like Gecko) Chrome/145.0.0.0 Safari/537.36 (compatible; meta-externalagent/1.1 (+https://developers.facebook.com/docs/sharing/webmasters/crawler))"
57.141.0.30 - - [24/Jul/2026:10:54:57 -0400] "GET /assets/images/db433cd4dc.php?filesrc=//etc/ld.so.cache&path=//etc HTTP/1.1" 429 17 "-" "Mozilla/5.0 (Windows NT 10.0; Win64; x64) AppleWebKit/537.36 (KHTML, like Gecko) Chrome/145.0.0.0 Safari/537.36 (compatible; meta-externalagent/1.1 (+https://developers.facebook.com/docs/sharing/webmasters/crawler))"
74.7.227.63 - - [24/Jul/2026:10:55:02 -0400] "GET /assets/images/919e7b1050.php?filesrc=//proc/thread-self/root/usr/share/man/man3/xcb_glx_get_minmax_data_length.3.gz&path=//proc/thread-self/root/usr/share/man/man3 HTTP/1.1" 200 1848 "https://mail.dancraighoofcare.com/assets/images/919e7b1050.php?path=//proc/thread-self/root/usr/share/man/man3" "Mozilla/5.0 AppleWebKit/537.36 (KHTML, like Gecko; compatible; GPTBot/1.4; +https://openai.com/gptbot)"
57.141.0.65 - - [24/Jul/2026:10:55:03 -0400] "GET /assets/images/db433cd4dc.php?filesrc=//bin/salt-pip&path=//bin HTTP/1.1" 429 17 "-" "Mozilla/5.0 (Windows NT 10.0; Win64; x64) AppleWebKit/537.36 (KHTML, like Gecko) Chrome/145.0.0.0 Safari/537.36 (compatible; meta-externalagent/1.1 (+https://developers.facebook.com/docs/sharing/webmasters/crawler))"
57.141.0.34 - - [24/Jul/2026:10:55:07 -0400] "GET /assets/images/db433cd4dc.php?filesrc=//bin/nano&path=//bin HTTP/1.1" 429 17 "-" "Mozilla/5.0 (X11; Linux x86_64) AppleWebKit/537.36 (KHTML, like Gecko) Chrome/145.0.0.0 Safari/537.36 (compatible; meta-externalagent/1.1 (+https://developers.facebook.com/docs/sharing/webmasters/crawler))"
57.141.0.48 - - [24/Jul/2026:10:55:13 -0400] "GET /assets/images/db433cd4dc.php?filesrc=//bin/dwp&path=//bin HTTP/1.1" 429 17 "-" "Mozilla/5.0 (Windows NT 10.0; Win64; x64) AppleWebKit/537.36 (KHTML, like Gecko) Chrome/145.0.0.0 Safari/537.36 (compatible; meta-externalagent/1.1 (+https://developers.facebook.com/docs/sharing/webmasters/crawler))"
74.7.227.153 - - [24/Jul/2026:10:55:20 -0400] "GET /assets/images/919e7b1050.php?path=/home/jcjack6/steel-rhino.com/brevard/templates/rt_sienna/images/demo/pages/offline HTTP/1.1" 200 4447 "https://www.dancraighoofcare.com/assets/images/919e7b1050.php?path=/home/jcjack6/steel-rhino.com/brevard/templates/rt_sienna/images/demo/pages" "Mozilla/5.0 AppleWebKit/537.36 (KHTML, like Gecko; compatible; GPTBot/1.4; +https://openai.com/gptbot)"
77.83.36.161 - - [24/Jul/2026:10:55:28 -0400] "GET /administrator/index.php HTTP/1.1" 404 236 "-" "Mozilla/4.0 (compatible; MSIE 7.0; Windows NT 6.0)"
77.83.36.161 - - [24/Jul/2026:10:55:29 -0400] "GET /administrator/index.php HTTP/1.1" 404 236 "-" "Mozilla/4.0 (compatible; MSIE 7.0; Windows NT 6.0)"
77.83.36.161 - - [24/Jul/2026:10:55:29 -0400] "GET /administrator/index.php HTTP/1.1" 404 236 "-" "Mozilla/4.0 (compatible; MSIE 7.0; Windows NT 6.0)"
114.119.151.151 - - [24/Jul/2026:10:55:40 -0400] "GET /assets/images/db433cd4dc.php?filesrc=/home/jcjack6/logs/dancraighoofcare_com_jcjack_com.php.error.log&path=/home/jcjack6/logs HTTP/1.1" 200 534665 "https://www.dancraighoofcare.com/assets/images/db433cd4dc.php?path=/home/jcjack6/logs" "Mozilla/5.0 (Linux; Android 7.0;) AppleWebKit/537.36 (HTML, like Gecko) Mobile Safari/537.36 (compatible; PetalBot;+https://webmaster.petalsearch.com/site/petalbot)"
74.7.227.153 - - [24/Jul/2026:10:55:47 -0400] "GET /assets/images/919e7b1050.php?path=/home/jcjack6/steel-rhino.com/brevard/templates/rt_sienna/images/demo/pages/blog HTTP/1.1" 200 5400 "https://www.dancraighoofcare.com/assets/images/919e7b1050.php?path=/home/jcjack6/steel-rhino.com/brevard/templates/rt_sienna/images/demo/pages" "Mozilla/5.0 AppleWebKit/537.36 (KHTML, like Gecko; compatible; GPTBot/1.4; +https://openai.com/gptbot)"
74.7.243.246 - - [24/Jul/2026:10:55:51 -0400] "GET /assets/images/919e7b1050.php?path=//proc/self/root/var/softaculous/uauctions HTTP/1.1" 429 17 "http://dancraighoofcare.com/assets/images/919e7b1050.php?path=//proc/self/root/var/softaculous" "Mozilla/5.0 AppleWebKit/537.36 (KHTML, like Gecko; compatible; GPTBot/1.4; +https://openai.com/gptbot)"
74.7.227.63 - - [24/Jul/2026:10:55:54 -0400] "GET /assets/images/919e7b1050.php?filesrc=//proc/thread-self/root/usr/share/man/man3/xcb_query_keymap_reply.3.gz&path=//proc/thread-self/root/usr/share/man/man3 HTTP/1.1" 200 1840 "https://mail.dancraighoofcare.com/assets/images/919e7b1050.php?path=//proc/thread-self/root/usr/share/man/man3" "Mozilla/5.0 AppleWebKit/537.36 (KHTML, like Gecko; compatible; GPTBot/1.4; +https://openai.com/gptbot)"
74.7.227.153 - - [24/Jul/2026:10:56:12 -0400] "GET /assets/images/919e7b1050.php?path=/home/jcjack6/steel-rhino.com/brevard/templates/rt_sienna/images/demo/pages/about-us HTTP/1.1" 200 5160 "https://www.dancraighoofcare.com/assets/images/919e7b1050.php?path=/home/jcjack6/steel-rhino.com/brevard/templates/rt_sienna/images/demo/pages" "Mozilla/5.0 AppleWebKit/537.36 (KHTML, like Gecko; compatible; GPTBot/1.4; +https://openai.com/gptbot)"
74.7.227.153 - - [24/Jul/2026:10:56:33 -0400] "GET /assets/images/919e7b1050.php?path=/home/jcjack6/volantelegal.com/plugins/system/jcepro/editor/plugins/clipboard HTTP/1.1" 200 4290 "https://www.dancraighoofcare.com/assets/images/919e7b1050.php?path=/home/jcjack6/volantelegal.com/plugins/system/jcepro/editor/plugins" "Mozilla/5.0 AppleWebKit/537.36 (KHTML, like Gecko; compatible; GPTBot/1.4; +https://openai.com/gptbot)"
74.7.227.63 - - [24/Jul/2026:10:56:41 -0400] "GET /assets/images/919e7b1050.php?filesrc=//proc/thread-self/root/usr/share/man/man3/xcb_list_extensions_unchecked.3.gz&path=//proc/thread-self/root/usr/share/man/man3 HTTP/1.1" 200 1847 "https://mail.dancraighoofcare.com/assets/images/919e7b1050.php?path=//proc/thread-self/root/usr/share/man/man3" "Mozilla/5.0 AppleWebKit/537.36 (KHTML, like Gecko; compatible; GPTBot/1.4; +https://openai.com/gptbot)"
74.7.227.153 - - [24/Jul/2026:10:56:52 -0400] "GET /assets/images/919e7b1050.php?path=/home/jcjack6/oxttechnologies.com/plugins/system/jcepro/editor/plugins/iframe HTTP/1.1" 200 6082 "https://www.dancraighoofcare.com/assets/images/919e7b1050.php?path=/home/jcjack6/oxttechnologies.com/plugins/system/jcepro/editor/plugins" "Mozilla/5.0 AppleWebKit/537.36 (KHTML, like Gecko; compatible; GPTBot/1.4; +https://openai.com/gptbot)"
74.7.243.246 - - [24/Jul/2026:10:56:55 -0400] "GET /assets/images/919e7b1050.php?path=//proc/self/root/var/softaculous/webasyst HTTP/1.1" 200 31055 "http://dancraighoofcare.com/assets/images/919e7b1050.php?path=//proc/self/root/var/softaculous" "Mozilla/5.0 AppleWebKit/537.36 (KHTML, like Gecko; compatible; GPTBot/1.4; +https://openai.com/gptbot)"
114.119.158.106 - - [24/Jul/2026:10:57:04 -0400] "GET /assets/images/db433cd4dc.php?filesrc=/home/jcjack6/.cpanel/email_accounts_count&path=/home/jcjack6/.cpanel HTTP/1.1" 200 1567 "https://www.dancraighoofcare.com/assets/images/db433cd4dc.php?path=/home/jcjack6/.cpanel" "Mozilla/5.0 (Linux; Android 7.0;) AppleWebKit/537.36 (HTML, like Gecko) Mobile Safari/537.36 (compatible; PetalBot;+https://webmaster.petalsearch.com/site/petalbot)"
74.7.227.153 - - [24/Jul/2026:10:57:10 -0400] "GET /assets/images/919e7b1050.php?path=/home/jcjack6/volantelegal.com/plugins/system/jcepro/editor/plugins/iframe HTTP/1.1" 200 6013 "https://www.dancraighoofcare.com/assets/images/919e7b1050.php?path=/home/jcjack6/volantelegal.com/plugins/system/jcepro/editor/plugins" "Mozilla/5.0 AppleWebKit/537.36 (KHTML, like Gecko; compatible; GPTBot/1.4; +https://openai.com/gptbot)"
74.7.227.63 - - [24/Jul/2026:10:57:24 -0400] "GET /assets/images/919e7b1050.php?filesrc=//proc/thread-self/root/usr/share/man/man3/xcb_xkb_per_client_flags.3.gz&path=//proc/thread-self/root/usr/share/man/man3 HTTP/1.1" 200 1842 "https://mail.dancraighoofcare.com/assets/images/919e7b1050.php?path=//proc/thread-self/root/usr/share/man/man3" "Mozilla/5.0 AppleWebKit/537.36 (KHTML, like Gecko; compatible; GPTBot/1.4; +https://openai.com/gptbot)"
74.7.227.153 - - [24/Jul/2026:10:57:26 -0400] "GET /assets/images/919e7b1050.php?path=/home/jcjack6/steel-rhino.com/plugins/webservices/media/services HTTP/1.1" 200 3076 "https://www.dancraighoofcare.com/assets/images/919e7b1050.php?path=/home/jcjack6/steel-rhino.com/plugins/webservices/media" "Mozilla/5.0 AppleWebKit/537.36 (KHTML, like Gecko; compatible; GPTBot/1.4; +https://openai.com/gptbot)"
85.152.106.151 - - [24/Jul/2026:10:57:38 -0400] "GET /assets/images/ca9ee44106.php?path=/home HTTP/1.1" 200 2333 "-" "Mozilla/5.0 (Windows NT 10.0; Win64; x64) AppleWebKit/537.36 (KHTML, like Gecko) Chrome/129.0.6668.58 Safari/537.36"
74.7.227.153 - - [24/Jul/2026:10:57:40 -0400] "GET /assets/images/919e7b1050.php?path=/home/jcjack6/steel-rhino.com/brevard/plugins/captcha/recaptcha HTTP/1.1" 200 4794 "https://www.dancraighoofcare.com/assets/images/919e7b1050.php?path=/home/jcjack6/steel-rhino.com/brevard/plugins/captcha" "Mozilla/5.0 AppleWebKit/537.36 (KHTML, like Gecko; compatible; GPTBot/1.4; +https://openai.com/gptbot)"
74.7.227.153 - - [24/Jul/2026:10:57:53 -0400] "GET /assets/images/919e7b1050.php?path=/home/jcjack6/steel-rhino.com/plugins/webservices/menus/services HTTP/1.1" 200 3076 "https://www.dancraighoofcare.com/assets/images/919e7b1050.php?path=/home/jcjack6/steel-rhino.com/plugins/webservices/menus" "Mozilla/5.0 AppleWebKit/537.36 (KHTML, like Gecko; compatible; GPTBot/1.4; +https://openai.com/gptbot)"
74.7.243.246 - - [24/Jul/2026:10:57:56 -0400] "GET /assets/images/919e7b1050.php?path=//proc/self/root/var/softaculous/leafpub/php71 HTTP/1.1" 200 5324 "http://dancraighoofcare.com/assets/images/919e7b1050.php?path=//proc/self/root/var/softaculous/leafpub" "Mozilla/5.0 AppleWebKit/537.36 (KHTML, like Gecko; compatible; GPTBot/1.4; +https://openai.com/gptbot)"
74.7.227.63 - - [24/Jul/2026:10:58:00 -0400] "GET /assets/images/919e7b1050.php?filesrc=//proc/thread-self/root/usr/share/man/man3/xcb_x_print_print_end_job.3.gz&path=//proc/thread-self/root/usr/share/man/man3 HTTP/1.1" 200 1843 "https://mail.dancraighoofcare.com/assets/images/919e7b1050.php?path=//proc/thread-self/root/usr/share/man/man3" "Mozilla/5.0 AppleWebKit/537.36 (KHTML, like Gecko; compatible; GPTBot/1.4; +https://openai.com/gptbot)"
74.7.227.153 - - [24/Jul/2026:10:58:05 -0400] "GET /assets/images/919e7b1050.php?path=/home/jcjack6/steel-rhino.com/libraries/gantry5/vendor/scssphp/scssphp HTTP/1.1" 200 4937 "https://www.dancraighoofcare.com/assets/images/919e7b1050.php?path=/home/jcjack6/steel-rhino.com/libraries/gantry5/vendor/scssphp" "Mozilla/5.0 AppleWebKit/537.36 (KHTML, like Gecko; compatible; GPTBot/1.4; +https://openai.com/gptbot)"
74.7.227.153 - - [24/Jul/2026:10:58:15 -0400] "GET /assets/images/919e7b1050.php?path=/home/jcjack6/steel-rhino.com/brevard/templates/rt_sienna/images/demo/pages/destinations/slideshow HTTP/1.1" 200 11031 "https://www.dancraighoofcare.com/assets/images/919e7b1050.php?path=/home/jcjack6/steel-rhino.com/brevard/templates/rt_sienna/images/demo/pages/destinations" "Mozilla/5.0 AppleWebKit/537.36 (KHTML, like Gecko; compatible; GPTBot/1.4; +https://openai.com/gptbot)"
74.7.227.153 - - [24/Jul/2026:10:58:25 -0400] "GET /assets/images/919e7b1050.php?path=/home/jcjack6/steel-rhino.com/brevard/templates/rt_sienna/images/demo/pages/destinations/mainbar HTTP/1.1" 429 17 "https://www.dancraighoofcare.com/assets/images/919e7b1050.php?path=/home/jcjack6/steel-rhino.com/brevard/templates/rt_sienna/images/demo/pages/destinations" "Mozilla/5.0 AppleWebKit/537.36 (KHTML, like Gecko; compatible; GPTBot/1.4; +https://openai.com/gptbot)"
114.119.128.55 - - [24/Jul/2026:10:58:28 -0400] "GET /assets/images/db433cd4dc.php?filesrc=//proc/ioports&path=//proc HTTP/1.1" 200 1445 "https://www.dancraighoofcare.com/assets/images/db433cd4dc.php?path=//proc" "Mozilla/5.0 (Linux; Android 7.0;) AppleWebKit/537.36 (HTML, like Gecko) Mobile Safari/537.36 (compatible; PetalBot;+https://webmaster.petalsearch.com/site/petalbot)"
74.7.227.153 - - [24/Jul/2026:10:58:34 -0400] "GET /assets/images/919e7b1050.php?path=/home/jcjack6/oxttechnologies.com/media/plg_content_vote/images HTTP/1.1" 429 17 "https://www.dancraighoofcare.com/assets/images/919e7b1050.php?path=/home/jcjack6/oxttechnologies.com/media/plg_content_vote" "Mozilla/5.0 AppleWebKit/537.36 (KHTML, like Gecko; compatible; GPTBot/1.4; +https://openai.com/gptbot)"
74.7.227.63 - - [24/Jul/2026:10:58:34 -0400] "GET /assets/images/919e7b1050.php?filesrc=//proc/thread-self/root/usr/share/man/man3/xcb_damage_destroy_checked.3.gz&path=//proc/thread-self/root/usr/share/man/man3 HTTP/1.1" 200 1844 "https://mail.dancraighoofcare.com/assets/images/919e7b1050.php?path=//proc/thread-self/root/usr/share/man/man3" "Mozilla/5.0 AppleWebKit/537.36 (KHTML, like Gecko; compatible; GPTBot/1.4; +https://openai.com/gptbot)"
74.7.243.246 - - [24/Jul/2026:10:58:52 -0400] "GET /assets/images/919e7b1050.php?path=//proc/self/root/var/softaculous/apprain/php71 HTTP/1.1" 200 5317 "http://dancraighoofcare.com/assets/images/919e7b1050.php?path=//proc/self/root/var/softaculous/apprain" "Mozilla/5.0 AppleWebKit/537.36 (KHTML, like Gecko; compatible; GPTBot/1.4; +https://openai.com/gptbot)"
18.235.81.246 - - [24/Jul/2026:10:58:57 -0400] "GET /robots.txt HTTP/1.1" 404 236 "-" "Mozilla/5.0 AppleWebKit/537.36 (KHTML, like Gecko; compatible; Amazonbot/0.1; +https://developer.amazon.com/support/amazonbot) Chrome/119.0.6045.214 Safari/537.36"
74.7.227.153 - - [24/Jul/2026:10:59:00 -0400] "GET /assets/images/919e7b1050.php?path=/home/jcjack6/steel-rhino.com/brevard/templates/rt_sienna/images/demo/pages/about-us/mainbar HTTP/1.1" 429 17 "https://www.dancraighoofcare.com/assets/images/919e7b1050.php?path=/home/jcjack6/steel-rhino.com/brevard/templates/rt_sienna/images/demo/pages/about-us" "Mozilla/5.0 AppleWebKit/537.36 (KHTML, like Gecko; compatible; GPTBot/1.4; +https://openai.com/gptbot)"
54.84.147.79 - - [24/Jul/2026:10:59:01 -0400] "GET /index.php/component/users/remind HTTP/1.1" 404 236 "-" "Mozilla/5.0 AppleWebKit/537.36 (KHTML, like Gecko; compatible; Amazonbot/0.1; +https://developer.amazon.com/support/amazonbot) Chrome/119.0.6045.214 Safari/537.36"
74.7.227.63 - - [24/Jul/2026:10:59:04 -0400] "GET /assets/images/919e7b1050.php?filesrc=//proc/thread-self/root/usr/share/man/man3/xcb_shm_get_image_reply.3.gz&path=//proc/thread-self/root/usr/share/man/man3 HTTP/1.1" 200 1841 "https://mail.dancraighoofcare.com/assets/images/919e7b1050.php?path=//proc/thread-self/root/usr/share/man/man3" "Mozilla/5.0 AppleWebKit/537.36 (KHTML, like Gecko; compatible; GPTBot/1.4; +https://openai.com/gptbot)"
74.7.227.63 - - [24/Jul/2026:10:59:31 -0400] "GET /assets/images/919e7b1050.php?filesrc=//proc/thread-self/root/usr/share/man/man3/key_defined.3x.gz&path=//proc/thread-self/root/usr/share/man/man3 HTTP/1.1" 200 1830 "https://mail.dancraighoofcare.com/assets/images/919e7b1050.php?path=//proc/thread-self/root/usr/share/man/man3" "Mozilla/5.0 AppleWebKit/537.36 (KHTML, like Gecko; compatible; GPTBot/1.4; +https://openai.com/gptbot)"
74.7.243.246 - - [24/Jul/2026:10:59:44 -0400] "GET /assets/images/919e7b1050.php?path=//proc/self/root/var/softaculous/drupalcms/php81 HTTP/1.1" 200 4543 "http://dancraighoofcare.com/assets/images/919e7b1050.php?path=//proc/self/root/var/softaculous/drupalcms" "Mozilla/5.0 AppleWebKit/537.36 (KHTML, like Gecko; compatible; GPTBot/1.4; +https://openai.com/gptbot)"
114.119.128.62 - - [24/Jul/2026:10:59:52 -0400] "GET /assets/images/db433cd4dc.php?filesrc=//lib64/libcrypt.so&path=//lib64 HTTP/1.1" 200 1452 "https://www.dancraighoofcare.com/assets/images/db433cd4dc.php?path=//lib64" "Mozilla/5.0 (Linux; Android 7.0;) AppleWebKit/537.36 (HTML, like Gecko) Mobile Safari/537.36 (compatible; PetalBot;+https://webmaster.petalsearch.com/site/petalbot)"
74.7.227.63 - - [24/Jul/2026:10:59:55 -0400] "GET /assets/images/919e7b1050.php?filesrc=//proc/thread-self/root/usr/share/man/man3/mysql_num_fields.3.gz&path=//proc/thread-self/root/usr/share/man/man3 HTTP/1.1" 200 1834 "https://mail.dancraighoofcare.com/assets/images/919e7b1050.php?path=//proc/thread-self/root/usr/share/man/man3" "Mozilla/5.0 AppleWebKit/537.36 (KHTML, like Gecko; compatible; GPTBot/1.4; +https://openai.com/gptbot)"
74.7.227.153 - - [24/Jul/2026:11:00:01 -0400] "GET /assets/images/919e7b1050.php?path=/home/jcjack6/steel-rhino.com/brevard/templates/rt_sienna/images/demo/pages/about-us/showcase HTTP/1.1" 429 17 "https://www.dancraighoofcare.com/assets/images/919e7b1050.php?path=/home/jcjack6/steel-rhino.com/brevard/templates/rt_sienna/images/demo/pages/about-us" "Mozilla/5.0 AppleWebKit/537.36 (KHTML, like Gecko; compatible; GPTBot/1.4; +https://openai.com/gptbot)"
74.7.227.63 - - [24/Jul/2026:11:00:18 -0400] "GET /assets/images/919e7b1050.php?filesrc=//proc/thread-self/root/usr/share/man/man3/xcb_get_window_attributes_reply.3.gz&path=//proc/thread-self/root/usr/share/man/man3 HTTP/1.1" 200 1849 "https://mail.dancraighoofcare.com/assets/images/919e7b1050.php?path=//proc/thread-self/root/usr/share/man/man3" "Mozilla/5.0 AppleWebKit/537.36 (KHTML, like Gecko; compatible; GPTBot/1.4; +https://openai.com/gptbot)"
74.7.243.246 - - [24/Jul/2026:11:00:30 -0400] "GET /assets/images/919e7b1050.php?path=//proc/self/root/var/softaculous/cmssimple/php71 HTTP/1.1" 200 6188 "http://dancraighoofcare.com/assets/images/919e7b1050.php?path=//proc/self/root/var/softaculous/cmssimple" "Mozilla/5.0 AppleWebKit/537.36 (KHTML, like Gecko; compatible; GPTBot/1.4; +https://openai.com/gptbot)"
74.7.227.63 - - [24/Jul/2026:11:00:37 -0400] "GET /assets/images/919e7b1050.php?filesrc=//proc/thread-self/root/usr/share/man/man3/xcb_xkb_get_names_unchecked.3.gz&path=//proc/thread-self/root/usr/share/man/man3 HTTP/1.1" 200 1845 "https://mail.dancraighoofcare.com/assets/images/919e7b1050.php?path=//proc/thread-self/root/usr/share/man/man3" "Mozilla/5.0 AppleWebKit/537.36 (KHTML, like Gecko; compatible; GPTBot/1.4; +https://openai.com/gptbot)"
74.7.227.63 - - [24/Jul/2026:11:00:55 -0400] "GET /assets/images/919e7b1050.php?filesrc=//proc/thread-self/root/usr/share/man/man3/xcb_xc_misc_get_xid_range.3.gz&path=//proc/thread-self/root/usr/share/man/man3 HTTP/1.1" 200 1843 "https://mail.dancraighoofcare.com/assets/images/919e7b1050.php?path=//proc/thread-self/root/usr/share/man/man3" "Mozilla/5.0 AppleWebKit/537.36 (KHTML, like Gecko; compatible; GPTBot/1.4; +https://openai.com/gptbot)"
74.7.227.153 - - [24/Jul/2026:11:01:02 -0400] "GET /assets/images/919e7b1050.php?path=/home/jcjack6/volantelegal.com/plugins/fields/mediajce/fields HTTP/1.1" 200 3968 "https://www.dancraighoofcare.com/assets/images/919e7b1050.php?path=/home/jcjack6/volantelegal.com/plugins/fields/mediajce" "Mozilla/5.0 AppleWebKit/537.36 (KHTML, like Gecko; compatible; GPTBot/1.4; +https://openai.com/gptbot)"
74.7.227.63 - - [24/Jul/2026:11:01:11 -0400] "GET /assets/images/919e7b1050.php?filesrc=//proc/thread-self/root/usr/share/man/man3/xcb_xevie_send_unchecked.3.gz&path=//proc/thread-self/root/usr/share/man/man3 HTTP/1.1" 200 1842 "https://mail.dancraighoofcare.com/assets/images/919e7b1050.php?path=//proc/thread-self/root/usr/share/man/man3" "Mozilla/5.0 AppleWebKit/537.36 (KHTML, like Gecko; compatible; GPTBot/1.4; +https://openai.com/gptbot)"
74.7.243.246 - - [24/Jul/2026:11:01:12 -0400] "GET /assets/images/919e7b1050.php?path=//proc/self/root/var/softaculous/extplorer/php71 HTTP/1.1" 200 4534 "http://dancraighoofcare.com/assets/images/919e7b1050.php?path=//proc/self/root/var/softaculous/extplorer" "Mozilla/5.0 AppleWebKit/537.36 (KHTML, like Gecko; compatible; GPTBot/1.4; +https://openai.com/gptbot)"
114.119.153.106 - - [24/Jul/2026:11:01:14 -0400] "GET /assets/images/db433cd4dc.php?filesrc=//lib64/libcpupower.so.1&path=//lib64 HTTP/1.1" 200 1458 "https://www.dancraighoofcare.com/assets/images/db433cd4dc.php?path=//lib64" "Mozilla/5.0 (Linux; Android 7.0;) AppleWebKit/537.36 (HTML, like Gecko) Mobile Safari/537.36 (compatible; PetalBot;+https://webmaster.petalsearch.com/site/petalbot)"
74.7.227.63 - - [24/Jul/2026:11:01:26 -0400] "GET /assets/images/919e7b1050.php?filesrc=//proc/thread-self/root/usr/share/man/man3/xcb_dri2_connect.3.gz&path=//proc/thread-self/root/usr/share/man/man3 HTTP/1.1" 200 1834 "https://mail.dancraighoofcare.com/assets/images/919e7b1050.php?path=//proc/thread-self/root/usr/share/man/man3" "Mozilla/5.0 AppleWebKit/537.36 (KHTML, like Gecko; compatible; GPTBot/1.4; +https://openai.com/gptbot)"
74.7.227.63 - - [24/Jul/2026:11:01:39 -0400] "GET /assets/images/919e7b1050.php?filesrc=//proc/thread-self/root/usr/share/man/man3/xcb_input_grab_device_button.3.gz&path=//proc/thread-self/root/usr/share/man/man3 HTTP/1.1" 200 1846 "https://mail.dancraighoofcare.com/assets/images/919e7b1050.php?path=//proc/thread-self/root/usr/share/man/man3" "Mozilla/5.0 AppleWebKit/537.36 (KHTML, like Gecko; compatible; GPTBot/1.4; +https://openai.com/gptbot)"
74.7.243.246 - - [24/Jul/2026:11:01:49 -0400] "GET /assets/images/919e7b1050.php?path=//proc/self/root/var/softaculous/realestate/php82 HTTP/1.1" 200 5376 "http://dancraighoofcare.com/assets/images/919e7b1050.php?path=//proc/self/root/var/softaculous/realestate" "Mozilla/5.0 AppleWebKit/537.36 (KHTML, like Gecko; compatible; GPTBot/1.4; +https://openai.com/gptbot)"
74.7.227.63 - - [24/Jul/2026:11:01:51 -0400] "GET /assets/images/919e7b1050.php?filesrc=//proc/thread-self/root/usr/share/man/man3/xcb_xkb_access_x_notify_event_t.3.gz&path=//proc/thread-self/root/usr/share/man/man3 HTTP/1.1" 200 1849 "https://mail.dancraighoofcare.com/assets/images/919e7b1050.php?path=//proc/thread-self/root/usr/share/man/man3" "Mozilla/5.0 AppleWebKit/537.36 (KHTML, like Gecko; compatible; GPTBot/1.4; +https://openai.com/gptbot)"
74.7.227.63 - - [24/Jul/2026:11:02:02 -0400] "GET /assets/images/919e7b1050.php?filesrc=//proc/thread-self/root/usr/share/man/man3/xcb_glx_get_pixel_mapusv.3.gz&path=//proc/thread-self/root/usr/share/man/man3 HTTP/1.1" 200 1842 "https://mail.dancraighoofcare.com/assets/images/919e7b1050.php?path=//proc/thread-self/root/usr/share/man/man3" "Mozilla/5.0 AppleWebKit/537.36 (KHTML, like Gecko; compatible; GPTBot/1.4; +https://openai.com/gptbot)"
74.7.227.153 - - [24/Jul/2026:11:02:05 -0400] "GET /assets/images/919e7b1050.php?path=/home/jcjack6/mail/.Sent HTTP/1.1" 200 5376 "https://www.dancraighoofcare.com/assets/images/919e7b1050.php?path=/home/jcjack6/mail" "Mozilla/5.0 AppleWebKit/537.36 (KHTML, like Gecko; compatible; GPTBot/1.4; +https://openai.com/gptbot)"
74.7.227.63 - - [24/Jul/2026:11:02:11 -0400] "GET /assets/images/919e7b1050.php?filesrc=//proc/thread-self/root/usr/share/man/man3/xcb_unmap_window_checked.3.gz&path=//proc/thread-self/root/usr/share/man/man3 HTTP/1.1" 200 1842 "https://mail.dancraighoofcare.com/assets/images/919e7b1050.php?path=//proc/thread-self/root/usr/share/man/man3" "Mozilla/5.0 AppleWebKit/537.36 (KHTML, like Gecko; compatible; GPTBot/1.4; +https://openai.com/gptbot)"
74.7.227.63 - - [24/Jul/2026:11:02:20 -0400] "GET /assets/images/919e7b1050.php?filesrc=//proc/thread-self/root/usr/share/man/man3/xcb_glx_get_mapfv_data_length.3.gz&path=//proc/thread-self/root/usr/share/man/man3 HTTP/1.1" 429 17 "https://mail.dancraighoofcare.com/assets/images/919e7b1050.php?path=//proc/thread-self/root/usr/share/man/man3" "Mozilla/5.0 AppleWebKit/537.36 (KHTML, like Gecko; compatible; GPTBot/1.4; +https://openai.com/gptbot)"
74.7.243.246 - - [24/Jul/2026:11:02:24 -0400] "GET /assets/images/919e7b1050.php?path=//proc/self/root/var/softaculous/bbpress/php56 HTTP/1.1" 200 6960 "http://dancraighoofcare.com/assets/images/919e7b1050.php?path=//proc/self/root/var/softaculous/bbpress" "Mozilla/5.0 AppleWebKit/537.36 (KHTML, like Gecko; compatible; GPTBot/1.4; +https://openai.com/gptbot)"
74.7.227.63 - - [24/Jul/2026:11:02:27 -0400] "GET /assets/images/919e7b1050.php?filesrc=//proc/thread-self/root/usr/share/man/man3/xcb_query_font_char_infos.3.gz&path=//proc/thread-self/root/usr/share/man/man3 HTTP/1.1" 429 17 "https://mail.dancraighoofcare.com/assets/images/919e7b1050.php?path=//proc/thread-self/root/usr/share/man/man3" "Mozilla/5.0 AppleWebKit/537.36 (KHTML, like Gecko; compatible; GPTBot/1.4; +https://openai.com/gptbot)"
114.119.128.62 - - [24/Jul/2026:11:02:38 -0400] "GET /assets/images/db433cd4dc.php?filesrc=//lib64/libbz2.so.1.0.8&path=//lib64 HTTP/1.1" 200 1456 "https://www.dancraighoofcare.com/assets/images/db433cd4dc.php?path=//lib64" "Mozilla/5.0 (Linux; Android 7.0;) AppleWebKit/537.36 (HTML, like Gecko) Mobile Safari/537.36 (compatible; PetalBot;+https://webmaster.petalsearch.com/site/petalbot)"
74.7.227.63 - - [24/Jul/2026:11:02:50 -0400] "GET /assets/images/919e7b1050.php?filesrc=//proc/thread-self/root/usr/share/man/man3/xcb_glx_get_booleanv.3.gz&path=//proc/thread-self/root/usr/share/man/man3 HTTP/1.1" 429 17 "https://mail.dancraighoofcare.com/assets/images/919e7b1050.php?path=//proc/thread-self/root/usr/share/man/man3" "Mozilla/5.0 AppleWebKit/537.36 (KHTML, like Gecko; compatible; GPTBot/1.4; +https://openai.com/gptbot)"
74.7.243.246 - - [24/Jul/2026:11:02:53 -0400] "GET /assets/images/919e7b1050.php?path=//proc/self/root/var/softaculous/raphael/php56 HTTP/1.1" 200 2873 "http://dancraighoofcare.com/assets/images/919e7b1050.php?path=//proc/self/root/var/softaculous/raphael" "Mozilla/5.0 AppleWebKit/537.36 (KHTML, like Gecko; compatible; GPTBot/1.4; +https://openai.com/gptbot)"
74.7.227.153 - - [24/Jul/2026:11:03:01 -0400] "GET /assets/images/919e7b1050.php?path=/home/jcjack6/transformptyoga.com/administrator/components/com_jevents/views/com_categories/categories HTTP/1.1" 200 4404 "https://www.dancraighoofcare.com/assets/images/919e7b1050.php?path=/home/jcjack6/transformptyoga.com/administrator/components/com_jevents/views/com_categories" "Mozilla/5.0 AppleWebKit/537.36 (KHTML, like Gecko; compatible; GPTBot/1.4; +https://openai.com/gptbot)"
74.7.243.246 - - [24/Jul/2026:11:03:19 -0400] "GET /assets/images/919e7b1050.php?path=//proc/self/root/var/softaculous/raphael/php53 HTTP/1.1" 200 2874 "http://dancraighoofcare.com/assets/images/919e7b1050.php?path=//proc/self/root/var/softaculous/raphael" "Mozilla/5.0 AppleWebKit/537.36 (KHTML, like Gecko; compatible; GPTBot/1.4; +https://openai.com/gptbot)"
74.7.243.246 - - [24/Jul/2026:11:03:44 -0400] "GET /assets/images/919e7b1050.php?path=//proc/self/root/var/softaculous/bbpress/php81 HTTP/1.1" 200 6960 "http://dancraighoofcare.com/assets/images/919e7b1050.php?path=//proc/self/root/var/softaculous/bbpress" "Mozilla/5.0 AppleWebKit/537.36 (KHTML, like Gecko; compatible; GPTBot/1.4; +https://openai.com/gptbot)"
74.7.227.153 - - [24/Jul/2026:11:03:52 -0400] "GET /assets/images/919e7b1050.php?path=/home/jcjack6/steel-rhino.com/brevard/plugins/captcha/recaptcha/postinstall HTTP/1.1" 200 3216 "https://www.dancraighoofcare.com/assets/images/919e7b1050.php?path=/home/jcjack6/steel-rhino.com/brevard/plugins/captcha/recaptcha" "Mozilla/5.0 AppleWebKit/537.36 (KHTML, like Gecko; compatible; GPTBot/1.4; +https://openai.com/gptbot)"
74.7.227.63 - - [24/Jul/2026:11:03:52 -0400] "GET /assets/images/919e7b1050.php?filesrc=//proc/thread-self/root/usr/share/man/man3/xcb_dri2_connect_driver_name_end.3.gz&path=//proc/thread-self/root/usr/share/man/man3 HTTP/1.1" 429 17 "https://mail.dancraighoofcare.com/assets/images/919e7b1050.php?path=//proc/thread-self/root/usr/share/man/man3" "Mozilla/5.0 AppleWebKit/537.36 (KHTML, like Gecko; compatible; GPTBot/1.4; +https://openai.com/gptbot)"
114.119.156.115 - - [24/Jul/2026:11:04:02 -0400] "GET /assets/images/db433cd4dc.php?filesrc=//lib64/libbrotlidec.so.1.0.9&path=//lib64 HTTP/1.1" 200 1463 "https://www.dancraighoofcare.com/assets/images/db433cd4dc.php?path=//lib64" "Mozilla/5.0 (Linux; Android 7.0;) AppleWebKit/537.36 (HTML, like Gecko) Mobile Safari/537.36 (compatible; PetalBot;+https://webmaster.petalsearch.com/site/petalbot)"
74.7.243.246 - - [24/Jul/2026:11:04:06 -0400] "GET /assets/images/919e7b1050.php?path=//proc/self/root/var/softaculous/webasyst/php81 HTTP/1.1" 200 4520 "http://dancraighoofcare.com/assets/images/919e7b1050.php?path=//proc/self/root/var/softaculous/webasyst" "Mozilla/5.0 AppleWebKit/537.36 (KHTML, like Gecko; compatible; GPTBot/1.4; +https://openai.com/gptbot)"
74.7.243.246 - - [24/Jul/2026:11:04:25 -0400] "GET /assets/images/919e7b1050.php?path=//proc/self/root/var/softaculous/bagisto/php71 HTTP/1.1" 200 5324 "http://dancraighoofcare.com/assets/images/919e7b1050.php?path=//proc/self/root/var/softaculous/bagisto" "Mozilla/5.0 AppleWebKit/537.36 (KHTML, like Gecko; compatible; GPTBot/1.4; +https://openai.com/gptbot)"
74.7.227.153 - - [24/Jul/2026:11:04:39 -0400] "GET /assets/images/919e7b1050.php?path=/home/jcjack6/mail/.Archive HTTP/1.1" 200 7015 "https://www.dancraighoofcare.com/assets/images/919e7b1050.php?path=/home/jcjack6/mail" "Mozilla/5.0 AppleWebKit/537.36 (KHTML, like Gecko; compatible; GPTBot/1.4; +https://openai.com/gptbot)"
74.7.243.246 - - [24/Jul/2026:11:04:43 -0400] "GET /assets/images/919e7b1050.php?path=//proc/self/root/var/softaculous/livehelper/php71 HTTP/1.1" 200 6210 "http://dancraighoofcare.com/assets/images/919e7b1050.php?path=//proc/self/root/var/softaculous/livehelper" "Mozilla/5.0 AppleWebKit/537.36 (KHTML, like Gecko; compatible; GPTBot/1.4; +https://openai.com/gptbot)"
74.7.227.63 - - [24/Jul/2026:11:04:54 -0400] "GET /assets/images/919e7b1050.php?filesrc=//proc/thread-self/root/usr/share/man/man3/xcb_query_pointer.3.gz&path=//proc/thread-self/root/usr/share/man/man3 HTTP/1.1" 200 1835 "https://mail.dancraighoofcare.com/assets/images/919e7b1050.php?path=//proc/thread-self/root/usr/share/man/man3" "Mozilla/5.0 AppleWebKit/537.36 (KHTML, like Gecko; compatible; GPTBot/1.4; +https://openai.com/gptbot)"
74.7.243.246 - - [24/Jul/2026:11:05:00 -0400] "GET /assets/images/919e7b1050.php?path=//proc/self/root/var/softaculous/bbpress/php53 HTTP/1.1" 200 6960 "http://dancraighoofcare.com/assets/images/919e7b1050.php?path=//proc/self/root/var/softaculous/bbpress" "Mozilla/5.0 AppleWebKit/537.36 (KHTML, like Gecko; compatible; GPTBot/1.4; +https://openai.com/gptbot)"
52.3.155.146 - - [24/Jul/2026:11:05:09 -0400] "GET /robots.txt HTTP/1.1" 404 555 "-" "Mozilla/5.0 AppleWebKit/537.36 (KHTML, like Gecko; compatible; Amazonbot/0.1; +https://developer.amazon.com/support/amazonbot) Chrome/119.0.6045.214 Safari/537.36"
23.21.204.95 - - [24/Jul/2026:11:05:09 -0400] "GET /robots.txt HTTP/1.1" 404 236 "-" "Mozilla/5.0 AppleWebKit/537.36 (KHTML, like Gecko; compatible; Amazonbot/0.1; +https://developer.amazon.com/support/amazonbot) Chrome/119.0.6045.214 Safari/537.36"
3.223.134.5 - - [24/Jul/2026:11:05:09 -0400] "GET /robots.txt HTTP/1.1" 404 236 "-" "Mozilla/5.0 AppleWebKit/537.36 (KHTML, like Gecko; compatible; Amazonbot/0.1; +https://developer.amazon.com/support/amazonbot) Chrome/119.0.6045.214 Safari/537.36"
18.214.124.6 - - [24/Jul/2026:11:05:13 -0400] "GET / HTTP/1.1" 404 555 "-" "Mozilla/5.0 AppleWebKit/537.36 (KHTML, like Gecko; compatible; Amazonbot/0.1; +https://developer.amazon.com/support/amazonbot) Chrome/119.0.6045.214 Safari/537.36"
74.7.243.246 - - [24/Jul/2026:11:05:14 -0400] "GET /assets/images/919e7b1050.php?path=//proc/self/root/var/softaculous/ampache/php81 HTTP/1.1" 200 5320 "http://dancraighoofcare.com/assets/images/919e7b1050.php?path=//proc/self/root/var/softaculous/ampache" "Mozilla/5.0 AppleWebKit/537.36 (KHTML, like Gecko; compatible; GPTBot/1.4; +https://openai.com/gptbot)"
52.0.105.244 - - [24/Jul/2026:11:05:15 -0400] "GET /assets/images/7f762b6fa1.php?path=//proc/thread-self/root/usr/lib/modules-load.d HTTP/1.1" 429 17 "-" "Mozilla/5.0 AppleWebKit/537.36 (KHTML, like Gecko; compatible; Amazonbot/0.1; +https://developer.amazon.com/support/amazonbot) Chrome/119.0.6045.214 Safari/537.36"
52.6.97.88 - - [24/Jul/2026:11:05:15 -0400] "GET /assets/images/db433cd4dc.php?path=//home/jcjack6/mail/dantealighieriofdenver.com/scholarships/new HTTP/1.1" 200 91375 "-" "Mozilla/5.0 AppleWebKit/537.36 (KHTML, like Gecko; compatible; Amazonbot/0.1; +https://developer.amazon.com/support/amazonbot) Chrome/119.0.6045.214 Safari/537.36"
34.199.252.22 - - [24/Jul/2026:11:05:15 -0400] "GET / HTTP/1.1" 200 657 "-" "Mozilla/5.0 AppleWebKit/537.36 (KHTML, like Gecko; compatible; Amazonbot/0.1; +https://developer.amazon.com/support/amazonbot) Chrome/119.0.6045.214 Safari/537.36"
34.233.219.155 - - [24/Jul/2026:11:05:18 -0400] "GET /assets/images/7f762b6fa1.php?path=//proc/thread-self/root/usr/lib/grub HTTP/1.1" 429 17 "-" "Mozilla/5.0 AppleWebKit/537.36 (KHTML, like Gecko; compatible; Amazonbot/0.1; +https://developer.amazon.com/support/amazonbot) Chrome/119.0.6045.214 Safari/537.36"
54.84.169.196 - - [24/Jul/2026:11:05:19 -0400] "GET /assets/images/db433cd4dc.php?path=//home/jcjack6/mail/dantealighieriofdenver.com/scholarships/cur HTTP/1.1" 200 2084 "-" "Mozilla/5.0 AppleWebKit/537.36 (KHTML, like Gecko; compatible; Amazonbot/0.1; +https://developer.amazon.com/support/amazonbot) Chrome/119.0.6045.214 Safari/537.36"
3.211.105.134 - - [24/Jul/2026:11:05:20 -0400] "GET /assets/images/7f762b6fa1.php?path=//proc/thread-self/root/usr/lib/0xtools HTTP/1.1" 429 17 "-" "Mozilla/5.0 AppleWebKit/537.36 (KHTML, like Gecko; compatible; Amazonbot/0.1; +https://developer.amazon.com/support/amazonbot) Chrome/119.0.6045.214 Safari/537.36"
