77.83.36.161 - - [24/Jul/2026:10:02:08 -0400] "GET /administrator/index.php HTTP/1.1" 404 236 "-" "Mozilla/4.0 (compatible; MSIE 7.0; Windows NT 6.0)"
77.83.36.161 - - [24/Jul/2026:10:02:08 -0400] "GET /administrator/index.php HTTP/1.1" 404 236 "-" "Mozilla/4.0 (compatible; MSIE 7.0; Windows NT 6.0)"
77.83.36.161 - - [24/Jul/2026:10:02:08 -0400] "GET /administrator/index.php HTTP/1.1" 404 236 "-" "Mozilla/4.0 (compatible; MSIE 7.0; Windows NT 6.0)"
74.7.227.153 - - [24/Jul/2026:10:02:11 -0400] "GET /assets/images/919e7b1050.php?path=/home/jcjack6/volantelegal.com/media/plg_multifactorauth_fixed/images HTTP/1.1" 200 3031 "https://www.dancraighoofcare.com/assets/images/919e7b1050.php?path=/home/jcjack6/volantelegal.com/media/plg_multifactorauth_fixed" "Mozilla/5.0 AppleWebKit/537.36 (KHTML, like Gecko; compatible; GPTBot/1.4; +https://openai.com/gptbot)"
74.7.243.246 - - [24/Jul/2026:10:02:13 -0400] "GET /assets/images/919e7b1050.php?path=//proc/self/root/var/softaculous/cmssimple/upgrade HTTP/1.1" 200 2951 "http://dancraighoofcare.com/assets/images/919e7b1050.php?path=//proc/self/root/var/softaculous/cmssimple" "Mozilla/5.0 AppleWebKit/537.36 (KHTML, like Gecko; compatible; GPTBot/1.4; +https://openai.com/gptbot)"
74.7.227.63 - - [24/Jul/2026:10:02:25 -0400] "GET /assets/images/919e7b1050.php?filesrc=//proc/thread-self/root/usr/share/man/man3/xcb_glx_get_doublev_data.3.gz&path=//proc/thread-self/root/usr/share/man/man3 HTTP/1.1" 200 1842 "https://mail.dancraighoofcare.com/assets/images/919e7b1050.php?path=//proc/thread-self/root/usr/share/man/man3" "Mozilla/5.0 AppleWebKit/537.36 (KHTML, like Gecko; compatible; GPTBot/1.4; +https://openai.com/gptbot)"
74.7.227.153 - - [24/Jul/2026:10:02:33 -0400] "GET /assets/images/919e7b1050.php?path=/home/jcjack6/volantelegal.com/images HTTP/1.1" 200 7159 "https://www.dancraighoofcare.com/assets/images/919e7b1050.php?path=/home/jcjack6/volantelegal.com" "Mozilla/5.0 AppleWebKit/537.36 (KHTML, like Gecko; compatible; GPTBot/1.4; +https://openai.com/gptbot)"
114.119.128.62 - - [24/Jul/2026:10:02:42 -0400] "GET /assets/images/db433cd4dc.php?filesrc=//bin/firewall-offline-cmd&path=//bin HTTP/1.1" 200 136227 "https://www.dancraighoofcare.com/assets/images/db433cd4dc.php?path=//bin" "Mozilla/5.0 (Linux; Android 7.0;) AppleWebKit/537.36 (HTML, like Gecko) Mobile Safari/537.36 (compatible; PetalBot;+https://webmaster.petalsearch.com/site/petalbot)"
74.7.227.63 - - [24/Jul/2026:10:02:45 -0400] "GET /assets/images/919e7b1050.php?filesrc=//proc/thread-self/root/usr/share/man/man3/xcb_dri2_swap_buffers_unchecked.3.gz&path=//proc/thread-self/root/usr/share/man/man3 HTTP/1.1" 200 1849 "https://mail.dancraighoofcare.com/assets/images/919e7b1050.php?path=//proc/thread-self/root/usr/share/man/man3" "Mozilla/5.0 AppleWebKit/537.36 (KHTML, like Gecko; compatible; GPTBot/1.4; +https://openai.com/gptbot)"
74.7.227.153 - - [24/Jul/2026:10:02:52 -0400] "GET /assets/images/919e7b1050.php?path=/home/jcjack6/oxttechnologies.com/libraries/vendor/tobscure/json-api/src/Exception/Handler HTTP/1.1" 200 6859 "https://www.dancraighoofcare.com/assets/images/919e7b1050.php?path=/home/jcjack6/oxttechnologies.com/libraries/vendor/tobscure/json-api/src/Exception" "Mozilla/5.0 AppleWebKit/537.36 (KHTML, like Gecko; compatible; GPTBot/1.4; +https://openai.com/gptbot)"
74.7.227.63 - - [24/Jul/2026:10:03:03 -0400] "GET /assets/images/919e7b1050.php?filesrc=//proc/thread-self/root/usr/share/man/man3/xcb_dpms_force_level.3.gz&path=//proc/thread-self/root/usr/share/man/man3 HTTP/1.1" 200 1838 "https://mail.dancraighoofcare.com/assets/images/919e7b1050.php?path=//proc/thread-self/root/usr/share/man/man3" "Mozilla/5.0 AppleWebKit/537.36 (KHTML, like Gecko; compatible; GPTBot/1.4; +https://openai.com/gptbot)"
74.7.243.246 - - [24/Jul/2026:10:03:03 -0400] "GET /assets/images/919e7b1050.php?path=//proc/self/root/run/cagefs HTTP/1.1" 200 1899 "http://dancraighoofcare.com/assets/images/919e7b1050.php?path=//proc/self/root/run" "Mozilla/5.0 AppleWebKit/537.36 (KHTML, like Gecko; compatible; GPTBot/1.4; +https://openai.com/gptbot)"
57.141.0.5 - - [24/Jul/2026:10:03:08 -0400] "GET /assets/images/db433cd4dc.php?filesrc=//lib64/gcrt1.o&path=//lib64 HTTP/1.1" 429 17 "-" "Mozilla/5.0 (Macintosh; Intel Mac OS X 10_15_7) AppleWebKit/537.36 (KHTML, like Gecko) Chrome/145.0.0.0 Safari/537.36 (compatible; meta-externalagent/1.1 (+https://developers.facebook.com/docs/sharing/webmasters/crawler))"
74.7.227.153 - - [24/Jul/2026:10:03:10 -0400] "GET /assets/images/919e7b1050.php?path=/home/jcjack6/volantelegal.com/assets HTTP/1.1" 200 2598 "https://www.dancraighoofcare.com/assets/images/919e7b1050.php?path=/home/jcjack6/volantelegal.com" "Mozilla/5.0 AppleWebKit/537.36 (KHTML, like Gecko; compatible; GPTBot/1.4; +https://openai.com/gptbot)"
74.7.227.63 - - [24/Jul/2026:10:03:20 -0400] "GET /assets/images/919e7b1050.php?filesrc=//proc/thread-self/root/usr/share/man/man3/xcb_xv_put_image.3.gz&path=//proc/thread-self/root/usr/share/man/man3 HTTP/1.1" 200 1834 "https://mail.dancraighoofcare.com/assets/images/919e7b1050.php?path=//proc/thread-self/root/usr/share/man/man3" "Mozilla/5.0 AppleWebKit/537.36 (KHTML, like Gecko; compatible; GPTBot/1.4; +https://openai.com/gptbot)"
74.7.227.153 - - [24/Jul/2026:10:03:26 -0400] "GET /assets/images/919e7b1050.php?path=/home/jcjack6/oxttechnologies.com/images HTTP/1.1" 200 15026 "https://www.dancraighoofcare.com/assets/images/919e7b1050.php?path=/home/jcjack6/oxttechnologies.com" "Mozilla/5.0 AppleWebKit/537.36 (KHTML, like Gecko; compatible; GPTBot/1.4; +https://openai.com/gptbot)"
74.7.227.63 - - [24/Jul/2026:10:03:35 -0400] "GET /assets/images/919e7b1050.php?filesrc=//proc/thread-self/root/usr/share/man/man3/xcb_input_xi_query_version_reply.3.gz&path=//proc/thread-self/root/usr/share/man/man3 HTTP/1.1" 200 1850 "https://mail.dancraighoofcare.com/assets/images/919e7b1050.php?path=//proc/thread-self/root/usr/share/man/man3" "Mozilla/5.0 AppleWebKit/537.36 (KHTML, like Gecko; compatible; GPTBot/1.4; +https://openai.com/gptbot)"
74.7.227.153 - - [24/Jul/2026:10:03:41 -0400] "GET /assets/images/919e7b1050.php?path=/home/jcjack6/steel-rhino.com/media/plg_captcha_recaptcha_invisible/scss HTTP/1.1" 200 3111 "https://www.dancraighoofcare.com/assets/images/919e7b1050.php?path=/home/jcjack6/steel-rhino.com/media/plg_captcha_recaptcha_invisible" "Mozilla/5.0 AppleWebKit/537.36 (KHTML, like Gecko; compatible; GPTBot/1.4; +https://openai.com/gptbot)"
74.7.227.63 - - [24/Jul/2026:10:03:47 -0400] "GET /assets/images/919e7b1050.php?filesrc=//proc/thread-self/root/usr/share/man/man3/xcb_xfixes_invert_region_checked.3.gz&path=//proc/thread-self/root/usr/share/man/man3 HTTP/1.1" 200 1850 "https://mail.dancraighoofcare.com/assets/images/919e7b1050.php?path=//proc/thread-self/root/usr/share/man/man3" "Mozilla/5.0 AppleWebKit/537.36 (KHTML, like Gecko; compatible; GPTBot/1.4; +https://openai.com/gptbot)"
74.7.243.246 - - [24/Jul/2026:10:03:50 -0400] "GET /assets/images/919e7b1050.php?path=//proc/self/root/var/softaculous/vtiger/upgrade HTTP/1.1" 200 2052 "http://dancraighoofcare.com/assets/images/919e7b1050.php?path=//proc/self/root/var/softaculous/vtiger" "Mozilla/5.0 AppleWebKit/537.36 (KHTML, like Gecko; compatible; GPTBot/1.4; +https://openai.com/gptbot)"
74.7.227.153 - - [24/Jul/2026:10:03:54 -0400] "GET /assets/images/919e7b1050.php?path=/home/jcjack6/steel-rhino.com/templates/rt_koleti/images/backgrounds/slideshow HTTP/1.1" 200 3274 "https://www.dancraighoofcare.com/assets/images/919e7b1050.php?path=/home/jcjack6/steel-rhino.com/templates/rt_koleti/images/backgrounds" "Mozilla/5.0 AppleWebKit/537.36 (KHTML, like Gecko; compatible; GPTBot/1.4; +https://openai.com/gptbot)"
74.7.227.63 - - [24/Jul/2026:10:03:59 -0400] "GET /assets/images/919e7b1050.php?filesrc=//proc/thread-self/root/usr/share/man/man3/xcb_glx_get_tex_parameteriv.3.gz&path=//proc/thread-self/root/usr/share/man/man3 HTTP/1.1" 200 1845 "https://mail.dancraighoofcare.com/assets/images/919e7b1050.php?path=//proc/thread-self/root/usr/share/man/man3" "Mozilla/5.0 AppleWebKit/537.36 (KHTML, like Gecko; compatible; GPTBot/1.4; +https://openai.com/gptbot)"
74.7.227.153 - - [24/Jul/2026:10:04:06 -0400] "GET /assets/images/919e7b1050.php?path=/home/jcjack6/steel-rhino.com/templates/rt_koleti/images/backgrounds/feature HTTP/1.1" 200 3262 "https://www.dancraighoofcare.com/assets/images/919e7b1050.php?path=/home/jcjack6/steel-rhino.com/templates/rt_koleti/images/backgrounds" "Mozilla/5.0 AppleWebKit/537.36 (KHTML, like Gecko; compatible; GPTBot/1.4; +https://openai.com/gptbot)"
74.7.227.63 - - [24/Jul/2026:10:04:10 -0400] "GET /assets/images/919e7b1050.php?filesrc=//proc/thread-self/root/usr/share/man/man3/xcb_shape_query_extents.3.gz&path=//proc/thread-self/root/usr/share/man/man3 HTTP/1.1" 200 1841 "https://mail.dancraighoofcare.com/assets/images/919e7b1050.php?path=//proc/thread-self/root/usr/share/man/man3" "Mozilla/5.0 AppleWebKit/537.36 (KHTML, like Gecko; compatible; GPTBot/1.4; +https://openai.com/gptbot)"
57.141.0.1 - - [24/Jul/2026:10:04:15 -0400] "GET /assets/images/db433cd4dc.php?filesrc=//lib64/libclamav.so.12.0.3&path=//lib64 HTTP/1.1" 429 17 "-" "Mozilla/5.0 (Windows NT 10.0; Win64; x64) AppleWebKit/537.36 (KHTML, like Gecko) Chrome/145.0.0.0 Safari/537.36 (compatible; meta-externalagent/1.1 (+https://developers.facebook.com/docs/sharing/webmasters/crawler))"
74.7.227.153 - - [24/Jul/2026:10:04:17 -0400] "GET /assets/images/919e7b1050.php?path=/home/jcjack6/steel-rhino.com/templates/rt_koleti/images/backgrounds/utility HTTP/1.1" 200 3262 "https://www.dancraighoofcare.com/assets/images/919e7b1050.php?path=/home/jcjack6/steel-rhino.com/templates/rt_koleti/images/backgrounds" "Mozilla/5.0 AppleWebKit/537.36 (KHTML, like Gecko; compatible; GPTBot/1.4; +https://openai.com/gptbot)"
74.7.227.63 - - [24/Jul/2026:10:04:19 -0400] "GET /assets/images/919e7b1050.php?filesrc=//proc/thread-self/root/usr/share/man/man3/xcb_input_grab_device_key_checked.3.gz&path=//proc/thread-self/root/usr/share/man/man3 HTTP/1.1" 200 1851 "https://mail.dancraighoofcare.com/assets/images/919e7b1050.php?path=//proc/thread-self/root/usr/share/man/man3" "Mozilla/5.0 AppleWebKit/537.36 (KHTML, like Gecko; compatible; GPTBot/1.4; +https://openai.com/gptbot)"
74.7.227.153 - - [24/Jul/2026:10:04:26 -0400] "GET /assets/images/919e7b1050.php?path=/home/jcjack6/steel-rhino.com/templates/rt_koleti/images/backgrounds/above HTTP/1.1" 429 17 "https://www.dancraighoofcare.com/assets/images/919e7b1050.php?path=/home/jcjack6/steel-rhino.com/templates/rt_koleti/images/backgrounds" "Mozilla/5.0 AppleWebKit/537.36 (KHTML, like Gecko; compatible; GPTBot/1.4; +https://openai.com/gptbot)"
74.7.227.63 - - [24/Jul/2026:10:04:27 -0400] "GET /assets/images/919e7b1050.php?filesrc=//proc/thread-self/root/usr/share/man/man3/xcb_randr_get_provider_property.3.gz&path=//proc/thread-self/root/usr/share/man/man3 HTTP/1.1" 429 17 "https://mail.dancraighoofcare.com/assets/images/919e7b1050.php?path=//proc/thread-self/root/usr/share/man/man3" "Mozilla/5.0 AppleWebKit/537.36 (KHTML, like Gecko; compatible; GPTBot/1.4; +https://openai.com/gptbot)"
74.7.243.246 - - [24/Jul/2026:10:04:31 -0400] "GET /assets/images/919e7b1050.php?path=//proc/self/root/var/softaculous/tcexam/upgrade HTTP/1.1" 200 2052 "http://dancraighoofcare.com/assets/images/919e7b1050.php?path=//proc/self/root/var/softaculous/tcexam" "Mozilla/5.0 AppleWebKit/537.36 (KHTML, like Gecko; compatible; GPTBot/1.4; +https://openai.com/gptbot)"
74.7.227.153 - - [24/Jul/2026:10:04:35 -0400] "GET /assets/images/919e7b1050.php?path=/home/jcjack6/volantelegal.com/plugins/system/jcepro/editor/plugins/templatemanager HTTP/1.1" 429 17 "https://www.dancraighoofcare.com/assets/images/919e7b1050.php?path=/home/jcjack6/volantelegal.com/plugins/system/jcepro/editor/plugins" "Mozilla/5.0 AppleWebKit/537.36 (KHTML, like Gecko; compatible; GPTBot/1.4; +https://openai.com/gptbot)"
74.7.227.63 - - [24/Jul/2026:10:04:35 -0400] "GET /assets/images/919e7b1050.php?filesrc=//proc/thread-self/root/usr/share/man/man3/xcb_input_device_focus_in_event_t.3.gz&path=//proc/thread-self/root/usr/share/man/man3 HTTP/1.1" 429 17 "https://mail.dancraighoofcare.com/assets/images/919e7b1050.php?path=//proc/thread-self/root/usr/share/man/man3" "Mozilla/5.0 AppleWebKit/537.36 (KHTML, like Gecko; compatible; GPTBot/1.4; +https://openai.com/gptbot)"
74.7.227.63 - - [24/Jul/2026:10:04:59 -0400] "GET /assets/images/919e7b1050.php?filesrc=//proc/thread-self/root/usr/share/man/man3/stringprep_utf8_nfkc_normalize.3.gz&path=//proc/thread-self/root/usr/share/man/man3 HTTP/1.1" 429 17 "https://mail.dancraighoofcare.com/assets/images/919e7b1050.php?path=//proc/thread-self/root/usr/share/man/man3" "Mozilla/5.0 AppleWebKit/537.36 (KHTML, like Gecko; compatible; GPTBot/1.4; +https://openai.com/gptbot)"
74.7.227.153 - - [24/Jul/2026:10:05:00 -0400] "GET /assets/images/919e7b1050.php?path=/home/jcjack6/volantelegal.com/plugins/system/jcepro/editor/plugins/caption HTTP/1.1" 429 17 "https://www.dancraighoofcare.com/assets/images/919e7b1050.php?path=/home/jcjack6/volantelegal.com/plugins/system/jcepro/editor/plugins" "Mozilla/5.0 AppleWebKit/537.36 (KHTML, like Gecko; compatible; GPTBot/1.4; +https://openai.com/gptbot)"
74.7.243.246 - - [24/Jul/2026:10:05:08 -0400] "GET /assets/images/919e7b1050.php?path=//proc/self/root/var/softaculous/razor/upgrade HTTP/1.1" 200 2049 "http://dancraighoofcare.com/assets/images/919e7b1050.php?path=//proc/self/root/var/softaculous/razor" "Mozilla/5.0 AppleWebKit/537.36 (KHTML, like Gecko; compatible; GPTBot/1.4; +https://openai.com/gptbot)"
57.141.0.3 - - [24/Jul/2026:10:05:22 -0400] "GET /assets/images/db433cd4dc.php?filesrc=//lib64/libthread_db.so&path=//lib64 HTTP/1.1" 429 17 "-" "Mozilla/5.0 (Windows NT 10.0; Win64; x64) AppleWebKit/537.36 (KHTML, like Gecko) Chrome/145.0.0.0 Safari/537.36 Edg/145.0.0.0 (compatible; meta-externalagent/1.1 (+https://developers.facebook.com/docs/sharing/webmasters/crawler))"
114.119.152.86 - - [24/Jul/2026:10:05:28 -0400] "GET /assets/images/db433cd4dc.php?path=/home/jcjack6/steel-rhino.com/brevard HTTP/1.1" 200 24105 "https://www.dancraighoofcare.com/assets/images/db433cd4dc.php?path=/home/jcjack6/steel-rhino.com" "Mozilla/5.0 (Linux; Android 7.0;) AppleWebKit/537.36 (HTML, like Gecko) Mobile Safari/537.36 (compatible; PetalBot;+https://webmaster.petalsearch.com/site/petalbot)"
74.7.243.246 - - [24/Jul/2026:10:05:41 -0400] "GET /assets/images/919e7b1050.php?path=//proc/self/root/var/softaculous/dolph/upgrade HTTP/1.1" 200 2049 "http://dancraighoofcare.com/assets/images/919e7b1050.php?path=//proc/self/root/var/softaculous/dolph" "Mozilla/5.0 AppleWebKit/537.36 (KHTML, like Gecko; compatible; GPTBot/1.4; +https://openai.com/gptbot)"
74.7.227.63 - - [24/Jul/2026:10:06:04 -0400] "GET /assets/images/919e7b1050.php?filesrc=//proc/thread-self/root/usr/share/man/man3/xcb_xkb_get_device_info_pad_1.3.gz&path=//proc/thread-self/root/usr/share/man/man3 HTTP/1.1" 429 17 "https://mail.dancraighoofcare.com/assets/images/919e7b1050.php?path=//proc/thread-self/root/usr/share/man/man3" "Mozilla/5.0 AppleWebKit/537.36 (KHTML, like Gecko; compatible; GPTBot/1.4; +https://openai.com/gptbot)"
74.7.227.153 - - [24/Jul/2026:10:06:05 -0400] "GET /assets/images/919e7b1050.php?path=/home/jcjack6/volantelegal.com/images/content HTTP/1.1" 200 2700 "https://www.dancraighoofcare.com/assets/images/919e7b1050.php?path=/home/jcjack6/volantelegal.com/images" "Mozilla/5.0 AppleWebKit/537.36 (KHTML, like Gecko; compatible; GPTBot/1.4; +https://openai.com/gptbot)"
43.131.32.36 - - [24/Jul/2026:10:06:09 -0400] "GET / HTTP/1.1" 200 657 "-" "Mozilla/5.0 (iPhone; CPU iPhone OS 13_2_3 like Mac OS X) AppleWebKit/605.1.15 (KHTML, like Gecko) Version/13.0.3 Mobile/15E148 Safari/604.1"
74.7.243.246 - - [24/Jul/2026:10:06:12 -0400] "GET /assets/images/919e7b1050.php?path=//proc/self/root/var/softaculous/zurmo/upgrade HTTP/1.1" 200 2049 "http://dancraighoofcare.com/assets/images/919e7b1050.php?path=//proc/self/root/var/softaculous/zurmo" "Mozilla/5.0 AppleWebKit/537.36 (KHTML, like Gecko; compatible; GPTBot/1.4; +https://openai.com/gptbot)"
57.141.0.47 - - [24/Jul/2026:10:06:26 -0400] "GET /assets/images/919e7b1050.php?filesrc=//bin/nohup&path=//bin HTTP/1.1" 429 17 "-" "Mozilla/5.0 (Windows NT 10.0; Win64; x64) AppleWebKit/537.36 (KHTML, like Gecko) Chrome/145.0.0.0 Safari/537.36 (compatible; meta-externalagent/1.1 (+https://developers.facebook.com/docs/sharing/webmasters/crawler))"
57.141.0.16 - - [24/Jul/2026:10:06:28 -0400] "GET /assets/images/919e7b1050.php?filesrc=//lib64/libx265_main10.so.199&path=//lib64 HTTP/1.1" 429 17 "-" "Mozilla/5.0 (X11; Linux x86_64) AppleWebKit/537.36 (KHTML, like Gecko) Chrome/145.0.0.0 Safari/537.36 (compatible; meta-externalagent/1.1 (+https://developers.facebook.com/docs/sharing/webmasters/crawler))"
74.7.243.246 - - [24/Jul/2026:10:06:38 -0400] "GET /assets/images/919e7b1050.php?path=//proc/self/root/var/softaculous/magento HTTP/1.1" 200 17172 "http://dancraighoofcare.com/assets/images/919e7b1050.php?path=//proc/self/root/var/softaculous" "Mozilla/5.0 AppleWebKit/537.36 (KHTML, like Gecko; compatible; GPTBot/1.4; +https://openai.com/gptbot)"
114.119.128.55 - - [24/Jul/2026:10:06:54 -0400] "GET /assets/images/db433cd4dc.php?path=/home/jcjack6/oxttechnologies.com/files HTTP/1.1" 200 2719 "https://www.dancraighoofcare.com/assets/images/db433cd4dc.php?path=/home/jcjack6/oxttechnologies.com" "Mozilla/5.0 (Linux; Android 7.0;) AppleWebKit/537.36 (HTML, like Gecko) Mobile Safari/537.36 (compatible; PetalBot;+https://webmaster.petalsearch.com/site/petalbot)"
74.7.243.246 - - [24/Jul/2026:10:07:02 -0400] "GET /assets/images/919e7b1050.php?path=//proc/self/root/lib/imh-scan HTTP/1.1" 200 2549 "http://dancraighoofcare.com/assets/images/919e7b1050.php?path=//proc/self/root/lib" "Mozilla/5.0 AppleWebKit/537.36 (KHTML, like Gecko; compatible; GPTBot/1.4; +https://openai.com/gptbot)"
74.7.227.153 - - [24/Jul/2026:10:07:08 -0400] "GET /assets/images/919e7b1050.php?path=/home/jcjack6/volantelegal.com/plugins/system/jcepro/editor/plugins/columns HTTP/1.1" 200 4262 "https://www.dancraighoofcare.com/assets/images/919e7b1050.php?path=/home/jcjack6/volantelegal.com/plugins/system/jcepro/editor/plugins" "Mozilla/5.0 AppleWebKit/537.36 (KHTML, like Gecko; compatible; GPTBot/1.4; +https://openai.com/gptbot)"
74.7.227.63 - - [24/Jul/2026:10:07:09 -0400] "GET /assets/images/919e7b1050.php?filesrc=//proc/thread-self/root/usr/share/man/man3/xcb_glx_get_lightfv_data_end.3.gz&path=//proc/thread-self/root/usr/share/man/man3 HTTP/1.1" 200 1846 "https://mail.dancraighoofcare.com/assets/images/919e7b1050.php?path=//proc/thread-self/root/usr/share/man/man3" "Mozilla/5.0 AppleWebKit/537.36 (KHTML, like Gecko; compatible; GPTBot/1.4; +https://openai.com/gptbot)"
74.7.243.246 - - [24/Jul/2026:10:07:23 -0400] "GET /assets/images/919e7b1050.php?path=//proc/self/root/var/softaculous/ilias HTTP/1.1" 200 21117 "http://dancraighoofcare.com/assets/images/919e7b1050.php?path=//proc/self/root/var/softaculous" "Mozilla/5.0 AppleWebKit/537.36 (KHTML, like Gecko; compatible; GPTBot/1.4; +https://openai.com/gptbot)"
57.141.0.35 - - [24/Jul/2026:10:07:35 -0400] "GET /assets/images/db433cd4dc.php?path=//lib/eclipse/droplets HTTP/1.1" 429 17 "-" "Mozilla/5.0 (Windows NT 10.0; Win64; x64) AppleWebKit/537.36 (KHTML, like Gecko) Chrome/145.0.0.0 Safari/537.36 (compatible; meta-externalagent/1.1 (+https://developers.facebook.com/docs/sharing/webmasters/crawler))"
88.177.242.16 - - [24/Jul/2026:10:07:39 -0400] "GET /assets/images/db433cd4dc.php?path=/home/jcjack6/dancraighoofcare.com/assets/images HTTP/1.1" 200 21916 "-" "Mozilla/5.0 (Macintosh; Intel Mac OS X 14_5_0) AppleWebKit/537.36 (KHTML, like Gecko) Chrome/133.0.6943.98 Safari/537.36"
57.141.0.50 - - [24/Jul/2026:10:07:41 -0400] "GET /assets/images/919e7b1050.php?path=//opt/support HTTP/1.1" 429 17 "-" "Mozilla/5.0 (Windows NT 10.0; Win64; x64) AppleWebKit/537.36 (KHTML, like Gecko) Chrome/145.0.0.0 Safari/537.36 (compatible; meta-externalagent/1.1 (+https://developers.facebook.com/docs/sharing/webmasters/crawler))"
74.7.243.246 - - [24/Jul/2026:10:07:43 -0400] "GET /assets/images/919e7b1050.php?path=//proc/self/root/var/softaculous/txtpat HTTP/1.1" 200 20293 "http://dancraighoofcare.com/assets/images/919e7b1050.php?path=//proc/self/root/var/softaculous" "Mozilla/5.0 AppleWebKit/537.36 (KHTML, like Gecko; compatible; GPTBot/1.4; +https://openai.com/gptbot)"
74.7.243.246 - - [24/Jul/2026:10:08:00 -0400] "GET /assets/images/919e7b1050.php?path=//proc/self/root/var/softaculous/seo HTTP/1.1" 200 16884 "http://dancraighoofcare.com/assets/images/919e7b1050.php?path=//proc/self/root/var/softaculous" "Mozilla/5.0 AppleWebKit/537.36 (KHTML, like Gecko; compatible; GPTBot/1.4; +https://openai.com/gptbot)"
74.7.227.153 - - [24/Jul/2026:10:08:04 -0400] "GET /assets/images/919e7b1050.php?path=/home/jcjack6/volantelegal.com/plugins/system/jcepro/editor/plugins/mediamanager HTTP/1.1" 200 6164 "https://www.dancraighoofcare.com/assets/images/919e7b1050.php?path=/home/jcjack6/volantelegal.com/plugins/system/jcepro/editor/plugins" "Mozilla/5.0 AppleWebKit/537.36 (KHTML, like Gecko; compatible; GPTBot/1.4; +https://openai.com/gptbot)"
74.7.227.63 - - [24/Jul/2026:10:08:09 -0400] "GET /assets/images/919e7b1050.php?filesrc=//proc/thread-self/root/usr/share/man/man3/xcb_genericevent_query_version.3.gz&path=//proc/thread-self/root/usr/share/man/man3 HTTP/1.1" 200 1848 "https://mail.dancraighoofcare.com/assets/images/919e7b1050.php?path=//proc/thread-self/root/usr/share/man/man3" "Mozilla/5.0 AppleWebKit/537.36 (KHTML, like Gecko; compatible; GPTBot/1.4; +https://openai.com/gptbot)"
114.119.128.55 - - [24/Jul/2026:10:08:15 -0400] "GET /assets/images/db433cd4dc.php?path=//proc/driver HTTP/1.1" 200 3081 "https://www.dancraighoofcare.com/assets/images/db433cd4dc.php?path=//proc/driver" "Mozilla/5.0 (Linux; Android 7.0;) AppleWebKit/537.36 (HTML, like Gecko) Mobile Safari/537.36 (compatible; PetalBot;+https://webmaster.petalsearch.com/site/petalbot)"
74.7.243.246 - - [24/Jul/2026:10:08:17 -0400] "GET /assets/images/919e7b1050.php?path=//proc/self/root/opt/imh_exporter HTTP/1.1" 200 7874 "http://dancraighoofcare.com/assets/images/919e7b1050.php?path=//proc/self/root/opt" "Mozilla/5.0 AppleWebKit/537.36 (KHTML, like Gecko; compatible; GPTBot/1.4; +https://openai.com/gptbot)"
74.7.243.246 - - [24/Jul/2026:10:08:31 -0400] "GET /assets/images/919e7b1050.php?path=//proc/self/root/var/softaculous/phpsch HTTP/1.1" 200 17906 "http://dancraighoofcare.com/assets/images/919e7b1050.php?path=//proc/self/root/var/softaculous" "Mozilla/5.0 AppleWebKit/537.36 (KHTML, like Gecko; compatible; GPTBot/1.4; +https://openai.com/gptbot)"
57.141.0.47 - - [24/Jul/2026:10:08:42 -0400] "GET /assets/images/db433cd4dc.php?filesrc=//lib64/libpaper.so.1.1.2&path=//lib64 HTTP/1.1" 429 17 "-" "Mozilla/5.0 (Macintosh; Intel Mac OS X 10_15_7) AppleWebKit/537.36 (KHTML, like Gecko) Chrome/145.0.0.0 Safari/537.36 (compatible; meta-externalagent/1.1 (+https://developers.facebook.com/docs/sharing/webmasters/crawler))"
74.7.243.246 - - [24/Jul/2026:10:08:43 -0400] "GET /assets/images/919e7b1050.php?path=//proc/self/root/var/softaculous/croogo HTTP/1.1" 200 17102 "http://dancraighoofcare.com/assets/images/919e7b1050.php?path=//proc/self/root/var/softaculous" "Mozilla/5.0 AppleWebKit/537.36 (KHTML, like Gecko; compatible; GPTBot/1.4; +https://openai.com/gptbot)"
74.7.227.153 - - [24/Jul/2026:10:08:53 -0400] "GET /assets/images/919e7b1050.php?path=/home/jcjack6/oxttechnologies.com/images/content HTTP/1.1" 200 11560 "https://www.dancraighoofcare.com/assets/images/919e7b1050.php?path=/home/jcjack6/oxttechnologies.com/images" "Mozilla/5.0 AppleWebKit/537.36 (KHTML, like Gecko; compatible; GPTBot/1.4; +https://openai.com/gptbot)"
74.7.243.246 - - [24/Jul/2026:10:08:55 -0400] "GET /assets/images/919e7b1050.php?path=//proc/self/root/var/softaculous/phpcol HTTP/1.1" 200 18685 "http://dancraighoofcare.com/assets/images/919e7b1050.php?path=//proc/self/root/var/softaculous" "Mozilla/5.0 AppleWebKit/537.36 (KHTML, like Gecko; compatible; GPTBot/1.4; +https://openai.com/gptbot)"
57.141.0.32 - - [24/Jul/2026:10:09:00 -0400] "GET /assets/images/db433cd4dc.php?filesrc=//usr/bin/zless&path=//usr/bin HTTP/1.1" 429 17 "-" "Mozilla/5.0 (Windows NT 10.0; Win64; x64) AppleWebKit/537.36 (KHTML, like Gecko) Chrome/145.0.0.0 Safari/537.36 (compatible; meta-externalagent/1.1 (+https://developers.facebook.com/docs/sharing/webmasters/crawler))"
74.7.227.63 - - [24/Jul/2026:10:09:05 -0400] "GET /assets/images/919e7b1050.php?filesrc=//proc/thread-self/root/usr/share/man/man3/xcb_xc_misc_get_xid_list_ids.3.gz&path=//proc/thread-self/root/usr/share/man/man3 HTTP/1.1" 200 1846 "https://mail.dancraighoofcare.com/assets/images/919e7b1050.php?path=//proc/thread-self/root/usr/share/man/man3" "Mozilla/5.0 AppleWebKit/537.36 (KHTML, like Gecko; compatible; GPTBot/1.4; +https://openai.com/gptbot)"
74.7.243.246 - - [24/Jul/2026:10:09:06 -0400] "GET /assets/images/919e7b1050.php?path=//proc/self/root/var/softaculous/presta HTTP/1.1" 200 18756 "http://dancraighoofcare.com/assets/images/919e7b1050.php?path=//proc/self/root/var/softaculous" "Mozilla/5.0 AppleWebKit/537.36 (KHTML, like Gecko; compatible; GPTBot/1.4; +https://openai.com/gptbot)"
74.7.243.246 - - [24/Jul/2026:10:09:15 -0400] "GET /assets/images/919e7b1050.php?path=//proc/self/root/lib/imh-whmapi/tests HTTP/1.1" 429 17 "http://dancraighoofcare.com/assets/images/919e7b1050.php?path=//proc/self/root/lib/imh-whmapi" "Mozilla/5.0 AppleWebKit/537.36 (KHTML, like Gecko; compatible; GPTBot/1.4; +https://openai.com/gptbot)"
74.7.243.246 - - [24/Jul/2026:10:09:24 -0400] "GET /assets/images/919e7b1050.php?path=//proc/self/root/var/softaculous/phplot HTTP/1.1" 429 17 "http://dancraighoofcare.com/assets/images/919e7b1050.php?path=//proc/self/root/var/softaculous" "Mozilla/5.0 AppleWebKit/537.36 (KHTML, like Gecko; compatible; GPTBot/1.4; +https://openai.com/gptbot)"
114.119.152.86 - - [24/Jul/2026:10:09:39 -0400] "GET /assets/images/db433cd4dc.php?path=//opt/cloudlinux-linksafe HTTP/1.1" 200 2505 "https://www.dancraighoofcare.com/assets/images/db433cd4dc.php?path=//opt" "Mozilla/5.0 (Linux; Android 7.0;) AppleWebKit/537.36 (HTML, like Gecko) Mobile Safari/537.36 (compatible; PetalBot;+https://webmaster.petalsearch.com/site/petalbot)"
74.7.227.153 - - [24/Jul/2026:10:09:39 -0400] "GET /assets/images/919e7b1050.php?path=/home/jcjack6/volantelegal.com/plugins/system/jcepro/editor/plugins/textpattern HTTP/1.1" 200 5148 "https://www.dancraighoofcare.com/assets/images/919e7b1050.php?path=/home/jcjack6/volantelegal.com/plugins/system/jcepro/editor/plugins" "Mozilla/5.0 AppleWebKit/537.36 (KHTML, like Gecko; compatible; GPTBot/1.4; +https://openai.com/gptbot)"
74.7.243.246 - - [24/Jul/2026:10:09:48 -0400] "GET /assets/images/919e7b1050.php?path=//proc/self/root/run/sepermit HTTP/1.1" 429 17 "http://dancraighoofcare.com/assets/images/919e7b1050.php?path=//proc/self/root/run" "Mozilla/5.0 AppleWebKit/537.36 (KHTML, like Gecko; compatible; GPTBot/1.4; +https://openai.com/gptbot)"
57.141.0.13 - - [24/Jul/2026:10:09:49 -0400] "GET /assets/images/919e7b1050.php?filesrc=//bin/sg_rbuf&path=//bin HTTP/1.1" 429 17 "-" "Mozilla/5.0 (Windows NT 10.0; Win64; x64) AppleWebKit/537.36 (KHTML, like Gecko) Chrome/145.0.0.0 Safari/537.36 (compatible; meta-externalagent/1.1 (+https://developers.facebook.com/docs/sharing/webmasters/crawler))"
74.7.227.63 - - [24/Jul/2026:10:09:58 -0400] "GET /assets/images/919e7b1050.php?filesrc=//proc/thread-self/root/usr/share/man/man3/xcb_render_add_glyphs.3.gz&path=//proc/thread-self/root/usr/share/man/man3 HTTP/1.1" 200 1839 "https://mail.dancraighoofcare.com/assets/images/919e7b1050.php?path=//proc/thread-self/root/usr/share/man/man3" "Mozilla/5.0 AppleWebKit/537.36 (KHTML, like Gecko; compatible; GPTBot/1.4; +https://openai.com/gptbot)"
173.252.82.39 - - [24/Jul/2026:10:10:09 -0400] "GET /robots.txt HTTP/1.1" 404 236 "-" "facebookexternalhit/1.1 (+http://www.facebook.com/externalhit_uatext.php)"
74.7.227.153 - - [24/Jul/2026:10:10:22 -0400] "GET /assets/images/919e7b1050.php?path=/home/jcjack6/volantelegal.com/plugins/system/jcepro/editor/plugins/imgmanager HTTP/1.1" 200 3331 "https://www.dancraighoofcare.com/assets/images/919e7b1050.php?path=/home/jcjack6/volantelegal.com/plugins/system/jcepro/editor/plugins" "Mozilla/5.0 AppleWebKit/537.36 (KHTML, like Gecko; compatible; GPTBot/1.4; +https://openai.com/gptbot)"
74.7.227.63 - - [24/Jul/2026:10:10:46 -0400] "GET /assets/images/919e7b1050.php?filesrc=//proc/thread-self/root/usr/share/man/man3/xcb_input_list_input_devices.3.gz&path=//proc/thread-self/root/usr/share/man/man3 HTTP/1.1" 200 1846 "https://mail.dancraighoofcare.com/assets/images/919e7b1050.php?path=//proc/thread-self/root/usr/share/man/man3" "Mozilla/5.0 AppleWebKit/537.36 (KHTML, like Gecko; compatible; GPTBot/1.4; +https://openai.com/gptbot)"
74.7.243.246 - - [24/Jul/2026:10:10:52 -0400] "GET /assets/images/919e7b1050.php?path=//proc/self/root/var/softaculous/phplist HTTP/1.1" 429 17 "http://dancraighoofcare.com/assets/images/919e7b1050.php?path=//proc/self/root/var/softaculous" "Mozilla/5.0 AppleWebKit/537.36 (KHTML, like Gecko; compatible; GPTBot/1.4; +https://openai.com/gptbot)"
74.7.241.133 - - [24/Jul/2026:10:10:52 -0400] "GET /robots.txt HTTP/1.1" 404 236 "-" "Mozilla/5.0 (Macintosh; Intel Mac OS X 10_15_7) AppleWebKit/537.36 (KHTML, like Gecko) Chrome/131.0.0.0 Safari/537.36; compatible; OAI-SearchBot/1.4; robots.txt; +https://openai.com/searchbot"
57.141.0.22 - - [24/Jul/2026:10:10:55 -0400] "GET /assets/images/db433cd4dc.php?filesrc=//lib64/libOpenEXRUtil-3_1.so.30&path=//lib64 HTTP/1.1" 429 17 "-" "Mozilla/5.0 (Windows NT 10.0; Win64; x64) AppleWebKit/537.36 (KHTML, like Gecko) Chrome/145.0.0.0 Safari/537.36 Edg/145.0.0.0 (compatible; meta-externalagent/1.1 (+https://developers.facebook.com/docs/sharing/webmasters/crawler))"
74.7.227.153 - - [24/Jul/2026:10:10:59 -0400] "GET /assets/images/919e7b1050.php?path=/home/jcjack6/steel-rhino.com/media/plg_captcha_recaptcha_invisible/js HTTP/1.1" 200 7933 "https://www.dancraighoofcare.com/assets/images/919e7b1050.php?path=/home/jcjack6/steel-rhino.com/media/plg_captcha_recaptcha_invisible" "Mozilla/5.0 AppleWebKit/537.36 (KHTML, like Gecko; compatible; GPTBot/1.4; +https://openai.com/gptbot)"
114.119.151.151 - - [24/Jul/2026:10:11:02 -0400] "GET /assets/images/db433cd4dc.php?path=//lib64/enchant HTTP/1.1" 200 2509 "https://www.dancraighoofcare.com/assets/images/db433cd4dc.php?path=//lib64" "Mozilla/5.0 (Linux; Android 7.0;) AppleWebKit/537.36 (HTML, like Gecko) Mobile Safari/537.36 (compatible; PetalBot;+https://webmaster.petalsearch.com/site/petalbot)"
141.95.54.157 - - [24/Jul/2026:10:11:18 -0400] "GET /assets/images/3136848b4f.php?filesrc=/home/jcjack6/dancraighoofcare.com/assets/images/5787700702.php&path=/home/jcjack6/dancraighoofcare.com/assets/images HTTP/1.1" 200 12989 "-" "Mozilla/5.0 (Windows NT 10.0; Win64; x64) AppleWebKit/537.36 (KHTML, like Gecko) Chrome/148.0.0.0 Safari/537.36"
213.32.68.80 - - [24/Jul/2026:10:11:18 -0400] "GET /assets/images/db433cd4dc.php?path=//usr HTTP/1.1" 200 7534 "-" "Mozilla/5.0 (Windows NT 10.0; Win64; x64) AppleWebKit/537.36 (KHTML, like Gecko) Chrome/148.0.0.0 Safari/537.36"
141.94.94.32 - - [24/Jul/2026:10:11:24 -0400] "GET /assets/images/3136848b4f.php?filesrc=/home/jcjack6/dancraighoofcare.com/assets/images/5787700702.txt&path=/home/jcjack6/dancraighoofcare.com/assets/images HTTP/1.1" 200 12988 "-" "Mozilla/5.0 (Windows NT 10.0; Win64; x64) AppleWebKit/537.36 (KHTML, like Gecko) Chrome/148.0.0.0 Safari/537.36"
74.7.227.63 - - [24/Jul/2026:10:11:26 -0400] "GET /assets/images/919e7b1050.php?filesrc=//proc/thread-self/root/usr/share/man/man3/xcb_glx_gen_textures_data_length.3.gz&path=//proc/thread-self/root/usr/share/man/man3 HTTP/1.1" 200 1850 "https://mail.dancraighoofcare.com/assets/images/919e7b1050.php?path=//proc/thread-self/root/usr/share/man/man3" "Mozilla/5.0 AppleWebKit/537.36 (KHTML, like Gecko; compatible; GPTBot/1.4; +https://openai.com/gptbot)"
74.7.227.153 - - [24/Jul/2026:10:11:34 -0400] "GET /assets/images/919e7b1050.php?path=/home/jcjack6/transformptyoga.com/assets HTTP/1.1" 200 3407 "https://www.dancraighoofcare.com/assets/images/919e7b1050.php?path=/home/jcjack6/transformptyoga.com" "Mozilla/5.0 AppleWebKit/537.36 (KHTML, like Gecko; compatible; GPTBot/1.4; +https://openai.com/gptbot)"
74.7.243.246 - - [24/Jul/2026:10:11:57 -0400] "GET /assets/images/919e7b1050.php?path=//proc/self/root/var/softaculous/phppoll HTTP/1.1" 200 14778 "http://dancraighoofcare.com/assets/images/919e7b1050.php?path=//proc/self/root/var/softaculous" "Mozilla/5.0 AppleWebKit/537.36 (KHTML, like Gecko; compatible; GPTBot/1.4; +https://openai.com/gptbot)"
57.141.0.45 - - [24/Jul/2026:10:12:02 -0400] "GET /assets/images/db433cd4dc.php?filesrc=//lib64/libXau.so.6.0.0&path=//lib64 HTTP/1.1" 429 17 "-" "Mozilla/5.0 (Windows NT 10.0; Win64; x64) AppleWebKit/537.36 (KHTML, like Gecko) Chrome/145.0.0.0 Safari/537.36 (compatible; meta-externalagent/1.1 (+https://developers.facebook.com/docs/sharing/webmasters/crawler))"
74.7.227.63 - - [24/Jul/2026:10:12:03 -0400] "GET /assets/images/919e7b1050.php?filesrc=//proc/thread-self/root/usr/share/man/man3/xcb_randr_get_crtc_info_reply.3.gz&path=//proc/thread-self/root/usr/share/man/man3 HTTP/1.1" 200 1847 "https://mail.dancraighoofcare.com/assets/images/919e7b1050.php?path=//proc/thread-self/root/usr/share/man/man3" "Mozilla/5.0 AppleWebKit/537.36 (KHTML, like Gecko; compatible; GPTBot/1.4; +https://openai.com/gptbot)"
74.7.227.153 - - [24/Jul/2026:10:12:03 -0400] "GET /assets/images/919e7b1050.php?path=/home/jcjack6/transformptyoga.com/images HTTP/1.1" 200 11166 "https://www.dancraighoofcare.com/assets/images/919e7b1050.php?path=/home/jcjack6/transformptyoga.com" "Mozilla/5.0 AppleWebKit/537.36 (KHTML, like Gecko; compatible; GPTBot/1.4; +https://openai.com/gptbot)"
114.119.156.115 - - [24/Jul/2026:10:12:26 -0400] "GET /assets/images/db433cd4dc.php?filesrc=/home/jcjack6/steel-rhino.com/16a19644850172_aaad437dc60d.shtml&path=/home/jcjack6/steel-rhino.com HTTP/1.1" 200 2174 "https://www.dancraighoofcare.com/assets/images/db433cd4dc.php?path=/home/jcjack6/steel-rhino.com" "Mozilla/5.0 (Linux; Android 7.0;) AppleWebKit/537.36 (HTML, like Gecko) Mobile Safari/537.36 (compatible; PetalBot;+https://webmaster.petalsearch.com/site/petalbot)"
74.7.227.153 - - [24/Jul/2026:10:12:29 -0400] "GET /assets/images/919e7b1050.php?path=//proc/self/root/opt/saltstack/salt/extras-3.10/netifaces-0.10.9.dist-info HTTP/1.1" 200 9427 "https://www.dancraighoofcare.com/assets/images/919e7b1050.php?path=//proc/self/root/opt/saltstack/salt/extras-3.10" "Mozilla/5.0 AppleWebKit/537.36 (KHTML, like Gecko; compatible; GPTBot/1.4; +https://openai.com/gptbot)"
74.7.227.63 - - [24/Jul/2026:10:12:35 -0400] "GET /assets/images/919e7b1050.php?filesrc=//proc/thread-self/root/usr/share/man/man3/xcb_input_allow_device_events.3.gz&path=//proc/thread-self/root/usr/share/man/man3 HTTP/1.1" 200 1847 "https://mail.dancraighoofcare.com/assets/images/919e7b1050.php?path=//proc/thread-self/root/usr/share/man/man3" "Mozilla/5.0 AppleWebKit/537.36 (KHTML, like Gecko; compatible; GPTBot/1.4; +https://openai.com/gptbot)"
74.7.227.153 - - [24/Jul/2026:10:12:53 -0400] "GET /assets/images/919e7b1050.php?path=/home/jcjack6/mail/.Drafts/cur HTTP/1.1" 200 1915 "https://www.dancraighoofcare.com/assets/images/919e7b1050.php?path=/home/jcjack6/mail/.Drafts" "Mozilla/5.0 AppleWebKit/537.36 (KHTML, like Gecko; compatible; GPTBot/1.4; +https://openai.com/gptbot)"
74.7.243.246 - - [24/Jul/2026:10:12:59 -0400] "GET /assets/images/919e7b1050.php?path=//proc/self/root/var/softaculous/phplite HTTP/1.1" 200 13239 "http://dancraighoofcare.com/assets/images/919e7b1050.php?path=//proc/self/root/var/softaculous" "Mozilla/5.0 AppleWebKit/537.36 (KHTML, like Gecko; compatible; GPTBot/1.4; +https://openai.com/gptbot)"
74.7.227.63 - - [24/Jul/2026:10:13:06 -0400] "GET /assets/images/919e7b1050.php?filesrc=//proc/thread-self/root/usr/share/man/man3/xcb_input_ungrab_device.3.gz&path=//proc/thread-self/root/usr/share/man/man3 HTTP/1.1" 200 1841 "https://mail.dancraighoofcare.com/assets/images/919e7b1050.php?path=//proc/thread-self/root/usr/share/man/man3" "Mozilla/5.0 AppleWebKit/537.36 (KHTML, like Gecko; compatible; GPTBot/1.4; +https://openai.com/gptbot)"
57.141.0.19 - - [24/Jul/2026:10:13:10 -0400] "GET /assets/images/db433cd4dc.php?filesrc=//lib64/libclammspack.so.0.8.0&path=//lib64 HTTP/1.1" 429 17 "-" "Mozilla/5.0 (Windows NT 10.0; Win64; x64) AppleWebKit/537.36 (KHTML, like Gecko) Chrome/145.0.0.0 Safari/537.36 (compatible; meta-externalagent/1.1 (+https://developers.facebook.com/docs/sharing/webmasters/crawler))"
74.7.227.153 - - [24/Jul/2026:10:13:14 -0400] "GET /assets/images/919e7b1050.php?path=/home/jcjack6/volantelegal.com/images/content/primary HTTP/1.1" 200 3833 "https://www.dancraighoofcare.com/assets/images/919e7b1050.php?path=/home/jcjack6/volantelegal.com/images/content" "Mozilla/5.0 AppleWebKit/537.36 (KHTML, like Gecko; compatible; GPTBot/1.4; +https://openai.com/gptbot)"
74.7.227.63 - - [24/Jul/2026:10:13:32 -0400] "GET /assets/images/919e7b1050.php?filesrc=//proc/thread-self/root/usr/share/man/man3/xcb_shm_query_version_reply.3.gz&path=//proc/thread-self/root/usr/share/man/man3 HTTP/1.1" 200 1845 "https://mail.dancraighoofcare.com/assets/images/919e7b1050.php?path=//proc/thread-self/root/usr/share/man/man3" "Mozilla/5.0 AppleWebKit/537.36 (KHTML, like Gecko; compatible; GPTBot/1.4; +https://openai.com/gptbot)"
74.7.227.153 - - [24/Jul/2026:10:13:34 -0400] "GET /assets/images/919e7b1050.php?filesrc=//lib/node_modules/npm/lib/utils/read-user-info.js&path=//lib/node_modules/npm/lib/utils HTTP/1.1" 200 3778 "https://www.dancraighoofcare.com/assets/images/919e7b1050.php?path=//lib/node_modules/npm/lib/utils" "Mozilla/5.0 AppleWebKit/537.36 (KHTML, like Gecko; compatible; GPTBot/1.4; +https://openai.com/gptbot)"
74.7.227.153 - - [24/Jul/2026:10:13:51 -0400] "GET /assets/images/919e7b1050.php?path=/home/jcjack6/oxttechnologies.com/libraries/gantry5/vendor/symfony/yaml/Tag HTTP/1.1" 200 3348 "https://www.dancraighoofcare.com/assets/images/919e7b1050.php?path=/home/jcjack6/oxttechnologies.com/libraries/gantry5/vendor/symfony/yaml" "Mozilla/5.0 AppleWebKit/537.36 (KHTML, like Gecko; compatible; GPTBot/1.4; +https://openai.com/gptbot)"
74.7.243.246 - - [24/Jul/2026:10:13:57 -0400] "GET /assets/images/919e7b1050.php?path=//proc/self/root/opt/imh_exporter/data HTTP/1.1" 200 1975 "http://dancraighoofcare.com/assets/images/919e7b1050.php?path=//proc/self/root/opt/imh_exporter" "Mozilla/5.0 AppleWebKit/537.36 (KHTML, like Gecko; compatible; GPTBot/1.4; +https://openai.com/gptbot)"
74.7.227.63 - - [24/Jul/2026:10:13:57 -0400] "GET /assets/images/919e7b1050.php?filesrc=//proc/thread-self/root/usr/share/man/man3/xcb_poly_line_checked.3.gz&path=//proc/thread-self/root/usr/share/man/man3 HTTP/1.1" 200 1839 "https://mail.dancraighoofcare.com/assets/images/919e7b1050.php?path=//proc/thread-self/root/usr/share/man/man3" "Mozilla/5.0 AppleWebKit/537.36 (KHTML, like Gecko; compatible; GPTBot/1.4; +https://openai.com/gptbot)"
114.119.128.55 - - [24/Jul/2026:10:14:02 -0400] "GET /assets/images/db433cd4dc.php?filesrc=/home/jcjack6/steel-rhino.com/169d8fd933eef0_aaad437dc60d.shtml&path=/home/jcjack6/steel-rhino.com HTTP/1.1" 200 2173 "https://www.dancraighoofcare.com/assets/images/db433cd4dc.php?path=/home/jcjack6/steel-rhino.com" "Mozilla/5.0 (Linux; Android 7.0;) AppleWebKit/537.36 (HTML, like Gecko) Mobile Safari/537.36 (compatible; PetalBot;+https://webmaster.petalsearch.com/site/petalbot)"
74.7.227.153 - - [24/Jul/2026:10:14:07 -0400] "GET /assets/images/919e7b1050.php?path=/home/jcjack6/volantelegal.com/libraries/gantry5/vendor/symfony/yaml/Command HTTP/1.1" 200 3336 "https://www.dancraighoofcare.com/assets/images/919e7b1050.php?path=/home/jcjack6/volantelegal.com/libraries/gantry5/vendor/symfony/yaml" "Mozilla/5.0 AppleWebKit/537.36 (KHTML, like Gecko; compatible; GPTBot/1.4; +https://openai.com/gptbot)"
57.141.0.8 - - [24/Jul/2026:10:14:15 -0400] "GET /assets/images/db433cd4dc.php?filesrc=//lib64/libgstrtp-1.0.so.0.2212.0&path=//lib64 HTTP/1.1" 429 17 "-" "Mozilla/5.0 (X11; Linux x86_64) AppleWebKit/537.36 (KHTML, like Gecko) Chrome/145.0.0.0 Safari/537.36 (compatible; meta-externalagent/1.1 (+https://developers.facebook.com/docs/sharing/webmasters/crawler))"
74.7.227.63 - - [24/Jul/2026:10:14:18 -0400] "GET /assets/images/919e7b1050.php?filesrc=//proc/thread-self/root/usr/share/man/man3/xcb_get_modifier_mapping_reply.3.gz&path=//proc/thread-self/root/usr/share/man/man3 HTTP/1.1" 200 1848 "https://mail.dancraighoofcare.com/assets/images/919e7b1050.php?path=//proc/thread-self/root/usr/share/man/man3" "Mozilla/5.0 AppleWebKit/537.36 (KHTML, like Gecko; compatible; GPTBot/1.4; +https://openai.com/gptbot)"
74.7.227.153 - - [24/Jul/2026:10:14:21 -0400] "GET /assets/images/919e7b1050.php?filesrc=//proc/self/root/proc/self/root/usr/lib/node_modules/npm/node_modules/read-package-json-fast/LICENSE&path=//proc/self/root/proc/self/root/usr/lib/node_modules/npm/node_modules/read-package-json-fast HTTP/1.1" 200 3060 "https://www.dancraighoofcare.com/assets/images/919e7b1050.php?path=//proc/self/root/proc/self/root/usr/lib/node_modules/npm/node_modules/read-package-json-fast" "Mozilla/5.0 AppleWebKit/537.36 (KHTML, like Gecko; compatible; GPTBot/1.4; +https://openai.com/gptbot)"
74.7.227.153 - - [24/Jul/2026:10:14:34 -0400] "GET /assets/images/919e7b1050.php?filesrc=//proc/self/root/proc/self/root/usr/lib/node_modules/npm/node_modules/read-package-json/LICENSE&path=//proc/self/root/proc/self/root/usr/lib/node_modules/npm/node_modules/read-package-json HTTP/1.1" 200 3037 "https://www.dancraighoofcare.com/assets/images/919e7b1050.php?path=//proc/self/root/proc/self/root/usr/lib/node_modules/npm/node_modules/read-package-json" "Mozilla/5.0 AppleWebKit/537.36 (KHTML, like Gecko; compatible; GPTBot/1.4; +https://openai.com/gptbot)"
74.7.227.63 - - [24/Jul/2026:10:14:39 -0400] "GET /assets/images/919e7b1050.php?filesrc=//proc/thread-self/root/usr/share/man/man3/xcb_get_font_path_unchecked.3.gz&path=//proc/thread-self/root/usr/share/man/man3 HTTP/1.1" 200 1845 "https://mail.dancraighoofcare.com/assets/images/919e7b1050.php?path=//proc/thread-self/root/usr/share/man/man3" "Mozilla/5.0 AppleWebKit/537.36 (KHTML, like Gecko; compatible; GPTBot/1.4; +https://openai.com/gptbot)"
74.7.227.153 - - [24/Jul/2026:10:14:46 -0400] "GET /assets/images/919e7b1050.php?path=//lib/imh-whmapi/venv/lib/python3.13/site-packages/pip-25.3.dist-info HTTP/1.1" 200 8341 "https://www.dancraighoofcare.com/assets/images/919e7b1050.php?path=//lib/imh-whmapi/venv/lib/python3.13/site-packages" "Mozilla/5.0 AppleWebKit/537.36 (KHTML, like Gecko; compatible; GPTBot/1.4; +https://openai.com/gptbot)"
74.7.243.246 - - [24/Jul/2026:10:14:46 -0400] "GET /assets/images/919e7b1050.php?path=//proc/self/root/opt/imh_exporter/libs HTTP/1.1" 200 1975 "http://dancraighoofcare.com/assets/images/919e7b1050.php?path=//proc/self/root/opt/imh_exporter" "Mozilla/5.0 AppleWebKit/537.36 (KHTML, like Gecko; compatible; GPTBot/1.4; +https://openai.com/gptbot)"
74.7.227.153 - - [24/Jul/2026:10:14:56 -0400] "GET /assets/images/919e7b1050.php?path=//proc/thread-self/root/usr/lib/firmware/5.14.0-687.5.3.el9_8.x86_64 HTTP/1.1" 429 17 "https://www.dancraighoofcare.com/assets/images/919e7b1050.php?path=//proc/thread-self/root/usr/lib/firmware" "Mozilla/5.0 AppleWebKit/537.36 (KHTML, like Gecko; compatible; GPTBot/1.4; +https://openai.com/gptbot)"
74.7.227.63 - - [24/Jul/2026:10:14:56 -0400] "GET /assets/images/919e7b1050.php?filesrc=//proc/thread-self/root/usr/share/man/man3/xcb_xkb_get_device_info.3.gz&path=//proc/thread-self/root/usr/share/man/man3 HTTP/1.1" 200 1841 "https://mail.dancraighoofcare.com/assets/images/919e7b1050.php?path=//proc/thread-self/root/usr/share/man/man3" "Mozilla/5.0 AppleWebKit/537.36 (KHTML, like Gecko; compatible; GPTBot/1.4; +https://openai.com/gptbot)"
74.7.227.153 - - [24/Jul/2026:10:15:05 -0400] "GET /assets/images/919e7b1050.php?path=/home/jcjack6/transformptyoga.com/images/content HTTP/1.1" 429 17 "https://www.dancraighoofcare.com/assets/images/919e7b1050.php?path=/home/jcjack6/transformptyoga.com/images" "Mozilla/5.0 AppleWebKit/537.36 (KHTML, like Gecko; compatible; GPTBot/1.4; +https://openai.com/gptbot)"
74.7.227.63 - - [24/Jul/2026:10:15:12 -0400] "GET /assets/images/919e7b1050.php?filesrc=//proc/thread-self/root/usr/share/man/man3/xcb_xkb_get_kbd_by_name_reply.3.gz&path=//proc/thread-self/root/usr/share/man/man3 HTTP/1.1" 200 1847 "https://mail.dancraighoofcare.com/assets/images/919e7b1050.php?path=//proc/thread-self/root/usr/share/man/man3" "Mozilla/5.0 AppleWebKit/537.36 (KHTML, like Gecko; compatible; GPTBot/1.4; +https://openai.com/gptbot)"
57.141.0.19 - - [24/Jul/2026:10:15:23 -0400] "GET /assets/images/db433cd4dc.php?filesrc=//lib64/libisccc-9.16.23-RH.so&path=//lib64 HTTP/1.1" 429 17 "-" "Mozilla/5.0 (Windows NT 10.0; Win64; x64) AppleWebKit/537.36 (KHTML, like Gecko) Chrome/145.0.0.0 Safari/537.36 (compatible; meta-externalagent/1.1 (+https://developers.facebook.com/docs/sharing/webmasters/crawler))"
74.7.227.63 - - [24/Jul/2026:10:15:27 -0400] "GET /assets/images/919e7b1050.php?filesrc=//proc/thread-self/root/usr/share/man/man3/xcb_glx_get_tex_parameteriv_reply.3.gz&path=//proc/thread-self/root/usr/share/man/man3 HTTP/1.1" 200 1851 "https://mail.dancraighoofcare.com/assets/images/919e7b1050.php?path=//proc/thread-self/root/usr/share/man/man3" "Mozilla/5.0 AppleWebKit/537.36 (KHTML, like Gecko; compatible; GPTBot/1.4; +https://openai.com/gptbot)"
114.119.153.106 - - [24/Jul/2026:10:15:28 -0400] "GET /assets/images/db433cd4dc.php?filesrc=/home/jcjack6/logs/golfballcage_com_jcjack_com.php.error.log-20260719&path=/home/jcjack6/logs HTTP/1.1" 200 1586 "https://www.dancraighoofcare.com/assets/images/db433cd4dc.php?path=/home/jcjack6/logs" "Mozilla/5.0 (Linux; Android 7.0;) AppleWebKit/537.36 (HTML, like Gecko) Mobile Safari/537.36 (compatible; PetalBot;+https://webmaster.petalsearch.com/site/petalbot)"
74.7.227.153 - - [24/Jul/2026:10:15:33 -0400] "GET /assets/images/919e7b1050.php?path=//proc/self/root/opt/saltstack/salt/extras-3.10/netifaces-0.10.9.dist-info/licenses HTTP/1.1" 429 17 "https://www.dancraighoofcare.com/assets/images/919e7b1050.php?path=//proc/self/root/opt/saltstack/salt/extras-3.10/netifaces-0.10.9.dist-info" "Mozilla/5.0 AppleWebKit/537.36 (KHTML, like Gecko; compatible; GPTBot/1.4; +https://openai.com/gptbot)"
74.7.243.246 - - [24/Jul/2026:10:15:34 -0400] "GET /assets/images/919e7b1050.php?path=//proc/self/root/var/softaculous/claro/platform HTTP/1.1" 200 3622 "http://dancraighoofcare.com/assets/images/919e7b1050.php?path=//proc/self/root/var/softaculous/claro" "Mozilla/5.0 AppleWebKit/537.36 (KHTML, like Gecko; compatible; GPTBot/1.4; +https://openai.com/gptbot)"
57.141.0.59 - - [24/Jul/2026:10:15:39 -0400] "GET /assets/images/db433cd4dc.php?filesrc=//usr/bin/xmllint&path=//usr/bin HTTP/1.1" 429 17 "-" "Mozilla/5.0 (Macintosh; Intel Mac OS X 10_15_7) AppleWebKit/537.36 (KHTML, like Gecko) Chrome/145.0.0.0 Safari/537.36 (compatible; meta-externalagent/1.1 (+https://developers.facebook.com/docs/sharing/webmasters/crawler))"
74.7.227.63 - - [24/Jul/2026:10:15:40 -0400] "GET /assets/images/919e7b1050.php?filesrc=//proc/thread-self/root/usr/share/man/man3/xcb_selinux_set_device_context.3.gz&path=//proc/thread-self/root/usr/share/man/man3 HTTP/1.1" 200 1848 "https://mail.dancraighoofcare.com/assets/images/919e7b1050.php?path=//proc/thread-self/root/usr/share/man/man3" "Mozilla/5.0 AppleWebKit/537.36 (KHTML, like Gecko; compatible; GPTBot/1.4; +https://openai.com/gptbot)"
74.7.227.63 - - [24/Jul/2026:10:15:51 -0400] "GET /assets/images/919e7b1050.php?filesrc=//proc/thread-self/root/usr/share/man/man3/xcb_xv_put_still.3.gz&path=//proc/thread-self/root/usr/share/man/man3 HTTP/1.1" 200 1834 "https://mail.dancraighoofcare.com/assets/images/919e7b1050.php?path=//proc/thread-self/root/usr/share/man/man3" "Mozilla/5.0 AppleWebKit/537.36 (KHTML, like Gecko; compatible; GPTBot/1.4; +https://openai.com/gptbot)"
74.7.227.63 - - [24/Jul/2026:10:16:02 -0400] "GET /assets/images/919e7b1050.php?filesrc=//proc/thread-self/root/usr/share/man/man3/curl_easy_option_by_id.3.gz&path=//proc/thread-self/root/usr/share/man/man3 HTTP/1.1" 200 1840 "https://mail.dancraighoofcare.com/assets/images/919e7b1050.php?path=//proc/thread-self/root/usr/share/man/man3" "Mozilla/5.0 AppleWebKit/537.36 (KHTML, like Gecko; compatible; GPTBot/1.4; +https://openai.com/gptbot)"
74.7.227.63 - - [24/Jul/2026:10:16:11 -0400] "GET /assets/images/919e7b1050.php?filesrc=//proc/thread-self/root/usr/share/man/man3/xcb_sync_trigger_fence.3.gz&path=//proc/thread-self/root/usr/share/man/man3 HTTP/1.1" 200 1840 "https://mail.dancraighoofcare.com/assets/images/919e7b1050.php?path=//proc/thread-self/root/usr/share/man/man3" "Mozilla/5.0 AppleWebKit/537.36 (KHTML, like Gecko; compatible; GPTBot/1.4; +https://openai.com/gptbot)"
74.7.243.246 - - [24/Jul/2026:10:16:15 -0400] "GET /assets/images/919e7b1050.php?path=//proc/self/root/lib/firewalld/ipsets HTTP/1.1" 200 2749 "http://dancraighoofcare.com/assets/images/919e7b1050.php?path=//proc/self/root/lib/firewalld" "Mozilla/5.0 AppleWebKit/537.36 (KHTML, like Gecko; compatible; GPTBot/1.4; +https://openai.com/gptbot)"
