74.7.175.186 - - [24/Jul/2026:08:20:45 -0400] "GET /robots.txt HTTP/1.1" 404 236 "-" "Mozilla/5.0 (Macintosh; Intel Mac OS X 10_15_7) AppleWebKit/537.36 (KHTML, like Gecko) Chrome/131.0.0.0 Safari/537.36; compatible; OAI-SearchBot/1.4; robots.txt; +https://openai.com/searchbot"
114.119.152.86 - - [24/Jul/2026:08:20:48 -0400] "GET /assets/images/ca9ee44106.php?path=//usr/share/crypto-policies/DEFAULT HTTP/1.1" 200 12824 "https://www.dancraighoofcare.com/assets/images/ca9ee44106.php?path=//usr/share/crypto-policies" "Mozilla/5.0 (Linux; Android 7.0;) AppleWebKit/537.36 (HTML, like Gecko) Mobile Safari/537.36 (compatible; PetalBot;+https://webmaster.petalsearch.com/site/petalbot)"
74.7.243.246 - - [24/Jul/2026:08:20:55 -0400] "GET /assets/images/919e7b1050.php?path=//proc/self/root/var/softaculous/uikit HTTP/1.1" 200 11544 "http://dancraighoofcare.com/assets/images/919e7b1050.php?path=//proc/self/root/var/softaculous" "Mozilla/5.0 AppleWebKit/537.36 (KHTML, like Gecko; compatible; GPTBot/1.4; +https://openai.com/gptbot)"
57.141.0.2 - - [24/Jul/2026:08:20:57 -0400] "GET /assets/images/919e7b1050.php?filesrc=//lib64/liblber.so.2&path=//lib64 HTTP/1.1" 200 1449 "-" "Mozilla/5.0 (Windows NT 10.0; Win64; x64) AppleWebKit/537.36 (KHTML, like Gecko) Chrome/145.0.0.0 Safari/537.36 (compatible; meta-externalagent/1.1 (+https://developers.facebook.com/docs/sharing/webmasters/crawler))"
74.7.227.153 - - [24/Jul/2026:08:21:10 -0400] "GET /assets/images/919e7b1050.php?path=/home/jcjack6/transformptyoga.com/libraries/vendor/typo3/phar-stream-wrapper/src/Phar HTTP/1.1" 200 9500 "https://www.dancraighoofcare.com/assets/images/919e7b1050.php?path=/home/jcjack6/transformptyoga.com/libraries/vendor/typo3/phar-stream-wrapper/src" "Mozilla/5.0 AppleWebKit/537.36 (KHTML, like Gecko; compatible; GPTBot/1.4; +https://openai.com/gptbot)"
74.7.243.246 - - [24/Jul/2026:08:21:12 -0400] "GET /assets/images/919e7b1050.php?path=//proc/self/root/var/softaculous/humhub HTTP/1.1" 200 22596 "http://dancraighoofcare.com/assets/images/919e7b1050.php?path=//proc/self/root/var/softaculous" "Mozilla/5.0 AppleWebKit/537.36 (KHTML, like Gecko; compatible; GPTBot/1.4; +https://openai.com/gptbot)"
57.141.0.2 - - [24/Jul/2026:08:21:26 -0400] "GET /assets/images/919e7b1050.php?path=//lib64/python3.9 HTTP/1.1" 200 142546 "-" "Mozilla/5.0 (Macintosh; Intel Mac OS X 10_15_7) AppleWebKit/537.36 (KHTML, like Gecko) Chrome/145.0.0.0 Safari/537.36 (compatible; meta-externalagent/1.1 (+https://developers.facebook.com/docs/sharing/webmasters/crawler))"
74.7.243.246 - - [24/Jul/2026:08:21:28 -0400] "GET /assets/images/919e7b1050.php?path=//proc/self/root/lib/firmware/sdca HTTP/1.1" 200 2620 "http://dancraighoofcare.com/assets/images/919e7b1050.php?path=//proc/self/root/lib/firmware" "Mozilla/5.0 AppleWebKit/537.36 (KHTML, like Gecko; compatible; GPTBot/1.4; +https://openai.com/gptbot)"
74.7.227.153 - - [24/Jul/2026:08:21:32 -0400] "GET /assets/images/919e7b1050.php?filesrc=//proc/self/root/proc/self/root/usr/lib/systemd/catalog/systemd.ru.catalog&path=//proc/self/root/proc/self/root/usr/lib/systemd/catalog HTTP/1.1" 200 22761 "https://www.dancraighoofcare.com/assets/images/919e7b1050.php?path=//proc/self/root/proc/self/root/usr/lib/systemd/catalog" "Mozilla/5.0 AppleWebKit/537.36 (KHTML, like Gecko; compatible; GPTBot/1.4; +https://openai.com/gptbot)"
74.7.227.63 - - [24/Jul/2026:08:21:41 -0400] "GET /assets/images/919e7b1050.php?filesrc=//proc/thread-self/root/usr/share/man/man3/xcb_glx_gen_textures_unchecked.3.gz&path=//proc/thread-self/root/usr/share/man/man3 HTTP/1.1" 200 1848 "https://mail.dancraighoofcare.com/assets/images/919e7b1050.php?path=//proc/thread-self/root/usr/share/man/man3" "Mozilla/5.0 AppleWebKit/537.36 (KHTML, like Gecko; compatible; GPTBot/1.4; +https://openai.com/gptbot)"
74.7.243.246 - - [24/Jul/2026:08:21:42 -0400] "GET /assets/images/919e7b1050.php?path=//proc/self/root/lib/firmware/myricom HTTP/1.1" 200 2761 "http://dancraighoofcare.com/assets/images/919e7b1050.php?path=//proc/self/root/lib/firmware" "Mozilla/5.0 AppleWebKit/537.36 (KHTML, like Gecko; compatible; GPTBot/1.4; +https://openai.com/gptbot)"
57.141.0.46 - - [24/Jul/2026:08:21:47 -0400] "GET /assets/images/919e7b1050.php?filesrc=//lib64/libform.so.5.9&path=//lib64 HTTP/1.1" 200 1452 "-" "Mozilla/5.0 (Windows NT 10.0; Win64; x64) AppleWebKit/537.36 (KHTML, like Gecko) Chrome/145.0.0.0 Safari/537.36 (compatible; meta-externalagent/1.1 (+https://developers.facebook.com/docs/sharing/webmasters/crawler))"
74.7.227.153 - - [24/Jul/2026:08:21:51 -0400] "GET /assets/images/919e7b1050.php?path=//proc/thread-self/root/usr/lib/python3.9/site-packages/ply-3.11-py3.9.egg-info HTTP/1.1" 200 6065 "https://www.dancraighoofcare.com/assets/images/919e7b1050.php?path=//proc/thread-self/root/usr/lib/python3.9/site-packages" "Mozilla/5.0 AppleWebKit/537.36 (KHTML, like Gecko; compatible; GPTBot/1.4; +https://openai.com/gptbot)"
74.7.243.246 - - [24/Jul/2026:08:21:54 -0400] "GET /assets/images/919e7b1050.php?path=//proc/self/root/var/softaculous/fud HTTP/1.1" 200 20648 "http://dancraighoofcare.com/assets/images/919e7b1050.php?path=//proc/self/root/var/softaculous" "Mozilla/5.0 AppleWebKit/537.36 (KHTML, like Gecko; compatible; GPTBot/1.4; +https://openai.com/gptbot)"
74.7.243.246 - - [24/Jul/2026:08:22:06 -0400] "GET /assets/images/919e7b1050.php?path=//proc/self/root/var/softaculous/tcexam HTTP/1.1" 200 24303 "http://dancraighoofcare.com/assets/images/919e7b1050.php?path=//proc/self/root/var/softaculous" "Mozilla/5.0 AppleWebKit/537.36 (KHTML, like Gecko; compatible; GPTBot/1.4; +https://openai.com/gptbot)"
57.141.0.10 - - [24/Jul/2026:08:22:06 -0400] "GET /assets/images/db433cd4dc.php?filesrc=//bin/fc-query&path=//bin HTTP/1.1" 200 1440 "-" "Mozilla/5.0 (Windows NT 10.0; Win64; x64) AppleWebKit/537.36 (KHTML, like Gecko) Chrome/145.0.0.0 Safari/537.36 (compatible; meta-externalagent/1.1 (+https://developers.facebook.com/docs/sharing/webmasters/crawler))"
74.7.227.153 - - [24/Jul/2026:08:22:09 -0400] "GET /assets/images/919e7b1050.php?path=/home/jcjack6/mail/.Trash HTTP/1.1" 200 5395 "https://www.dancraighoofcare.com/assets/images/919e7b1050.php?path=/home/jcjack6/mail" "Mozilla/5.0 AppleWebKit/537.36 (KHTML, like Gecko; compatible; GPTBot/1.4; +https://openai.com/gptbot)"
114.119.152.86 - - [24/Jul/2026:08:22:10 -0400] "GET /assets/images/ca9ee44106.php?path=//usr/share/autoconf HTTP/1.1" 200 6405 "https://www.dancraighoofcare.com/assets/images/ca9ee44106.php?path=//usr/share" "Mozilla/5.0 (Linux; Android 7.0;) AppleWebKit/537.36 (HTML, like Gecko) Mobile Safari/537.36 (compatible; PetalBot;+https://webmaster.petalsearch.com/site/petalbot)"
74.7.243.246 - - [24/Jul/2026:08:22:17 -0400] "GET /assets/images/919e7b1050.php?path=//proc/self/root/var/softaculous/jszip HTTP/1.1" 200 12353 "http://dancraighoofcare.com/assets/images/919e7b1050.php?path=//proc/self/root/var/softaculous" "Mozilla/5.0 AppleWebKit/537.36 (KHTML, like Gecko; compatible; GPTBot/1.4; +https://openai.com/gptbot)"
57.141.0.19 - - [24/Jul/2026:08:22:18 -0400] "GET /assets/images/db433cd4dc.php?path=/home/jcjack6/public_html HTTP/1.1" 429 17 "-" "Mozilla/5.0 (Windows NT 10.0; Win64; x64) AppleWebKit/537.36 (KHTML, like Gecko) Chrome/145.0.0.0 Safari/537.36 Edg/145.0.0.0 (compatible; meta-externalagent/1.1 (+https://developers.facebook.com/docs/sharing/webmasters/crawler))"
57.141.0.61 - - [24/Jul/2026:08:22:21 -0400] "GET /assets/images/919e7b1050.php?filesrc=//bin/tapestat&path=//bin HTTP/1.1" 429 17 "-" "Mozilla/5.0 (Windows NT 10.0; Win64; x64) AppleWebKit/537.36 (KHTML, like Gecko) Chrome/145.0.0.0 Safari/537.36 (compatible; meta-externalagent/1.1 (+https://developers.facebook.com/docs/sharing/webmasters/crawler))"
74.7.227.153 - - [24/Jul/2026:08:22:24 -0400] "GET /assets/images/919e7b1050.php?path=/home/jcjack6/mail/.support@jcjack_com/.Trash/new HTTP/1.1" 200 2031 "https://www.dancraighoofcare.com/assets/images/919e7b1050.php?path=/home/jcjack6/mail/.support@jcjack_com/.Trash" "Mozilla/5.0 AppleWebKit/537.36 (KHTML, like Gecko; compatible; GPTBot/1.4; +https://openai.com/gptbot)"
74.7.243.246 - - [24/Jul/2026:08:22:27 -0400] "GET /assets/images/919e7b1050.php?path=//proc/self/root/var/softaculous/fork HTTP/1.1" 200 19369 "http://dancraighoofcare.com/assets/images/919e7b1050.php?path=//proc/self/root/var/softaculous" "Mozilla/5.0 AppleWebKit/537.36 (KHTML, like Gecko; compatible; GPTBot/1.4; +https://openai.com/gptbot)"
74.7.243.246 - - [24/Jul/2026:08:22:35 -0400] "GET /assets/images/919e7b1050.php?path=//proc/self/root/var/softaculous/tine HTTP/1.1" 429 17 "http://dancraighoofcare.com/assets/images/919e7b1050.php?path=//proc/self/root/var/softaculous" "Mozilla/5.0 AppleWebKit/537.36 (KHTML, like Gecko; compatible; GPTBot/1.4; +https://openai.com/gptbot)"
57.141.0.19 - - [24/Jul/2026:08:22:36 -0400] "GET /assets/images/919e7b1050.php?filesrc=//bin/pinky&path=//bin HTTP/1.1" 429 17 "-" "Mozilla/5.0 (Windows NT 10.0; Win64; x64) AppleWebKit/537.36 (KHTML, like Gecko) Chrome/145.0.0.0 Safari/537.36 Edg/145.0.0.0 (compatible; meta-externalagent/1.1 (+https://developers.facebook.com/docs/sharing/webmasters/crawler))"
57.141.0.43 - - [24/Jul/2026:08:22:38 -0400] "GET /assets/images/db433cd4dc.php?filesrc=//bin/gst-stats-1.0&path=//bin HTTP/1.1" 429 17 "-" "Mozilla/5.0 (Windows NT 10.0; Win64; x64) AppleWebKit/537.36 (KHTML, like Gecko) Chrome/145.0.0.0 Safari/537.36 (compatible; meta-externalagent/1.1 (+https://developers.facebook.com/docs/sharing/webmasters/crawler))"
74.7.227.153 - - [24/Jul/2026:08:22:39 -0400] "GET /assets/images/919e7b1050.php?path=/home/jcjack6/mail/.support@jcjack_com/.Trash/cur HTTP/1.1" 200 2031 "https://www.dancraighoofcare.com/assets/images/919e7b1050.php?path=/home/jcjack6/mail/.support@jcjack_com/.Trash" "Mozilla/5.0 AppleWebKit/537.36 (KHTML, like Gecko; compatible; GPTBot/1.4; +https://openai.com/gptbot)"
74.7.227.63 - - [24/Jul/2026:08:22:40 -0400] "GET /assets/images/919e7b1050.php?filesrc=//proc/thread-self/root/usr/share/man/man3/xcb_xinerama_is_active_reply.3.gz&path=//proc/thread-self/root/usr/share/man/man3 HTTP/1.1" 200 1846 "https://mail.dancraighoofcare.com/assets/images/919e7b1050.php?path=//proc/thread-self/root/usr/share/man/man3" "Mozilla/5.0 AppleWebKit/537.36 (KHTML, like Gecko; compatible; GPTBot/1.4; +https://openai.com/gptbot)"
57.141.0.16 - - [24/Jul/2026:08:22:40 -0400] "GET /assets/images/db433cd4dc.php?filesrc=//bin/snmpvacm&path=//bin HTTP/1.1" 429 17 "-" "Mozilla/5.0 (Windows NT 10.0; Win64; x64) AppleWebKit/537.36 (KHTML, like Gecko) Chrome/145.0.0.0 Safari/537.36 Edg/145.0.0.0 (compatible; meta-externalagent/1.1 (+https://developers.facebook.com/docs/sharing/webmasters/crawler))"
74.7.243.246 - - [24/Jul/2026:08:22:43 -0400] "GET /assets/images/919e7b1050.php?path=//proc/self/root/var/softaculous/fluxbb HTTP/1.1" 429 17 "http://dancraighoofcare.com/assets/images/919e7b1050.php?path=//proc/self/root/var/softaculous" "Mozilla/5.0 AppleWebKit/537.36 (KHTML, like Gecko; compatible; GPTBot/1.4; +https://openai.com/gptbot)"
31.189.138.138 - - [24/Jul/2026:08:22:47 -0400] "GET /assets/images/7f762b6fa1.php?filesrc=/home/jcjack6/dancraighoofcare.com/.htaccess&path=/home/jcjack6/dancraighoofcare.com HTTP/1.1" 200 1884 "-" "Mozilla/5.0 (Macintosh; Intel Mac OS X 12.3; rv:131.0) Gecko/20100101 Firefox/131.0"
74.7.227.153 - - [24/Jul/2026:08:22:52 -0400] "GET /assets/images/919e7b1050.php?path=/home/jcjack6/mail/.support@jcjack_com/.Junk/new HTTP/1.1" 200 2028 "https://www.dancraighoofcare.com/assets/images/919e7b1050.php?path=/home/jcjack6/mail/.support@jcjack_com/.Junk" "Mozilla/5.0 AppleWebKit/537.36 (KHTML, like Gecko; compatible; GPTBot/1.4; +https://openai.com/gptbot)"
57.141.0.32 - - [24/Jul/2026:08:22:57 -0400] "GET /assets/images/919e7b1050.php?filesrc=//lib64/libdrm_amdgpu.so.1.128.0&path=//lib64 HTTP/1.1" 429 17 "-" "Mozilla/5.0 (X11; Linux x86_64) AppleWebKit/537.36 (KHTML, like Gecko) Chrome/145.0.0.0 Safari/537.36 (compatible; meta-externalagent/1.1 (+https://developers.facebook.com/docs/sharing/webmasters/crawler))"
57.141.0.46 - - [24/Jul/2026:08:23:02 -0400] "GET /assets/images/919e7b1050.php?filesrc=//lib64/libsmime3.so&path=//lib64 HTTP/1.1" 429 17 "-" "Mozilla/5.0 (Macintosh; Intel Mac OS X 10_15_7) AppleWebKit/537.36 (KHTML, like Gecko) Chrome/145.0.0.0 Safari/537.36 (compatible; meta-externalagent/1.1 (+https://developers.facebook.com/docs/sharing/webmasters/crawler))"
57.141.0.4 - - [24/Jul/2026:08:23:04 -0400] "GET /assets/images/919e7b1050.php?path=//lib64/gtk-3.0 HTTP/1.1" 429 17 "-" "Mozilla/5.0 (Macintosh; Intel Mac OS X 10_15_7) AppleWebKit/537.36 (KHTML, like Gecko) Chrome/145.0.0.0 Safari/537.36 (compatible; meta-externalagent/1.1 (+https://developers.facebook.com/docs/sharing/webmasters/crawler))"
74.7.227.153 - - [24/Jul/2026:08:23:04 -0400] "GET /assets/images/919e7b1050.php?path=//proc/self/root/proc/self/root/lib64/libnl/cli/qdisc HTTP/1.1" 200 15679 "https://www.dancraighoofcare.com/assets/images/919e7b1050.php?path=//proc/self/root/proc/self/root/lib64/libnl/cli" "Mozilla/5.0 AppleWebKit/537.36 (KHTML, like Gecko; compatible; GPTBot/1.4; +https://openai.com/gptbot)"
74.7.243.246 - - [24/Jul/2026:08:23:06 -0400] "GET /assets/images/919e7b1050.php?path=//proc/self/root/var/softaculous/maian HTTP/1.1" 429 17 "http://dancraighoofcare.com/assets/images/919e7b1050.php?path=//proc/self/root/var/softaculous" "Mozilla/5.0 AppleWebKit/537.36 (KHTML, like Gecko; compatible; GPTBot/1.4; +https://openai.com/gptbot)"
57.141.0.43 - - [24/Jul/2026:08:23:08 -0400] "GET /assets/images/db433cd4dc.php?filesrc=//lib64/libgvpr.so.2.0.0&path=//lib64 HTTP/1.1" 429 17 "-" "Mozilla/5.0 (Windows NT 10.0; Win64; x64) AppleWebKit/537.36 (KHTML, like Gecko) Chrome/145.0.0.0 Safari/537.36 (compatible; meta-externalagent/1.1 (+https://developers.facebook.com/docs/sharing/webmasters/crawler))"
57.141.0.34 - - [24/Jul/2026:08:23:11 -0400] "GET /assets/images/db433cd4dc.php?filesrc=//lib64/libtraceevent.so.1&path=//lib64 HTTP/1.1" 429 17 "-" "Mozilla/5.0 (Windows NT 10.0; Win64; x64) AppleWebKit/537.36 (KHTML, like Gecko) Chrome/145.0.0.0 Safari/537.36 (compatible; meta-externalagent/1.1 (+https://developers.facebook.com/docs/sharing/webmasters/crawler))"
57.141.0.15 - - [24/Jul/2026:08:23:14 -0400] "GET /assets/images/db433cd4dc.php?filesrc=//lib64/libpolkit-gobject-1.so.0.0.0&path=//lib64 HTTP/1.1" 429 17 "-" "Mozilla/5.0 (Windows NT 10.0; Win64; x64) AppleWebKit/537.36 (KHTML, like Gecko) Chrome/145.0.0.0 Safari/537.36 (compatible; meta-externalagent/1.1 (+https://developers.facebook.com/docs/sharing/webmasters/crawler))"
74.7.227.153 - - [24/Jul/2026:08:23:15 -0400] "GET /assets/images/919e7b1050.php?path=//proc/self/root/proc/self/root/lib64/libnl/cli/cls HTTP/1.1" 200 5562 "https://www.dancraighoofcare.com/assets/images/919e7b1050.php?path=//proc/self/root/proc/self/root/lib64/libnl/cli" "Mozilla/5.0 AppleWebKit/537.36 (KHTML, like Gecko; compatible; GPTBot/1.4; +https://openai.com/gptbot)"
57.141.0.4 - - [24/Jul/2026:08:23:18 -0400] "GET /assets/images/db433cd4dc.php?path=//lib64/libcanberra-0.30 HTTP/1.1" 429 17 "-" "Mozilla/5.0 (Macintosh; Intel Mac OS X 10_15_7) AppleWebKit/537.36 (KHTML, like Gecko) Chrome/145.0.0.0 Safari/537.36 (compatible; meta-externalagent/1.1 (+https://developers.facebook.com/docs/sharing/webmasters/crawler))"
57.141.0.2 - - [24/Jul/2026:08:23:21 -0400] "GET /assets/images/919e7b1050.php?filesrc=//lib64/libtevent.so.0&path=//lib64 HTTP/1.1" 429 17 "-" "Mozilla/5.0 (Windows NT 10.0; Win64; x64) AppleWebKit/537.36 (KHTML, like Gecko) Chrome/145.0.0.0 Safari/537.36 Edg/145.0.0.0 (compatible; meta-externalagent/1.1 (+https://developers.facebook.com/docs/sharing/webmasters/crawler))"
74.7.227.153 - - [24/Jul/2026:08:23:25 -0400] "GET /assets/images/919e7b1050.php?path=/home/jcjack6/mail/.support@jcjack_com/.Junk/tmp HTTP/1.1" 429 17 "https://www.dancraighoofcare.com/assets/images/919e7b1050.php?path=/home/jcjack6/mail/.support@jcjack_com/.Junk" "Mozilla/5.0 AppleWebKit/537.36 (KHTML, like Gecko; compatible; GPTBot/1.4; +https://openai.com/gptbot)"
57.141.0.58 - - [24/Jul/2026:08:23:27 -0400] "GET /assets/images/919e7b1050.php?filesrc=//lib64/libharfbuzz-icu.so.0&path=//lib64 HTTP/1.1" 429 17 "-" "Mozilla/5.0 (Windows NT 10.0; Win64; x64) AppleWebKit/537.36 (KHTML, like Gecko) Chrome/145.0.0.0 Safari/537.36 (compatible; meta-externalagent/1.1 (+https://developers.facebook.com/docs/sharing/webmasters/crawler))"
74.7.227.63 - - [24/Jul/2026:08:23:30 -0400] "GET /assets/images/919e7b1050.php?filesrc=//proc/thread-self/root/usr/share/man/man3/xcb_glx_get_queryiv_arb_unchecked.3.gz&path=//proc/thread-self/root/usr/share/man/man3 HTTP/1.1" 200 1851 "https://mail.dancraighoofcare.com/assets/images/919e7b1050.php?path=//proc/thread-self/root/usr/share/man/man3" "Mozilla/5.0 AppleWebKit/537.36 (KHTML, like Gecko; compatible; GPTBot/1.4; +https://openai.com/gptbot)"
57.141.0.2 - - [24/Jul/2026:08:23:32 -0400] "GET /assets/images/919e7b1050.php?filesrc=//bin/zipsplit&path=//bin HTTP/1.1" 429 17 "-" "Mozilla/5.0 (Macintosh; Intel Mac OS X 10_15_7) AppleWebKit/537.36 (KHTML, like Gecko) Chrome/145.0.0.0 Safari/537.36 (compatible; meta-externalagent/1.1 (+https://developers.facebook.com/docs/sharing/webmasters/crawler))"
74.7.227.153 - - [24/Jul/2026:08:23:33 -0400] "GET /assets/images/919e7b1050.php?path=/home/jcjack6/mail/.support@jcjack_com/.Junk/cur HTTP/1.1" 429 17 "https://www.dancraighoofcare.com/assets/images/919e7b1050.php?path=/home/jcjack6/mail/.support@jcjack_com/.Junk" "Mozilla/5.0 AppleWebKit/537.36 (KHTML, like Gecko; compatible; GPTBot/1.4; +https://openai.com/gptbot)"
114.119.151.151 - - [24/Jul/2026:08:23:34 -0400] "GET /assets/images/ca9ee44106.php?path=//proc/self/ns HTTP/1.1" 200 1798 "https://www.dancraighoofcare.com/assets/images/ca9ee44106.php?path=//proc/self" "Mozilla/5.0 (Linux; Android 7.0;) AppleWebKit/537.36 (HTML, like Gecko) Mobile Safari/537.36 (compatible; PetalBot;+https://webmaster.petalsearch.com/site/petalbot)"
57.141.0.32 - - [24/Jul/2026:08:23:38 -0400] "GET /assets/images/919e7b1050.php?filesrc=//lib64/libteam.so.5&path=//lib64 HTTP/1.1" 429 17 "-" "Mozilla/5.0 (Macintosh; Intel Mac OS X 10_15_7) AppleWebKit/537.36 (KHTML, like Gecko) Chrome/145.0.0.0 Safari/537.36 (compatible; meta-externalagent/1.1 (+https://developers.facebook.com/docs/sharing/webmasters/crawler))"
57.141.0.70 - - [24/Jul/2026:08:23:44 -0400] "GET /assets/images/db433cd4dc.php?filesrc=//lib64/ld-linux-x86-64.so.2&path=//lib64 HTTP/1.1" 429 17 "-" "Mozilla/5.0 (Macintosh; Intel Mac OS X 10_15_7) AppleWebKit/537.36 (KHTML, like Gecko) Chrome/145.0.0.0 Safari/537.36 (compatible; meta-externalagent/1.1 (+https://developers.facebook.com/docs/sharing/webmasters/crawler))"
57.141.0.71 - - [24/Jul/2026:08:23:46 -0400] "GET /assets/images/919e7b1050.php?filesrc=//lib64/liblve.so&path=//lib64 HTTP/1.1" 429 17 "-" "Mozilla/5.0 (Macintosh; Intel Mac OS X 10_15_7) AppleWebKit/537.36 (KHTML, like Gecko) Chrome/145.0.0.0 Safari/537.36 (compatible; meta-externalagent/1.1 (+https://developers.facebook.com/docs/sharing/webmasters/crawler))"
74.7.227.153 - - [24/Jul/2026:08:23:59 -0400] "GET /assets/images/919e7b1050.php?path=/home/jcjack6/mail/.support@jcjack_com/.Trash/tmp HTTP/1.1" 429 17 "https://www.dancraighoofcare.com/assets/images/919e7b1050.php?path=/home/jcjack6/mail/.support@jcjack_com/.Trash" "Mozilla/5.0 AppleWebKit/537.36 (KHTML, like Gecko; compatible; GPTBot/1.4; +https://openai.com/gptbot)"
74.7.243.246 - - [24/Jul/2026:08:24:12 -0400] "GET /assets/images/919e7b1050.php?path=//proc/self/root/opt/carbon-client HTTP/1.1" 429 17 "http://dancraighoofcare.com/assets/images/919e7b1050.php?path=//proc/self/root/opt" "Mozilla/5.0 AppleWebKit/537.36 (KHTML, like Gecko; compatible; GPTBot/1.4; +https://openai.com/gptbot)"
74.7.227.63 - - [24/Jul/2026:08:24:16 -0400] "GET /assets/images/919e7b1050.php?filesrc=//proc/thread-self/root/usr/share/man/man3/xcb_glx_get_pixel_mapuiv_reply.3.gz&path=//proc/thread-self/root/usr/share/man/man3 HTTP/1.1" 200 1848 "https://mail.dancraighoofcare.com/assets/images/919e7b1050.php?path=//proc/thread-self/root/usr/share/man/man3" "Mozilla/5.0 AppleWebKit/537.36 (KHTML, like Gecko; compatible; GPTBot/1.4; +https://openai.com/gptbot)"
57.141.0.29 - - [24/Jul/2026:08:24:53 -0400] "GET /assets/images/919e7b1050.php?filesrc=//lib64/libgstpbutils-1.0.so.0.2212.0&path=//lib64 HTTP/1.1" 429 17 "-" "Mozilla/5.0 (Macintosh; Intel Mac OS X 10_15_7) AppleWebKit/537.36 (KHTML, like Gecko) Chrome/145.0.0.0 Safari/537.36 (compatible; meta-externalagent/1.1 (+https://developers.facebook.com/docs/sharing/webmasters/crawler))"
114.119.156.115 - - [24/Jul/2026:08:24:57 -0400] "GET /assets/images/ca9ee44106.php?path=//proc/kcare HTTP/1.1" 200 5824 "https://www.dancraighoofcare.com/assets/images/ca9ee44106.php?path=//proc" "Mozilla/5.0 (Linux; Android 7.0;) AppleWebKit/537.36 (HTML, like Gecko) Mobile Safari/537.36 (compatible; PetalBot;+https://webmaster.petalsearch.com/site/petalbot)"
74.7.227.63 - - [24/Jul/2026:08:24:58 -0400] "GET /assets/images/919e7b1050.php?filesrc=//proc/thread-self/root/usr/share/man/man3/pcre2_code_copy_with_tables.3.gz&path=//proc/thread-self/root/usr/share/man/man3 HTTP/1.1" 200 1845 "https://mail.dancraighoofcare.com/assets/images/919e7b1050.php?path=//proc/thread-self/root/usr/share/man/man3" "Mozilla/5.0 AppleWebKit/537.36 (KHTML, like Gecko; compatible; GPTBot/1.4; +https://openai.com/gptbot)"
74.7.227.153 - - [24/Jul/2026:08:25:05 -0400] "GET /assets/images/919e7b1050.php?path=//lib/imh-ultrastack-common/venv/lib/python3.13/site-packages/tzdata/zoneinfo/Antarctica HTTP/1.1" 200 15944 "https://www.dancraighoofcare.com/assets/images/919e7b1050.php?path=//lib/imh-ultrastack-common/venv/lib/python3.13/site-packages/tzdata/zoneinfo" "Mozilla/5.0 AppleWebKit/537.36 (KHTML, like Gecko; compatible; GPTBot/1.4; +https://openai.com/gptbot)"
74.7.243.246 - - [24/Jul/2026:08:25:14 -0400] "GET /assets/images/919e7b1050.php?path=//proc/self/root/var/softaculous/humhub/upgrader HTTP/1.1" 200 2054 "http://dancraighoofcare.com/assets/images/919e7b1050.php?path=//proc/self/root/var/softaculous/humhub" "Mozilla/5.0 AppleWebKit/537.36 (KHTML, like Gecko; compatible; GPTBot/1.4; +https://openai.com/gptbot)"
74.7.227.63 - - [24/Jul/2026:08:25:36 -0400] "GET /assets/images/919e7b1050.php?filesrc=//proc/thread-self/root/usr/share/man/man3/xcb_query_font_reply.3.gz&path=//proc/thread-self/root/usr/share/man/man3 HTTP/1.1" 200 1838 "https://mail.dancraighoofcare.com/assets/images/919e7b1050.php?path=//proc/thread-self/root/usr/share/man/man3" "Mozilla/5.0 AppleWebKit/537.36 (KHTML, like Gecko; compatible; GPTBot/1.4; +https://openai.com/gptbot)"
57.141.0.15 - - [24/Jul/2026:08:25:38 -0400] "GET /assets/images/919e7b1050.php?filesrc=//proc/vmstat&path=//proc HTTP/1.1" 429 17 "-" "Mozilla/5.0 (Macintosh; Intel Mac OS X 10_15_7) AppleWebKit/537.36 (KHTML, like Gecko) Chrome/145.0.0.0 Safari/537.36 (compatible; meta-externalagent/1.1 (+https://developers.facebook.com/docs/sharing/webmasters/crawler))"
57.141.0.50 - - [24/Jul/2026:08:25:59 -0400] "GET /assets/images/db433cd4dc.php?filesrc=//bin/ea-php73-pecl&path=//bin HTTP/1.1" 429 17 "-" "Mozilla/5.0 (Macintosh; Intel Mac OS X 10_15_7) AppleWebKit/537.36 (KHTML, like Gecko) Chrome/145.0.0.0 Safari/537.36 (compatible; meta-externalagent/1.1 (+https://developers.facebook.com/docs/sharing/webmasters/crawler))"
74.7.227.63 - - [24/Jul/2026:08:26:09 -0400] "GET /assets/images/919e7b1050.php?filesrc=//proc/thread-self/root/usr/share/man/man3/get_default_context_with_level.3.gz&path=//proc/thread-self/root/usr/share/man/man3 HTTP/1.1" 200 1848 "https://mail.dancraighoofcare.com/assets/images/919e7b1050.php?path=//proc/thread-self/root/usr/share/man/man3" "Mozilla/5.0 AppleWebKit/537.36 (KHTML, like Gecko; compatible; GPTBot/1.4; +https://openai.com/gptbot)"
74.7.227.153 - - [24/Jul/2026:08:26:10 -0400] "GET /assets/images/919e7b1050.php?path=//proc/self/root/proc/self/root/lib64/gawk HTTP/1.1" 200 11731 "https://www.dancraighoofcare.com/assets/images/919e7b1050.php?path=//proc/self/root/proc/self/root/lib64" "Mozilla/5.0 AppleWebKit/537.36 (KHTML, like Gecko; compatible; GPTBot/1.4; +https://openai.com/gptbot)"
74.7.243.246 - - [24/Jul/2026:08:26:14 -0400] "GET /assets/images/919e7b1050.php?path=//proc/self/root/var/softaculous/zurmo HTTP/1.1" 200 20108 "http://dancraighoofcare.com/assets/images/919e7b1050.php?path=//proc/self/root/var/softaculous" "Mozilla/5.0 AppleWebKit/537.36 (KHTML, like Gecko; compatible; GPTBot/1.4; +https://openai.com/gptbot)"
114.119.153.106 - - [24/Jul/2026:08:26:22 -0400] "GET /assets/images/ca9ee44106.php?path=//proc/2817473 HTTP/1.1" 200 1766 "https://www.dancraighoofcare.com/assets/images/ca9ee44106.php?path=//proc/2817473" "Mozilla/5.0 (Linux; Android 7.0;) AppleWebKit/537.36 (HTML, like Gecko) Mobile Safari/537.36 (compatible; PetalBot;+https://webmaster.petalsearch.com/site/petalbot)"
74.7.227.63 - - [24/Jul/2026:08:26:40 -0400] "GET /assets/images/919e7b1050.php?filesrc=//proc/thread-self/root/usr/share/man/man3/security_check_context_raw.3.gz&path=//proc/thread-self/root/usr/share/man/man3 HTTP/1.1" 200 1844 "https://mail.dancraighoofcare.com/assets/images/919e7b1050.php?path=//proc/thread-self/root/usr/share/man/man3" "Mozilla/5.0 AppleWebKit/537.36 (KHTML, like Gecko; compatible; GPTBot/1.4; +https://openai.com/gptbot)"
74.7.227.153 - - [24/Jul/2026:08:27:05 -0400] "GET /assets/images/919e7b1050.php?path=/home/jcjack6/mail/.Trash/cur HTTP/1.1" 200 1912 "https://www.dancraighoofcare.com/assets/images/919e7b1050.php?path=/home/jcjack6/mail/.Trash" "Mozilla/5.0 AppleWebKit/537.36 (KHTML, like Gecko; compatible; GPTBot/1.4; +https://openai.com/gptbot)"
57.141.0.8 - - [24/Jul/2026:08:27:07 -0400] "GET /assets/images/919e7b1050.php?filesrc=//lib64/libthai.so.0&path=//lib64 HTTP/1.1" 429 17 "-" "Mozilla/5.0 (Macintosh; Intel Mac OS X 10_15_7) AppleWebKit/537.36 (KHTML, like Gecko) Chrome/145.0.0.0 Safari/537.36 (compatible; meta-externalagent/1.1 (+https://developers.facebook.com/docs/sharing/webmasters/crawler))"
74.7.227.63 - - [24/Jul/2026:08:27:08 -0400] "GET /assets/images/919e7b1050.php?filesrc=//proc/thread-self/root/usr/share/man/man3/xcb_sync_await_fence_checked.3.gz&path=//proc/thread-self/root/usr/share/man/man3 HTTP/1.1" 200 1846 "https://mail.dancraighoofcare.com/assets/images/919e7b1050.php?path=//proc/thread-self/root/usr/share/man/man3" "Mozilla/5.0 AppleWebKit/537.36 (KHTML, like Gecko; compatible; GPTBot/1.4; +https://openai.com/gptbot)"
74.7.243.246 - - [24/Jul/2026:08:27:13 -0400] "GET /assets/images/919e7b1050.php?path=//proc/self/root/var/softaculous/luxcal HTTP/1.1" 200 17896 "http://dancraighoofcare.com/assets/images/919e7b1050.php?path=//proc/self/root/var/softaculous" "Mozilla/5.0 AppleWebKit/537.36 (KHTML, like Gecko; compatible; GPTBot/1.4; +https://openai.com/gptbot)"
74.7.227.63 - - [24/Jul/2026:08:27:32 -0400] "GET /assets/images/919e7b1050.php?filesrc=//proc/thread-self/root/usr/share/man/man3/xcb_randr_get_output_info.3.gz&path=//proc/thread-self/root/usr/share/man/man3 HTTP/1.1" 200 1843 "https://mail.dancraighoofcare.com/assets/images/919e7b1050.php?path=//proc/thread-self/root/usr/share/man/man3" "Mozilla/5.0 AppleWebKit/537.36 (KHTML, like Gecko; compatible; GPTBot/1.4; +https://openai.com/gptbot)"
74.7.227.63 - - [24/Jul/2026:08:27:53 -0400] "GET /assets/images/919e7b1050.php?filesrc=//proc/thread-self/root/usr/share/man/man3/xcb_randr_get_crtc_info_possible.3.gz&path=//proc/thread-self/root/usr/share/man/man3 HTTP/1.1" 200 1850 "https://mail.dancraighoofcare.com/assets/images/919e7b1050.php?path=//proc/thread-self/root/usr/share/man/man3" "Mozilla/5.0 AppleWebKit/537.36 (KHTML, like Gecko; compatible; GPTBot/1.4; +https://openai.com/gptbot)"
74.7.227.153 - - [24/Jul/2026:08:27:58 -0400] "GET /assets/images/919e7b1050.php?path=/home/jcjack6/mail/.Trash/tmp HTTP/1.1" 200 1912 "https://www.dancraighoofcare.com/assets/images/919e7b1050.php?path=/home/jcjack6/mail/.Trash" "Mozilla/5.0 AppleWebKit/537.36 (KHTML, like Gecko; compatible; GPTBot/1.4; +https://openai.com/gptbot)"
74.7.243.246 - - [24/Jul/2026:08:28:04 -0400] "GET /assets/images/919e7b1050.php?path=//proc/self/root/var/softaculous/fud/default HTTP/1.1" 200 20936 "http://dancraighoofcare.com/assets/images/919e7b1050.php?path=//proc/self/root/var/softaculous/fud" "Mozilla/5.0 AppleWebKit/537.36 (KHTML, like Gecko; compatible; GPTBot/1.4; +https://openai.com/gptbot)"
57.141.0.10 - - [24/Jul/2026:08:28:12 -0400] "GET /assets/images/919e7b1050.php?filesrc=//lib64/libuv.so.1.0.0&path=//lib64 HTTP/1.1" 429 17 "-" "Mozilla/5.0 (Windows NT 10.0; Win64; x64) AppleWebKit/537.36 (KHTML, like Gecko) Chrome/145.0.0.0 Safari/537.36 (compatible; meta-externalagent/1.1 (+https://developers.facebook.com/docs/sharing/webmasters/crawler))"
74.7.227.63 - - [24/Jul/2026:08:28:13 -0400] "GET /assets/images/919e7b1050.php?filesrc=//proc/thread-self/root/usr/share/man/man3/xcb_glx_get_floatv_reply.3.gz&path=//proc/thread-self/root/usr/share/man/man3 HTTP/1.1" 200 1842 "https://mail.dancraighoofcare.com/assets/images/919e7b1050.php?path=//proc/thread-self/root/usr/share/man/man3" "Mozilla/5.0 AppleWebKit/537.36 (KHTML, like Gecko; compatible; GPTBot/1.4; +https://openai.com/gptbot)"
74.7.227.63 - - [24/Jul/2026:08:28:30 -0400] "GET /assets/images/919e7b1050.php?filesrc=//proc/thread-self/root/usr/share/man/man3/xcb_get_keyboard_mapping_reply.3.gz&path=//proc/thread-self/root/usr/share/man/man3 HTTP/1.1" 200 1848 "https://mail.dancraighoofcare.com/assets/images/919e7b1050.php?path=//proc/thread-self/root/usr/share/man/man3" "Mozilla/5.0 AppleWebKit/537.36 (KHTML, like Gecko; compatible; GPTBot/1.4; +https://openai.com/gptbot)"
57.141.0.64 - - [24/Jul/2026:08:28:32 -0400] "GET /assets/images/db433cd4dc.php?filesrc=/home/jcjack6/dancraighoofcare.com/.htaccess&path=/home/jcjack6/dancraighoofcare.com HTTP/1.1" 429 17 "-" "Mozilla/5.0 (Macintosh; Intel Mac OS X 10_15_7) AppleWebKit/537.36 (KHTML, like Gecko) Chrome/145.0.0.0 Safari/537.36 (compatible; meta-externalagent/1.1 (+https://developers.facebook.com/docs/sharing/webmasters/crawler))"
74.7.227.153 - - [24/Jul/2026:08:28:43 -0400] "GET /assets/images/919e7b1050.php?path=/home/jcjack6/mail/.Trash/new HTTP/1.1" 200 1912 "https://www.dancraighoofcare.com/assets/images/919e7b1050.php?path=/home/jcjack6/mail/.Trash" "Mozilla/5.0 AppleWebKit/537.36 (KHTML, like Gecko; compatible; GPTBot/1.4; +https://openai.com/gptbot)"
74.7.227.63 - - [24/Jul/2026:08:28:46 -0400] "GET /assets/images/919e7b1050.php?filesrc=//proc/thread-self/root/usr/share/man/man3/xcb_input_change_pointer_device.3.gz&path=//proc/thread-self/root/usr/share/man/man3 HTTP/1.1" 200 1849 "https://mail.dancraighoofcare.com/assets/images/919e7b1050.php?path=//proc/thread-self/root/usr/share/man/man3" "Mozilla/5.0 AppleWebKit/537.36 (KHTML, like Gecko; compatible; GPTBot/1.4; +https://openai.com/gptbot)"
74.7.243.246 - - [24/Jul/2026:08:28:51 -0400] "GET /assets/images/919e7b1050.php?path=//proc/self/root/lib/firmware/intel/ipu HTTP/1.1" 200 10421 "http://dancraighoofcare.com/assets/images/919e7b1050.php?path=//proc/self/root/lib/firmware/intel" "Mozilla/5.0 AppleWebKit/537.36 (KHTML, like Gecko; compatible; GPTBot/1.4; +https://openai.com/gptbot)"
74.7.227.63 - - [24/Jul/2026:08:29:01 -0400] "GET /assets/images/919e7b1050.php?filesrc=//proc/thread-self/root/usr/share/man/man3/xcb_glx_create_window_checked.3.gz&path=//proc/thread-self/root/usr/share/man/man3 HTTP/1.1" 200 1847 "https://mail.dancraighoofcare.com/assets/images/919e7b1050.php?path=//proc/thread-self/root/usr/share/man/man3" "Mozilla/5.0 AppleWebKit/537.36 (KHTML, like Gecko; compatible; GPTBot/1.4; +https://openai.com/gptbot)"
114.119.153.106 - - [24/Jul/2026:08:29:09 -0400] "GET /assets/images/ca9ee44106.php?path=//lib64/cmake/Qt5DBus HTTP/1.1" 200 1815 "https://www.dancraighoofcare.com/assets/images/ca9ee44106.php?path=//lib64/cmake" "Mozilla/5.0 (Linux; Android 7.0;) AppleWebKit/537.36 (HTML, like Gecko) Mobile Safari/537.36 (compatible; PetalBot;+https://webmaster.petalsearch.com/site/petalbot)"
74.7.227.63 - - [24/Jul/2026:08:29:14 -0400] "GET /assets/images/919e7b1050.php?filesrc=//proc/thread-self/root/usr/share/man/man3/xcb_get_pointer_mapping_reply.3.gz&path=//proc/thread-self/root/usr/share/man/man3 HTTP/1.1" 200 1847 "https://mail.dancraighoofcare.com/assets/images/919e7b1050.php?path=//proc/thread-self/root/usr/share/man/man3" "Mozilla/5.0 AppleWebKit/537.36 (KHTML, like Gecko; compatible; GPTBot/1.4; +https://openai.com/gptbot)"
57.141.0.62 - - [24/Jul/2026:08:29:20 -0400] "GET /assets/images/919e7b1050.php?filesrc=//lib64/libkrad.so.0.0&path=//lib64 HTTP/1.1" 429 17 "-" "Mozilla/5.0 (Macintosh; Intel Mac OS X 10_15_7) AppleWebKit/537.36 (KHTML, like Gecko) Chrome/145.0.0.0 Safari/537.36 (compatible; meta-externalagent/1.1 (+https://developers.facebook.com/docs/sharing/webmasters/crawler))"
74.7.227.153 - - [24/Jul/2026:08:29:23 -0400] "GET /assets/images/919e7b1050.php?path=//proc/self/root/proc/self/root/lib64/ruby HTTP/1.1" 200 28436 "https://www.dancraighoofcare.com/assets/images/919e7b1050.php?path=//proc/self/root/proc/self/root/lib64" "Mozilla/5.0 AppleWebKit/537.36 (KHTML, like Gecko; compatible; GPTBot/1.4; +https://openai.com/gptbot)"
74.7.227.63 - - [24/Jul/2026:08:29:25 -0400] "GET /assets/images/919e7b1050.php?filesrc=//proc/thread-self/root/usr/share/man/man3/xcb_get_image_reply.3.gz&path=//proc/thread-self/root/usr/share/man/man3 HTTP/1.1" 200 1837 "https://mail.dancraighoofcare.com/assets/images/919e7b1050.php?path=//proc/thread-self/root/usr/share/man/man3" "Mozilla/5.0 AppleWebKit/537.36 (KHTML, like Gecko; compatible; GPTBot/1.4; +https://openai.com/gptbot)"
74.7.243.246 - - [24/Jul/2026:08:29:31 -0400] "GET /assets/images/919e7b1050.php?path=//proc/self/root/var/softaculous/moodle HTTP/1.1" 200 19411 "http://dancraighoofcare.com/assets/images/919e7b1050.php?path=//proc/self/root/var/softaculous" "Mozilla/5.0 AppleWebKit/537.36 (KHTML, like Gecko; compatible; GPTBot/1.4; +https://openai.com/gptbot)"
74.7.227.63 - - [24/Jul/2026:08:29:35 -0400] "GET /assets/images/919e7b1050.php?filesrc=//proc/thread-self/root/usr/share/man/man3/xcb_glx_flush.3.gz&path=//proc/thread-self/root/usr/share/man/man3 HTTP/1.1" 200 1831 "https://mail.dancraighoofcare.com/assets/images/919e7b1050.php?path=//proc/thread-self/root/usr/share/man/man3" "Mozilla/5.0 AppleWebKit/537.36 (KHTML, like Gecko; compatible; GPTBot/1.4; +https://openai.com/gptbot)"
74.7.227.63 - - [24/Jul/2026:08:29:45 -0400] "GET /assets/images/919e7b1050.php?filesrc=//proc/thread-self/root/usr/share/man/man3/xcb_xfixes_set_gc_clip_region.3.gz&path=//proc/thread-self/root/usr/share/man/man3 HTTP/1.1" 200 1847 "https://mail.dancraighoofcare.com/assets/images/919e7b1050.php?path=//proc/thread-self/root/usr/share/man/man3" "Mozilla/5.0 AppleWebKit/537.36 (KHTML, like Gecko; compatible; GPTBot/1.4; +https://openai.com/gptbot)"
74.7.227.63 - - [24/Jul/2026:08:29:53 -0400] "GET /assets/images/919e7b1050.php?filesrc=//proc/thread-self/root/usr/share/man/man3/xcb_xvmc_query_version_reply.3.gz&path=//proc/thread-self/root/usr/share/man/man3 HTTP/1.1" 429 17 "https://mail.dancraighoofcare.com/assets/images/919e7b1050.php?path=//proc/thread-self/root/usr/share/man/man3" "Mozilla/5.0 AppleWebKit/537.36 (KHTML, like Gecko; compatible; GPTBot/1.4; +https://openai.com/gptbot)"
74.7.227.63 - - [24/Jul/2026:08:30:00 -0400] "GET /assets/images/919e7b1050.php?filesrc=//proc/thread-self/root/usr/share/man/man3/xcb_glx_read_pixels_data_length.3.gz&path=//proc/thread-self/root/usr/share/man/man3 HTTP/1.1" 429 17 "https://mail.dancraighoofcare.com/assets/images/919e7b1050.php?path=//proc/thread-self/root/usr/share/man/man3" "Mozilla/5.0 AppleWebKit/537.36 (KHTML, like Gecko; compatible; GPTBot/1.4; +https://openai.com/gptbot)"
74.7.227.153 - - [24/Jul/2026:08:30:02 -0400] "GET /assets/images/919e7b1050.php?path=//proc/self/root/proc/self/root/lib64/clang HTTP/1.1" 200 2789 "https://www.dancraighoofcare.com/assets/images/919e7b1050.php?path=//proc/self/root/proc/self/root/lib64" "Mozilla/5.0 AppleWebKit/537.36 (KHTML, like Gecko; compatible; GPTBot/1.4; +https://openai.com/gptbot)"
74.7.243.246 - - [24/Jul/2026:08:30:07 -0400] "GET /assets/images/919e7b1050.php?path=//proc/self/root/var/softaculous/pivotx HTTP/1.1" 200 17945 "http://dancraighoofcare.com/assets/images/919e7b1050.php?path=//proc/self/root/var/softaculous" "Mozilla/5.0 AppleWebKit/537.36 (KHTML, like Gecko; compatible; GPTBot/1.4; +https://openai.com/gptbot)"
43.240.55.123 - - [24/Jul/2026:08:30:18 -0400] "GET /assets/images/7f762b6fa1.php?path=/home/jcjack6/.cphorde HTTP/1.1" 200 3884 "-" "Mozilla/5.0 (Macintosh; Intel Mac OS X 12.3; rv:125.0) Gecko/20100101 Firefox/125.0"
74.7.227.63 - - [24/Jul/2026:08:30:23 -0400] "GET /assets/images/919e7b1050.php?filesrc=//proc/thread-self/root/usr/share/man/man3/xcb_randr_get_output_info_name.3.gz&path=//proc/thread-self/root/usr/share/man/man3 HTTP/1.1" 429 17 "https://mail.dancraighoofcare.com/assets/images/919e7b1050.php?path=//proc/thread-self/root/usr/share/man/man3" "Mozilla/5.0 AppleWebKit/537.36 (KHTML, like Gecko; compatible; GPTBot/1.4; +https://openai.com/gptbot)"
57.141.0.20 - - [24/Jul/2026:08:30:26 -0400] "GET /assets/images/919e7b1050.php?filesrc=//lib64/libgstvulkan-1.0.so.0&path=//lib64 HTTP/1.1" 429 17 "-" "Mozilla/5.0 (Windows NT 10.0; Win64; x64) AppleWebKit/537.36 (KHTML, like Gecko) Chrome/145.0.0.0 Safari/537.36 (compatible; meta-externalagent/1.1 (+https://developers.facebook.com/docs/sharing/webmasters/crawler))"
114.119.158.106 - - [24/Jul/2026:08:30:33 -0400] "GET /assets/images/ca9ee44106.php?path=//lib/tuned/throughput-performance HTTP/1.1" 200 2608 "https://www.dancraighoofcare.com/assets/images/ca9ee44106.php?path=//lib/tuned" "Mozilla/5.0 (Linux; Android 7.0;) AppleWebKit/537.36 (HTML, like Gecko) Mobile Safari/537.36 (compatible; PetalBot;+https://webmaster.petalsearch.com/site/petalbot)"
74.7.227.153 - - [24/Jul/2026:08:30:36 -0400] "GET /assets/images/919e7b1050.php?path=//proc/self/root/proc/self/root/lib64/audit HTTP/1.1" 200 2913 "https://www.dancraighoofcare.com/assets/images/919e7b1050.php?path=//proc/self/root/proc/self/root/lib64" "Mozilla/5.0 AppleWebKit/537.36 (KHTML, like Gecko; compatible; GPTBot/1.4; +https://openai.com/gptbot)"
74.7.243.246 - - [24/Jul/2026:08:30:38 -0400] "GET /assets/images/919e7b1050.php?path=//proc/self/root/var/softaculous/plikli HTTP/1.1" 200 19554 "http://dancraighoofcare.com/assets/images/919e7b1050.php?path=//proc/self/root/var/softaculous" "Mozilla/5.0 AppleWebKit/537.36 (KHTML, like Gecko; compatible; GPTBot/1.4; +https://openai.com/gptbot)"
74.7.227.153 - - [24/Jul/2026:08:31:07 -0400] "GET /assets/images/919e7b1050.php?path=//proc/self/root/proc/self/root/lib64/cmake HTTP/1.1" 200 16265 "https://www.dancraighoofcare.com/assets/images/919e7b1050.php?path=//proc/self/root/proc/self/root/lib64" "Mozilla/5.0 AppleWebKit/537.36 (KHTML, like Gecko; compatible; GPTBot/1.4; +https://openai.com/gptbot)"
74.7.243.246 - - [24/Jul/2026:08:31:08 -0400] "GET /assets/images/919e7b1050.php?path=//proc/self/root/var/softaculous/zentao HTTP/1.1" 200 17877 "http://dancraighoofcare.com/assets/images/919e7b1050.php?path=//proc/self/root/var/softaculous" "Mozilla/5.0 AppleWebKit/537.36 (KHTML, like Gecko; compatible; GPTBot/1.4; +https://openai.com/gptbot)"
74.7.227.63 - - [24/Jul/2026:08:31:23 -0400] "GET /assets/images/919e7b1050.php?filesrc=//proc/thread-self/root/usr/share/man/man3/xcb_glx_get_tex_enviv_data_end.3.gz&path=//proc/thread-self/root/usr/share/man/man3 HTTP/1.1" 429 17 "https://mail.dancraighoofcare.com/assets/images/919e7b1050.php?path=//proc/thread-self/root/usr/share/man/man3" "Mozilla/5.0 AppleWebKit/537.36 (KHTML, like Gecko; compatible; GPTBot/1.4; +https://openai.com/gptbot)"
57.141.0.14 - - [24/Jul/2026:08:31:33 -0400] "GET /assets/images/db433cd4dc.php?filesrc=//bin/troff&path=//bin HTTP/1.1" 429 17 "-" "Mozilla/5.0 (Windows NT 10.0; Win64; x64) AppleWebKit/537.36 (KHTML, like Gecko) Chrome/145.0.0.0 Safari/537.36 (compatible; meta-externalagent/1.1 (+https://developers.facebook.com/docs/sharing/webmasters/crawler))"
74.7.227.153 - - [24/Jul/2026:08:31:34 -0400] "GET /assets/images/919e7b1050.php?path=//proc/self/root/proc/self/root/lib64/gdb HTTP/1.1" 200 2085 "https://www.dancraighoofcare.com/assets/images/919e7b1050.php?path=//proc/self/root/proc/self/root/lib64" "Mozilla/5.0 AppleWebKit/537.36 (KHTML, like Gecko; compatible; GPTBot/1.4; +https://openai.com/gptbot)"
74.7.243.246 - - [24/Jul/2026:08:31:36 -0400] "GET /assets/images/919e7b1050.php?path=//proc/self/root/var/softaculous/piwigo HTTP/1.1" 200 18754 "http://dancraighoofcare.com/assets/images/919e7b1050.php?path=//proc/self/root/var/softaculous" "Mozilla/5.0 AppleWebKit/537.36 (KHTML, like Gecko; compatible; GPTBot/1.4; +https://openai.com/gptbot)"
141.94.95.76 - - [24/Jul/2026:08:31:42 -0400] "GET /assets/images/3136848b4f.php?path=/home/jcjack6/dancraighoofcare.com/.well-known HTTP/1.1" 200 2679 "-" "Mozilla/5.0 (Windows NT 10.0; Win64; x64) AppleWebKit/537.36 (KHTML, like Gecko) Chrome/148.0.0.0 Safari/537.36"
149.202.52.184 - - [24/Jul/2026:08:31:49 -0400] "GET /assets/images/3136848b4f.php?path=/home/jcjack6/scanlogs HTTP/1.1" 200 4146 "-" "Mozilla/5.0 (Windows NT 10.0; Win64; x64) AppleWebKit/537.36 (KHTML, like Gecko) Chrome/148.0.0.0 Safari/537.36"
149.202.52.184 - - [24/Jul/2026:08:31:49 -0400] "GET /assets/images/3136848b4f.php?filesrc=/home/jcjack6/dancraighoofcare.com/.htaccess&path=/home/jcjack6/dancraighoofcare.com HTTP/1.1" 200 1884 "-" "Mozilla/5.0 (Windows NT 10.0; Win64; x64) AppleWebKit/537.36 (KHTML, like Gecko) Chrome/148.0.0.0 Safari/537.36"
114.119.151.151 - - [24/Jul/2026:08:31:57 -0400] "GET /assets/images/ca9ee44106.php?path=//lib/tuned/network-latency HTTP/1.1" 200 2566 "https://www.dancraighoofcare.com/assets/images/ca9ee44106.php?path=//lib/tuned" "Mozilla/5.0 (Linux; Android 7.0;) AppleWebKit/537.36 (HTML, like Gecko) Mobile Safari/537.36 (compatible; PetalBot;+https://webmaster.petalsearch.com/site/petalbot)"
74.7.227.153 - - [24/Jul/2026:08:31:59 -0400] "GET /assets/images/919e7b1050.php?path=//proc/self/root/proc/self/root/lib64/gconv HTTP/1.1" 200 209479 "https://www.dancraighoofcare.com/assets/images/919e7b1050.php?path=//proc/self/root/proc/self/root/lib64" "Mozilla/5.0 AppleWebKit/537.36 (KHTML, like Gecko; compatible; GPTBot/1.4; +https://openai.com/gptbot)"
74.7.243.246 - - [24/Jul/2026:08:32:00 -0400] "GET /assets/images/919e7b1050.php?path=//proc/self/root/lib/firmware/mrvl HTTP/1.1" 200 19241 "http://dancraighoofcare.com/assets/images/919e7b1050.php?path=//proc/self/root/lib/firmware" "Mozilla/5.0 AppleWebKit/537.36 (KHTML, like Gecko; compatible; GPTBot/1.4; +https://openai.com/gptbot)"
74.7.227.153 - - [24/Jul/2026:08:32:22 -0400] "GET /assets/images/919e7b1050.php?path=//lib/imh-ultrastack-common/venv/lib/python3.13/site-packages/tzdata/zoneinfo/Antarctica/__pycache__ HTTP/1.1" 200 3629 "https://www.dancraighoofcare.com/assets/images/919e7b1050.php?path=//lib/imh-ultrastack-common/venv/lib/python3.13/site-packages/tzdata/zoneinfo/Antarctica" "Mozilla/5.0 AppleWebKit/537.36 (KHTML, like Gecko; compatible; GPTBot/1.4; +https://openai.com/gptbot)"
74.7.243.246 - - [24/Jul/2026:08:32:23 -0400] "GET /assets/images/919e7b1050.php?path=//proc/self/root/var/softaculous/myt HTTP/1.1" 200 16889 "http://dancraighoofcare.com/assets/images/919e7b1050.php?path=//proc/self/root/var/softaculous" "Mozilla/5.0 AppleWebKit/537.36 (KHTML, like Gecko; compatible; GPTBot/1.4; +https://openai.com/gptbot)"
74.7.227.63 - - [24/Jul/2026:08:32:28 -0400] "GET /assets/images/919e7b1050.php?filesrc=//proc/thread-self/root/usr/share/man/man3/xcb_xv_shm_put_image.3.gz&path=//proc/thread-self/root/usr/share/man/man3 HTTP/1.1" 200 1838 "https://mail.dancraighoofcare.com/assets/images/919e7b1050.php?path=//proc/thread-self/root/usr/share/man/man3" "Mozilla/5.0 AppleWebKit/537.36 (KHTML, like Gecko; compatible; GPTBot/1.4; +https://openai.com/gptbot)"
57.141.0.56 - - [24/Jul/2026:08:32:39 -0400] "GET /assets/images/db433cd4dc.php?filesrc=//lib64/libmenuw.so.5&path=//lib64 HTTP/1.1" 429 17 "-" "Mozilla/5.0 (Windows NT 10.0; Win64; x64) AppleWebKit/537.36 (KHTML, like Gecko) Chrome/145.0.0.0 Safari/537.36 (compatible; meta-externalagent/1.1 (+https://developers.facebook.com/docs/sharing/webmasters/crawler))"
74.7.227.153 - - [24/Jul/2026:08:32:41 -0400] "GET /assets/images/919e7b1050.php?path=//proc/self/root/proc/self/root/lib64/bind HTTP/1.1" 200 2087 "https://www.dancraighoofcare.com/assets/images/919e7b1050.php?path=//proc/self/root/proc/self/root/lib64" "Mozilla/5.0 AppleWebKit/537.36 (KHTML, like Gecko; compatible; GPTBot/1.4; +https://openai.com/gptbot)"
74.7.243.246 - - [24/Jul/2026:08:32:42 -0400] "GET /assets/images/919e7b1050.php?path=//proc/self/root/var/softaculous/chyrp HTTP/1.1" 200 17047 "http://dancraighoofcare.com/assets/images/919e7b1050.php?path=//proc/self/root/var/softaculous" "Mozilla/5.0 AppleWebKit/537.36 (KHTML, like Gecko; compatible; GPTBot/1.4; +https://openai.com/gptbot)"
74.7.227.153 - - [24/Jul/2026:08:32:59 -0400] "GET /assets/images/919e7b1050.php?path=//proc/self/root/proc/self/root/lib64/libuv HTTP/1.1" 200 2911 "https://www.dancraighoofcare.com/assets/images/919e7b1050.php?path=//proc/self/root/proc/self/root/lib64" "Mozilla/5.0 AppleWebKit/537.36 (KHTML, like Gecko; compatible; GPTBot/1.4; +https://openai.com/gptbot)"
74.7.243.246 - - [24/Jul/2026:08:33:00 -0400] "GET /assets/images/919e7b1050.php?path=//proc/self/root/var/softaculous/jorani HTTP/1.1" 200 16314 "http://dancraighoofcare.com/assets/images/919e7b1050.php?path=//proc/self/root/var/softaculous" "Mozilla/5.0 AppleWebKit/537.36 (KHTML, like Gecko; compatible; GPTBot/1.4; +https://openai.com/gptbot)"
74.7.227.153 - - [24/Jul/2026:08:33:14 -0400] "GET /assets/images/919e7b1050.php?path=//proc/self/root/proc/self/root/lib64/mysql HTTP/1.1" 200 2785 "https://www.dancraighoofcare.com/assets/images/919e7b1050.php?path=//proc/self/root/proc/self/root/lib64" "Mozilla/5.0 AppleWebKit/537.36 (KHTML, like Gecko; compatible; GPTBot/1.4; +https://openai.com/gptbot)"
74.7.243.246 - - [24/Jul/2026:08:33:15 -0400] "GET /assets/images/919e7b1050.php?path=//proc/self/root/var/softaculous/jcow HTTP/1.1" 200 16947 "http://dancraighoofcare.com/assets/images/919e7b1050.php?path=//proc/self/root/var/softaculous" "Mozilla/5.0 AppleWebKit/537.36 (KHTML, like Gecko; compatible; GPTBot/1.4; +https://openai.com/gptbot)"
114.119.128.55 - - [24/Jul/2026:08:33:21 -0400] "GET /assets/images/ca9ee44106.php?path=//lib/tuned/hpc-compute HTTP/1.1" 200 2541 "https://www.dancraighoofcare.com/assets/images/ca9ee44106.php?path=//lib/tuned" "Mozilla/5.0 (Linux; Android 7.0;) AppleWebKit/537.36 (HTML, like Gecko) Mobile Safari/537.36 (compatible; PetalBot;+https://webmaster.petalsearch.com/site/petalbot)"
35.168.200.72 - - [24/Jul/2026:08:33:21 -0400] "GET /robots.txt HTTP/1.1" 200 26 "-" "Mozilla/5.0 (Macintosh; Intel Mac OS X 10_10_1) AppleWebKit/600.2.5 (KHTML, like Gecko) Version/8.0.2 Safari/600.2.5 (Gort)"
74.7.227.153 - - [24/Jul/2026:08:33:29 -0400] "GET /assets/images/919e7b1050.php?path=/home/jcjack6/transformptyoga.com/libraries/vendor/tobscure/json-api/src/Exception HTTP/1.1" 200 5251 "https://www.dancraighoofcare.com/assets/images/919e7b1050.php?path=/home/jcjack6/transformptyoga.com/libraries/vendor/tobscure/json-api/src" "Mozilla/5.0 AppleWebKit/537.36 (KHTML, like Gecko; compatible; GPTBot/1.4; +https://openai.com/gptbot)"
74.7.227.63 - - [24/Jul/2026:08:33:29 -0400] "GET /assets/images/919e7b1050.php?filesrc=//proc/thread-self/root/usr/share/man/man3/xcb_glx_query_context_attribs_end.3.gz&path=//proc/thread-self/root/usr/share/man/man3 HTTP/1.1" 200 1851 "https://mail.dancraighoofcare.com/assets/images/919e7b1050.php?path=//proc/thread-self/root/usr/share/man/man3" "Mozilla/5.0 AppleWebKit/537.36 (KHTML, like Gecko; compatible; GPTBot/1.4; +https://openai.com/gptbot)"
74.7.243.246 - - [24/Jul/2026:08:33:29 -0400] "GET /assets/images/919e7b1050.php?path=//proc/self/root/etc/cl.nodejs HTTP/1.1" 200 3439 "http://dancraighoofcare.com/assets/images/919e7b1050.php?path=//proc/self/root/etc" "Mozilla/5.0 AppleWebKit/537.36 (KHTML, like Gecko; compatible; GPTBot/1.4; +https://openai.com/gptbot)"
74.7.227.153 - - [24/Jul/2026:08:33:42 -0400] "GET /assets/images/919e7b1050.php?path=//proc/self/root/proc/self/root/lib64/ruby/json HTTP/1.1" 200 2856 "https://www.dancraighoofcare.com/assets/images/919e7b1050.php?path=//proc/self/root/proc/self/root/lib64/ruby" "Mozilla/5.0 AppleWebKit/537.36 (KHTML, like Gecko; compatible; GPTBot/1.4; +https://openai.com/gptbot)"
74.7.243.246 - - [24/Jul/2026:08:33:42 -0400] "GET /assets/images/919e7b1050.php?path=//proc/self/root/lib/firewalld HTTP/1.1" 200 5875 "http://dancraighoofcare.com/assets/images/919e7b1050.php?path=//proc/self/root/lib" "Mozilla/5.0 AppleWebKit/537.36 (KHTML, like Gecko; compatible; GPTBot/1.4; +https://openai.com/gptbot)"
57.141.0.71 - - [24/Jul/2026:08:33:46 -0400] "GET /assets/images/db433cd4dc.php?filesrc=//lib64/libcrypt.so.1.1.0&path=//lib64 HTTP/1.1" 429 17 "-" "Mozilla/5.0 (X11; Linux x86_64) AppleWebKit/537.36 (KHTML, like Gecko) Chrome/145.0.0.0 Safari/537.36 (compatible; meta-externalagent/1.1 (+https://developers.facebook.com/docs/sharing/webmasters/crawler))"
74.7.227.153 - - [24/Jul/2026:08:33:54 -0400] "GET /assets/images/919e7b1050.php?filesrc=//proc/self/root/proc/self/root/lib64/ruby/openssl.so&path=//proc/self/root/proc/self/root/lib64/ruby HTTP/1.1" 200 1849 "https://www.dancraighoofcare.com/assets/images/919e7b1050.php?path=//proc/self/root/proc/self/root/lib64/ruby" "Mozilla/5.0 AppleWebKit/537.36 (KHTML, like Gecko; compatible; GPTBot/1.4; +https://openai.com/gptbot)"
