74.7.227.153 - - [24/Jul/2026:10:36:41 -0400] "GET /assets/images/919e7b1050.php?path=//proc/thread-self/root/opt/alt/alt-nodejs11/root/lib/node_modules/npm/node_modules/es6-promisify/dist HTTP/1.1" 429 17 "https://www.dancraighoofcare.com/assets/images/919e7b1050.php?path=//proc/thread-self/root/opt/alt/alt-nodejs11/root/lib/node_modules/npm/node_modules/es6-promisify" "Mozilla/5.0 AppleWebKit/537.36 (KHTML, like Gecko; compatible; GPTBot/1.4; +https://openai.com/gptbot)"
57.141.0.6 - - [24/Jul/2026:10:36:44 -0400] "GET /assets/images/db433cd4dc.php?filesrc=//lib64/libpcrecpp.so&path=//lib64 HTTP/1.1" 429 17 "-" "Mozilla/5.0 (Macintosh; Intel Mac OS X 10_15_7) AppleWebKit/537.36 (KHTML, like Gecko) Chrome/145.0.0.0 Safari/537.36 (compatible; meta-externalagent/1.1 (+https://developers.facebook.com/docs/sharing/webmasters/crawler))"
74.7.227.63 - - [24/Jul/2026:10:37:02 -0400] "GET /assets/images/919e7b1050.php?filesrc=//proc/thread-self/root/usr/share/man/man3/xcb_glx_get_fb_configs_unchecked.3.gz&path=//proc/thread-self/root/usr/share/man/man3 HTTP/1.1" 200 1850 "https://mail.dancraighoofcare.com/assets/images/919e7b1050.php?path=//proc/thread-self/root/usr/share/man/man3" "Mozilla/5.0 AppleWebKit/537.36 (KHTML, like Gecko; compatible; GPTBot/1.4; +https://openai.com/gptbot)"
74.7.243.246 - - [24/Jul/2026:10:37:05 -0400] "GET /assets/images/919e7b1050.php?path=//proc/self/root/lib/firmware/intel/avs/apl HTTP/1.1" 200 2934 "http://dancraighoofcare.com/assets/images/919e7b1050.php?path=//proc/self/root/lib/firmware/intel/avs" "Mozilla/5.0 AppleWebKit/537.36 (KHTML, like Gecko; compatible; GPTBot/1.4; +https://openai.com/gptbot)"
74.7.227.63 - - [24/Jul/2026:10:37:26 -0400] "GET /assets/images/919e7b1050.php?filesrc=//proc/thread-self/root/usr/share/man/man3/form_request_by_name.3x.gz&path=//proc/thread-self/root/usr/share/man/man3 HTTP/1.1" 200 1839 "https://mail.dancraighoofcare.com/assets/images/919e7b1050.php?path=//proc/thread-self/root/usr/share/man/man3" "Mozilla/5.0 AppleWebKit/537.36 (KHTML, like Gecko; compatible; GPTBot/1.4; +https://openai.com/gptbot)"
114.119.146.120 - - [24/Jul/2026:10:37:30 -0400] "GET /assets/images/db433cd4dc.php?filesrc=//lib64/libbabeltrace-ctf-text.so.1.0.0&path=//lib64 HTTP/1.1" 200 1473 "https://www.dancraighoofcare.com/assets/images/db433cd4dc.php?path=//lib64" "Mozilla/5.0 (Linux; Android 7.0;) AppleWebKit/537.36 (HTML, like Gecko) Mobile Safari/537.36 (compatible; PetalBot;+https://webmaster.petalsearch.com/site/petalbot)"
37.65.13.144 - - [24/Jul/2026:10:37:39 -0400] "GET /assets/images/7f762b6fa1.php?filesrc=/home/jcjack6/.wp-toolkit-identifier&path=/home/jcjack6 HTTP/1.1" 200 2190 "-" "Mozilla/5.0 (Windows NT 10.0; Win64; x64) AppleWebKit/537.36 (KHTML, like Gecko) Chrome/131.0.6778.204 Safari/537.36"
74.7.227.153 - - [24/Jul/2026:10:37:41 -0400] "GET /assets/images/919e7b1050.php?path=//proc/thread-self/root/opt/alt/alt-nodejs11/root/lib/node_modules/npm/node_modules/asn1/lib HTTP/1.1" 200 4528 "https://www.dancraighoofcare.com/assets/images/919e7b1050.php?path=//proc/thread-self/root/opt/alt/alt-nodejs11/root/lib/node_modules/npm/node_modules/asn1" "Mozilla/5.0 AppleWebKit/537.36 (KHTML, like Gecko; compatible; GPTBot/1.4; +https://openai.com/gptbot)"
74.7.243.246 - - [24/Jul/2026:10:37:45 -0400] "GET /assets/images/919e7b1050.php?path=//proc/self/root/lib/firmware/intel/iwlwifi HTTP/1.1" 200 161317 "http://dancraighoofcare.com/assets/images/919e7b1050.php?path=//proc/self/root/lib/firmware/intel" "Mozilla/5.0 AppleWebKit/537.36 (KHTML, like Gecko; compatible; GPTBot/1.4; +https://openai.com/gptbot)"
74.7.227.63 - - [24/Jul/2026:10:37:48 -0400] "GET /assets/images/919e7b1050.php?filesrc=//proc/thread-self/root/usr/share/man/man3/keyctl_set_reqkey_keyring.3.gz&path=//proc/thread-self/root/usr/share/man/man3 HTTP/1.1" 200 1843 "https://mail.dancraighoofcare.com/assets/images/919e7b1050.php?path=//proc/thread-self/root/usr/share/man/man3" "Mozilla/5.0 AppleWebKit/537.36 (KHTML, like Gecko; compatible; GPTBot/1.4; +https://openai.com/gptbot)"
52.22.64.232 - - [24/Jul/2026:10:37:50 -0400] "GET /gallery HTTP/1.1" 429 17 "-" "Mozilla/5.0 AppleWebKit/537.36 (KHTML, like Gecko; compatible; Amazonbot/0.1; +https://developer.amazon.com/support/amazonbot) Chrome/119.0.6045.214 Safari/537.36"
57.141.0.50 - - [24/Jul/2026:10:37:51 -0400] "GET /assets/images/db433cd4dc.php?path=//lib64/gconv HTTP/1.1" 429 17 "-" "Mozilla/5.0 (Windows NT 10.0; Win64; x64) AppleWebKit/537.36 (KHTML, like Gecko) Chrome/145.0.0.0 Safari/537.36 (compatible; meta-externalagent/1.1 (+https://developers.facebook.com/docs/sharing/webmasters/crawler))"
74.7.227.63 - - [24/Jul/2026:10:38:07 -0400] "GET /assets/images/919e7b1050.php?filesrc=//proc/thread-self/root/usr/share/man/man3/xcb_xkb_latch_lock_state_checked.3.gz&path=//proc/thread-self/root/usr/share/man/man3 HTTP/1.1" 200 1850 "https://mail.dancraighoofcare.com/assets/images/919e7b1050.php?path=//proc/thread-self/root/usr/share/man/man3" "Mozilla/5.0 AppleWebKit/537.36 (KHTML, like Gecko; compatible; GPTBot/1.4; +https://openai.com/gptbot)"
74.7.243.246 - - [24/Jul/2026:10:38:21 -0400] "GET /assets/images/919e7b1050.php?path=//proc/self/root/opt/sharedrads/guds_modules HTTP/1.1" 200 8148 "http://dancraighoofcare.com/assets/images/919e7b1050.php?path=//proc/self/root/opt/sharedrads" "Mozilla/5.0 AppleWebKit/537.36 (KHTML, like Gecko; compatible; GPTBot/1.4; +https://openai.com/gptbot)"
74.7.227.63 - - [24/Jul/2026:10:38:25 -0400] "GET /assets/images/919e7b1050.php?filesrc=//proc/thread-self/root/usr/share/man/man3/mysql_row_seek.3.gz&path=//proc/thread-self/root/usr/share/man/man3 HTTP/1.1" 200 1832 "https://mail.dancraighoofcare.com/assets/images/919e7b1050.php?path=//proc/thread-self/root/usr/share/man/man3" "Mozilla/5.0 AppleWebKit/537.36 (KHTML, like Gecko; compatible; GPTBot/1.4; +https://openai.com/gptbot)"
141.94.94.121 - - [24/Jul/2026:10:38:33 -0400] "GET /assets/images/db433cd4dc.php?path=//tmp HTTP/1.1" 200 19994 "-" "Mozilla/5.0 (Windows NT 10.0; Win64; x64) AppleWebKit/537.36 (KHTML, like Gecko) Chrome/148.0.0.0 Safari/537.36"
57.129.81.225 - - [24/Jul/2026:10:38:33 -0400] "GET /assets/images/db433cd4dc.php?path=//proc HTTP/1.1" 200 42218 "-" "Mozilla/5.0 (Windows NT 10.0; Win64; x64) AppleWebKit/537.36 (KHTML, like Gecko) Chrome/148.0.0.0 Safari/537.36"
57.129.81.227 - - [24/Jul/2026:10:38:37 -0400] "GET /assets/images/db433cd4dc.php?path=//opt HTTP/1.1" 200 21966 "-" "Mozilla/5.0 (Windows NT 10.0; Win64; x64) AppleWebKit/537.36 (KHTML, like Gecko) Chrome/148.0.0.0 Safari/537.36"
74.7.227.63 - - [24/Jul/2026:10:38:42 -0400] "GET /assets/images/919e7b1050.php?filesrc=//proc/thread-self/root/usr/share/man/man3/xcb_glx_get_convolution_filter.3.gz&path=//proc/thread-self/root/usr/share/man/man3 HTTP/1.1" 200 1848 "https://mail.dancraighoofcare.com/assets/images/919e7b1050.php?path=//proc/thread-self/root/usr/share/man/man3" "Mozilla/5.0 AppleWebKit/537.36 (KHTML, like Gecko; compatible; GPTBot/1.4; +https://openai.com/gptbot)"
74.7.227.153 - - [24/Jul/2026:10:38:43 -0400] "GET /assets/images/919e7b1050.php?path=//proc/thread-self/root/opt/alt/alt-nodejs11/root/lib/node_modules/npm/node_modules/cli-table3 HTTP/1.1" 200 9491 "https://www.dancraighoofcare.com/assets/images/919e7b1050.php?path=//proc/thread-self/root/opt/alt/alt-nodejs11/root/lib/node_modules/npm/node_modules" "Mozilla/5.0 AppleWebKit/537.36 (KHTML, like Gecko; compatible; GPTBot/1.4; +https://openai.com/gptbot)"
74.7.243.246 - - [24/Jul/2026:10:38:56 -0400] "GET /assets/images/919e7b1050.php?path=//proc/self/root/var/softaculous/cmsimple HTTP/1.1" 200 16492 "http://dancraighoofcare.com/assets/images/919e7b1050.php?path=//proc/self/root/var/softaculous" "Mozilla/5.0 AppleWebKit/537.36 (KHTML, like Gecko; compatible; GPTBot/1.4; +https://openai.com/gptbot)"
74.7.227.63 - - [24/Jul/2026:10:38:56 -0400] "GET /assets/images/919e7b1050.php?filesrc=//proc/thread-self/root/usr/share/man/man3/xcb_test_grab_control_checked.3.gz&path=//proc/thread-self/root/usr/share/man/man3 HTTP/1.1" 200 1847 "https://mail.dancraighoofcare.com/assets/images/919e7b1050.php?path=//proc/thread-self/root/usr/share/man/man3" "Mozilla/5.0 AppleWebKit/537.36 (KHTML, like Gecko; compatible; GPTBot/1.4; +https://openai.com/gptbot)"
57.141.0.29 - - [24/Jul/2026:10:38:57 -0400] "GET /assets/images/db433cd4dc.php?filesrc=//lib64/libpcreposix.so&path=//lib64 HTTP/1.1" 429 17 "-" "Mozilla/5.0 (Macintosh; Intel Mac OS X 10_15_7) AppleWebKit/537.36 (KHTML, like Gecko) Chrome/145.0.0.0 Safari/537.36 (compatible; meta-externalagent/1.1 (+https://developers.facebook.com/docs/sharing/webmasters/crawler))"
74.7.227.63 - - [24/Jul/2026:10:39:09 -0400] "GET /assets/images/919e7b1050.php?filesrc=//proc/thread-self/root/usr/share/man/man3/xcb_input_touch_ownership_event_t.3.gz&path=//proc/thread-self/root/usr/share/man/man3 HTTP/1.1" 200 1851 "https://mail.dancraighoofcare.com/assets/images/919e7b1050.php?path=//proc/thread-self/root/usr/share/man/man3" "Mozilla/5.0 AppleWebKit/537.36 (KHTML, like Gecko; compatible; GPTBot/1.4; +https://openai.com/gptbot)"
74.7.227.63 - - [24/Jul/2026:10:39:21 -0400] "GET /assets/images/919e7b1050.php?filesrc=//proc/thread-self/root/usr/share/man/man3/xcb_glx_get_lightiv_data_end.3.gz&path=//proc/thread-self/root/usr/share/man/man3 HTTP/1.1" 200 1846 "https://mail.dancraighoofcare.com/assets/images/919e7b1050.php?path=//proc/thread-self/root/usr/share/man/man3" "Mozilla/5.0 AppleWebKit/537.36 (KHTML, like Gecko; compatible; GPTBot/1.4; +https://openai.com/gptbot)"
74.7.243.246 - - [24/Jul/2026:10:39:26 -0400] "GET /assets/images/919e7b1050.php?path=//proc/self/root/var/softaculous/flat/upgrade HTTP/1.1" 200 2046 "http://dancraighoofcare.com/assets/images/919e7b1050.php?path=//proc/self/root/var/softaculous/flat" "Mozilla/5.0 AppleWebKit/537.36 (KHTML, like Gecko; compatible; GPTBot/1.4; +https://openai.com/gptbot)"
74.7.227.63 - - [24/Jul/2026:10:39:31 -0400] "GET /assets/images/919e7b1050.php?filesrc=//proc/thread-self/root/usr/share/man/man3/xcb_xvmc_list_subpicture_types.3.gz&path=//proc/thread-self/root/usr/share/man/man3 HTTP/1.1" 200 1848 "https://mail.dancraighoofcare.com/assets/images/919e7b1050.php?path=//proc/thread-self/root/usr/share/man/man3" "Mozilla/5.0 AppleWebKit/537.36 (KHTML, like Gecko; compatible; GPTBot/1.4; +https://openai.com/gptbot)"
74.7.227.63 - - [24/Jul/2026:10:39:40 -0400] "GET /assets/images/919e7b1050.php?filesrc=//proc/thread-self/root/usr/share/man/man3/xcb_allow_events.3.gz&path=//proc/thread-self/root/usr/share/man/man3 HTTP/1.1" 429 17 "https://mail.dancraighoofcare.com/assets/images/919e7b1050.php?path=//proc/thread-self/root/usr/share/man/man3" "Mozilla/5.0 AppleWebKit/537.36 (KHTML, like Gecko; compatible; GPTBot/1.4; +https://openai.com/gptbot)"
74.7.227.153 - - [24/Jul/2026:10:39:42 -0400] "GET /assets/images/919e7b1050.php?path=//lib/imh-scan/venv/lib/python3.13/site-packages/idna-3.11.dist-info HTTP/1.1" 200 6471 "https://www.dancraighoofcare.com/assets/images/919e7b1050.php?path=//lib/imh-scan/venv/lib/python3.13/site-packages" "Mozilla/5.0 AppleWebKit/537.36 (KHTML, like Gecko; compatible; GPTBot/1.4; +https://openai.com/gptbot)"
74.7.227.63 - - [24/Jul/2026:10:39:49 -0400] "GET /assets/images/919e7b1050.php?filesrc=//proc/thread-self/root/usr/share/man/man3/xcb_get_keyboard_mapping_keysyms.3.gz&path=//proc/thread-self/root/usr/share/man/man3 HTTP/1.1" 429 17 "https://mail.dancraighoofcare.com/assets/images/919e7b1050.php?path=//proc/thread-self/root/usr/share/man/man3" "Mozilla/5.0 AppleWebKit/537.36 (KHTML, like Gecko; compatible; GPTBot/1.4; +https://openai.com/gptbot)"
74.7.243.246 - - [24/Jul/2026:10:39:54 -0400] "GET /assets/images/919e7b1050.php?path=//proc/self/root/var/softaculous/churchcrm HTTP/1.1" 200 15716 "http://dancraighoofcare.com/assets/images/919e7b1050.php?path=//proc/self/root/var/softaculous" "Mozilla/5.0 AppleWebKit/537.36 (KHTML, like Gecko; compatible; GPTBot/1.4; +https://openai.com/gptbot)"
57.141.0.61 - - [24/Jul/2026:10:40:05 -0400] "GET /assets/images/db433cd4dc.php?filesrc=//lib64/libsemanage.so.2&path=//lib64 HTTP/1.1" 429 17 "-" "Mozilla/5.0 (Windows NT 10.0; Win64; x64) AppleWebKit/537.36 (KHTML, like Gecko) Chrome/145.0.0.0 Safari/537.36 (compatible; meta-externalagent/1.1 (+https://developers.facebook.com/docs/sharing/webmasters/crawler))"
74.7.227.63 - - [24/Jul/2026:10:40:15 -0400] "GET /assets/images/919e7b1050.php?filesrc=//proc/thread-self/root/usr/share/man/man3/xcb_xkb_set_map_checked.3.gz&path=//proc/thread-self/root/usr/share/man/man3 HTTP/1.1" 429 17 "https://mail.dancraighoofcare.com/assets/images/919e7b1050.php?path=//proc/thread-self/root/usr/share/man/man3" "Mozilla/5.0 AppleWebKit/537.36 (KHTML, like Gecko; compatible; GPTBot/1.4; +https://openai.com/gptbot)"
114.119.153.106 - - [24/Jul/2026:10:40:16 -0400] "GET /assets/images/db433cd4dc.php?filesrc=//lib64/libQt5PrintSupport.so.5&path=//lib64 HTTP/1.1" 200 1465 "https://www.dancraighoofcare.com/assets/images/db433cd4dc.php?path=//lib64" "Mozilla/5.0 (Linux; Android 7.0;) AppleWebKit/537.36 (HTML, like Gecko) Mobile Safari/537.36 (compatible; PetalBot;+https://webmaster.petalsearch.com/site/petalbot)"
74.7.243.246 - - [24/Jul/2026:10:40:19 -0400] "GET /assets/images/919e7b1050.php?path=//proc/self/root/var/softaculous/sitecake HTTP/1.1" 200 12491 "http://dancraighoofcare.com/assets/images/919e7b1050.php?path=//proc/self/root/var/softaculous" "Mozilla/5.0 AppleWebKit/537.36 (KHTML, like Gecko; compatible; GPTBot/1.4; +https://openai.com/gptbot)"
74.7.227.153 - - [24/Jul/2026:10:40:31 -0400] "GET /assets/images/919e7b1050.php?path=//proc/self/root/proc/self/root/lib/kbd/keymaps/legacy/i386/include HTTP/1.1" 200 20071 "https://www.dancraighoofcare.com/assets/images/919e7b1050.php?path=//proc/self/root/proc/self/root/lib/kbd/keymaps/legacy/i386" "Mozilla/5.0 AppleWebKit/537.36 (KHTML, like Gecko; compatible; GPTBot/1.4; +https://openai.com/gptbot)"
74.7.243.246 - - [24/Jul/2026:10:40:41 -0400] "GET /assets/images/919e7b1050.php?path=//proc/self/root/var/softaculous/framadate HTTP/1.1" 200 18937 "http://dancraighoofcare.com/assets/images/919e7b1050.php?path=//proc/self/root/var/softaculous" "Mozilla/5.0 AppleWebKit/537.36 (KHTML, like Gecko; compatible; GPTBot/1.4; +https://openai.com/gptbot)"
74.7.243.246 - - [24/Jul/2026:10:41:02 -0400] "GET /assets/images/919e7b1050.php?path=//proc/self/root/var/softaculous/suitecrm HTTP/1.1" 200 22916 "http://dancraighoofcare.com/assets/images/919e7b1050.php?path=//proc/self/root/var/softaculous" "Mozilla/5.0 AppleWebKit/537.36 (KHTML, like Gecko; compatible; GPTBot/1.4; +https://openai.com/gptbot)"
57.141.0.70 - - [24/Jul/2026:10:41:11 -0400] "GET /assets/images/db433cd4dc.php?path=/home/jcjack6/mail/.james@jcjack_com HTTP/1.1" 429 17 "-" "Mozilla/5.0 (Windows NT 10.0; Win64; x64) AppleWebKit/537.36 (KHTML, like Gecko) Chrome/145.0.0.0 Safari/537.36 Edg/145.0.0.0 (compatible; meta-externalagent/1.1 (+https://developers.facebook.com/docs/sharing/webmasters/crawler))"
74.7.227.63 - - [24/Jul/2026:10:41:17 -0400] "GET /assets/images/919e7b1050.php?filesrc=//proc/thread-self/root/usr/share/man/man3/xcb_res_query_client_pixmap_bytes.3.gz&path=//proc/thread-self/root/usr/share/man/man3 HTTP/1.1" 200 1851 "https://mail.dancraighoofcare.com/assets/images/919e7b1050.php?path=//proc/thread-self/root/usr/share/man/man3" "Mozilla/5.0 AppleWebKit/537.36 (KHTML, like Gecko; compatible; GPTBot/1.4; +https://openai.com/gptbot)"
74.7.227.153 - - [24/Jul/2026:10:41:18 -0400] "GET /assets/images/919e7b1050.php?path=//proc/self/root/proc/self/root/lib/imh-scan/venv/include/python3.13 HTTP/1.1" 200 2350 "https://www.dancraighoofcare.com/assets/images/919e7b1050.php?path=//proc/self/root/proc/self/root/lib/imh-scan/venv/include" "Mozilla/5.0 AppleWebKit/537.36 (KHTML, like Gecko; compatible; GPTBot/1.4; +https://openai.com/gptbot)"
74.7.243.246 - - [24/Jul/2026:10:41:19 -0400] "GET /assets/images/919e7b1050.php?path=//proc/self/root/var/softaculous/livehelper HTTP/1.1" 200 18251 "http://dancraighoofcare.com/assets/images/919e7b1050.php?path=//proc/self/root/var/softaculous" "Mozilla/5.0 AppleWebKit/537.36 (KHTML, like Gecko; compatible; GPTBot/1.4; +https://openai.com/gptbot)"
74.7.243.246 - - [24/Jul/2026:10:41:35 -0400] "GET /assets/images/919e7b1050.php?path=//proc/self/root/var/softaculous/purifier HTTP/1.1" 200 11677 "http://dancraighoofcare.com/assets/images/919e7b1050.php?path=//proc/self/root/var/softaculous" "Mozilla/5.0 AppleWebKit/537.36 (KHTML, like Gecko; compatible; GPTBot/1.4; +https://openai.com/gptbot)"
114.119.156.115 - - [24/Jul/2026:10:41:40 -0400] "GET /assets/images/db433cd4dc.php?filesrc=//lib64/gstreamer-1.0/libgstopus.so&path=//lib64/gstreamer-1.0 HTTP/1.1" 200 1525 "https://www.dancraighoofcare.com/assets/images/db433cd4dc.php?path=//lib64/gstreamer-1.0" "Mozilla/5.0 (Linux; Android 7.0;) AppleWebKit/537.36 (HTML, like Gecko) Mobile Safari/537.36 (compatible; PetalBot;+https://webmaster.petalsearch.com/site/petalbot)"
74.7.243.246 - - [24/Jul/2026:10:41:49 -0400] "GET /assets/images/919e7b1050.php?path=//proc/self/root/var/softaculous/rainloop HTTP/1.1" 200 20469 "http://dancraighoofcare.com/assets/images/919e7b1050.php?path=//proc/self/root/var/softaculous" "Mozilla/5.0 AppleWebKit/537.36 (KHTML, like Gecko; compatible; GPTBot/1.4; +https://openai.com/gptbot)"
74.7.227.153 - - [24/Jul/2026:10:42:00 -0400] "GET /assets/images/919e7b1050.php?path=//proc/self/root/proc/self/root/lib/kbd/keymaps/legacy/i386/qwertz HTTP/1.1" 200 20893 "https://www.dancraighoofcare.com/assets/images/919e7b1050.php?path=//proc/self/root/proc/self/root/lib/kbd/keymaps/legacy/i386" "Mozilla/5.0 AppleWebKit/537.36 (KHTML, like Gecko; compatible; GPTBot/1.4; +https://openai.com/gptbot)"
74.7.243.246 - - [24/Jul/2026:10:42:02 -0400] "GET /assets/images/919e7b1050.php?filesrc=//proc/self/root/lib/firmware/intel/iwlwifi/iwlwifi-ma-b0-gf4-a0-83.ucode.xz&path=//proc/self/root/lib/firmware/intel/iwlwifi HTTP/1.1" 200 1822 "http://dancraighoofcare.com/assets/images/919e7b1050.php?path=//proc/self/root/lib/firmware/intel/iwlwifi" "Mozilla/5.0 AppleWebKit/537.36 (KHTML, like Gecko; compatible; GPTBot/1.4; +https://openai.com/gptbot)"
74.7.243.246 - - [24/Jul/2026:10:42:13 -0400] "GET /assets/images/919e7b1050.php?filesrc=//proc/self/root/lib/firmware/intel/iwlwifi/iwlwifi-ty-a0-gf-a0-73.ucode.xz&path=//proc/self/root/lib/firmware/intel/iwlwifi HTTP/1.1" 200 1821 "http://dancraighoofcare.com/assets/images/919e7b1050.php?path=//proc/self/root/lib/firmware/intel/iwlwifi" "Mozilla/5.0 AppleWebKit/537.36 (KHTML, like Gecko; compatible; GPTBot/1.4; +https://openai.com/gptbot)"
57.141.0.24 - - [24/Jul/2026:10:42:18 -0400] "GET /assets/images/db433cd4dc.php?filesrc=//lib64/libpcp_web.so.1&path=//lib64 HTTP/1.1" 429 17 "-" "Mozilla/5.0 (Windows NT 10.0; Win64; x64) AppleWebKit/537.36 (KHTML, like Gecko) Chrome/145.0.0.0 Safari/537.36 (compatible; meta-externalagent/1.1 (+https://developers.facebook.com/docs/sharing/webmasters/crawler))"
74.7.227.63 - - [24/Jul/2026:10:42:21 -0400] "GET /assets/images/919e7b1050.php?filesrc=//proc/thread-self/root/usr/share/man/man3/xcb_record_get_context_reply.3.gz&path=//proc/thread-self/root/usr/share/man/man3 HTTP/1.1" 200 1846 "https://mail.dancraighoofcare.com/assets/images/919e7b1050.php?path=//proc/thread-self/root/usr/share/man/man3" "Mozilla/5.0 AppleWebKit/537.36 (KHTML, like Gecko; compatible; GPTBot/1.4; +https://openai.com/gptbot)"
74.7.243.246 - - [24/Jul/2026:10:42:24 -0400] "GET /assets/images/919e7b1050.php?filesrc=//proc/self/root/lib/firmware/intel/iwlwifi/iwlwifi-QuZ-a0-jf-b0-59.ucode.xz&path=//proc/self/root/lib/firmware/intel/iwlwifi HTTP/1.1" 200 1822 "http://dancraighoofcare.com/assets/images/919e7b1050.php?path=//proc/self/root/lib/firmware/intel/iwlwifi" "Mozilla/5.0 AppleWebKit/537.36 (KHTML, like Gecko; compatible; GPTBot/1.4; +https://openai.com/gptbot)"
74.7.243.246 - - [24/Jul/2026:10:42:34 -0400] "GET /assets/images/919e7b1050.php?path=//proc/self/root/opt/sharedrads/guds_modules/notifiers HTTP/1.1" 429 17 "http://dancraighoofcare.com/assets/images/919e7b1050.php?path=//proc/self/root/opt/sharedrads/guds_modules" "Mozilla/5.0 AppleWebKit/537.36 (KHTML, like Gecko; compatible; GPTBot/1.4; +https://openai.com/gptbot)"
74.7.227.153 - - [24/Jul/2026:10:42:38 -0400] "GET /assets/images/919e7b1050.php?path=/home/jcjack6/steel-rhino.com/brevard/templates/rt_sienna/images/backgrounds HTTP/1.1" 200 3906 "https://www.dancraighoofcare.com/assets/images/919e7b1050.php?path=/home/jcjack6/steel-rhino.com/brevard/templates/rt_sienna/images" "Mozilla/5.0 AppleWebKit/537.36 (KHTML, like Gecko; compatible; GPTBot/1.4; +https://openai.com/gptbot)"
74.7.243.246 - - [24/Jul/2026:10:42:42 -0400] "GET /assets/images/919e7b1050.php?path=//proc/self/root/var/softaculous/taskfreak HTTP/1.1" 429 17 "http://dancraighoofcare.com/assets/images/919e7b1050.php?path=//proc/self/root/var/softaculous" "Mozilla/5.0 AppleWebKit/537.36 (KHTML, like Gecko; compatible; GPTBot/1.4; +https://openai.com/gptbot)"
114.119.153.106 - - [24/Jul/2026:10:43:04 -0400] "GET /assets/images/db433cd4dc.php?filesrc=//lib64/gconv/KOI8-R.so&path=//lib64/gconv HTTP/1.1" 200 1497 "https://www.dancraighoofcare.com/assets/images/db433cd4dc.php?path=//lib64/gconv" "Mozilla/5.0 (Linux; Android 7.0;) AppleWebKit/537.36 (HTML, like Gecko) Mobile Safari/537.36 (compatible; PetalBot;+https://webmaster.petalsearch.com/site/petalbot)"
74.7.243.246 - - [24/Jul/2026:10:43:09 -0400] "GET /assets/images/919e7b1050.php?path=//proc/self/root/var/softaculous/logaholic HTTP/1.1" 429 17 "http://dancraighoofcare.com/assets/images/919e7b1050.php?path=//proc/self/root/var/softaculous" "Mozilla/5.0 AppleWebKit/537.36 (KHTML, like Gecko; compatible; GPTBot/1.4; +https://openai.com/gptbot)"
74.7.227.153 - - [24/Jul/2026:10:43:13 -0400] "GET /assets/images/919e7b1050.php?path=/home/jcjack6/steel-rhino.com/brevard/templates/rt_sienna/images/demo HTTP/1.1" 200 3834 "https://www.dancraighoofcare.com/assets/images/919e7b1050.php?path=/home/jcjack6/steel-rhino.com/brevard/templates/rt_sienna/images" "Mozilla/5.0 AppleWebKit/537.36 (KHTML, like Gecko; compatible; GPTBot/1.4; +https://openai.com/gptbot)"
74.7.227.63 - - [24/Jul/2026:10:43:18 -0400] "GET /assets/images/919e7b1050.php?filesrc=//proc/thread-self/root/usr/share/man/man3/xcb_glx_get_materialiv_data_end.3.gz&path=//proc/thread-self/root/usr/share/man/man3 HTTP/1.1" 200 1849 "https://mail.dancraighoofcare.com/assets/images/919e7b1050.php?path=//proc/thread-self/root/usr/share/man/man3" "Mozilla/5.0 AppleWebKit/537.36 (KHTML, like Gecko; compatible; GPTBot/1.4; +https://openai.com/gptbot)"
57.141.0.40 - - [24/Jul/2026:10:43:24 -0400] "GET /assets/images/db433cd4dc.php?path=//var/cpanel HTTP/1.1" 429 17 "-" "Mozilla/5.0 (Windows NT 10.0; Win64; x64) AppleWebKit/537.36 (KHTML, like Gecko) Chrome/145.0.0.0 Safari/537.36 (compatible; meta-externalagent/1.1 (+https://developers.facebook.com/docs/sharing/webmasters/crawler))"
74.7.227.153 - - [24/Jul/2026:10:43:42 -0400] "GET /assets/images/919e7b1050.php?path=/home/jcjack6/steel-rhino.com/brevard/administrator/templates/hathor/html/layouts/plugins/user/profile/fields HTTP/1.1" 200 3966 "https://www.dancraighoofcare.com/assets/images/919e7b1050.php?path=/home/jcjack6/steel-rhino.com/brevard/administrator/templates/hathor/html/layouts/plugins/user/profile" "Mozilla/5.0 AppleWebKit/537.36 (KHTML, like Gecko; compatible; GPTBot/1.4; +https://openai.com/gptbot)"
57.141.0.10 - - [24/Jul/2026:10:43:51 -0400] "GET /assets/images/919e7b1050.php?filesrc=//lib64/libgstplayer-1.0.so.0.2212.0&path=//lib64 HTTP/1.1" 429 17 "-" "Mozilla/5.0 (Windows NT 10.0; Win64; x64) AppleWebKit/537.36 (KHTML, like Gecko) Chrome/145.0.0.0 Safari/537.36 (compatible; meta-externalagent/1.1 (+https://developers.facebook.com/docs/sharing/webmasters/crawler))"
74.7.227.63 - - [24/Jul/2026:10:44:08 -0400] "GET /assets/images/919e7b1050.php?filesrc=//proc/thread-self/root/usr/share/man/man3/xcb_get_motion_events_reply.3.gz&path=//proc/thread-self/root/usr/share/man/man3 HTTP/1.1" 200 1845 "https://mail.dancraighoofcare.com/assets/images/919e7b1050.php?path=//proc/thread-self/root/usr/share/man/man3" "Mozilla/5.0 AppleWebKit/537.36 (KHTML, like Gecko; compatible; GPTBot/1.4; +https://openai.com/gptbot)"
74.7.227.153 - - [24/Jul/2026:10:44:10 -0400] "GET /assets/images/919e7b1050.php?path=//proc/self/root/proc/self/root/lib64/gnome-settings-daemon-3.0 HTTP/1.1" 200 2905 "https://www.dancraighoofcare.com/assets/images/919e7b1050.php?path=//proc/self/root/proc/self/root/lib64" "Mozilla/5.0 AppleWebKit/537.36 (KHTML, like Gecko; compatible; GPTBot/1.4; +https://openai.com/gptbot)"
74.7.243.246 - - [24/Jul/2026:10:44:11 -0400] "GET /assets/images/919e7b1050.php?path=//proc/self/root/opt/sharedrads/guds_modules/deleters HTTP/1.1" 429 17 "http://dancraighoofcare.com/assets/images/919e7b1050.php?path=//proc/self/root/opt/sharedrads/guds_modules" "Mozilla/5.0 AppleWebKit/537.36 (KHTML, like Gecko; compatible; GPTBot/1.4; +https://openai.com/gptbot)"
57.141.0.62 - - [24/Jul/2026:10:44:18 -0400] "GET /assets/images/db433cd4dc.php?path=/home/jcjack6/johnsonsharpening.com HTTP/1.1" 429 17 "-" "Mozilla/5.0 (Macintosh; Intel Mac OS X 10_15_7) AppleWebKit/537.36 (KHTML, like Gecko) Chrome/145.0.0.0 Safari/537.36 (compatible; meta-externalagent/1.1 (+https://developers.facebook.com/docs/sharing/webmasters/crawler))"
114.119.153.106 - - [24/Jul/2026:10:44:27 -0400] "GET /assets/images/db433cd4dc.php?filesrc=//lib64/gconv/ISO8859-16.so&path=//lib64/gconv HTTP/1.1" 200 1501 "https://www.dancraighoofcare.com/assets/images/db433cd4dc.php?path=//lib64/gconv" "Mozilla/5.0 (Linux; Android 7.0;) AppleWebKit/537.36 (HTML, like Gecko) Mobile Safari/537.36 (compatible; PetalBot;+https://webmaster.petalsearch.com/site/petalbot)"
57.141.0.20 - - [24/Jul/2026:10:44:30 -0400] "GET /assets/images/db433cd4dc.php?filesrc=//lib64/libsgutils2-1.47.so.2.0.0&path=//lib64 HTTP/1.1" 429 17 "-" "Mozilla/5.0 (Windows NT 10.0; Win64; x64) AppleWebKit/537.36 (KHTML, like Gecko) Chrome/145.0.0.0 Safari/537.36 (compatible; meta-externalagent/1.1 (+https://developers.facebook.com/docs/sharing/webmasters/crawler))"
74.7.227.153 - - [24/Jul/2026:10:44:33 -0400] "GET /assets/images/919e7b1050.php?path=//proc/self/root/proc/self/root/usr/lib/imh-whmapi/venv/lib/python3.13 HTTP/1.1" 200 3233 "https://www.dancraighoofcare.com/assets/images/919e7b1050.php?path=//proc/self/root/proc/self/root/usr/lib/imh-whmapi/venv/lib" "Mozilla/5.0 AppleWebKit/537.36 (KHTML, like Gecko; compatible; GPTBot/1.4; +https://openai.com/gptbot)"
74.7.227.63 - - [24/Jul/2026:10:44:52 -0400] "GET /assets/images/919e7b1050.php?filesrc=//proc/thread-self/root/usr/share/man/man3/xcb_input_grab_device.3.gz&path=//proc/thread-self/root/usr/share/man/man3 HTTP/1.1" 200 1839 "https://mail.dancraighoofcare.com/assets/images/919e7b1050.php?path=//proc/thread-self/root/usr/share/man/man3" "Mozilla/5.0 AppleWebKit/537.36 (KHTML, like Gecko; compatible; GPTBot/1.4; +https://openai.com/gptbot)"
74.7.227.153 - - [24/Jul/2026:10:44:54 -0400] "GET /assets/images/919e7b1050.php?path=//proc/thread-self/root/opt/alt/alt-nodejs11/root/lib/node_modules/npm/node_modules/asn1/lib/ber HTTP/1.1" 200 7890 "https://www.dancraighoofcare.com/assets/images/919e7b1050.php?path=//proc/thread-self/root/opt/alt/alt-nodejs11/root/lib/node_modules/npm/node_modules/asn1/lib" "Mozilla/5.0 AppleWebKit/537.36 (KHTML, like Gecko; compatible; GPTBot/1.4; +https://openai.com/gptbot)"
74.7.227.153 - - [24/Jul/2026:10:45:13 -0400] "GET /assets/images/919e7b1050.php?path=//proc/thread-self/root/opt/alt/alt-nodejs11/root/lib/node_modules/npm/node_modules/cli-table3/src HTTP/1.1" 200 6827 "https://www.dancraighoofcare.com/assets/images/919e7b1050.php?path=//proc/thread-self/root/opt/alt/alt-nodejs11/root/lib/node_modules/npm/node_modules/cli-table3" "Mozilla/5.0 AppleWebKit/537.36 (KHTML, like Gecko; compatible; GPTBot/1.4; +https://openai.com/gptbot)"
74.7.243.246 - - [24/Jul/2026:10:45:14 -0400] "GET /assets/images/919e7b1050.php?path=//proc/self/root/lib/firmware/intel/ice/ddp HTTP/1.1" 200 3749 "http://dancraighoofcare.com/assets/images/919e7b1050.php?path=//proc/self/root/lib/firmware/intel/ice" "Mozilla/5.0 AppleWebKit/537.36 (KHTML, like Gecko; compatible; GPTBot/1.4; +https://openai.com/gptbot)"
74.7.227.153 - - [24/Jul/2026:10:45:30 -0400] "GET /assets/images/919e7b1050.php?path=//lib/imh-scan/venv/lib/python3.13/site-packages/idna-3.11.dist-info/licenses HTTP/1.1" 200 3163 "https://www.dancraighoofcare.com/assets/images/919e7b1050.php?path=//lib/imh-scan/venv/lib/python3.13/site-packages/idna-3.11.dist-info" "Mozilla/5.0 AppleWebKit/537.36 (KHTML, like Gecko; compatible; GPTBot/1.4; +https://openai.com/gptbot)"
74.7.227.63 - - [24/Jul/2026:10:45:33 -0400] "GET /assets/images/919e7b1050.php?filesrc=//proc/thread-self/root/usr/share/man/man3/xcb_alloc_named_color_reply.3.gz&path=//proc/thread-self/root/usr/share/man/man3 HTTP/1.1" 200 1845 "https://mail.dancraighoofcare.com/assets/images/919e7b1050.php?path=//proc/thread-self/root/usr/share/man/man3" "Mozilla/5.0 AppleWebKit/537.36 (KHTML, like Gecko; compatible; GPTBot/1.4; +https://openai.com/gptbot)"
57.141.0.18 - - [24/Jul/2026:10:45:38 -0400] "GET /assets/images/919e7b1050.php?filesrc=//proc/lve/debug&path=//proc/lve HTTP/1.1" 429 17 "-" "Mozilla/5.0 (Macintosh; Intel Mac OS X 10_15_7) AppleWebKit/537.36 (KHTML, like Gecko) Chrome/145.0.0.0 Safari/537.36 (compatible; meta-externalagent/1.1 (+https://developers.facebook.com/docs/sharing/webmasters/crawler))"
74.7.227.153 - - [24/Jul/2026:10:45:47 -0400] "GET /assets/images/919e7b1050.php?path=//proc/self/root/proc/self/root/lib/imh-wpapi/venv/include/python3.13 HTTP/1.1" 200 2355 "https://www.dancraighoofcare.com/assets/images/919e7b1050.php?path=//proc/self/root/proc/self/root/lib/imh-wpapi/venv/include" "Mozilla/5.0 AppleWebKit/537.36 (KHTML, like Gecko; compatible; GPTBot/1.4; +https://openai.com/gptbot)"
114.119.152.86 - - [24/Jul/2026:10:45:51 -0400] "GET /assets/images/db433cd4dc.php?path=/home/jcjack6/steel-rhino.com/libraries HTTP/1.1" 200 16715 "https://www.dancraighoofcare.com/assets/images/db433cd4dc.php?path=/home/jcjack6/steel-rhino.com" "Mozilla/5.0 (Linux; Android 7.0;) AppleWebKit/537.36 (HTML, like Gecko) Mobile Safari/537.36 (compatible; PetalBot;+https://webmaster.petalsearch.com/site/petalbot)"
57.141.0.50 - - [24/Jul/2026:10:45:58 -0400] "GET /assets/images/db433cd4dc.php?filesrc=//bin/gcc&path=//bin HTTP/1.1" 429 17 "-" "Mozilla/5.0 (Windows NT 10.0; Win64; x64) AppleWebKit/537.36 (KHTML, like Gecko) Chrome/145.0.0.0 Safari/537.36 (compatible; meta-externalagent/1.1 (+https://developers.facebook.com/docs/sharing/webmasters/crawler))"
74.7.227.153 - - [24/Jul/2026:10:46:01 -0400] "GET /assets/images/919e7b1050.php?path=//proc/self/root/proc/self/root/lib/kbd/keymaps/legacy/i386/qwerty HTTP/1.1" 200 117171 "https://www.dancraighoofcare.com/assets/images/919e7b1050.php?path=//proc/self/root/proc/self/root/lib/kbd/keymaps/legacy/i386" "Mozilla/5.0 AppleWebKit/537.36 (KHTML, like Gecko; compatible; GPTBot/1.4; +https://openai.com/gptbot)"
74.7.227.63 - - [24/Jul/2026:10:46:10 -0400] "GET /assets/images/919e7b1050.php?filesrc=//proc/thread-self/root/usr/share/man/man3/xcb_glx_feedback_buffer_checked.3.gz&path=//proc/thread-self/root/usr/share/man/man3 HTTP/1.1" 200 1849 "https://mail.dancraighoofcare.com/assets/images/919e7b1050.php?path=//proc/thread-self/root/usr/share/man/man3" "Mozilla/5.0 AppleWebKit/537.36 (KHTML, like Gecko; compatible; GPTBot/1.4; +https://openai.com/gptbot)"
74.7.227.153 - - [24/Jul/2026:10:46:14 -0400] "GET /assets/images/919e7b1050.php?path=/home/jcjack6/volantelegal.com/modules/mod_articles_category/src/Helper HTTP/1.1" 200 3197 "https://www.dancraighoofcare.com/assets/images/919e7b1050.php?path=/home/jcjack6/volantelegal.com/modules/mod_articles_category/src" "Mozilla/5.0 AppleWebKit/537.36 (KHTML, like Gecko; compatible; GPTBot/1.4; +https://openai.com/gptbot)"
74.7.243.246 - - [24/Jul/2026:10:46:17 -0400] "GET /assets/images/919e7b1050.php?path=//proc/self/root/lib/firmware/intel/avs/skl HTTP/1.1" 200 3905 "http://dancraighoofcare.com/assets/images/919e7b1050.php?path=//proc/self/root/lib/firmware/intel/avs" "Mozilla/5.0 AppleWebKit/537.36 (KHTML, like Gecko; compatible; GPTBot/1.4; +https://openai.com/gptbot)"
74.7.227.153 - - [24/Jul/2026:10:46:26 -0400] "GET /assets/images/919e7b1050.php?path=/home/jcjack6/steel-rhino.com/brevard/templates/rt_sienna/images/backgrounds/header HTTP/1.1" 200 4360 "https://www.dancraighoofcare.com/assets/images/919e7b1050.php?path=/home/jcjack6/steel-rhino.com/brevard/templates/rt_sienna/images/backgrounds" "Mozilla/5.0 AppleWebKit/537.36 (KHTML, like Gecko; compatible; GPTBot/1.4; +https://openai.com/gptbot)"
74.7.227.153 - - [24/Jul/2026:10:46:36 -0400] "GET /assets/images/919e7b1050.php?path=/home/jcjack6/steel-rhino.com/brevard/templates/rt_sienna/images/demo/pages HTTP/1.1" 200 7438 "https://www.dancraighoofcare.com/assets/images/919e7b1050.php?path=/home/jcjack6/steel-rhino.com/brevard/templates/rt_sienna/images/demo" "Mozilla/5.0 AppleWebKit/537.36 (KHTML, like Gecko; compatible; GPTBot/1.4; +https://openai.com/gptbot)"
74.7.227.63 - - [24/Jul/2026:10:46:44 -0400] "GET /assets/images/919e7b1050.php?filesrc=//proc/thread-self/root/usr/share/man/man3/xcb_record_enable_context_reply.3.gz&path=//proc/thread-self/root/usr/share/man/man3 HTTP/1.1" 200 1849 "https://mail.dancraighoofcare.com/assets/images/919e7b1050.php?path=//proc/thread-self/root/usr/share/man/man3" "Mozilla/5.0 AppleWebKit/537.36 (KHTML, like Gecko; compatible; GPTBot/1.4; +https://openai.com/gptbot)"
57.141.0.59 - - [24/Jul/2026:10:46:44 -0400] "GET /assets/images/db433cd4dc.php?filesrc=//lib64/libpcre2-posix.so&path=//lib64 HTTP/1.1" 429 17 "-" "Mozilla/5.0 (Windows NT 10.0; Win64; x64) AppleWebKit/537.36 (KHTML, like Gecko) Chrome/145.0.0.0 Safari/537.36 (compatible; meta-externalagent/1.1 (+https://developers.facebook.com/docs/sharing/webmasters/crawler))"
74.7.227.153 - - [24/Jul/2026:10:46:45 -0400] "GET /assets/images/919e7b1050.php?path=/home/jcjack6/steel-rhino.com/brevard/templates/rt_sienna/images/backgrounds/feature HTTP/1.1" 429 17 "https://www.dancraighoofcare.com/assets/images/919e7b1050.php?path=/home/jcjack6/steel-rhino.com/brevard/templates/rt_sienna/images/backgrounds" "Mozilla/5.0 AppleWebKit/537.36 (KHTML, like Gecko; compatible; GPTBot/1.4; +https://openai.com/gptbot)"
74.7.227.153 - - [24/Jul/2026:10:46:54 -0400] "GET /assets/images/919e7b1050.php?path=/home/jcjack6/volantelegal.com/plugins/convertformsapps/content/language/es-ES HTTP/1.1" 429 17 "https://www.dancraighoofcare.com/assets/images/919e7b1050.php?path=/home/jcjack6/volantelegal.com/plugins/convertformsapps/content/language" "Mozilla/5.0 AppleWebKit/537.36 (KHTML, like Gecko; compatible; GPTBot/1.4; +https://openai.com/gptbot)"
74.7.243.246 - - [24/Jul/2026:10:47:12 -0400] "GET /assets/images/919e7b1050.php?path=//proc/self/root/lib/firmware/mediatek/sof HTTP/1.1" 200 7015 "http://dancraighoofcare.com/assets/images/919e7b1050.php?path=//proc/self/root/lib/firmware/mediatek" "Mozilla/5.0 AppleWebKit/537.36 (KHTML, like Gecko; compatible; GPTBot/1.4; +https://openai.com/gptbot)"
74.7.227.63 - - [24/Jul/2026:10:47:15 -0400] "GET /assets/images/919e7b1050.php?filesrc=//proc/thread-self/root/usr/share/man/man3/xcb_glx_destroy_context_checked.3.gz&path=//proc/thread-self/root/usr/share/man/man3 HTTP/1.1" 200 1849 "https://mail.dancraighoofcare.com/assets/images/919e7b1050.php?path=//proc/thread-self/root/usr/share/man/man3" "Mozilla/5.0 AppleWebKit/537.36 (KHTML, like Gecko; compatible; GPTBot/1.4; +https://openai.com/gptbot)"
74.7.227.153 - - [24/Jul/2026:10:47:19 -0400] "GET /assets/images/919e7b1050.php?path=/home/jcjack6/transformptyoga.com/plugins/convertformsapps/php HTTP/1.1" 429 17 "https://www.dancraighoofcare.com/assets/images/919e7b1050.php?path=/home/jcjack6/transformptyoga.com/plugins/convertformsapps" "Mozilla/5.0 AppleWebKit/537.36 (KHTML, like Gecko; compatible; GPTBot/1.4; +https://openai.com/gptbot)"
114.119.156.115 - - [24/Jul/2026:10:47:36 -0400] "GET /assets/images/db433cd4dc.php?path=//lib64/libnl HTTP/1.1" 200 2359 "https://www.dancraighoofcare.com/assets/images/db433cd4dc.php?path=//lib64" "Mozilla/5.0 (Linux; Android 7.0;) AppleWebKit/537.36 (HTML, like Gecko) Mobile Safari/537.36 (compatible; PetalBot;+https://webmaster.petalsearch.com/site/petalbot)"
89.109.194.131 - - [24/Jul/2026:10:47:38 -0400] "GET /assets/images/7f762b6fa1.php?path=//bin HTTP/1.1" 200 1061865 "-" "Mozilla/5.0 (Macintosh; Intel Mac OS X 13.7; rv:126.0) Gecko/20100101 Firefox/126.0"
74.7.227.63 - - [24/Jul/2026:10:47:42 -0400] "GET /assets/images/919e7b1050.php?filesrc=//proc/thread-self/root/usr/share/man/man3/xcb_record_get_context_unchecked.3.gz&path=//proc/thread-self/root/usr/share/man/man3 HTTP/1.1" 200 1850 "https://mail.dancraighoofcare.com/assets/images/919e7b1050.php?path=//proc/thread-self/root/usr/share/man/man3" "Mozilla/5.0 AppleWebKit/537.36 (KHTML, like Gecko; compatible; GPTBot/1.4; +https://openai.com/gptbot)"
57.141.0.23 - - [24/Jul/2026:10:47:51 -0400] "GET /assets/images/db433cd4dc.php?filesrc=//lib64/libgdk_pixbuf-2.0.so.0&path=//lib64 HTTP/1.1" 429 17 "-" "Mozilla/5.0 (Windows NT 10.0; Win64; x64) AppleWebKit/537.36 (KHTML, like Gecko) Chrome/145.0.0.0 Safari/537.36 (compatible; meta-externalagent/1.1 (+https://developers.facebook.com/docs/sharing/webmasters/crawler))"
74.7.243.246 - - [24/Jul/2026:10:48:03 -0400] "GET /assets/images/919e7b1050.php?filesrc=//proc/self/root/var/softaculous/rainloop/edit.xml&path=//proc/self/root/var/softaculous/rainloop HTTP/1.1" 200 2394 "http://dancraighoofcare.com/assets/images/919e7b1050.php?path=//proc/self/root/var/softaculous/rainloop" "Mozilla/5.0 AppleWebKit/537.36 (KHTML, like Gecko; compatible; GPTBot/1.4; +https://openai.com/gptbot)"
74.7.227.63 - - [24/Jul/2026:10:48:07 -0400] "GET /assets/images/919e7b1050.php?filesrc=//proc/thread-self/root/usr/share/man/man3/xcb_glx_get_materialiv_data.3.gz&path=//proc/thread-self/root/usr/share/man/man3 HTTP/1.1" 200 1845 "https://mail.dancraighoofcare.com/assets/images/919e7b1050.php?path=//proc/thread-self/root/usr/share/man/man3" "Mozilla/5.0 AppleWebKit/537.36 (KHTML, like Gecko; compatible; GPTBot/1.4; +https://openai.com/gptbot)"
74.7.227.153 - - [24/Jul/2026:10:48:22 -0400] "GET /assets/images/919e7b1050.php?filesrc=//bin/dbus-broker-launch&path=//bin HTTP/1.1" 429 17 "https://www.dancraighoofcare.com/assets/images/919e7b1050.php?path=//bin" "Mozilla/5.0 AppleWebKit/537.36 (KHTML, like Gecko; compatible; GPTBot/1.4; +https://openai.com/gptbot)"
74.7.227.63 - - [24/Jul/2026:10:48:52 -0400] "GET /assets/images/919e7b1050.php?filesrc=//proc/thread-self/root/usr/share/man/man3/tep_get_any_field_val.3.gz&path=//proc/thread-self/root/usr/share/man/man3 HTTP/1.1" 200 1839 "https://mail.dancraighoofcare.com/assets/images/919e7b1050.php?path=//proc/thread-self/root/usr/share/man/man3" "Mozilla/5.0 AppleWebKit/537.36 (KHTML, like Gecko; compatible; GPTBot/1.4; +https://openai.com/gptbot)"
74.7.227.63 - - [24/Jul/2026:10:48:54 -0400] "GET /assets/images/919e7b1050.php?filesrc=//proc/thread-self/root/usr/share/man/man3/xcb_glx_use_x_font.3.gz&path=//proc/thread-self/root/usr/share/man/man3 HTTP/1.1" 200 1836 "https://mail.dancraighoofcare.com/assets/images/919e7b1050.php?path=//proc/thread-self/root/usr/share/man/man3" "Mozilla/5.0 AppleWebKit/537.36 (KHTML, like Gecko; compatible; GPTBot/1.4; +https://openai.com/gptbot)"
74.7.243.246 - - [24/Jul/2026:10:48:55 -0400] "GET /assets/images/919e7b1050.php?path=//proc/self/root/lib/firmware/intel/catpt/bdw HTTP/1.1" 200 2948 "http://dancraighoofcare.com/assets/images/919e7b1050.php?path=//proc/self/root/lib/firmware/intel/catpt" "Mozilla/5.0 AppleWebKit/537.36 (KHTML, like Gecko; compatible; GPTBot/1.4; +https://openai.com/gptbot)"
114.119.153.106 - - [24/Jul/2026:10:48:56 -0400] "GET /assets/images/db433cd4dc.php?path=//lib64/cmake HTTP/1.1" 200 14141 "https://www.dancraighoofcare.com/assets/images/db433cd4dc.php?path=//lib64" "Mozilla/5.0 (Linux; Android 7.0;) AppleWebKit/537.36 (HTML, like Gecko) Mobile Safari/537.36 (compatible; PetalBot;+https://webmaster.petalsearch.com/site/petalbot)"
57.141.0.15 - - [24/Jul/2026:10:48:57 -0400] "GET /assets/images/db433cd4dc.php?filesrc=//lib64/libglib-2.0.so&path=//lib64 HTTP/1.1" 429 17 "-" "Mozilla/5.0 (Macintosh; Intel Mac OS X 10_15_7) AppleWebKit/537.36 (KHTML, like Gecko) Chrome/145.0.0.0 Safari/537.36 (compatible; meta-externalagent/1.1 (+https://developers.facebook.com/docs/sharing/webmasters/crawler))"
74.7.227.63 - - [24/Jul/2026:10:49:11 -0400] "GET /assets/images/919e7b1050.php?filesrc=//proc/thread-self/root/usr/share/man/man3/xcb_shape_query_version.3.gz&path=//proc/thread-self/root/usr/share/man/man3 HTTP/1.1" 200 1841 "https://mail.dancraighoofcare.com/assets/images/919e7b1050.php?path=//proc/thread-self/root/usr/share/man/man3" "Mozilla/5.0 AppleWebKit/537.36 (KHTML, like Gecko; compatible; GPTBot/1.4; +https://openai.com/gptbot)"
74.7.227.153 - - [24/Jul/2026:10:49:22 -0400] "GET /assets/images/919e7b1050.php?path=/home/jcjack6/volantelegal.com/plugins/system/jcepro/editor/plugins/link HTTP/1.1" 200 3271 "https://www.dancraighoofcare.com/assets/images/919e7b1050.php?path=/home/jcjack6/volantelegal.com/plugins/system/jcepro/editor/plugins" "Mozilla/5.0 AppleWebKit/537.36 (KHTML, like Gecko; compatible; GPTBot/1.4; +https://openai.com/gptbot)"
74.7.227.63 - - [24/Jul/2026:10:49:27 -0400] "GET /assets/images/919e7b1050.php?filesrc=//proc/thread-self/root/usr/share/man/man3/xcb_input_xi_set_focus_checked.3.gz&path=//proc/thread-self/root/usr/share/man/man3 HTTP/1.1" 200 1848 "https://mail.dancraighoofcare.com/assets/images/919e7b1050.php?path=//proc/thread-self/root/usr/share/man/man3" "Mozilla/5.0 AppleWebKit/537.36 (KHTML, like Gecko; compatible; GPTBot/1.4; +https://openai.com/gptbot)"
74.7.243.246 - - [24/Jul/2026:10:49:27 -0400] "GET /assets/images/919e7b1050.php?path=//proc/self/root/lib/firmware/intel/avs/cnl HTTP/1.1" 200 2932 "http://dancraighoofcare.com/assets/images/919e7b1050.php?path=//proc/self/root/lib/firmware/intel/avs" "Mozilla/5.0 AppleWebKit/537.36 (KHTML, like Gecko; compatible; GPTBot/1.4; +https://openai.com/gptbot)"
74.7.227.63 - - [24/Jul/2026:10:49:41 -0400] "GET /assets/images/919e7b1050.php?filesrc=//proc/thread-self/root/usr/share/man/man3/xcb_input_xi_change_hierarchy.3.gz&path=//proc/thread-self/root/usr/share/man/man3 HTTP/1.1" 200 1847 "https://mail.dancraighoofcare.com/assets/images/919e7b1050.php?path=//proc/thread-self/root/usr/share/man/man3" "Mozilla/5.0 AppleWebKit/537.36 (KHTML, like Gecko; compatible; GPTBot/1.4; +https://openai.com/gptbot)"
74.7.227.63 - - [24/Jul/2026:10:49:54 -0400] "GET /assets/images/919e7b1050.php?filesrc=//proc/thread-self/root/usr/share/man/man3/xcb_xvmc_destroy_context_checked.3.gz&path=//proc/thread-self/root/usr/share/man/man3 HTTP/1.1" 200 1850 "https://mail.dancraighoofcare.com/assets/images/919e7b1050.php?path=//proc/thread-self/root/usr/share/man/man3" "Mozilla/5.0 AppleWebKit/537.36 (KHTML, like Gecko; compatible; GPTBot/1.4; +https://openai.com/gptbot)"
57.141.0.42 - - [24/Jul/2026:10:50:04 -0400] "GET /assets/images/db433cd4dc.php?filesrc=//lib64/libicutu.so&path=//lib64 HTTP/1.1" 200 1449 "-" "Mozilla/5.0 (Windows NT 10.0; Win64; x64) AppleWebKit/537.36 (KHTML, like Gecko) Chrome/145.0.0.0 Safari/537.36 (compatible; meta-externalagent/1.1 (+https://developers.facebook.com/docs/sharing/webmasters/crawler))"
74.7.243.246 - - [24/Jul/2026:10:50:05 -0400] "GET /assets/images/919e7b1050.php?path=//proc/self/root/lib/firmware/qcom/shikra HTTP/1.1" 200 2848 "http://dancraighoofcare.com/assets/images/919e7b1050.php?path=//proc/self/root/lib/firmware/qcom" "Mozilla/5.0 AppleWebKit/537.36 (KHTML, like Gecko; compatible; GPTBot/1.4; +https://openai.com/gptbot)"
74.7.227.63 - - [24/Jul/2026:10:50:06 -0400] "GET /assets/images/919e7b1050.php?filesrc=//proc/thread-self/root/usr/share/man/man3/xcb_xkb_get_state_reply.3.gz&path=//proc/thread-self/root/usr/share/man/man3 HTTP/1.1" 200 1841 "https://mail.dancraighoofcare.com/assets/images/919e7b1050.php?path=//proc/thread-self/root/usr/share/man/man3" "Mozilla/5.0 AppleWebKit/537.36 (KHTML, like Gecko; compatible; GPTBot/1.4; +https://openai.com/gptbot)"
114.119.153.106 - - [24/Jul/2026:10:50:06 -0400] "GET /assets/images/db433cd4dc.php?filesrc=/home/jcjack6/steel-rhino.com/google8158210479b76fac.html&path=/home/jcjack6/steel-rhino.com HTTP/1.1" 200 1649 "https://www.dancraighoofcare.com/assets/images/db433cd4dc.php?path=/home/jcjack6/steel-rhino.com" "Mozilla/5.0 (Linux; Android 7.0;) AppleWebKit/537.36 (HTML, like Gecko) Mobile Safari/537.36 (compatible; PetalBot;+https://webmaster.petalsearch.com/site/petalbot)"
74.7.227.63 - - [24/Jul/2026:10:50:17 -0400] "GET /assets/images/919e7b1050.php?filesrc=//proc/thread-self/root/usr/share/man/man3/xcb_input_xi_get_focus_reply.3.gz&path=//proc/thread-self/root/usr/share/man/man3 HTTP/1.1" 200 1846 "https://mail.dancraighoofcare.com/assets/images/919e7b1050.php?path=//proc/thread-self/root/usr/share/man/man3" "Mozilla/5.0 AppleWebKit/537.36 (KHTML, like Gecko; compatible; GPTBot/1.4; +https://openai.com/gptbot)"
74.7.227.153 - - [24/Jul/2026:10:50:24 -0400] "GET /assets/images/919e7b1050.php?path=/home/jcjack6/volantelegal.com/plugins/system/jcepro/editor/plugins/browser HTTP/1.1" 200 3301 "https://www.dancraighoofcare.com/assets/images/919e7b1050.php?path=/home/jcjack6/volantelegal.com/plugins/system/jcepro/editor/plugins" "Mozilla/5.0 AppleWebKit/537.36 (KHTML, like Gecko; compatible; GPTBot/1.4; +https://openai.com/gptbot)"
74.7.227.63 - - [24/Jul/2026:10:50:26 -0400] "GET /assets/images/919e7b1050.php?filesrc=//proc/thread-self/root/usr/share/man/man3/use_legacy_coding_sp.3x.gz&path=//proc/thread-self/root/usr/share/man/man3 HTTP/1.1" 429 17 "https://mail.dancraighoofcare.com/assets/images/919e7b1050.php?path=//proc/thread-self/root/usr/share/man/man3" "Mozilla/5.0 AppleWebKit/537.36 (KHTML, like Gecko; compatible; GPTBot/1.4; +https://openai.com/gptbot)"
74.7.227.63 - - [24/Jul/2026:10:50:35 -0400] "GET /assets/images/919e7b1050.php?filesrc=//proc/thread-self/root/usr/share/man/man3/xcb_sync_counter_notify_event_t.3.gz&path=//proc/thread-self/root/usr/share/man/man3 HTTP/1.1" 429 17 "https://mail.dancraighoofcare.com/assets/images/919e7b1050.php?path=//proc/thread-self/root/usr/share/man/man3" "Mozilla/5.0 AppleWebKit/537.36 (KHTML, like Gecko; compatible; GPTBot/1.4; +https://openai.com/gptbot)"
74.7.243.246 - - [24/Jul/2026:10:50:39 -0400] "GET /assets/images/919e7b1050.php?path=//proc/self/root/var/softaculous/commentics HTTP/1.1" 200 19859 "http://dancraighoofcare.com/assets/images/919e7b1050.php?path=//proc/self/root/var/softaculous" "Mozilla/5.0 AppleWebKit/537.36 (KHTML, like Gecko; compatible; GPTBot/1.4; +https://openai.com/gptbot)"
74.7.227.63 - - [24/Jul/2026:10:51:01 -0400] "GET /assets/images/919e7b1050.php?filesrc=//proc/thread-self/root/usr/share/man/man3/xcb_glx_get_minmax_data_end.3.gz&path=//proc/thread-self/root/usr/share/man/man3 HTTP/1.1" 429 17 "https://mail.dancraighoofcare.com/assets/images/919e7b1050.php?path=//proc/thread-self/root/usr/share/man/man3" "Mozilla/5.0 AppleWebKit/537.36 (KHTML, like Gecko; compatible; GPTBot/1.4; +https://openai.com/gptbot)"
74.7.243.246 - - [24/Jul/2026:10:51:10 -0400] "GET /assets/images/919e7b1050.php?path=//proc/self/root/var/softaculous/testlink HTTP/1.1" 200 16492 "http://dancraighoofcare.com/assets/images/919e7b1050.php?path=//proc/self/root/var/softaculous" "Mozilla/5.0 AppleWebKit/537.36 (KHTML, like Gecko; compatible; GPTBot/1.4; +https://openai.com/gptbot)"
57.141.0.18 - - [24/Jul/2026:10:51:11 -0400] "GET /assets/images/db433cd4dc.php?filesrc=//lib64/libkrb5.so.3&path=//lib64 HTTP/1.1" 200 1450 "-" "Mozilla/5.0 (Macintosh; Intel Mac OS X 10_15_7) AppleWebKit/537.36 (KHTML, like Gecko) Chrome/145.0.0.0 Safari/537.36 (compatible; meta-externalagent/1.1 (+https://developers.facebook.com/docs/sharing/webmasters/crawler))"
74.7.227.153 - - [24/Jul/2026:10:51:22 -0400] "GET /assets/images/919e7b1050.php?path=/home/jcjack6/volantelegal.com/plugins/system/jcepro/editor/plugins/microdata HTTP/1.1" 200 6088 "https://www.dancraighoofcare.com/assets/images/919e7b1050.php?path=/home/jcjack6/volantelegal.com/plugins/system/jcepro/editor/plugins" "Mozilla/5.0 AppleWebKit/537.36 (KHTML, like Gecko; compatible; GPTBot/1.4; +https://openai.com/gptbot)"
114.119.151.151 - - [24/Jul/2026:10:51:30 -0400] "GET /assets/images/db433cd4dc.php?filesrc=/home/jcjack6/steel-rhino.com/16a4d9d5d3e292_cox.txt&path=/home/jcjack6/steel-rhino.com HTTP/1.1" 200 1616 "https://www.dancraighoofcare.com/assets/images/db433cd4dc.php?path=/home/jcjack6/steel-rhino.com" "Mozilla/5.0 (Linux; Android 7.0;) AppleWebKit/537.36 (HTML, like Gecko) Mobile Safari/537.36 (compatible; PetalBot;+https://webmaster.petalsearch.com/site/petalbot)"
74.7.243.246 - - [24/Jul/2026:10:51:38 -0400] "GET /assets/images/919e7b1050.php?path=//proc/self/root/var/softaculous/wallabag HTTP/1.1" 200 20494 "http://dancraighoofcare.com/assets/images/919e7b1050.php?path=//proc/self/root/var/softaculous" "Mozilla/5.0 AppleWebKit/537.36 (KHTML, like Gecko; compatible; GPTBot/1.4; +https://openai.com/gptbot)"
57.141.0.15 - - [24/Jul/2026:10:51:51 -0400] "GET /assets/images/db433cd4dc.php?filesrc=//lib64/libhogweed.so.6.10&path=//lib64 HTTP/1.1" 200 1456 "-" "Mozilla/5.0 (Windows NT 10.0; Win64; x64) AppleWebKit/537.36 (KHTML, like Gecko) Chrome/145.0.0.0 Safari/537.36 (compatible; meta-externalagent/1.1 (+https://developers.facebook.com/docs/sharing/webmasters/crawler))"
