| Current Path : /home/jcjack6/access-logs/ |
| Current File : /home/jcjack6/access-logs/dancraighoofcare.com.jcjack.com |
57.141.0.32 - - [24/Jul/2026:08:05:23 -0400] "GET /assets/images/db433cd4dc.php?filesrc=//lib/firmware/TAS2XXX8EDA-1.bin.xz&path=//lib/firmware HTTP/1.1" 429 17 "-" "Mozilla/5.0 (Windows NT 10.0; Win64; x64) AppleWebKit/537.36 (KHTML, like Gecko) Chrome/145.0.0.0 Safari/537.36 (compatible; meta-externalagent/1.1 (+https://developers.facebook.com/docs/sharing/webmasters/crawler))"
114.119.156.115 - - [24/Jul/2026:08:05:28 -0400] "GET /assets/images/ca9ee44106.php?path=//var/softaculous HTTP/1.1" 200 302730 "https://www.dancraighoofcare.com/assets/images/ca9ee44106.php?path=//var" "Mozilla/5.0 (Linux; Android 7.0;) AppleWebKit/537.36 (HTML, like Gecko) Mobile Safari/537.36 (compatible; PetalBot;+https://webmaster.petalsearch.com/site/petalbot)"
74.7.227.63 - - [24/Jul/2026:08:05:40 -0400] "GET /assets/images/919e7b1050.php?filesrc=//proc/thread-self/root/usr/share/man/man3/xcb_xvmc_destroy_surface_checked.3.gz&path=//proc/thread-self/root/usr/share/man/man3 HTTP/1.1" 200 1850 "https://mail.dancraighoofcare.com/assets/images/919e7b1050.php?path=//proc/thread-self/root/usr/share/man/man3" "Mozilla/5.0 AppleWebKit/537.36 (KHTML, like Gecko; compatible; GPTBot/1.4; +https://openai.com/gptbot)"
74.7.243.246 - - [24/Jul/2026:08:05:49 -0400] "GET /assets/images/919e7b1050.php?filesrc=//proc/self/root/lib/firmware/cirrus/cs35l56-b0-dsp1-misc-10431564-l1u0.bin.xz&path=//proc/self/root/lib/firmware/cirrus HTTP/1.1" 200 1754 "http://dancraighoofcare.com/assets/images/919e7b1050.php?path=//proc/self/root/lib/firmware/cirrus" "Mozilla/5.0 AppleWebKit/537.36 (KHTML, like Gecko; compatible; GPTBot/1.4; +https://openai.com/gptbot)"
74.7.227.63 - - [24/Jul/2026:08:05:58 -0400] "GET /assets/images/919e7b1050.php?filesrc=//proc/thread-self/root/usr/share/man/man3/xcb_glx_use_x_font_checked.3.gz&path=//proc/thread-self/root/usr/share/man/man3 HTTP/1.1" 200 1844 "https://mail.dancraighoofcare.com/assets/images/919e7b1050.php?path=//proc/thread-self/root/usr/share/man/man3" "Mozilla/5.0 AppleWebKit/537.36 (KHTML, like Gecko; compatible; GPTBot/1.4; +https://openai.com/gptbot)"
74.7.227.153 - - [24/Jul/2026:08:06:05 -0400] "GET /assets/images/919e7b1050.php?path=//proc/self/root/proc/self/root/lib64/libxslt-plugins HTTP/1.1" 200 2109 "https://www.dancraighoofcare.com/assets/images/919e7b1050.php?path=//proc/self/root/proc/self/root/lib64" "Mozilla/5.0 AppleWebKit/537.36 (KHTML, like Gecko; compatible; GPTBot/1.4; +https://openai.com/gptbot)"
74.7.227.63 - - [24/Jul/2026:08:06:14 -0400] "GET /assets/images/919e7b1050.php?filesrc=//proc/thread-self/root/usr/share/man/man3/xcb_get_font_path_reply.3.gz&path=//proc/thread-self/root/usr/share/man/man3 HTTP/1.1" 200 1841 "https://mail.dancraighoofcare.com/assets/images/919e7b1050.php?path=//proc/thread-self/root/usr/share/man/man3" "Mozilla/5.0 AppleWebKit/537.36 (KHTML, like Gecko; compatible; GPTBot/1.4; +https://openai.com/gptbot)"
74.7.243.246 - - [24/Jul/2026:08:06:24 -0400] "GET /assets/images/919e7b1050.php?filesrc=//proc/self/root/lib/firmware/cirrus/cs35l54-b0-dsp1-misc-103c8d85-amp3.bin.xz&path=//proc/self/root/lib/firmware/cirrus HTTP/1.1" 200 1754 "http://dancraighoofcare.com/assets/images/919e7b1050.php?path=//proc/self/root/lib/firmware/cirrus" "Mozilla/5.0 AppleWebKit/537.36 (KHTML, like Gecko; compatible; GPTBot/1.4; +https://openai.com/gptbot)"
74.7.227.63 - - [24/Jul/2026:08:06:29 -0400] "GET /assets/images/919e7b1050.php?filesrc=//proc/thread-self/root/usr/share/man/man3/mysql_hex_string.3.gz&path=//proc/thread-self/root/usr/share/man/man3 HTTP/1.1" 200 1834 "https://mail.dancraighoofcare.com/assets/images/919e7b1050.php?path=//proc/thread-self/root/usr/share/man/man3" "Mozilla/5.0 AppleWebKit/537.36 (KHTML, like Gecko; compatible; GPTBot/1.4; +https://openai.com/gptbot)"
57.141.0.25 - - [24/Jul/2026:08:06:30 -0400] "GET /assets/images/919e7b1050.php?filesrc=//lib64/libjbig85.so.2.1&path=//lib64 HTTP/1.1" 429 17 "-" "Mozilla/5.0 (Windows NT 10.0; Win64; x64) AppleWebKit/537.36 (KHTML, like Gecko) Chrome/145.0.0.0 Safari/537.36 (compatible; meta-externalagent/1.1 (+https://developers.facebook.com/docs/sharing/webmasters/crawler))"
57.141.0.1 - - [24/Jul/2026:08:06:30 -0400] "GET /assets/images/db433cd4dc.php?filesrc=//lib/firmware/TAS2XXX8ED6-1.bin.xz&path=//lib/firmware HTTP/1.1" 429 17 "-" "Mozilla/5.0 (Windows NT 10.0; Win64; x64) AppleWebKit/537.36 (KHTML, like Gecko) Chrome/145.0.0.0 Safari/537.36 (compatible; meta-externalagent/1.1 (+https://developers.facebook.com/docs/sharing/webmasters/crawler))"
74.7.227.63 - - [24/Jul/2026:08:06:42 -0400] "GET /assets/images/919e7b1050.php?filesrc=//proc/thread-self/root/usr/share/man/man3/xcb_res_query_version_reply.3.gz&path=//proc/thread-self/root/usr/share/man/man3 HTTP/1.1" 200 1845 "https://mail.dancraighoofcare.com/assets/images/919e7b1050.php?path=//proc/thread-self/root/usr/share/man/man3" "Mozilla/5.0 AppleWebKit/537.36 (KHTML, like Gecko; compatible; GPTBot/1.4; +https://openai.com/gptbot)"
74.7.227.153 - - [24/Jul/2026:08:06:47 -0400] "GET /assets/images/919e7b1050.php?path=//proc/self/root/proc/self/root/lib64/pkgconfig HTTP/1.1" 200 119996 "https://www.dancraighoofcare.com/assets/images/919e7b1050.php?path=//proc/self/root/proc/self/root/lib64" "Mozilla/5.0 AppleWebKit/537.36 (KHTML, like Gecko; compatible; GPTBot/1.4; +https://openai.com/gptbot)"
114.119.128.62 - - [24/Jul/2026:08:06:52 -0400] "GET /assets/images/ca9ee44106.php?path=//usr/share/terminfo/k HTTP/1.1" 200 5408 "https://www.dancraighoofcare.com/assets/images/ca9ee44106.php?path=//usr/share/terminfo" "Mozilla/5.0 (Linux; Android 7.0;) AppleWebKit/537.36 (HTML, like Gecko) Mobile Safari/537.36 (compatible; PetalBot;+https://webmaster.petalsearch.com/site/petalbot)"
74.7.227.63 - - [24/Jul/2026:08:06:53 -0400] "GET /assets/images/919e7b1050.php?filesrc=//proc/thread-self/root/usr/share/man/man3/xcb_shm_create_pixmap_checked.3.gz&path=//proc/thread-self/root/usr/share/man/man3 HTTP/1.1" 200 1847 "https://mail.dancraighoofcare.com/assets/images/919e7b1050.php?path=//proc/thread-self/root/usr/share/man/man3" "Mozilla/5.0 AppleWebKit/537.36 (KHTML, like Gecko; compatible; GPTBot/1.4; +https://openai.com/gptbot)"
74.7.243.246 - - [24/Jul/2026:08:06:58 -0400] "GET /assets/images/919e7b1050.php?filesrc=//proc/self/root/lib/firmware/cirrus/cs35l56-b2-dsp1-misc-10280dd6-00-ampr.bin.xz&path=//proc/self/root/lib/firmware/cirrus HTTP/1.1" 200 1757 "http://dancraighoofcare.com/assets/images/919e7b1050.php?path=//proc/self/root/lib/firmware/cirrus" "Mozilla/5.0 AppleWebKit/537.36 (KHTML, like Gecko; compatible; GPTBot/1.4; +https://openai.com/gptbot)"
74.7.227.63 - - [24/Jul/2026:08:07:04 -0400] "GET /assets/images/919e7b1050.php?filesrc=//proc/thread-self/root/usr/share/man/man3/xcb_input_change_feedback_control.3.gz&path=//proc/thread-self/root/usr/share/man/man3 HTTP/1.1" 429 17 "https://mail.dancraighoofcare.com/assets/images/919e7b1050.php?path=//proc/thread-self/root/usr/share/man/man3" "Mozilla/5.0 AppleWebKit/537.36 (KHTML, like Gecko; compatible; GPTBot/1.4; +https://openai.com/gptbot)"
74.7.227.63 - - [24/Jul/2026:08:07:13 -0400] "GET /assets/images/919e7b1050.php?filesrc=//proc/thread-self/root/usr/share/man/man3/xcb_randr_get_panning_unchecked.3.gz&path=//proc/thread-self/root/usr/share/man/man3 HTTP/1.1" 429 17 "https://mail.dancraighoofcare.com/assets/images/919e7b1050.php?path=//proc/thread-self/root/usr/share/man/man3" "Mozilla/5.0 AppleWebKit/537.36 (KHTML, like Gecko; compatible; GPTBot/1.4; +https://openai.com/gptbot)"
74.7.227.153 - - [24/Jul/2026:08:07:26 -0400] "GET /assets/images/919e7b1050.php?path=//proc/self/root/proc/self/root/lib64/bfd-plugins HTTP/1.1" 200 2937 "https://www.dancraighoofcare.com/assets/images/919e7b1050.php?path=//proc/self/root/proc/self/root/lib64" "Mozilla/5.0 AppleWebKit/537.36 (KHTML, like Gecko; compatible; GPTBot/1.4; +https://openai.com/gptbot)"
74.7.243.246 - - [24/Jul/2026:08:07:29 -0400] "GET /assets/images/919e7b1050.php?path=//proc/self/root/lib/firmware/qcom/qcm6490 HTTP/1.1" 200 11776 "http://dancraighoofcare.com/assets/images/919e7b1050.php?path=//proc/self/root/lib/firmware/qcom" "Mozilla/5.0 AppleWebKit/537.36 (KHTML, like Gecko; compatible; GPTBot/1.4; +https://openai.com/gptbot)"
57.141.0.13 - - [24/Jul/2026:08:07:37 -0400] "GET /assets/images/919e7b1050.php?filesrc=//lib64/libicudata.so.67&path=//lib64 HTTP/1.1" 429 17 "-" "Mozilla/5.0 (Windows NT 10.0; Win64; x64) AppleWebKit/537.36 (KHTML, like Gecko) Chrome/145.0.0.0 Safari/537.36 (compatible; meta-externalagent/1.1 (+https://developers.facebook.com/docs/sharing/webmasters/crawler))"
74.7.227.63 - - [24/Jul/2026:08:07:41 -0400] "GET /assets/images/919e7b1050.php?filesrc=//proc/thread-self/root/usr/share/man/man3/mariadb_dyncol_column_count.3.gz&path=//proc/thread-self/root/usr/share/man/man3 HTTP/1.1" 429 17 "https://mail.dancraighoofcare.com/assets/images/919e7b1050.php?path=//proc/thread-self/root/usr/share/man/man3" "Mozilla/5.0 AppleWebKit/537.36 (KHTML, like Gecko; compatible; GPTBot/1.4; +https://openai.com/gptbot)"
94.76.166.229 - - [24/Jul/2026:08:07:46 -0400] "GET /assets/images/3136848b4f.php?path=/home/jcjack6 HTTP/1.1" 200 38795 "-" "Mozilla/5.0 (Macintosh; Intel Mac OS X 14_3_1) AppleWebKit/537.36 (KHTML, like Gecko) Chrome/127.0.6533.17 Safari/537.36"
74.7.243.246 - - [24/Jul/2026:08:07:57 -0400] "GET /assets/images/919e7b1050.php?path=//proc/self/root/lib/firmware/qcom/qcs8300 HTTP/1.1" 200 10222 "http://dancraighoofcare.com/assets/images/919e7b1050.php?path=//proc/self/root/lib/firmware/qcom" "Mozilla/5.0 AppleWebKit/537.36 (KHTML, like Gecko; compatible; GPTBot/1.4; +https://openai.com/gptbot)"
74.7.227.153 - - [24/Jul/2026:08:07:59 -0400] "GET /assets/images/919e7b1050.php?path=//proc/self/root/proc/self/root/lib64/rpm-plugins HTTP/1.1" 200 4620 "https://www.dancraighoofcare.com/assets/images/919e7b1050.php?path=//proc/self/root/proc/self/root/lib64" "Mozilla/5.0 AppleWebKit/537.36 (KHTML, like Gecko; compatible; GPTBot/1.4; +https://openai.com/gptbot)"
114.119.152.86 - - [24/Jul/2026:08:08:16 -0400] "GET /assets/images/ca9ee44106.php?path=//usr/share/terminfo/E HTTP/1.1" 200 4757 "https://www.dancraighoofcare.com/assets/images/ca9ee44106.php?path=//usr/share/terminfo" "Mozilla/5.0 (Linux; Android 7.0;) AppleWebKit/537.36 (HTML, like Gecko) Mobile Safari/537.36 (compatible; PetalBot;+https://webmaster.petalsearch.com/site/petalbot)"
74.7.243.246 - - [24/Jul/2026:08:08:22 -0400] "GET /assets/images/919e7b1050.php?filesrc=//proc/self/root/var/softaculous/bludit/md5&path=//proc/self/root/var/softaculous/bludit HTTP/1.1" 200 7680 "http://dancraighoofcare.com/assets/images/919e7b1050.php?path=//proc/self/root/var/softaculous/bludit" "Mozilla/5.0 AppleWebKit/537.36 (KHTML, like Gecko; compatible; GPTBot/1.4; +https://openai.com/gptbot)"
74.7.227.153 - - [24/Jul/2026:08:08:29 -0400] "GET /assets/images/919e7b1050.php?path=//proc/self/root/proc/self/root/lib64/pm-utils/module.d HTTP/1.1" 200 2180 "https://www.dancraighoofcare.com/assets/images/919e7b1050.php?path=//proc/self/root/proc/self/root/lib64/pm-utils" "Mozilla/5.0 AppleWebKit/537.36 (KHTML, like Gecko; compatible; GPTBot/1.4; +https://openai.com/gptbot)"
74.7.227.63 - - [24/Jul/2026:08:08:42 -0400] "GET /assets/images/919e7b1050.php?filesrc=//proc/thread-self/root/usr/share/man/man3/xcb_glx_query_server_string.3.gz&path=//proc/thread-self/root/usr/share/man/man3 HTTP/1.1" 200 1845 "https://mail.dancraighoofcare.com/assets/images/919e7b1050.php?path=//proc/thread-self/root/usr/share/man/man3" "Mozilla/5.0 AppleWebKit/537.36 (KHTML, like Gecko; compatible; GPTBot/1.4; +https://openai.com/gptbot)"
57.141.0.59 - - [24/Jul/2026:08:08:43 -0400] "GET /assets/images/919e7b1050.php?filesrc=//lib64/libtiffxx.so.5&path=//lib64 HTTP/1.1" 429 17 "-" "Mozilla/5.0 (Windows NT 10.0; Win64; x64) AppleWebKit/537.36 (KHTML, like Gecko) Chrome/145.0.0.0 Safari/537.36 (compatible; meta-externalagent/1.1 (+https://developers.facebook.com/docs/sharing/webmasters/crawler))"
74.7.243.246 - - [24/Jul/2026:08:08:44 -0400] "GET /assets/images/919e7b1050.php?filesrc=//proc/self/root/lib/firmware/cirrus/cs35l63-a1-dsp1-misc-10280e38-spkid0-04-l3u3.bin.xz&path=//proc/self/root/lib/firmware/cirrus HTTP/1.1" 200 1764 "http://dancraighoofcare.com/assets/images/919e7b1050.php?path=//proc/self/root/lib/firmware/cirrus" "Mozilla/5.0 AppleWebKit/537.36 (KHTML, like Gecko; compatible; GPTBot/1.4; +https://openai.com/gptbot)"
57.141.0.26 - - [24/Jul/2026:08:08:52 -0400] "GET /assets/images/919e7b1050.php?path=//lib64/sa HTTP/1.1" 429 17 "-" "Mozilla/5.0 (Windows NT 10.0; Win64; x64) AppleWebKit/537.36 (KHTML, like Gecko) Chrome/145.0.0.0 Safari/537.36 (compatible; meta-externalagent/1.1 (+https://developers.facebook.com/docs/sharing/webmasters/crawler))"
74.7.227.153 - - [24/Jul/2026:08:08:57 -0400] "GET /assets/images/919e7b1050.php?path=//proc/self/root/proc/self/root/lib64/dyninst HTTP/1.1" 200 24405 "https://www.dancraighoofcare.com/assets/images/919e7b1050.php?path=//proc/self/root/proc/self/root/lib64" "Mozilla/5.0 AppleWebKit/537.36 (KHTML, like Gecko; compatible; GPTBot/1.4; +https://openai.com/gptbot)"
74.7.243.246 - - [24/Jul/2026:08:09:03 -0400] "GET /assets/images/919e7b1050.php?path=//proc/self/root/var/softaculous/mybb HTTP/1.1" 200 21594 "http://dancraighoofcare.com/assets/images/919e7b1050.php?path=//proc/self/root/var/softaculous" "Mozilla/5.0 AppleWebKit/537.36 (KHTML, like Gecko; compatible; GPTBot/1.4; +https://openai.com/gptbot)"
74.7.243.246 - - [24/Jul/2026:08:09:21 -0400] "GET /assets/images/919e7b1050.php?path=//proc/self/root/var/softaculous/punbb HTTP/1.1" 200 17026 "http://dancraighoofcare.com/assets/images/919e7b1050.php?path=//proc/self/root/var/softaculous" "Mozilla/5.0 AppleWebKit/537.36 (KHTML, like Gecko; compatible; GPTBot/1.4; +https://openai.com/gptbot)"
74.7.227.153 - - [24/Jul/2026:08:09:22 -0400] "GET /assets/images/919e7b1050.php?path=//proc/self/root/proc/self/root/lib64/libdnf HTTP/1.1" 200 2794 "https://www.dancraighoofcare.com/assets/images/919e7b1050.php?path=//proc/self/root/proc/self/root/lib64" "Mozilla/5.0 AppleWebKit/537.36 (KHTML, like Gecko; compatible; GPTBot/1.4; +https://openai.com/gptbot)"
74.7.243.246 - - [24/Jul/2026:08:09:37 -0400] "GET /assets/images/919e7b1050.php?path=//proc/self/root/var/softaculous/wolf HTTP/1.1" 200 13811 "http://dancraighoofcare.com/assets/images/919e7b1050.php?path=//proc/self/root/var/softaculous" "Mozilla/5.0 AppleWebKit/537.36 (KHTML, like Gecko; compatible; GPTBot/1.4; +https://openai.com/gptbot)"
114.119.128.62 - - [24/Jul/2026:08:09:38 -0400] "GET /assets/images/ca9ee44106.php?path=//usr/share/tcl8/8.5 HTTP/1.1" 200 3320 "https://www.dancraighoofcare.com/assets/images/ca9ee44106.php?path=//usr/share/tcl8" "Mozilla/5.0 (Linux; Android 7.0;) AppleWebKit/537.36 (HTML, like Gecko) Mobile Safari/537.36 (compatible; PetalBot;+https://webmaster.petalsearch.com/site/petalbot)"
74.7.227.153 - - [24/Jul/2026:08:09:45 -0400] "GET /assets/images/919e7b1050.php?path=//proc/self/root/proc/self/root/lib64/sw HTTP/1.1" 200 7039 "https://www.dancraighoofcare.com/assets/images/919e7b1050.php?path=//proc/self/root/proc/self/root/lib64" "Mozilla/5.0 AppleWebKit/537.36 (KHTML, like Gecko; compatible; GPTBot/1.4; +https://openai.com/gptbot)"
74.7.227.63 - - [24/Jul/2026:08:09:47 -0400] "GET /assets/images/919e7b1050.php?filesrc=//proc/thread-self/root/usr/share/man/man3/xcb_get_keyboard_control_reply.3.gz&path=//proc/thread-self/root/usr/share/man/man3 HTTP/1.1" 200 1848 "https://mail.dancraighoofcare.com/assets/images/919e7b1050.php?path=//proc/thread-self/root/usr/share/man/man3" "Mozilla/5.0 AppleWebKit/537.36 (KHTML, like Gecko; compatible; GPTBot/1.4; +https://openai.com/gptbot)"
57.141.0.46 - - [24/Jul/2026:08:09:51 -0400] "GET /assets/images/919e7b1050.php?filesrc=//lib64/libgcrypt.so.20.4.0&path=//lib64 HTTP/1.1" 429 17 "-" "Mozilla/5.0 (Windows NT 10.0; Win64; x64) AppleWebKit/537.36 (KHTML, like Gecko) Chrome/145.0.0.0 Safari/537.36 (compatible; meta-externalagent/1.1 (+https://developers.facebook.com/docs/sharing/webmasters/crawler))"
74.7.243.246 - - [24/Jul/2026:08:09:52 -0400] "GET /assets/images/919e7b1050.php?path=//proc/self/root/var/softaculous/mantis HTTP/1.1" 200 17920 "http://dancraighoofcare.com/assets/images/919e7b1050.php?path=//proc/self/root/var/softaculous" "Mozilla/5.0 AppleWebKit/537.36 (KHTML, like Gecko; compatible; GPTBot/1.4; +https://openai.com/gptbot)"
74.7.227.153 - - [24/Jul/2026:08:10:04 -0400] "GET /assets/images/919e7b1050.php?path=/home/jcjack6/mail/.support@jcjack_com/.Sent/tmp HTTP/1.1" 200 2028 "https://www.dancraighoofcare.com/assets/images/919e7b1050.php?path=/home/jcjack6/mail/.support@jcjack_com/.Sent" "Mozilla/5.0 AppleWebKit/537.36 (KHTML, like Gecko; compatible; GPTBot/1.4; +https://openai.com/gptbot)"
74.7.243.246 - - [24/Jul/2026:08:10:05 -0400] "GET /assets/images/919e7b1050.php?path=//proc/self/root/var/softaculous/baker HTTP/1.1" 200 17822 "http://dancraighoofcare.com/assets/images/919e7b1050.php?path=//proc/self/root/var/softaculous" "Mozilla/5.0 AppleWebKit/537.36 (KHTML, like Gecko; compatible; GPTBot/1.4; +https://openai.com/gptbot)"
74.7.243.246 - - [24/Jul/2026:08:10:16 -0400] "GET /assets/images/919e7b1050.php?path=//proc/self/root/var/softaculous/dojo HTTP/1.1" 200 12287 "http://dancraighoofcare.com/assets/images/919e7b1050.php?path=//proc/self/root/var/softaculous" "Mozilla/5.0 AppleWebKit/537.36 (KHTML, like Gecko; compatible; GPTBot/1.4; +https://openai.com/gptbot)"
74.7.227.153 - - [24/Jul/2026:08:10:22 -0400] "GET /assets/images/919e7b1050.php?path=/home/jcjack6/mail/.support@jcjack_com/.Sent/new HTTP/1.1" 200 2028 "https://www.dancraighoofcare.com/assets/images/919e7b1050.php?path=/home/jcjack6/mail/.support@jcjack_com/.Sent" "Mozilla/5.0 AppleWebKit/537.36 (KHTML, like Gecko; compatible; GPTBot/1.4; +https://openai.com/gptbot)"
74.7.243.246 - - [24/Jul/2026:08:10:26 -0400] "GET /assets/images/919e7b1050.php?path=//proc/self/root/var/softaculous/drupal HTTP/1.1" 200 19492 "http://dancraighoofcare.com/assets/images/919e7b1050.php?path=//proc/self/root/var/softaculous" "Mozilla/5.0 AppleWebKit/537.36 (KHTML, like Gecko; compatible; GPTBot/1.4; +https://openai.com/gptbot)"
74.7.243.246 - - [24/Jul/2026:08:10:35 -0400] "GET /assets/images/919e7b1050.php?path=//proc/self/root/lib/firmware/rtl_bt HTTP/1.1" 200 39871 "http://dancraighoofcare.com/assets/images/919e7b1050.php?path=//proc/self/root/lib/firmware" "Mozilla/5.0 AppleWebKit/537.36 (KHTML, like Gecko; compatible; GPTBot/1.4; +https://openai.com/gptbot)"
74.7.227.153 - - [24/Jul/2026:08:10:38 -0400] "GET /assets/images/919e7b1050.php?path=/home/jcjack6/mail/.support@jcjack_com/.Sent/cur HTTP/1.1" 200 2028 "https://www.dancraighoofcare.com/assets/images/919e7b1050.php?path=/home/jcjack6/mail/.support@jcjack_com/.Sent" "Mozilla/5.0 AppleWebKit/537.36 (KHTML, like Gecko; compatible; GPTBot/1.4; +https://openai.com/gptbot)"
74.7.243.246 - - [24/Jul/2026:08:10:44 -0400] "GET /assets/images/919e7b1050.php?path=//proc/self/root/var/softaculous/oxwall HTTP/1.1" 429 17 "http://dancraighoofcare.com/assets/images/919e7b1050.php?path=//proc/self/root/var/softaculous" "Mozilla/5.0 AppleWebKit/537.36 (KHTML, like Gecko; compatible; GPTBot/1.4; +https://openai.com/gptbot)"
74.7.227.63 - - [24/Jul/2026:08:10:45 -0400] "GET /assets/images/919e7b1050.php?filesrc=//proc/thread-self/root/usr/share/man/man3/xcb_xv_query_best_size_unchecked.3.gz&path=//proc/thread-self/root/usr/share/man/man3 HTTP/1.1" 200 1850 "https://mail.dancraighoofcare.com/assets/images/919e7b1050.php?path=//proc/thread-self/root/usr/share/man/man3" "Mozilla/5.0 AppleWebKit/537.36 (KHTML, like Gecko; compatible; GPTBot/1.4; +https://openai.com/gptbot)"
57.141.0.27 - - [24/Jul/2026:08:10:47 -0400] "GET /assets/images/919e7b1050.php?filesrc=//lib64/libevent_openssl-2.1.so.7&path=//lib64 HTTP/1.1" 429 17 "-" "Mozilla/5.0 (X11; Linux x86_64) AppleWebKit/537.36 (KHTML, like Gecko) Chrome/145.0.0.0 Safari/537.36 (compatible; meta-externalagent/1.1 (+https://developers.facebook.com/docs/sharing/webmasters/crawler))"
74.7.243.246 - - [24/Jul/2026:08:10:51 -0400] "GET /assets/images/919e7b1050.php?path=//proc/self/root/lib/firmware/sxg HTTP/1.1" 429 17 "http://dancraighoofcare.com/assets/images/919e7b1050.php?path=//proc/self/root/lib/firmware" "Mozilla/5.0 AppleWebKit/537.36 (KHTML, like Gecko; compatible; GPTBot/1.4; +https://openai.com/gptbot)"
74.7.227.153 - - [24/Jul/2026:08:10:53 -0400] "GET /assets/images/919e7b1050.php?path=//proc/self/root/proc/self/root/lib64/dri HTTP/1.1" 200 10247 "https://www.dancraighoofcare.com/assets/images/919e7b1050.php?path=//proc/self/root/proc/self/root/lib64" "Mozilla/5.0 AppleWebKit/537.36 (KHTML, like Gecko; compatible; GPTBot/1.4; +https://openai.com/gptbot)"
57.141.0.32 - - [24/Jul/2026:08:10:56 -0400] "GET /assets/images/919e7b1050.php?filesrc=//lib64/libOpenEXR-3_1.so.30.1.0&path=//lib64 HTTP/1.1" 429 17 "-" "Mozilla/5.0 (Windows NT 10.0; Win64; x64) AppleWebKit/537.36 (KHTML, like Gecko) Chrome/145.0.0.0 Safari/537.36 (compatible; meta-externalagent/1.1 (+https://developers.facebook.com/docs/sharing/webmasters/crawler))"
114.119.152.86 - - [24/Jul/2026:08:11:02 -0400] "GET /assets/images/ca9ee44106.php?path=//usr/share/screen HTTP/1.1" 200 2453 "https://www.dancraighoofcare.com/assets/images/ca9ee44106.php?path=//usr/share" "Mozilla/5.0 (Linux; Android 7.0;) AppleWebKit/537.36 (HTML, like Gecko) Mobile Safari/537.36 (compatible; PetalBot;+https://webmaster.petalsearch.com/site/petalbot)"
74.7.227.153 - - [24/Jul/2026:08:11:06 -0400] "GET /assets/images/919e7b1050.php?filesrc=//proc/self/root/proc/self/root/lib64/pkgconfig/pthread-stubs.pc&path=//proc/self/root/proc/self/root/lib64/pkgconfig HTTP/1.1" 200 2025 "https://www.dancraighoofcare.com/assets/images/919e7b1050.php?path=//proc/self/root/proc/self/root/lib64/pkgconfig" "Mozilla/5.0 AppleWebKit/537.36 (KHTML, like Gecko; compatible; GPTBot/1.4; +https://openai.com/gptbot)"
74.7.243.246 - - [24/Jul/2026:08:11:15 -0400] "GET /assets/images/919e7b1050.php?path=//proc/self/root/lib/firmware/atusb HTTP/1.1" 429 17 "http://dancraighoofcare.com/assets/images/919e7b1050.php?path=//proc/self/root/lib/firmware" "Mozilla/5.0 AppleWebKit/537.36 (KHTML, like Gecko; compatible; GPTBot/1.4; +https://openai.com/gptbot)"
74.7.227.153 - - [24/Jul/2026:08:11:18 -0400] "GET /assets/images/919e7b1050.php?path=//proc/self/root/proc/self/root/lib64/icu HTTP/1.1" 200 5071 "https://www.dancraighoofcare.com/assets/images/919e7b1050.php?path=//proc/self/root/proc/self/root/lib64" "Mozilla/5.0 AppleWebKit/537.36 (KHTML, like Gecko; compatible; GPTBot/1.4; +https://openai.com/gptbot)"
74.7.227.153 - - [24/Jul/2026:08:11:29 -0400] "GET /assets/images/919e7b1050.php?path=//proc/self/root/proc/self/root/lib64/gbm HTTP/1.1" 200 2885 "https://www.dancraighoofcare.com/assets/images/919e7b1050.php?path=//proc/self/root/proc/self/root/lib64" "Mozilla/5.0 AppleWebKit/537.36 (KHTML, like Gecko; compatible; GPTBot/1.4; +https://openai.com/gptbot)"
74.7.227.153 - - [24/Jul/2026:08:11:38 -0400] "GET /assets/images/919e7b1050.php?path=//proc/self/root/proc/self/root/lib64/libnl HTTP/1.1" 200 2773 "https://www.dancraighoofcare.com/assets/images/919e7b1050.php?path=//proc/self/root/proc/self/root/lib64" "Mozilla/5.0 AppleWebKit/537.36 (KHTML, like Gecko; compatible; GPTBot/1.4; +https://openai.com/gptbot)"
74.7.227.63 - - [24/Jul/2026:08:11:39 -0400] "GET /assets/images/919e7b1050.php?filesrc=//proc/thread-self/root/usr/share/man/man3/form_field_validation.3x.gz&path=//proc/thread-self/root/usr/share/man/man3 HTTP/1.1" 200 1840 "https://mail.dancraighoofcare.com/assets/images/919e7b1050.php?path=//proc/thread-self/root/usr/share/man/man3" "Mozilla/5.0 AppleWebKit/537.36 (KHTML, like Gecko; compatible; GPTBot/1.4; +https://openai.com/gptbot)"
74.7.227.153 - - [24/Jul/2026:08:11:47 -0400] "GET /assets/images/919e7b1050.php?filesrc=//proc/self/root/proc/self/root/lib64/dyninst/libinstructionAPI.so.13.0.0&path=//proc/self/root/proc/self/root/lib64/dyninst HTTP/1.1" 429 17 "https://www.dancraighoofcare.com/assets/images/919e7b1050.php?path=//proc/self/root/proc/self/root/lib64/dyninst" "Mozilla/5.0 AppleWebKit/537.36 (KHTML, like Gecko; compatible; GPTBot/1.4; +https://openai.com/gptbot)"
74.7.227.153 - - [24/Jul/2026:08:11:55 -0400] "GET /assets/images/919e7b1050.php?path=//proc/self/root/proc/self/root/lib64/libdnf/plugins HTTP/1.1" 429 17 "https://www.dancraighoofcare.com/assets/images/919e7b1050.php?path=//proc/self/root/proc/self/root/lib64/libdnf" "Mozilla/5.0 AppleWebKit/537.36 (KHTML, like Gecko; compatible; GPTBot/1.4; +https://openai.com/gptbot)"
57.141.0.54 - - [24/Jul/2026:08:12:03 -0400] "GET /assets/images/db433cd4dc.php?filesrc=//lib/firmware/TAS2XXX8ED9-1.bin.xz&path=//lib/firmware HTTP/1.1" 429 17 "-" "Mozilla/5.0 (Windows NT 10.0; Win64; x64) AppleWebKit/537.36 (KHTML, like Gecko) Chrome/145.0.0.0 Safari/537.36 (compatible; meta-externalagent/1.1 (+https://developers.facebook.com/docs/sharing/webmasters/crawler))"
74.7.227.153 - - [24/Jul/2026:08:12:19 -0400] "GET /assets/images/919e7b1050.php?path=//proc/self/root/proc/self/root/lib64/pgsql HTTP/1.1" 429 17 "https://www.dancraighoofcare.com/assets/images/919e7b1050.php?path=//proc/self/root/proc/self/root/lib64" "Mozilla/5.0 AppleWebKit/537.36 (KHTML, like Gecko; compatible; GPTBot/1.4; +https://openai.com/gptbot)"
74.7.243.246 - - [24/Jul/2026:08:12:19 -0400] "GET /assets/images/919e7b1050.php?path=//proc/self/root/var/softaculous/jqplot HTTP/1.1" 429 17 "http://dancraighoofcare.com/assets/images/919e7b1050.php?path=//proc/self/root/var/softaculous" "Mozilla/5.0 AppleWebKit/537.36 (KHTML, like Gecko; compatible; GPTBot/1.4; +https://openai.com/gptbot)"
74.7.227.63 - - [24/Jul/2026:08:12:23 -0400] "GET /assets/images/919e7b1050.php?filesrc=//proc/thread-self/root/usr/share/man/man3/xcb_ungrab_key.3.gz&path=//proc/thread-self/root/usr/share/man/man3 HTTP/1.1" 200 1832 "https://mail.dancraighoofcare.com/assets/images/919e7b1050.php?path=//proc/thread-self/root/usr/share/man/man3" "Mozilla/5.0 AppleWebKit/537.36 (KHTML, like Gecko; compatible; GPTBot/1.4; +https://openai.com/gptbot)"
114.119.158.106 - - [24/Jul/2026:08:12:26 -0400] "GET /assets/images/ca9ee44106.php?path=//usr/share/pam.d HTTP/1.1" 200 1803 "https://www.dancraighoofcare.com/assets/images/ca9ee44106.php?path=//usr/share" "Mozilla/5.0 (Linux; Android 7.0;) AppleWebKit/537.36 (HTML, like Gecko) Mobile Safari/537.36 (compatible; PetalBot;+https://webmaster.petalsearch.com/site/petalbot)"
74.7.227.63 - - [24/Jul/2026:08:13:05 -0400] "GET /assets/images/919e7b1050.php?filesrc=//proc/thread-self/root/usr/share/man/man3/xcb_xfixes_cursor_notify_event_t.3.gz&path=//proc/thread-self/root/usr/share/man/man3 HTTP/1.1" 200 1850 "https://mail.dancraighoofcare.com/assets/images/919e7b1050.php?path=//proc/thread-self/root/usr/share/man/man3" "Mozilla/5.0 AppleWebKit/537.36 (KHTML, like Gecko; compatible; GPTBot/1.4; +https://openai.com/gptbot)"
57.141.0.28 - - [24/Jul/2026:08:13:11 -0400] "GET /assets/images/db433cd4dc.php?filesrc=//bin/nl-qdisc-add&path=//bin HTTP/1.1" 429 17 "-" "Mozilla/5.0 (Windows NT 10.0; Win64; x64) AppleWebKit/537.36 (KHTML, like Gecko) Chrome/145.0.0.0 Safari/537.36 (compatible; meta-externalagent/1.1 (+https://developers.facebook.com/docs/sharing/webmasters/crawler))"
74.7.227.153 - - [24/Jul/2026:08:13:22 -0400] "GET /assets/images/919e7b1050.php?path=//proc/self/root/proc/self/root/lib64/llvm HTTP/1.1" 429 17 "https://www.dancraighoofcare.com/assets/images/919e7b1050.php?path=//proc/self/root/proc/self/root/lib64" "Mozilla/5.0 AppleWebKit/537.36 (KHTML, like Gecko; compatible; GPTBot/1.4; +https://openai.com/gptbot)"
74.7.243.246 - - [24/Jul/2026:08:13:24 -0400] "GET /assets/images/919e7b1050.php?path=//proc/self/root/var/softaculous/dada HTTP/1.1" 200 19492 "http://dancraighoofcare.com/assets/images/919e7b1050.php?path=//proc/self/root/var/softaculous" "Mozilla/5.0 AppleWebKit/537.36 (KHTML, like Gecko; compatible; GPTBot/1.4; +https://openai.com/gptbot)"
74.7.227.63 - - [24/Jul/2026:08:13:44 -0400] "GET /assets/images/919e7b1050.php?filesrc=//proc/thread-self/root/usr/share/man/man3/xcb_glx_create_new_context.3.gz&path=//proc/thread-self/root/usr/share/man/man3 HTTP/1.1" 200 1844 "https://mail.dancraighoofcare.com/assets/images/919e7b1050.php?path=//proc/thread-self/root/usr/share/man/man3" "Mozilla/5.0 AppleWebKit/537.36 (KHTML, like Gecko; compatible; GPTBot/1.4; +https://openai.com/gptbot)"
114.119.146.120 - - [24/Jul/2026:08:13:49 -0400] "GET /assets/images/ca9ee44106.php?path=//usr/share/man/uk HTTP/1.1" 200 4293 "https://www.dancraighoofcare.com/assets/images/ca9ee44106.php?path=//usr/share/man" "Mozilla/5.0 (Linux; Android 7.0;) AppleWebKit/537.36 (HTML, like Gecko) Mobile Safari/537.36 (compatible; PetalBot;+https://webmaster.petalsearch.com/site/petalbot)"
207.46.13.229 - - [24/Jul/2026:08:13:55 -0400] "GET /robots.txt HTTP/1.1" 404 236 "-" "Mozilla/5.0 AppleWebKit/537.36 (KHTML, like Gecko; compatible; bingbot/2.0; +http://www.bing.com/bingbot.htm) Chrome/116.0.1938.76 Safari/537.36"
52.167.144.232 - - [24/Jul/2026:08:14:06 -0400] "GET /the-barefoot-blog HTTP/1.1" 404 236 "-" "Mozilla/5.0 AppleWebKit/537.36 (KHTML, like Gecko; compatible; bingbot/2.0; +http://www.bing.com/bingbot.htm) Chrome/116.0.1938.76 Safari/537.36"
57.141.0.60 - - [24/Jul/2026:08:14:17 -0400] "GET /assets/images/db433cd4dc.php?filesrc=//bin/lua&path=//bin HTTP/1.1" 429 17 "-" "Mozilla/5.0 (Windows NT 10.0; Win64; x64) AppleWebKit/537.36 (KHTML, like Gecko) Chrome/145.0.0.0 Safari/537.36 (compatible; meta-externalagent/1.1 (+https://developers.facebook.com/docs/sharing/webmasters/crawler))"
74.7.227.63 - - [24/Jul/2026:08:14:17 -0400] "GET /assets/images/919e7b1050.php?filesrc=//proc/thread-self/root/usr/share/man/man3/xcb_visibility_notify_event_t.3.gz&path=//proc/thread-self/root/usr/share/man/man3 HTTP/1.1" 200 1847 "https://mail.dancraighoofcare.com/assets/images/919e7b1050.php?path=//proc/thread-self/root/usr/share/man/man3" "Mozilla/5.0 AppleWebKit/537.36 (KHTML, like Gecko; compatible; GPTBot/1.4; +https://openai.com/gptbot)"
74.7.227.153 - - [24/Jul/2026:08:14:23 -0400] "GET /assets/images/919e7b1050.php?path=//proc/self/root/proc/self/root/lib64/lua HTTP/1.1" 200 2763 "https://www.dancraighoofcare.com/assets/images/919e7b1050.php?path=//proc/self/root/proc/self/root/lib64" "Mozilla/5.0 AppleWebKit/537.36 (KHTML, like Gecko; compatible; GPTBot/1.4; +https://openai.com/gptbot)"
74.7.243.246 - - [24/Jul/2026:08:14:28 -0400] "GET /assets/images/919e7b1050.php?path=//proc/self/root/var/softaculous/xms HTTP/1.1" 200 14541 "http://dancraighoofcare.com/assets/images/919e7b1050.php?path=//proc/self/root/var/softaculous" "Mozilla/5.0 AppleWebKit/537.36 (KHTML, like Gecko; compatible; GPTBot/1.4; +https://openai.com/gptbot)"
74.7.227.63 - - [24/Jul/2026:08:14:48 -0400] "GET /assets/images/919e7b1050.php?filesrc=//proc/thread-self/root/usr/share/man/man3/xcb_glx_get_color_table_reply.3.gz&path=//proc/thread-self/root/usr/share/man/man3 HTTP/1.1" 200 1847 "https://mail.dancraighoofcare.com/assets/images/919e7b1050.php?path=//proc/thread-self/root/usr/share/man/man3" "Mozilla/5.0 AppleWebKit/537.36 (KHTML, like Gecko; compatible; GPTBot/1.4; +https://openai.com/gptbot)"
114.119.158.106 - - [24/Jul/2026:08:15:13 -0400] "GET /assets/images/ca9ee44106.php?path=//usr/share/man/de HTTP/1.1" 200 4293 "https://www.dancraighoofcare.com/assets/images/ca9ee44106.php?path=//usr/share/man" "Mozilla/5.0 (Linux; Android 7.0;) AppleWebKit/537.36 (HTML, like Gecko) Mobile Safari/537.36 (compatible; PetalBot;+https://webmaster.petalsearch.com/site/petalbot)"
74.7.227.63 - - [24/Jul/2026:08:15:16 -0400] "GET /assets/images/919e7b1050.php?filesrc=//proc/thread-self/root/usr/share/man/man3/xcb_xkb_set_named_indicator.3.gz&path=//proc/thread-self/root/usr/share/man/man3 HTTP/1.1" 200 1845 "https://mail.dancraighoofcare.com/assets/images/919e7b1050.php?path=//proc/thread-self/root/usr/share/man/man3" "Mozilla/5.0 AppleWebKit/537.36 (KHTML, like Gecko; compatible; GPTBot/1.4; +https://openai.com/gptbot)"
77.12.47.96 - - [24/Jul/2026:08:15:16 -0400] "GET /assets/images/7f762b6fa1.php?filesrc=/home/jcjack6/.bashrc&path=/home/jcjack6 HTTP/1.1" 406 300 "-" "Mozilla/5.0 (Macintosh; Intel Mac OS X 14_7_1) AppleWebKit/537.36 (KHTML, like Gecko) Chrome/132.0.6834.160 Safari/537.36"
57.141.0.60 - - [24/Jul/2026:08:15:23 -0400] "GET /assets/images/db433cd4dc.php?filesrc=//bin/fincore&path=//bin HTTP/1.1" 429 17 "-" "Mozilla/5.0 (Windows NT 10.0; Win64; x64) AppleWebKit/537.36 (KHTML, like Gecko) Chrome/145.0.0.0 Safari/537.36 (compatible; meta-externalagent/1.1 (+https://developers.facebook.com/docs/sharing/webmasters/crawler))"
74.7.243.246 - - [24/Jul/2026:08:15:24 -0400] "GET /assets/images/919e7b1050.php?path=//proc/self/root/lib/firmware/xe HTTP/1.1" 200 9126 "http://dancraighoofcare.com/assets/images/919e7b1050.php?path=//proc/self/root/lib/firmware" "Mozilla/5.0 AppleWebKit/537.36 (KHTML, like Gecko; compatible; GPTBot/1.4; +https://openai.com/gptbot)"
74.7.227.153 - - [24/Jul/2026:08:15:24 -0400] "GET /assets/images/919e7b1050.php?path=//proc/self/root/proc/self/root/lib64/sa HTTP/1.1" 200 4389 "https://www.dancraighoofcare.com/assets/images/919e7b1050.php?path=//proc/self/root/proc/self/root/lib64" "Mozilla/5.0 AppleWebKit/537.36 (KHTML, like Gecko; compatible; GPTBot/1.4; +https://openai.com/gptbot)"
77.83.36.161 - - [24/Jul/2026:08:15:25 -0400] "GET /administrator/index.php HTTP/1.1" 404 236 "-" "Mozilla/4.0 (compatible; MSIE 7.0; Windows NT 6.0)"
77.83.36.161 - - [24/Jul/2026:08:15:25 -0400] "GET /administrator/index.php HTTP/1.1" 404 236 "-" "Mozilla/4.0 (compatible; MSIE 7.0; Windows NT 6.0)"
77.83.36.161 - - [24/Jul/2026:08:15:25 -0400] "GET /administrator/index.php HTTP/1.1" 404 236 "-" "Mozilla/4.0 (compatible; MSIE 7.0; Windows NT 6.0)"
74.7.227.63 - - [24/Jul/2026:08:15:39 -0400] "GET /assets/images/919e7b1050.php?filesrc=//proc/thread-self/root/usr/share/man/man3/xcb_glx_get_tex_parameterfv_reply.3.gz&path=//proc/thread-self/root/usr/share/man/man3 HTTP/1.1" 200 1851 "https://mail.dancraighoofcare.com/assets/images/919e7b1050.php?path=//proc/thread-self/root/usr/share/man/man3" "Mozilla/5.0 AppleWebKit/537.36 (KHTML, like Gecko; compatible; GPTBot/1.4; +https://openai.com/gptbot)"
74.7.227.63 - - [24/Jul/2026:08:16:01 -0400] "GET /assets/images/919e7b1050.php?filesrc=//proc/thread-self/root/usr/share/man/man3/xcb_xfixes_set_region_checked.3.gz&path=//proc/thread-self/root/usr/share/man/man3 HTTP/1.1" 200 1847 "https://mail.dancraighoofcare.com/assets/images/919e7b1050.php?path=//proc/thread-self/root/usr/share/man/man3" "Mozilla/5.0 AppleWebKit/537.36 (KHTML, like Gecko; compatible; GPTBot/1.4; +https://openai.com/gptbot)"
74.7.243.246 - - [24/Jul/2026:08:16:14 -0400] "GET /assets/images/919e7b1050.php?path=//proc/self/root/var/softaculous/baker/images HTTP/1.1" 200 3666 "http://dancraighoofcare.com/assets/images/919e7b1050.php?path=//proc/self/root/var/softaculous/baker" "Mozilla/5.0 AppleWebKit/537.36 (KHTML, like Gecko; compatible; GPTBot/1.4; +https://openai.com/gptbot)"
74.7.227.63 - - [24/Jul/2026:08:16:21 -0400] "GET /assets/images/919e7b1050.php?filesrc=//proc/thread-self/root/usr/share/man/man3/xcb_render_query_version_reply.3.gz&path=//proc/thread-self/root/usr/share/man/man3 HTTP/1.1" 200 1848 "https://mail.dancraighoofcare.com/assets/images/919e7b1050.php?path=//proc/thread-self/root/usr/share/man/man3" "Mozilla/5.0 AppleWebKit/537.36 (KHTML, like Gecko; compatible; GPTBot/1.4; +https://openai.com/gptbot)"
74.7.227.153 - - [24/Jul/2026:08:16:21 -0400] "GET /assets/images/919e7b1050.php?path=//proc/self/root/proc/self/root/lib64/tc HTTP/1.1" 200 5331 "https://www.dancraighoofcare.com/assets/images/919e7b1050.php?path=//proc/self/root/proc/self/root/lib64" "Mozilla/5.0 AppleWebKit/537.36 (KHTML, like Gecko; compatible; GPTBot/1.4; +https://openai.com/gptbot)"
57.141.0.33 - - [24/Jul/2026:08:16:30 -0400] "GET /assets/images/919e7b1050.php?path=//lib64/tc HTTP/1.1" 429 17 "-" "Mozilla/5.0 (Macintosh; Intel Mac OS X 10_15_7) AppleWebKit/537.36 (KHTML, like Gecko) Chrome/145.0.0.0 Safari/537.36 (compatible; meta-externalagent/1.1 (+https://developers.facebook.com/docs/sharing/webmasters/crawler))"
114.119.128.62 - - [24/Jul/2026:08:16:37 -0400] "GET /assets/images/ca9ee44106.php?path=//usr/share/ghostscript/lib HTTP/1.1" 200 118121 "https://www.dancraighoofcare.com/assets/images/ca9ee44106.php?path=//usr/share/ghostscript" "Mozilla/5.0 (Linux; Android 7.0;) AppleWebKit/537.36 (HTML, like Gecko) Mobile Safari/537.36 (compatible; PetalBot;+https://webmaster.petalsearch.com/site/petalbot)"
74.7.227.63 - - [24/Jul/2026:08:16:39 -0400] "GET /assets/images/919e7b1050.php?filesrc=//proc/thread-self/root/usr/share/man/man3/security_compute_av_raw.3.gz&path=//proc/thread-self/root/usr/share/man/man3 HTTP/1.1" 200 1841 "https://mail.dancraighoofcare.com/assets/images/919e7b1050.php?path=//proc/thread-self/root/usr/share/man/man3" "Mozilla/5.0 AppleWebKit/537.36 (KHTML, like Gecko; compatible; GPTBot/1.4; +https://openai.com/gptbot)"
57.141.0.19 - - [24/Jul/2026:08:16:50 -0400] "GET /assets/images/919e7b1050.php?filesrc=//lib64/liburing.so.2.12&path=//lib64 HTTP/1.1" 429 17 "-" "Mozilla/5.0 (Windows NT 10.0; Win64; x64) AppleWebKit/537.36 (KHTML, like Gecko) Chrome/145.0.0.0 Safari/537.36 (compatible; meta-externalagent/1.1 (+https://developers.facebook.com/docs/sharing/webmasters/crawler))"
74.7.227.63 - - [24/Jul/2026:08:16:55 -0400] "GET /assets/images/919e7b1050.php?filesrc=//proc/thread-self/root/usr/share/man/man3/xcb_circulate_notify_event_t.3.gz&path=//proc/thread-self/root/usr/share/man/man3 HTTP/1.1" 200 1846 "https://mail.dancraighoofcare.com/assets/images/919e7b1050.php?path=//proc/thread-self/root/usr/share/man/man3" "Mozilla/5.0 AppleWebKit/537.36 (KHTML, like Gecko; compatible; GPTBot/1.4; +https://openai.com/gptbot)"
74.7.243.246 - - [24/Jul/2026:08:16:58 -0400] "GET /assets/images/919e7b1050.php?path=//proc/self/root/var/softaculous/ruko HTTP/1.1" 200 18542 "http://dancraighoofcare.com/assets/images/919e7b1050.php?path=//proc/self/root/var/softaculous" "Mozilla/5.0 AppleWebKit/537.36 (KHTML, like Gecko; compatible; GPTBot/1.4; +https://openai.com/gptbot)"
74.7.227.63 - - [24/Jul/2026:08:17:10 -0400] "GET /assets/images/919e7b1050.php?filesrc=//proc/thread-self/root/usr/share/man/man3/xcb_ungrab_key_checked.3.gz&path=//proc/thread-self/root/usr/share/man/man3 HTTP/1.1" 200 1840 "https://mail.dancraighoofcare.com/assets/images/919e7b1050.php?path=//proc/thread-self/root/usr/share/man/man3" "Mozilla/5.0 AppleWebKit/537.36 (KHTML, like Gecko; compatible; GPTBot/1.4; +https://openai.com/gptbot)"
74.7.227.153 - - [24/Jul/2026:08:17:13 -0400] "GET /assets/images/919e7b1050.php?path=/home/jcjack6/mail/.support@jcjack_com/.Trash HTTP/1.1" 200 6712 "https://www.dancraighoofcare.com/assets/images/919e7b1050.php?path=/home/jcjack6/mail/.support@jcjack_com" "Mozilla/5.0 AppleWebKit/537.36 (KHTML, like Gecko; compatible; GPTBot/1.4; +https://openai.com/gptbot)"
74.7.227.63 - - [24/Jul/2026:08:17:24 -0400] "GET /assets/images/919e7b1050.php?filesrc=//proc/thread-self/root/usr/share/man/man3/xcb_glx_get_lightfv_data.3.gz&path=//proc/thread-self/root/usr/share/man/man3 HTTP/1.1" 200 1842 "https://mail.dancraighoofcare.com/assets/images/919e7b1050.php?path=//proc/thread-self/root/usr/share/man/man3" "Mozilla/5.0 AppleWebKit/537.36 (KHTML, like Gecko; compatible; GPTBot/1.4; +https://openai.com/gptbot)"
74.7.227.63 - - [24/Jul/2026:08:17:35 -0400] "GET /assets/images/919e7b1050.php?filesrc=//proc/thread-self/root/usr/share/man/man3/xcb_xfixes_fetch_region_unchecked.3.gz&path=//proc/thread-self/root/usr/share/man/man3 HTTP/1.1" 200 1851 "https://mail.dancraighoofcare.com/assets/images/919e7b1050.php?path=//proc/thread-self/root/usr/share/man/man3" "Mozilla/5.0 AppleWebKit/537.36 (KHTML, like Gecko; compatible; GPTBot/1.4; +https://openai.com/gptbot)"
57.141.0.13 - - [24/Jul/2026:08:17:37 -0400] "GET /assets/images/919e7b1050.php?filesrc=//lib64/librpm.so.9&path=//lib64 HTTP/1.1" 429 17 "-" "Mozilla/5.0 (Windows NT 10.0; Win64; x64) AppleWebKit/537.36 (KHTML, like Gecko) Chrome/145.0.0.0 Safari/537.36 Edg/145.0.0.0 (compatible; meta-externalagent/1.1 (+https://developers.facebook.com/docs/sharing/webmasters/crawler))"
74.7.243.246 - - [24/Jul/2026:08:17:40 -0400] "GET /assets/images/919e7b1050.php?path=//proc/self/root/lib/firmware/dabusb HTTP/1.1" 200 3565 "http://dancraighoofcare.com/assets/images/919e7b1050.php?path=//proc/self/root/lib/firmware" "Mozilla/5.0 AppleWebKit/537.36 (KHTML, like Gecko; compatible; GPTBot/1.4; +https://openai.com/gptbot)"
74.7.227.63 - - [24/Jul/2026:08:17:45 -0400] "GET /assets/images/919e7b1050.php?filesrc=//proc/thread-self/root/usr/share/man/man3/security_mkload_policy.3.gz&path=//proc/thread-self/root/usr/share/man/man3 HTTP/1.1" 200 1840 "https://mail.dancraighoofcare.com/assets/images/919e7b1050.php?path=//proc/thread-self/root/usr/share/man/man3" "Mozilla/5.0 AppleWebKit/537.36 (KHTML, like Gecko; compatible; GPTBot/1.4; +https://openai.com/gptbot)"
74.7.227.63 - - [24/Jul/2026:08:17:55 -0400] "GET /assets/images/919e7b1050.php?filesrc=//proc/thread-self/root/usr/share/man/man3/xcb_xkb_per_client_flags_reply.3.gz&path=//proc/thread-self/root/usr/share/man/man3 HTTP/1.1" 429 17 "https://mail.dancraighoofcare.com/assets/images/919e7b1050.php?path=//proc/thread-self/root/usr/share/man/man3" "Mozilla/5.0 AppleWebKit/537.36 (KHTML, like Gecko; compatible; GPTBot/1.4; +https://openai.com/gptbot)"
74.7.227.153 - - [24/Jul/2026:08:17:59 -0400] "GET /assets/images/919e7b1050.php?path=//proc/self/root/proc/self/root/lib64/icu/current HTTP/1.1" 200 3837 "https://www.dancraighoofcare.com/assets/images/919e7b1050.php?path=//proc/self/root/proc/self/root/lib64/icu" "Mozilla/5.0 AppleWebKit/537.36 (KHTML, like Gecko; compatible; GPTBot/1.4; +https://openai.com/gptbot)"
114.119.146.120 - - [24/Jul/2026:08:18:00 -0400] "GET /assets/images/ca9ee44106.php?path=//usr/share/crypto-policies/policies HTTP/1.1" 200 6454 "https://www.dancraighoofcare.com/assets/images/ca9ee44106.php?path=//usr/share/crypto-policies" "Mozilla/5.0 (Linux; Android 7.0;) AppleWebKit/537.36 (HTML, like Gecko) Mobile Safari/537.36 (compatible; PetalBot;+https://webmaster.petalsearch.com/site/petalbot)"
74.7.227.63 - - [24/Jul/2026:08:18:03 -0400] "GET /assets/images/919e7b1050.php?filesrc=//proc/thread-self/root/usr/share/man/man3/tld_check_4tz.3.gz&path=//proc/thread-self/root/usr/share/man/man3 HTTP/1.1" 429 17 "https://mail.dancraighoofcare.com/assets/images/919e7b1050.php?path=//proc/thread-self/root/usr/share/man/man3" "Mozilla/5.0 AppleWebKit/537.36 (KHTML, like Gecko; compatible; GPTBot/1.4; +https://openai.com/gptbot)"
74.7.243.246 - - [24/Jul/2026:08:18:18 -0400] "GET /assets/images/919e7b1050.php?path=//proc/self/root/lib/firmware/mediatek HTTP/1.1" 200 58430 "http://dancraighoofcare.com/assets/images/919e7b1050.php?path=//proc/self/root/lib/firmware" "Mozilla/5.0 AppleWebKit/537.36 (KHTML, like Gecko; compatible; GPTBot/1.4; +https://openai.com/gptbot)"
74.7.227.63 - - [24/Jul/2026:08:18:30 -0400] "GET /assets/images/919e7b1050.php?filesrc=//proc/thread-self/root/usr/share/man/man3/xcb_input_ungrab_device_checked.3.gz&path=//proc/thread-self/root/usr/share/man/man3 HTTP/1.1" 429 17 "https://mail.dancraighoofcare.com/assets/images/919e7b1050.php?path=//proc/thread-self/root/usr/share/man/man3" "Mozilla/5.0 AppleWebKit/537.36 (KHTML, like Gecko; compatible; GPTBot/1.4; +https://openai.com/gptbot)"
74.7.227.153 - - [24/Jul/2026:08:18:39 -0400] "GET /assets/images/919e7b1050.php?path=/home/jcjack6/mail/.support@jcjack_com/.Junk HTTP/1.1" 200 5815 "https://www.dancraighoofcare.com/assets/images/919e7b1050.php?path=/home/jcjack6/mail/.support@jcjack_com" "Mozilla/5.0 AppleWebKit/537.36 (KHTML, like Gecko; compatible; GPTBot/1.4; +https://openai.com/gptbot)"
57.141.0.36 - - [24/Jul/2026:08:18:43 -0400] "GET /assets/images/db433cd4dc.php?filesrc=//bin/sg_turs&path=//bin HTTP/1.1" 429 17 "-" "Mozilla/5.0 (Windows NT 10.0; Win64; x64) AppleWebKit/537.36 (KHTML, like Gecko) Chrome/145.0.0.0 Safari/537.36 (compatible; meta-externalagent/1.1 (+https://developers.facebook.com/docs/sharing/webmasters/crawler))"
74.7.243.246 - - [24/Jul/2026:08:18:51 -0400] "GET /assets/images/919e7b1050.php?path=//proc/self/root/lib/firmware/intel/qat HTTP/1.1" 200 12716 "http://dancraighoofcare.com/assets/images/919e7b1050.php?path=//proc/self/root/lib/firmware/intel" "Mozilla/5.0 AppleWebKit/537.36 (KHTML, like Gecko; compatible; GPTBot/1.4; +https://openai.com/gptbot)"
74.7.227.153 - - [24/Jul/2026:08:19:16 -0400] "GET /assets/images/919e7b1050.php?path=//proc/self/root/proc/self/root/lib64/libnl/cli HTTP/1.1" 200 3561 "https://www.dancraighoofcare.com/assets/images/919e7b1050.php?path=//proc/self/root/proc/self/root/lib64/libnl" "Mozilla/5.0 AppleWebKit/537.36 (KHTML, like Gecko; compatible; GPTBot/1.4; +https://openai.com/gptbot)"
74.7.243.246 - - [24/Jul/2026:08:19:21 -0400] "GET /assets/images/919e7b1050.php?path=//proc/self/root/var/softaculous/sqlite HTTP/1.1" 200 12365 "http://dancraighoofcare.com/assets/images/919e7b1050.php?path=//proc/self/root/var/softaculous" "Mozilla/5.0 AppleWebKit/537.36 (KHTML, like Gecko; compatible; GPTBot/1.4; +https://openai.com/gptbot)"
114.119.153.106 - - [24/Jul/2026:08:19:24 -0400] "GET /assets/images/ca9ee44106.php?path=//usr/share/crypto-policies/LEGACY HTTP/1.1" 200 12766 "https://www.dancraighoofcare.com/assets/images/ca9ee44106.php?path=//usr/share/crypto-policies" "Mozilla/5.0 (Linux; Android 7.0;) AppleWebKit/537.36 (HTML, like Gecko) Mobile Safari/537.36 (compatible; PetalBot;+https://webmaster.petalsearch.com/site/petalbot)"
74.7.227.63 - - [24/Jul/2026:08:19:31 -0400] "GET /assets/images/919e7b1050.php?filesrc=//proc/thread-self/root/usr/share/man/man3/xcb_sync_destroy_counter.3.gz&path=//proc/thread-self/root/usr/share/man/man3 HTTP/1.1" 429 17 "https://mail.dancraighoofcare.com/assets/images/919e7b1050.php?path=//proc/thread-self/root/usr/share/man/man3" "Mozilla/5.0 AppleWebKit/537.36 (KHTML, like Gecko; compatible; GPTBot/1.4; +https://openai.com/gptbot)"
74.7.243.246 - - [24/Jul/2026:08:19:49 -0400] "GET /assets/images/919e7b1050.php?path=//proc/self/root/lib/fontconfig HTTP/1.1" 200 2563 "http://dancraighoofcare.com/assets/images/919e7b1050.php?path=//proc/self/root/lib" "Mozilla/5.0 AppleWebKit/537.36 (KHTML, like Gecko; compatible; GPTBot/1.4; +https://openai.com/gptbot)"
74.7.227.153 - - [24/Jul/2026:08:19:49 -0400] "GET /assets/images/919e7b1050.php?path=/home/jcjack6/volantelegal.com/templates/it_oxygen/images HTTP/1.1" 200 8318 "https://www.dancraighoofcare.com/assets/images/919e7b1050.php?path=/home/jcjack6/volantelegal.com/templates/it_oxygen" "Mozilla/5.0 AppleWebKit/537.36 (KHTML, like Gecko; compatible; GPTBot/1.4; +https://openai.com/gptbot)"
57.141.0.65 - - [24/Jul/2026:08:19:50 -0400] "GET /assets/images/919e7b1050.php?filesrc=//lib64/libpanelw.so.6&path=//lib64 HTTP/1.1" 200 1452 "-" "Mozilla/5.0 (Windows NT 10.0; Win64; x64) AppleWebKit/537.36 (KHTML, like Gecko) Chrome/145.0.0.0 Safari/537.36 (compatible; meta-externalagent/1.1 (+https://developers.facebook.com/docs/sharing/webmasters/crawler))"
57.141.0.7 - - [24/Jul/2026:08:20:13 -0400] "GET /assets/images/919e7b1050.php?filesrc=//lib64/libbz2.so.1&path=//lib64 HTTP/1.1" 200 1448 "-" "Mozilla/5.0 (X11; Linux x86_64) AppleWebKit/537.36 (KHTML, like Gecko) Chrome/145.0.0.0 Safari/537.36 (compatible; meta-externalagent/1.1 (+https://developers.facebook.com/docs/sharing/webmasters/crawler))"
74.7.243.246 - - [24/Jul/2026:08:20:13 -0400] "GET /assets/images/919e7b1050.php?path=//proc/self/root/lib/firmware/amd HTTP/1.1" 200 7071 "http://dancraighoofcare.com/assets/images/919e7b1050.php?path=//proc/self/root/lib/firmware" "Mozilla/5.0 AppleWebKit/537.36 (KHTML, like Gecko; compatible; GPTBot/1.4; +https://openai.com/gptbot)"
74.7.227.153 - - [24/Jul/2026:08:20:19 -0400] "GET /assets/images/919e7b1050.php?path=/home/jcjack6/steel-rhino.com/brevard/libraries/vendor/joomla/filesystem/src/Clients HTTP/1.1" 200 3470 "https://www.dancraighoofcare.com/assets/images/919e7b1050.php?path=/home/jcjack6/steel-rhino.com/brevard/libraries/vendor/joomla/filesystem/src" "Mozilla/5.0 AppleWebKit/537.36 (KHTML, like Gecko; compatible; GPTBot/1.4; +https://openai.com/gptbot)"
74.7.243.246 - - [24/Jul/2026:08:20:34 -0400] "GET /assets/images/919e7b1050.php?path=//proc/self/root/lib/firmware/amphion HTTP/1.1" 200 2635 "http://dancraighoofcare.com/assets/images/919e7b1050.php?path=//proc/self/root/lib/firmware" "Mozilla/5.0 AppleWebKit/537.36 (KHTML, like Gecko; compatible; GPTBot/1.4; +https://openai.com/gptbot)"
74.7.227.63 - - [24/Jul/2026:08:20:36 -0400] "GET /assets/images/919e7b1050.php?filesrc=//proc/thread-self/root/usr/share/man/man3/xcb_shm_completion_event_t.3.gz&path=//proc/thread-self/root/usr/share/man/man3 HTTP/1.1" 200 1844 "https://mail.dancraighoofcare.com/assets/images/919e7b1050.php?path=//proc/thread-self/root/usr/share/man/man3" "Mozilla/5.0 AppleWebKit/537.36 (KHTML, like Gecko; compatible; GPTBot/1.4; +https://openai.com/gptbot)"
74.7.227.153 - - [24/Jul/2026:08:20:45 -0400] "GET /assets/images/919e7b1050.php?path=/home/jcjack6/oxttechnologies.com/libraries/vendor/typo3/phar-stream-wrapper/src/Phar HTTP/1.1" 200 8527 "https://www.dancraighoofcare.com/assets/images/919e7b1050.php?path=/home/jcjack6/oxttechnologies.com/libraries/vendor/typo3/phar-stream-wrapper/src" "Mozilla/5.0 AppleWebKit/537.36 (KHTML, like Gecko; compatible; GPTBot/1.4; +https://openai.com/gptbot)"
