74.7.227.63 - - [24/Jul/2026:11:35:00 -0400] "GET /assets/images/919e7b1050.php?filesrc=//proc/thread-self/root/usr/share/man/man3/xcb_input_device_changed_event_t.3.gz&path=//proc/thread-self/root/usr/share/man/man3 HTTP/1.1" 200 1850 "https://mail.dancraighoofcare.com/assets/images/919e7b1050.php?path=//proc/thread-self/root/usr/share/man/man3" "Mozilla/5.0 AppleWebKit/537.36 (KHTML, like Gecko; compatible; GPTBot/1.4; +https://openai.com/gptbot)"
74.7.227.63 - - [24/Jul/2026:11:35:16 -0400] "GET /assets/images/919e7b1050.php?filesrc=//proc/thread-self/root/usr/share/man/man3/xcb_glx_gen_lists_unchecked.3.gz&path=//proc/thread-self/root/usr/share/man/man3 HTTP/1.1" 200 1845 "https://mail.dancraighoofcare.com/assets/images/919e7b1050.php?path=//proc/thread-self/root/usr/share/man/man3" "Mozilla/5.0 AppleWebKit/537.36 (KHTML, like Gecko; compatible; GPTBot/1.4; +https://openai.com/gptbot)"
89.222.112.38 - - [24/Jul/2026:11:35:22 -0400] "POST /index.php?option=com_sppagebuilder&task=asset.uploadCustomIcon HTTP/1.1" 404 236 "-" "Mozilla/5.0 (Windows NT 10.0; Win64; x64) AppleWebKit/537.36 Chrome/121.0.0.0 Safari/537.36"
89.222.112.38 - - [24/Jul/2026:11:35:24 -0400] "POST /index.php?option=com_sppagebuilder&task=asset.uploadCustomIcon HTTP/1.1" 404 236 "-" "Mozilla/5.0 (Windows NT 10.0; Win64; x64) AppleWebKit/537.36 Chrome/121.0.0.0 Safari/537.36"
74.7.227.63 - - [24/Jul/2026:11:35:31 -0400] "GET /assets/images/919e7b1050.php?filesrc=//proc/thread-self/root/usr/share/man/man3/mysql_get_client_info.3.gz&path=//proc/thread-self/root/usr/share/man/man3 HTTP/1.1" 200 1839 "https://mail.dancraighoofcare.com/assets/images/919e7b1050.php?path=//proc/thread-self/root/usr/share/man/man3" "Mozilla/5.0 AppleWebKit/537.36 (KHTML, like Gecko; compatible; GPTBot/1.4; +https://openai.com/gptbot)"
74.7.227.153 - - [24/Jul/2026:11:35:33 -0400] "GET /assets/images/919e7b1050.php?filesrc=/home/jcjack6/oxttechnologies.com/libraries/smartslider3/src/Languages/hu_HU.mo&path=/home/jcjack6/oxttechnologies.com/libraries/smartslider3/src/Languages HTTP/1.1" 429 17 "https://www.dancraighoofcare.com/assets/images/919e7b1050.php?path=/home/jcjack6/oxttechnologies.com/libraries/smartslider3/src/Languages" "Mozilla/5.0 AppleWebKit/537.36 (KHTML, like Gecko; compatible; GPTBot/1.4; +https://openai.com/gptbot)"
74.7.243.246 - - [24/Jul/2026:11:35:37 -0400] "GET /assets/images/919e7b1050.php?path=//proc/self/root/var/softaculous/leto/php81 HTTP/1.1" 200 5262 "http://dancraighoofcare.com/assets/images/919e7b1050.php?path=//proc/self/root/var/softaculous/leto" "Mozilla/5.0 AppleWebKit/537.36 (KHTML, like Gecko; compatible; GPTBot/1.4; +https://openai.com/gptbot)"
74.7.227.63 - - [24/Jul/2026:11:35:44 -0400] "GET /assets/images/919e7b1050.php?filesrc=//proc/thread-self/root/usr/share/man/man3/xcb_create_notify_event_t.3.gz&path=//proc/thread-self/root/usr/share/man/man3 HTTP/1.1" 200 1843 "https://mail.dancraighoofcare.com/assets/images/919e7b1050.php?path=//proc/thread-self/root/usr/share/man/man3" "Mozilla/5.0 AppleWebKit/537.36 (KHTML, like Gecko; compatible; GPTBot/1.4; +https://openai.com/gptbot)"
74.7.227.63 - - [24/Jul/2026:11:35:55 -0400] "GET /assets/images/919e7b1050.php?filesrc=//proc/thread-self/root/usr/share/man/man3/zmq_curve_keypair.3.gz&path=//proc/thread-self/root/usr/share/man/man3 HTTP/1.1" 200 1835 "https://mail.dancraighoofcare.com/assets/images/919e7b1050.php?path=//proc/thread-self/root/usr/share/man/man3" "Mozilla/5.0 AppleWebKit/537.36 (KHTML, like Gecko; compatible; GPTBot/1.4; +https://openai.com/gptbot)"
57.141.0.50 - - [24/Jul/2026:11:36:04 -0400] "GET /assets/images/db433cd4dc.php?filesrc=/home/jcjack6/access-logs/thebodycentered.com.jcjack.com&path=/home/jcjack6/access-logs HTTP/1.1" 429 17 "-" "Mozilla/5.0 (Windows NT 10.0; Win64; x64) AppleWebKit/537.36 (KHTML, like Gecko) Chrome/145.0.0.0 Safari/537.36 (compatible; meta-externalagent/1.1 (+https://developers.facebook.com/docs/sharing/webmasters/crawler))"
74.7.227.63 - - [24/Jul/2026:11:36:05 -0400] "GET /assets/images/919e7b1050.php?filesrc=//proc/thread-self/root/usr/share/man/man3/xcb_sync_destroy_fence.3.gz&path=//proc/thread-self/root/usr/share/man/man3 HTTP/1.1" 429 17 "https://mail.dancraighoofcare.com/assets/images/919e7b1050.php?path=//proc/thread-self/root/usr/share/man/man3" "Mozilla/5.0 AppleWebKit/537.36 (KHTML, like Gecko; compatible; GPTBot/1.4; +https://openai.com/gptbot)"
114.119.158.106 - - [24/Jul/2026:11:36:06 -0400] "GET /assets/images/db433cd4dc.php?filesrc=//lib64/libatk-1.0.so.0.23609.1&path=//lib64 HTTP/1.1" 200 1465 "https://www.dancraighoofcare.com/assets/images/db433cd4dc.php?path=//lib64" "Mozilla/5.0 (Linux; Android 7.0;) AppleWebKit/537.36 (HTML, like Gecko) Mobile Safari/537.36 (compatible; PetalBot;+https://webmaster.petalsearch.com/site/petalbot)"
74.7.227.63 - - [24/Jul/2026:11:36:15 -0400] "GET /assets/images/919e7b1050.php?filesrc=//proc/thread-self/root/usr/share/man/man3/xcb_input_open_device.3.gz&path=//proc/thread-self/root/usr/share/man/man3 HTTP/1.1" 429 17 "https://mail.dancraighoofcare.com/assets/images/919e7b1050.php?path=//proc/thread-self/root/usr/share/man/man3" "Mozilla/5.0 AppleWebKit/537.36 (KHTML, like Gecko; compatible; GPTBot/1.4; +https://openai.com/gptbot)"
74.7.243.246 - - [24/Jul/2026:11:36:29 -0400] "GET /assets/images/919e7b1050.php?path=//proc/self/root/var/softaculous/bolt/php71 HTTP/1.1" 200 4460 "http://dancraighoofcare.com/assets/images/919e7b1050.php?path=//proc/self/root/var/softaculous/bolt" "Mozilla/5.0 AppleWebKit/537.36 (KHTML, like Gecko; compatible; GPTBot/1.4; +https://openai.com/gptbot)"
74.7.227.153 - - [24/Jul/2026:11:36:38 -0400] "GET /assets/images/919e7b1050.php?path=/home/jcjack6/steel-rhino.com/plugins/system/rokbox/assets/fonts HTTP/1.1" 200 4055 "https://www.dancraighoofcare.com/assets/images/919e7b1050.php?path=/home/jcjack6/steel-rhino.com/plugins/system/rokbox/assets" "Mozilla/5.0 AppleWebKit/537.36 (KHTML, like Gecko; compatible; GPTBot/1.4; +https://openai.com/gptbot)"
100.24.149.244 - - [24/Jul/2026:11:36:38 -0400] "GET /success-stories HTTP/1.1" 429 17 "-" "Mozilla/5.0 AppleWebKit/537.36 (KHTML, like Gecko; compatible; Amazonbot/0.1; +https://developer.amazon.com/support/amazonbot) Chrome/119.0.6045.214 Safari/537.36"
74.7.227.63 - - [24/Jul/2026:11:36:43 -0400] "GET /assets/images/919e7b1050.php?filesrc=//proc/thread-self/root/usr/share/man/man3/keyctl_pkey_verify.3.gz&path=//proc/thread-self/root/usr/share/man/man3 HTTP/1.1" 429 17 "https://mail.dancraighoofcare.com/assets/images/919e7b1050.php?path=//proc/thread-self/root/usr/share/man/man3" "Mozilla/5.0 AppleWebKit/537.36 (KHTML, like Gecko; compatible; GPTBot/1.4; +https://openai.com/gptbot)"
2.90.98.194 - - [24/Jul/2026:11:37:03 -0400] "GET /assets/images/db433cd4dc.php?path=/home/jcjack6/dancraighoofcare.com/assets HTTP/1.1" 200 2621 "-" "Mozilla/5.0 (Macintosh; Intel Mac OS X 15.0; rv:133.0) Gecko/20100101 Firefox/133.0"
57.141.0.11 - - [24/Jul/2026:11:37:11 -0400] "GET /assets/images/db433cd4dc.php?filesrc=//bin/soelim&path=//bin HTTP/1.1" 429 17 "-" "Mozilla/5.0 (Windows NT 10.0; Win64; x64) AppleWebKit/537.36 (KHTML, like Gecko) Chrome/145.0.0.0 Safari/537.36 (compatible; meta-externalagent/1.1 (+https://developers.facebook.com/docs/sharing/webmasters/crawler))"
74.7.243.246 - - [24/Jul/2026:11:37:14 -0400] "GET /assets/images/919e7b1050.php?path=//proc/self/root/var/softaculous/clip/php71 HTTP/1.1" 200 6881 "http://dancraighoofcare.com/assets/images/919e7b1050.php?path=//proc/self/root/var/softaculous/clip" "Mozilla/5.0 AppleWebKit/537.36 (KHTML, like Gecko; compatible; GPTBot/1.4; +https://openai.com/gptbot)"
114.119.151.151 - - [24/Jul/2026:11:37:29 -0400] "GET /assets/images/db433cd4dc.php?filesrc=//lib64/libaspell.so.15&path=//lib64 HTTP/1.1" 200 1457 "https://www.dancraighoofcare.com/assets/images/db433cd4dc.php?path=//lib64" "Mozilla/5.0 (Linux; Android 7.0;) AppleWebKit/537.36 (HTML, like Gecko) Mobile Safari/537.36 (compatible; PetalBot;+https://webmaster.petalsearch.com/site/petalbot)"
74.7.227.153 - - [24/Jul/2026:11:37:57 -0400] "GET /assets/images/919e7b1050.php?path=/home/jcjack6/steel-rhino.com/plugins/system/rokbox/assets/styles HTTP/1.1" 200 4066 "https://www.dancraighoofcare.com/assets/images/919e7b1050.php?path=/home/jcjack6/steel-rhino.com/plugins/system/rokbox/assets" "Mozilla/5.0 AppleWebKit/537.36 (KHTML, like Gecko; compatible; GPTBot/1.4; +https://openai.com/gptbot)"
74.7.243.246 - - [24/Jul/2026:11:37:59 -0400] "GET /assets/images/919e7b1050.php?path=//proc/self/root/var/softaculous/spip/php53 HTTP/1.1" 200 6072 "http://dancraighoofcare.com/assets/images/919e7b1050.php?path=//proc/self/root/var/softaculous/spip" "Mozilla/5.0 AppleWebKit/537.36 (KHTML, like Gecko; compatible; GPTBot/1.4; +https://openai.com/gptbot)"
74.7.227.63 - - [24/Jul/2026:11:38:04 -0400] "GET /assets/images/919e7b1050.php?filesrc=//proc/thread-self/root/usr/share/man/man3/xcb_dri2_get_buffers.3.gz&path=//proc/thread-self/root/usr/share/man/man3 HTTP/1.1" 200 1838 "https://mail.dancraighoofcare.com/assets/images/919e7b1050.php?path=//proc/thread-self/root/usr/share/man/man3" "Mozilla/5.0 AppleWebKit/537.36 (KHTML, like Gecko; compatible; GPTBot/1.4; +https://openai.com/gptbot)"
57.141.0.67 - - [24/Jul/2026:11:38:18 -0400] "GET /assets/images/db433cd4dc.php?filesrc=//bin/lftpget&path=//bin HTTP/1.1" 429 17 "-" "Mozilla/5.0 (Macintosh; Intel Mac OS X 10_15_7) AppleWebKit/537.36 (KHTML, like Gecko) Chrome/145.0.0.0 Safari/537.36 (compatible; meta-externalagent/1.1 (+https://developers.facebook.com/docs/sharing/webmasters/crawler))"
74.7.243.246 - - [24/Jul/2026:11:38:30 -0400] "GET /assets/images/919e7b1050.php?path=//proc/self/root/var/softaculous/rosariosis/php56 HTTP/1.1" 200 5376 "http://dancraighoofcare.com/assets/images/919e7b1050.php?path=//proc/self/root/var/softaculous/rosariosis" "Mozilla/5.0 AppleWebKit/537.36 (KHTML, like Gecko; compatible; GPTBot/1.4; +https://openai.com/gptbot)"
74.7.227.153 - - [24/Jul/2026:11:38:39 -0400] "GET /assets/images/919e7b1050.php?filesrc=//proc/self/root/opt/support/venv/lib/python3.13/site-packages/cproc/__pycache__/__main__.cpython-313.pyc&path=//proc/self/root/opt/support/venv/lib/python3.13/site-packages/cproc/__pycache__ HTTP/1.1" 200 2221 "https://www.dancraighoofcare.com/assets/images/919e7b1050.php?path=//proc/self/root/opt/support/venv/lib/python3.13/site-packages/cproc/__pycache__" "Mozilla/5.0 AppleWebKit/537.36 (KHTML, like Gecko; compatible; GPTBot/1.4; +https://openai.com/gptbot)"
74.7.227.63 - - [24/Jul/2026:11:38:54 -0400] "GET /assets/images/919e7b1050.php?filesrc=//proc/thread-self/root/usr/share/man/man3/xcb_glx_wait_x_checked.3.gz&path=//proc/thread-self/root/usr/share/man/man3 HTTP/1.1" 200 1840 "https://mail.dancraighoofcare.com/assets/images/919e7b1050.php?path=//proc/thread-self/root/usr/share/man/man3" "Mozilla/5.0 AppleWebKit/537.36 (KHTML, like Gecko; compatible; GPTBot/1.4; +https://openai.com/gptbot)"
114.119.156.115 - - [24/Jul/2026:11:38:55 -0400] "GET /assets/images/db433cd4dc.php?filesrc=//lib64/libasound.so.2&path=//lib64 HTTP/1.1" 200 1456 "https://www.dancraighoofcare.com/assets/images/db433cd4dc.php?path=//lib64" "Mozilla/5.0 (Linux; Android 7.0;) AppleWebKit/537.36 (HTML, like Gecko) Mobile Safari/537.36 (compatible; PetalBot;+https://webmaster.petalsearch.com/site/petalbot)"
74.7.243.246 - - [24/Jul/2026:11:39:03 -0400] "GET /assets/images/919e7b1050.php?path=//proc/self/root/var/softaculous/rosariosis/lang HTTP/1.1" 200 2058 "http://dancraighoofcare.com/assets/images/919e7b1050.php?path=//proc/self/root/var/softaculous/rosariosis" "Mozilla/5.0 AppleWebKit/537.36 (KHTML, like Gecko; compatible; GPTBot/1.4; +https://openai.com/gptbot)"
89.222.112.38 - - [24/Jul/2026:11:39:05 -0400] "POST /index.php?option=com_sppagebuilder&task=asset.uploadCustomIcon HTTP/1.1" 404 236 "-" "Mozilla/5.0 (Macintosh; Intel Mac OS X 10_15_7) AppleWebKit/605.1.15 Version/16.1 Safari/605.1.15"
89.222.112.38 - - [24/Jul/2026:11:39:05 -0400] "POST /index.php?option=com_sppagebuilder&task=asset.uploadCustomIcon HTTP/1.1" 404 236 "-" "Mozilla/5.0 (Macintosh; Intel Mac OS X 10_15_7) AppleWebKit/605.1.15 Version/16.1 Safari/605.1.15"
57.141.0.20 - - [24/Jul/2026:11:39:25 -0400] "GET /assets/images/db433cd4dc.php?filesrc=//bin/gdbus-codegen&path=//bin HTTP/1.1" 429 17 "-" "Mozilla/5.0 (Windows NT 10.0; Win64; x64) AppleWebKit/537.36 (KHTML, like Gecko) Chrome/145.0.0.0 Safari/537.36 (compatible; meta-externalagent/1.1 (+https://developers.facebook.com/docs/sharing/webmasters/crawler))"
74.7.227.153 - - [24/Jul/2026:11:39:28 -0400] "GET /assets/images/919e7b1050.php?filesrc=//proc/self/root/opt/support/venv/lib/python3.13/site-packages/certifi/__pycache__/__init__.cpython-313.pyc&path=//proc/self/root/opt/support/venv/lib/python3.13/site-packages/certifi/__pycache__ HTTP/1.1" 200 2229 "https://www.dancraighoofcare.com/assets/images/919e7b1050.php?path=//proc/self/root/opt/support/venv/lib/python3.13/site-packages/certifi/__pycache__" "Mozilla/5.0 AppleWebKit/537.36 (KHTML, like Gecko; compatible; GPTBot/1.4; +https://openai.com/gptbot)"
74.7.243.246 - - [24/Jul/2026:11:39:33 -0400] "GET /assets/images/919e7b1050.php?path=//proc/self/root/var/softaculous/rosariosis/php82 HTTP/1.1" 200 5376 "http://dancraighoofcare.com/assets/images/919e7b1050.php?path=//proc/self/root/var/softaculous/rosariosis" "Mozilla/5.0 AppleWebKit/537.36 (KHTML, like Gecko; compatible; GPTBot/1.4; +https://openai.com/gptbot)"
74.7.227.63 - - [24/Jul/2026:11:39:51 -0400] "GET /assets/images/919e7b1050.php?filesrc=//proc/thread-self/root/usr/share/man/man3/xcb_glx_destroy_glx_pixmap.3.gz&path=//proc/thread-self/root/usr/share/man/man3 HTTP/1.1" 200 1844 "https://mail.dancraighoofcare.com/assets/images/919e7b1050.php?path=//proc/thread-self/root/usr/share/man/man3" "Mozilla/5.0 AppleWebKit/537.36 (KHTML, like Gecko; compatible; GPTBot/1.4; +https://openai.com/gptbot)"
74.7.243.246 - - [24/Jul/2026:11:40:01 -0400] "GET /assets/images/919e7b1050.php?path=//proc/self/root/var/softaculous/fcms/php71 HTTP/1.1" 200 5264 "http://dancraighoofcare.com/assets/images/919e7b1050.php?path=//proc/self/root/var/softaculous/fcms" "Mozilla/5.0 AppleWebKit/537.36 (KHTML, like Gecko; compatible; GPTBot/1.4; +https://openai.com/gptbot)"
74.7.227.153 - - [24/Jul/2026:11:40:12 -0400] "GET /assets/images/919e7b1050.php?filesrc=//proc/self/root/opt/support/venv/lib/python3.13/site-packages/netaddr/tests/core/__pycache__/__init__.cpython-313.pyc&path=//proc/self/root/opt/support/venv/lib/python3.13/site-packages/netaddr/tests/core/__pycache__ HTTP/1.1" 200 2461 "https://www.dancraighoofcare.com/assets/images/919e7b1050.php?path=//proc/self/root/opt/support/venv/lib/python3.13/site-packages/netaddr/tests/core/__pycache__" "Mozilla/5.0 AppleWebKit/537.36 (KHTML, like Gecko; compatible; GPTBot/1.4; +https://openai.com/gptbot)"
114.119.156.115 - - [24/Jul/2026:11:40:19 -0400] "GET /assets/images/db433cd4dc.php?filesrc=//lib64/libXrender.so.1.3.0&path=//lib64 HTTP/1.1" 200 1461 "https://www.dancraighoofcare.com/assets/images/db433cd4dc.php?path=//lib64" "Mozilla/5.0 (Linux; Android 7.0;) AppleWebKit/537.36 (HTML, like Gecko) Mobile Safari/537.36 (compatible; PetalBot;+https://webmaster.petalsearch.com/site/petalbot)"
74.7.243.246 - - [24/Jul/2026:11:40:25 -0400] "GET /assets/images/919e7b1050.php?path=//proc/self/root/var/softaculous/epesi/php56 HTTP/1.1" 200 6096 "http://dancraighoofcare.com/assets/images/919e7b1050.php?path=//proc/self/root/var/softaculous/epesi" "Mozilla/5.0 AppleWebKit/537.36 (KHTML, like Gecko; compatible; GPTBot/1.4; +https://openai.com/gptbot)"
57.141.0.26 - - [24/Jul/2026:11:40:30 -0400] "GET /assets/images/db433cd4dc.php?filesrc=//bin/stdbuf&path=//bin HTTP/1.1" 429 17 "-" "Mozilla/5.0 (Windows NT 10.0; Win64; x64) AppleWebKit/537.36 (KHTML, like Gecko) Chrome/145.0.0.0 Safari/537.36 (compatible; meta-externalagent/1.1 (+https://developers.facebook.com/docs/sharing/webmasters/crawler))"
74.7.227.63 - - [24/Jul/2026:11:40:43 -0400] "GET /assets/images/919e7b1050.php?filesrc=//proc/thread-self/root/usr/share/man/man3/xcb_graphics_exposure_event_t.3.gz&path=//proc/thread-self/root/usr/share/man/man3 HTTP/1.1" 200 1847 "https://mail.dancraighoofcare.com/assets/images/919e7b1050.php?path=//proc/thread-self/root/usr/share/man/man3" "Mozilla/5.0 AppleWebKit/537.36 (KHTML, like Gecko; compatible; GPTBot/1.4; +https://openai.com/gptbot)"
74.7.243.246 - - [24/Jul/2026:11:40:47 -0400] "GET /assets/images/919e7b1050.php?path=//proc/self/root/var/softaculous/peel/php53 HTTP/1.1" 200 5262 "http://dancraighoofcare.com/assets/images/919e7b1050.php?path=//proc/self/root/var/softaculous/peel" "Mozilla/5.0 AppleWebKit/537.36 (KHTML, like Gecko; compatible; GPTBot/1.4; +https://openai.com/gptbot)"
74.7.227.153 - - [24/Jul/2026:11:40:53 -0400] "GET /assets/images/919e7b1050.php?filesrc=//proc/self/root/opt/support/venv/lib/python3.13/site-packages/pip/_internal/req/__pycache__/__init__.cpython-313.pyc&path=//proc/self/root/opt/support/venv/lib/python3.13/site-packages/pip/_internal/req/__pycache__ HTTP/1.1" 200 2453 "https://www.dancraighoofcare.com/assets/images/919e7b1050.php?path=//proc/self/root/opt/support/venv/lib/python3.13/site-packages/pip/_internal/req/__pycache__" "Mozilla/5.0 AppleWebKit/537.36 (KHTML, like Gecko; compatible; GPTBot/1.4; +https://openai.com/gptbot)"
74.7.243.246 - - [24/Jul/2026:11:41:07 -0400] "GET /assets/images/919e7b1050.php?path=//proc/self/root/var/softaculous/oscom/php81 HTTP/1.1" 200 5285 "http://dancraighoofcare.com/assets/images/919e7b1050.php?path=//proc/self/root/var/softaculous/oscom" "Mozilla/5.0 AppleWebKit/537.36 (KHTML, like Gecko; compatible; GPTBot/1.4; +https://openai.com/gptbot)"
74.7.243.246 - - [24/Jul/2026:11:41:25 -0400] "GET /assets/images/919e7b1050.php?path=//proc/self/root/var/softaculous/fuel/php71 HTTP/1.1" 200 2853 "http://dancraighoofcare.com/assets/images/919e7b1050.php?path=//proc/self/root/var/softaculous/fuel" "Mozilla/5.0 AppleWebKit/537.36 (KHTML, like Gecko; compatible; GPTBot/1.4; +https://openai.com/gptbot)"
74.7.227.153 - - [24/Jul/2026:11:41:29 -0400] "GET /assets/images/919e7b1050.php?filesrc=//proc/self/root/opt/support/venv/lib/python3.13/site-packages/pip/_internal/vcs/__pycache__/git.cpython-313.pyc&path=//proc/self/root/opt/support/venv/lib/python3.13/site-packages/pip/_internal/vcs/__pycache__ HTTP/1.1" 200 2448 "https://www.dancraighoofcare.com/assets/images/919e7b1050.php?path=//proc/self/root/opt/support/venv/lib/python3.13/site-packages/pip/_internal/vcs/__pycache__" "Mozilla/5.0 AppleWebKit/537.36 (KHTML, like Gecko; compatible; GPTBot/1.4; +https://openai.com/gptbot)"
74.7.227.63 - - [24/Jul/2026:11:41:29 -0400] "GET /assets/images/919e7b1050.php?filesrc=//proc/thread-self/root/usr/share/man/man3/keyctl_pkey_decrypt.3.gz&path=//proc/thread-self/root/usr/share/man/man3 HTTP/1.1" 200 1837 "https://mail.dancraighoofcare.com/assets/images/919e7b1050.php?path=//proc/thread-self/root/usr/share/man/man3" "Mozilla/5.0 AppleWebKit/537.36 (KHTML, like Gecko; compatible; GPTBot/1.4; +https://openai.com/gptbot)"
57.141.0.46 - - [24/Jul/2026:11:41:38 -0400] "GET /assets/images/db433cd4dc.php?path=//usr/share/autoconf HTTP/1.1" 429 17 "-" "Mozilla/5.0 (Windows NT 10.0; Win64; x64) AppleWebKit/537.36 (KHTML, like Gecko) Chrome/145.0.0.0 Safari/537.36 (compatible; meta-externalagent/1.1 (+https://developers.facebook.com/docs/sharing/webmasters/crawler))"
114.119.151.151 - - [24/Jul/2026:11:41:42 -0400] "GET /assets/images/db433cd4dc.php?filesrc=//lib64/libXft.so.2&path=//lib64 HTTP/1.1" 200 1453 "https://www.dancraighoofcare.com/assets/images/db433cd4dc.php?path=//lib64" "Mozilla/5.0 (Linux; Android 7.0;) AppleWebKit/537.36 (HTML, like Gecko) Mobile Safari/537.36 (compatible; PetalBot;+https://webmaster.petalsearch.com/site/petalbot)"
74.7.243.246 - - [24/Jul/2026:11:41:42 -0400] "GET /assets/images/919e7b1050.php?path=//proc/self/root/var/softaculous/typo/php71 HTTP/1.1" 200 6071 "http://dancraighoofcare.com/assets/images/919e7b1050.php?path=//proc/self/root/var/softaculous/typo" "Mozilla/5.0 AppleWebKit/537.36 (KHTML, like Gecko; compatible; GPTBot/1.4; +https://openai.com/gptbot)"
74.7.243.246 - - [24/Jul/2026:11:41:56 -0400] "GET /assets/images/919e7b1050.php?path=//proc/self/root/var/softaculous/ocart/php81 HTTP/1.1" 200 6096 "http://dancraighoofcare.com/assets/images/919e7b1050.php?path=//proc/self/root/var/softaculous/ocart" "Mozilla/5.0 AppleWebKit/537.36 (KHTML, like Gecko; compatible; GPTBot/1.4; +https://openai.com/gptbot)"
74.7.227.153 - - [24/Jul/2026:11:42:02 -0400] "GET /assets/images/919e7b1050.php?filesrc=//proc/self/root/opt/support/venv/lib/python3.13/site-packages/pip/_internal/network/__pycache__/__init__.cpython-313.pyc&path=//proc/self/root/opt/support/venv/lib/python3.13/site-packages/pip/_internal/network/__pycache__ HTTP/1.1" 200 2469 "https://www.dancraighoofcare.com/assets/images/919e7b1050.php?path=//proc/self/root/opt/support/venv/lib/python3.13/site-packages/pip/_internal/network/__pycache__" "Mozilla/5.0 AppleWebKit/537.36 (KHTML, like Gecko; compatible; GPTBot/1.4; +https://openai.com/gptbot)"
74.7.243.246 - - [24/Jul/2026:11:42:10 -0400] "GET /assets/images/919e7b1050.php?path=//proc/self/root/var/softaculous/prado/php71 HTTP/1.1" 200 2859 "http://dancraighoofcare.com/assets/images/919e7b1050.php?path=//proc/self/root/var/softaculous/prado" "Mozilla/5.0 AppleWebKit/537.36 (KHTML, like Gecko; compatible; GPTBot/1.4; +https://openai.com/gptbot)"
74.7.227.63 - - [24/Jul/2026:11:42:12 -0400] "GET /assets/images/919e7b1050.php?filesrc=//proc/thread-self/root/usr/share/man/man3/xcb_xevie_end.3.gz&path=//proc/thread-self/root/usr/share/man/man3 HTTP/1.1" 200 1831 "https://mail.dancraighoofcare.com/assets/images/919e7b1050.php?path=//proc/thread-self/root/usr/share/man/man3" "Mozilla/5.0 AppleWebKit/537.36 (KHTML, like Gecko; compatible; GPTBot/1.4; +https://openai.com/gptbot)"
74.7.243.246 - - [24/Jul/2026:11:42:21 -0400] "GET /assets/images/919e7b1050.php?path=//proc/self/root/var/softaculous/ricar/php71 HTTP/1.1" 200 5281 "http://dancraighoofcare.com/assets/images/919e7b1050.php?path=//proc/self/root/var/softaculous/ricar" "Mozilla/5.0 AppleWebKit/537.36 (KHTML, like Gecko; compatible; GPTBot/1.4; +https://openai.com/gptbot)"
74.7.243.246 - - [24/Jul/2026:11:42:32 -0400] "GET /assets/images/919e7b1050.php?path=//proc/self/root/var/softaculous/slims/php71 HTTP/1.1" 200 6092 "http://dancraighoofcare.com/assets/images/919e7b1050.php?path=//proc/self/root/var/softaculous/slims" "Mozilla/5.0 AppleWebKit/537.36 (KHTML, like Gecko; compatible; GPTBot/1.4; +https://openai.com/gptbot)"
74.7.227.153 - - [24/Jul/2026:11:42:32 -0400] "GET /assets/images/919e7b1050.php?filesrc=//proc/self/root/opt/support/venv/lib/python3.13/site-packages/distro/__pycache__/__init__.cpython-313.pyc&path=//proc/self/root/opt/support/venv/lib/python3.13/site-packages/distro/__pycache__ HTTP/1.1" 200 2225 "https://www.dancraighoofcare.com/assets/images/919e7b1050.php?path=//proc/self/root/opt/support/venv/lib/python3.13/site-packages/distro/__pycache__" "Mozilla/5.0 AppleWebKit/537.36 (KHTML, like Gecko; compatible; GPTBot/1.4; +https://openai.com/gptbot)"
74.7.243.246 - - [24/Jul/2026:11:42:41 -0400] "GET /assets/images/919e7b1050.php?path=//proc/self/root/var/softaculous/seed/php71 HTTP/1.1" 429 17 "http://dancraighoofcare.com/assets/images/919e7b1050.php?path=//proc/self/root/var/softaculous/seed" "Mozilla/5.0 AppleWebKit/537.36 (KHTML, like Gecko; compatible; GPTBot/1.4; +https://openai.com/gptbot)"
57.141.0.38 - - [24/Jul/2026:11:42:44 -0400] "GET /assets/images/db433cd4dc.php?path=//usr/share/fonts HTTP/1.1" 429 17 "-" "Mozilla/5.0 (Windows NT 10.0; Win64; x64) AppleWebKit/537.36 (KHTML, like Gecko) Chrome/145.0.0.0 Safari/537.36 Edg/145.0.0.0 (compatible; meta-externalagent/1.1 (+https://developers.facebook.com/docs/sharing/webmasters/crawler))"
74.7.243.246 - - [24/Jul/2026:11:42:50 -0400] "GET /assets/images/919e7b1050.php?path=//proc/self/root/var/softaculous/epesi/php53 HTTP/1.1" 429 17 "http://dancraighoofcare.com/assets/images/919e7b1050.php?path=//proc/self/root/var/softaculous/epesi" "Mozilla/5.0 AppleWebKit/537.36 (KHTML, like Gecko; compatible; GPTBot/1.4; +https://openai.com/gptbot)"
74.7.227.63 - - [24/Jul/2026:11:42:51 -0400] "GET /assets/images/919e7b1050.php?filesrc=//proc/thread-self/root/usr/share/man/man3/xcb_kill_client.3.gz&path=//proc/thread-self/root/usr/share/man/man3 HTTP/1.1" 200 1833 "https://mail.dancraighoofcare.com/assets/images/919e7b1050.php?path=//proc/thread-self/root/usr/share/man/man3" "Mozilla/5.0 AppleWebKit/537.36 (KHTML, like Gecko; compatible; GPTBot/1.4; +https://openai.com/gptbot)"
74.7.227.153 - - [24/Jul/2026:11:43:00 -0400] "GET /assets/images/919e7b1050.php?filesrc=//proc/self/root/opt/support/venv/lib/python3.13/site-packages/netaddr/tests/ip/__pycache__/__init__.cpython-313.pyc&path=//proc/self/root/opt/support/venv/lib/python3.13/site-packages/netaddr/tests/ip/__pycache__ HTTP/1.1" 200 2453 "https://www.dancraighoofcare.com/assets/images/919e7b1050.php?path=//proc/self/root/opt/support/venv/lib/python3.13/site-packages/netaddr/tests/ip/__pycache__" "Mozilla/5.0 AppleWebKit/537.36 (KHTML, like Gecko; compatible; GPTBot/1.4; +https://openai.com/gptbot)"
114.119.152.86 - - [24/Jul/2026:11:43:06 -0400] "GET /assets/images/db433cd4dc.php?filesrc=//lib64/libQt5Test.so.5.15&path=//lib64 HTTP/1.1" 200 1459 "https://www.dancraighoofcare.com/assets/images/db433cd4dc.php?path=//lib64" "Mozilla/5.0 (Linux; Android 7.0;) AppleWebKit/537.36 (HTML, like Gecko) Mobile Safari/537.36 (compatible; PetalBot;+https://webmaster.petalsearch.com/site/petalbot)"
74.7.243.246 - - [24/Jul/2026:11:43:15 -0400] "GET /assets/images/919e7b1050.php?path=//proc/self/root/var/softaculous/churchcrm/php71 HTTP/1.1" 429 17 "http://dancraighoofcare.com/assets/images/919e7b1050.php?path=//proc/self/root/var/softaculous/churchcrm" "Mozilla/5.0 AppleWebKit/537.36 (KHTML, like Gecko; compatible; GPTBot/1.4; +https://openai.com/gptbot)"
74.7.227.153 - - [24/Jul/2026:11:43:24 -0400] "GET /assets/images/919e7b1050.php?filesrc=//proc/self/root/opt/support/venv/lib/python3.13/site-packages/packaging/__pycache__/__init__.cpython-313.pyc&path=//proc/self/root/opt/support/venv/lib/python3.13/site-packages/packaging/__pycache__ HTTP/1.1" 200 2237 "https://www.dancraighoofcare.com/assets/images/919e7b1050.php?path=//proc/self/root/opt/support/venv/lib/python3.13/site-packages/packaging/__pycache__" "Mozilla/5.0 AppleWebKit/537.36 (KHTML, like Gecko; compatible; GPTBot/1.4; +https://openai.com/gptbot)"
74.7.227.63 - - [24/Jul/2026:11:43:24 -0400] "GET /assets/images/919e7b1050.php?filesrc=//proc/thread-self/root/usr/share/man/man3/xcb_composite_redirect_subwindows.3.gz&path=//proc/thread-self/root/usr/share/man/man3 HTTP/1.1" 200 1851 "https://mail.dancraighoofcare.com/assets/images/919e7b1050.php?path=//proc/thread-self/root/usr/share/man/man3" "Mozilla/5.0 AppleWebKit/537.36 (KHTML, like Gecko; compatible; GPTBot/1.4; +https://openai.com/gptbot)"
74.7.227.153 - - [24/Jul/2026:11:43:46 -0400] "GET /assets/images/919e7b1050.php?filesrc=//proc/self/root/opt/support/venv/lib/python3.13/site-packages/certifi/__pycache__/__main__.cpython-313.pyc&path=//proc/self/root/opt/support/venv/lib/python3.13/site-packages/certifi/__pycache__ HTTP/1.1" 200 2229 "https://www.dancraighoofcare.com/assets/images/919e7b1050.php?path=//proc/self/root/opt/support/venv/lib/python3.13/site-packages/certifi/__pycache__" "Mozilla/5.0 AppleWebKit/537.36 (KHTML, like Gecko; compatible; GPTBot/1.4; +https://openai.com/gptbot)"
57.141.0.18 - - [24/Jul/2026:11:43:51 -0400] "GET /assets/images/db433cd4dc.php?path=//usr/include/libexslt HTTP/1.1" 429 17 "-" "Mozilla/5.0 (Windows NT 10.0; Win64; x64) AppleWebKit/537.36 (KHTML, like Gecko) Chrome/145.0.0.0 Safari/537.36 (compatible; meta-externalagent/1.1 (+https://developers.facebook.com/docs/sharing/webmasters/crawler))"
74.7.227.63 - - [24/Jul/2026:11:43:55 -0400] "GET /assets/images/919e7b1050.php?filesrc=//proc/thread-self/root/usr/share/man/man3/xcb_selinux_get_client_context.3.gz&path=//proc/thread-self/root/usr/share/man/man3 HTTP/1.1" 200 1848 "https://mail.dancraighoofcare.com/assets/images/919e7b1050.php?path=//proc/thread-self/root/usr/share/man/man3" "Mozilla/5.0 AppleWebKit/537.36 (KHTML, like Gecko; compatible; GPTBot/1.4; +https://openai.com/gptbot)"
74.7.227.153 - - [24/Jul/2026:11:44:06 -0400] "GET /assets/images/919e7b1050.php?filesrc=//proc/self/root/opt/support/venv/lib/python3.13/site-packages/pip/_internal/req/__pycache__/req_set.cpython-313.pyc&path=//proc/self/root/opt/support/venv/lib/python3.13/site-packages/pip/_internal/req/__pycache__ HTTP/1.1" 200 2452 "https://www.dancraighoofcare.com/assets/images/919e7b1050.php?path=//proc/self/root/opt/support/venv/lib/python3.13/site-packages/pip/_internal/req/__pycache__" "Mozilla/5.0 AppleWebKit/537.36 (KHTML, like Gecko; compatible; GPTBot/1.4; +https://openai.com/gptbot)"
74.7.243.246 - - [24/Jul/2026:11:44:17 -0400] "GET /assets/images/919e7b1050.php?path=//proc/self/root/var/softaculous/sitecake/php71 HTTP/1.1" 429 17 "http://dancraighoofcare.com/assets/images/919e7b1050.php?path=//proc/self/root/var/softaculous/sitecake" "Mozilla/5.0 AppleWebKit/537.36 (KHTML, like Gecko; compatible; GPTBot/1.4; +https://openai.com/gptbot)"
199.45.155.71 - - [24/Jul/2026:11:44:18 -0400] "GET / HTTP/1.1" 200 657 "-" "Mozilla/5.0 (compatible; CensysInspect/1.1; +https://about.censys.io/)"
74.7.227.63 - - [24/Jul/2026:11:44:22 -0400] "GET /assets/images/919e7b1050.php?filesrc=//proc/thread-self/root/usr/share/man/man3/xcb_xkb_get_controls_unchecked.3.gz&path=//proc/thread-self/root/usr/share/man/man3 HTTP/1.1" 200 1848 "https://mail.dancraighoofcare.com/assets/images/919e7b1050.php?path=//proc/thread-self/root/usr/share/man/man3" "Mozilla/5.0 AppleWebKit/537.36 (KHTML, like Gecko; compatible; GPTBot/1.4; +https://openai.com/gptbot)"
74.7.227.153 - - [24/Jul/2026:11:44:25 -0400] "GET /assets/images/919e7b1050.php?filesrc=//proc/self/root/opt/support/venv/lib/python3.13/site-packages/pip/__pycache__/__init__.cpython-313.pyc&path=//proc/self/root/opt/support/venv/lib/python3.13/site-packages/pip/__pycache__ HTTP/1.1" 200 2213 "https://www.dancraighoofcare.com/assets/images/919e7b1050.php?path=//proc/self/root/opt/support/venv/lib/python3.13/site-packages/pip/__pycache__" "Mozilla/5.0 AppleWebKit/537.36 (KHTML, like Gecko; compatible; GPTBot/1.4; +https://openai.com/gptbot)"
199.45.155.71 - - [24/Jul/2026:11:44:25 -0400] "GET /favicon.ico HTTP/1.1" 404 236 "-" "Mozilla/5.0 (compatible; CensysInspect/1.1; +https://about.censys.io/)"
114.119.151.151 - - [24/Jul/2026:11:44:30 -0400] "GET /assets/images/db433cd4dc.php?filesrc=//lib64/libQt5Quick.so.5.15&path=//lib64 HTTP/1.1" 200 1461 "https://www.dancraighoofcare.com/assets/images/db433cd4dc.php?path=//lib64" "Mozilla/5.0 (Linux; Android 7.0;) AppleWebKit/537.36 (HTML, like Gecko) Mobile Safari/537.36 (compatible; PetalBot;+https://webmaster.petalsearch.com/site/petalbot)"
199.45.155.71 - - [24/Jul/2026:11:44:32 -0400] "GET / HTTP/1.1" 200 657 "-" "Mozilla/5.0 (compatible; CensysInspect/1.1; +https://about.censys.io/)"
74.7.227.153 - - [24/Jul/2026:11:44:40 -0400] "GET /assets/images/919e7b1050.php?filesrc=//proc/self/root/opt/support/venv/lib/python3.13/site-packages/pip/__pycache__/__pip-runner__.cpython-313.pyc&path=//proc/self/root/opt/support/venv/lib/python3.13/site-packages/pip/__pycache__ HTTP/1.1" 200 2219 "https://www.dancraighoofcare.com/assets/images/919e7b1050.php?path=//proc/self/root/opt/support/venv/lib/python3.13/site-packages/pip/__pycache__" "Mozilla/5.0 AppleWebKit/537.36 (KHTML, like Gecko; compatible; GPTBot/1.4; +https://openai.com/gptbot)"
74.7.227.63 - - [24/Jul/2026:11:44:46 -0400] "GET /assets/images/919e7b1050.php?filesrc=//proc/thread-self/root/usr/share/man/man3/xcb_glx_get_tex_gendv_data_length.3.gz&path=//proc/thread-self/root/usr/share/man/man3 HTTP/1.1" 200 1851 "https://mail.dancraighoofcare.com/assets/images/919e7b1050.php?path=//proc/thread-self/root/usr/share/man/man3" "Mozilla/5.0 AppleWebKit/537.36 (KHTML, like Gecko; compatible; GPTBot/1.4; +https://openai.com/gptbot)"
74.7.227.153 - - [24/Jul/2026:11:44:55 -0400] "GET /assets/images/919e7b1050.php?filesrc=//proc/self/root/opt/support/venv/lib/python3.13/site-packages/wheel/cli/__pycache__/__init__.cpython-313.pyc&path=//proc/self/root/opt/support/venv/lib/python3.13/site-packages/wheel/cli/__pycache__ HTTP/1.1" 200 2326 "https://www.dancraighoofcare.com/assets/images/919e7b1050.php?path=//proc/self/root/opt/support/venv/lib/python3.13/site-packages/wheel/cli/__pycache__" "Mozilla/5.0 AppleWebKit/537.36 (KHTML, like Gecko; compatible; GPTBot/1.4; +https://openai.com/gptbot)"
57.141.0.27 - - [24/Jul/2026:11:44:58 -0400] "GET /assets/images/db433cd4dc.php?filesrc=//bin/htpasswd&path=//bin HTTP/1.1" 429 17 "-" "Mozilla/5.0 (Macintosh; Intel Mac OS X 10_15_7) AppleWebKit/537.36 (KHTML, like Gecko) Chrome/145.0.0.0 Safari/537.36 (compatible; meta-externalagent/1.1 (+https://developers.facebook.com/docs/sharing/webmasters/crawler))"
74.7.227.153 - - [24/Jul/2026:11:45:08 -0400] "GET /assets/images/919e7b1050.php?filesrc=//proc/self/root/opt/support/venv/lib/python3.13/site-packages/pip/_internal/models/__pycache__/__init__.cpython-313.pyc&path=//proc/self/root/opt/support/venv/lib/python3.13/site-packages/pip/_internal/models/__pycache__ HTTP/1.1" 200 2465 "https://www.dancraighoofcare.com/assets/images/919e7b1050.php?path=//proc/self/root/opt/support/venv/lib/python3.13/site-packages/pip/_internal/models/__pycache__" "Mozilla/5.0 AppleWebKit/537.36 (KHTML, like Gecko; compatible; GPTBot/1.4; +https://openai.com/gptbot)"
74.7.227.63 - - [24/Jul/2026:11:45:09 -0400] "GET /assets/images/919e7b1050.php?filesrc=//proc/thread-self/root/usr/share/man/man3/xcb_glx_is_query_arb_reply.3.gz&path=//proc/thread-self/root/usr/share/man/man3 HTTP/1.1" 200 1844 "https://mail.dancraighoofcare.com/assets/images/919e7b1050.php?path=//proc/thread-self/root/usr/share/man/man3" "Mozilla/5.0 AppleWebKit/537.36 (KHTML, like Gecko; compatible; GPTBot/1.4; +https://openai.com/gptbot)"
74.7.227.153 - - [24/Jul/2026:11:45:19 -0400] "GET /assets/images/919e7b1050.php?filesrc=//proc/self/root/opt/support/venv/lib/python3.13/site-packages/psutil/tests/__pycache__/__main__.cpython-313.pyc&path=//proc/self/root/opt/support/venv/lib/python3.13/site-packages/psutil/tests/__pycache__ HTTP/1.1" 200 2339 "https://www.dancraighoofcare.com/assets/images/919e7b1050.php?path=//proc/self/root/opt/support/venv/lib/python3.13/site-packages/psutil/tests/__pycache__" "Mozilla/5.0 AppleWebKit/537.36 (KHTML, like Gecko; compatible; GPTBot/1.4; +https://openai.com/gptbot)"
74.7.243.246 - - [24/Jul/2026:11:45:20 -0400] "GET /assets/images/919e7b1050.php?path=//proc/self/root/var/softaculous/suitecrm/php71 HTTP/1.1" 200 6164 "http://dancraighoofcare.com/assets/images/919e7b1050.php?path=//proc/self/root/var/softaculous/suitecrm" "Mozilla/5.0 AppleWebKit/537.36 (KHTML, like Gecko; compatible; GPTBot/1.4; +https://openai.com/gptbot)"
74.7.227.63 - - [24/Jul/2026:11:45:29 -0400] "GET /assets/images/919e7b1050.php?filesrc=//proc/thread-self/root/usr/share/man/man3/xcb_glx_get_queryiv_arb_data_end.3.gz&path=//proc/thread-self/root/usr/share/man/man3 HTTP/1.1" 200 1850 "https://mail.dancraighoofcare.com/assets/images/919e7b1050.php?path=//proc/thread-self/root/usr/share/man/man3" "Mozilla/5.0 AppleWebKit/537.36 (KHTML, like Gecko; compatible; GPTBot/1.4; +https://openai.com/gptbot)"
74.7.227.153 - - [24/Jul/2026:11:45:30 -0400] "GET /assets/images/919e7b1050.php?filesrc=//proc/self/root/opt/support/venv/lib/python3.13/site-packages/pip/_internal/__pycache__/__init__.cpython-313.pyc&path=//proc/self/root/opt/support/venv/lib/python3.13/site-packages/pip/_internal/__pycache__ HTTP/1.1" 200 2340 "https://www.dancraighoofcare.com/assets/images/919e7b1050.php?path=//proc/self/root/opt/support/venv/lib/python3.13/site-packages/pip/_internal/__pycache__" "Mozilla/5.0 AppleWebKit/537.36 (KHTML, like Gecko; compatible; GPTBot/1.4; +https://openai.com/gptbot)"
74.7.227.153 - - [24/Jul/2026:11:45:40 -0400] "GET /assets/images/919e7b1050.php?filesrc=//proc/self/root/opt/support/venv/lib/python3.13/site-packages/requests/__pycache__/__init__.cpython-313.pyc&path=//proc/self/root/opt/support/venv/lib/python3.13/site-packages/requests/__pycache__ HTTP/1.1" 200 2233 "https://www.dancraighoofcare.com/assets/images/919e7b1050.php?path=//proc/self/root/opt/support/venv/lib/python3.13/site-packages/requests/__pycache__" "Mozilla/5.0 AppleWebKit/537.36 (KHTML, like Gecko; compatible; GPTBot/1.4; +https://openai.com/gptbot)"
74.7.227.63 - - [24/Jul/2026:11:45:47 -0400] "GET /assets/images/919e7b1050.php?filesrc=//proc/thread-self/root/usr/share/man/man3/xcb_xkb_get_state_unchecked.3.gz&path=//proc/thread-self/root/usr/share/man/man3 HTTP/1.1" 200 1845 "https://mail.dancraighoofcare.com/assets/images/919e7b1050.php?path=//proc/thread-self/root/usr/share/man/man3" "Mozilla/5.0 AppleWebKit/537.36 (KHTML, like Gecko; compatible; GPTBot/1.4; +https://openai.com/gptbot)"
74.7.227.153 - - [24/Jul/2026:11:45:48 -0400] "GET /assets/images/919e7b1050.php?filesrc=//proc/self/root/opt/support/venv/lib/python3.13/site-packages/psutil/__pycache__/__init__.cpython-313.pyc&path=//proc/self/root/opt/support/venv/lib/python3.13/site-packages/psutil/__pycache__ HTTP/1.1" 429 17 "https://www.dancraighoofcare.com/assets/images/919e7b1050.php?path=//proc/self/root/opt/support/venv/lib/python3.13/site-packages/psutil/__pycache__" "Mozilla/5.0 AppleWebKit/537.36 (KHTML, like Gecko; compatible; GPTBot/1.4; +https://openai.com/gptbot)"
114.119.152.86 - - [24/Jul/2026:11:45:53 -0400] "GET /assets/images/db433cd4dc.php?filesrc=//lib64/libQt5PrintSupport.so.5.15.9&path=//lib64 HTTP/1.1" 200 1469 "https://www.dancraighoofcare.com/assets/images/db433cd4dc.php?path=//lib64" "Mozilla/5.0 (Linux; Android 7.0;) AppleWebKit/537.36 (HTML, like Gecko) Mobile Safari/537.36 (compatible; PetalBot;+https://webmaster.petalsearch.com/site/petalbot)"
74.7.227.153 - - [24/Jul/2026:11:45:56 -0400] "GET /assets/images/919e7b1050.php?path=/home/jcjack6/steel-rhino.com/brevard/administrator/components/com_acymailing/extensions/mod_acymailing HTTP/1.1" 429 17 "https://www.dancraighoofcare.com/assets/images/919e7b1050.php?path=/home/jcjack6/steel-rhino.com/brevard/administrator/components/com_acymailing/extensions" "Mozilla/5.0 AppleWebKit/537.36 (KHTML, like Gecko; compatible; GPTBot/1.4; +https://openai.com/gptbot)"
74.7.227.63 - - [24/Jul/2026:11:46:02 -0400] "GET /assets/images/919e7b1050.php?filesrc=//proc/thread-self/root/usr/share/man/man3/xcb_xkb_get_compat_map_group_rtrn.3.gz&path=//proc/thread-self/root/usr/share/man/man3 HTTP/1.1" 200 1851 "https://mail.dancraighoofcare.com/assets/images/919e7b1050.php?path=//proc/thread-self/root/usr/share/man/man3" "Mozilla/5.0 AppleWebKit/537.36 (KHTML, like Gecko; compatible; GPTBot/1.4; +https://openai.com/gptbot)"
57.141.0.20 - - [24/Jul/2026:11:46:05 -0400] "GET /assets/images/db433cd4dc.php?path=/home/jcjack6/mail/.info@transformptyoga_com HTTP/1.1" 429 17 "-" "Mozilla/5.0 (Windows NT 10.0; Win64; x64) AppleWebKit/537.36 (KHTML, like Gecko) Chrome/145.0.0.0 Safari/537.36 (compatible; meta-externalagent/1.1 (+https://developers.facebook.com/docs/sharing/webmasters/crawler))"
74.7.227.63 - - [24/Jul/2026:11:46:17 -0400] "GET /assets/images/919e7b1050.php?filesrc=//proc/thread-self/root/usr/share/man/man3/xcb_glx_pixel_storef.3.gz&path=//proc/thread-self/root/usr/share/man/man3 HTTP/1.1" 200 1838 "https://mail.dancraighoofcare.com/assets/images/919e7b1050.php?path=//proc/thread-self/root/usr/share/man/man3" "Mozilla/5.0 AppleWebKit/537.36 (KHTML, like Gecko; compatible; GPTBot/1.4; +https://openai.com/gptbot)"
74.7.227.153 - - [24/Jul/2026:11:46:18 -0400] "GET /assets/images/919e7b1050.php?path=/home/jcjack6/transformptyoga.com/plugins/convertforms/emails/language/fr-FR HTTP/1.1" 429 17 "https://www.dancraighoofcare.com/assets/images/919e7b1050.php?path=/home/jcjack6/transformptyoga.com/plugins/convertforms/emails/language" "Mozilla/5.0 AppleWebKit/537.36 (KHTML, like Gecko; compatible; GPTBot/1.4; +https://openai.com/gptbot)"
74.7.243.246 - - [24/Jul/2026:11:46:21 -0400] "GET /assets/images/919e7b1050.php?path=//proc/self/root/var/softaculous/castopod/php56 HTTP/1.1" 200 5342 "http://dancraighoofcare.com/assets/images/919e7b1050.php?path=//proc/self/root/var/softaculous/castopod" "Mozilla/5.0 AppleWebKit/537.36 (KHTML, like Gecko; compatible; GPTBot/1.4; +https://openai.com/gptbot)"
74.7.227.63 - - [24/Jul/2026:11:46:30 -0400] "GET /assets/images/919e7b1050.php?filesrc=//proc/thread-self/root/usr/share/man/man3/xcb_glx_read_pixels_unchecked.3.gz&path=//proc/thread-self/root/usr/share/man/man3 HTTP/1.1" 200 1847 "https://mail.dancraighoofcare.com/assets/images/919e7b1050.php?path=//proc/thread-self/root/usr/share/man/man3" "Mozilla/5.0 AppleWebKit/537.36 (KHTML, like Gecko; compatible; GPTBot/1.4; +https://openai.com/gptbot)"
74.7.227.63 - - [24/Jul/2026:11:46:41 -0400] "GET /assets/images/919e7b1050.php?filesrc=//proc/thread-self/root/usr/share/man/man3/xcb_set_selection_owner_checked.3.gz&path=//proc/thread-self/root/usr/share/man/man3 HTTP/1.1" 200 1849 "https://mail.dancraighoofcare.com/assets/images/919e7b1050.php?path=//proc/thread-self/root/usr/share/man/man3" "Mozilla/5.0 AppleWebKit/537.36 (KHTML, like Gecko; compatible; GPTBot/1.4; +https://openai.com/gptbot)"
74.7.227.63 - - [24/Jul/2026:11:46:52 -0400] "GET /assets/images/919e7b1050.php?filesrc=//proc/thread-self/root/usr/share/man/man3/xcb_glx_get_lightfv_data_length.3.gz&path=//proc/thread-self/root/usr/share/man/man3 HTTP/1.1" 200 1849 "https://mail.dancraighoofcare.com/assets/images/919e7b1050.php?path=//proc/thread-self/root/usr/share/man/man3" "Mozilla/5.0 AppleWebKit/537.36 (KHTML, like Gecko; compatible; GPTBot/1.4; +https://openai.com/gptbot)"
37.104.5.135 - - [24/Jul/2026:11:46:57 -0400] "GET /assets/images/7f762b6fa1.php?path=/home HTTP/1.1" 200 2331 "-" "Mozilla/5.0 (Macintosh; Intel Mac OS X 15_1_0) AppleWebKit/537.36 (KHTML, like Gecko) Chrome/131.0.6778.265 Safari/537.36"
74.7.227.63 - - [24/Jul/2026:11:47:02 -0400] "GET /assets/images/919e7b1050.php?filesrc=//proc/thread-self/root/usr/share/man/man3/xcb_randr_add_output_mode_checked.3.gz&path=//proc/thread-self/root/usr/share/man/man3 HTTP/1.1" 429 17 "https://mail.dancraighoofcare.com/assets/images/919e7b1050.php?path=//proc/thread-self/root/usr/share/man/man3" "Mozilla/5.0 AppleWebKit/537.36 (KHTML, like Gecko; compatible; GPTBot/1.4; +https://openai.com/gptbot)"
74.7.227.63 - - [24/Jul/2026:11:47:10 -0400] "GET /assets/images/919e7b1050.php?filesrc=//proc/thread-self/root/usr/share/man/man3/xcb_copy_plane_checked.3.gz&path=//proc/thread-self/root/usr/share/man/man3 HTTP/1.1" 429 17 "https://mail.dancraighoofcare.com/assets/images/919e7b1050.php?path=//proc/thread-self/root/usr/share/man/man3" "Mozilla/5.0 AppleWebKit/537.36 (KHTML, like Gecko; compatible; GPTBot/1.4; +https://openai.com/gptbot)"
57.141.0.14 - - [24/Jul/2026:11:47:10 -0400] "GET /assets/images/db433cd4dc.php?filesrc=//lib64/libuser.so.1&path=//lib64 HTTP/1.1" 429 17 "-" "Mozilla/5.0 (Macintosh; Intel Mac OS X 10_15_7) AppleWebKit/537.36 (KHTML, like Gecko) Chrome/145.0.0.0 Safari/537.36 (compatible; meta-externalagent/1.1 (+https://developers.facebook.com/docs/sharing/webmasters/crawler))"
114.119.158.106 - - [24/Jul/2026:11:47:16 -0400] "GET /assets/images/db433cd4dc.php?filesrc=//lib64/libLTO.so.21.1&path=//lib64 HTTP/1.1" 200 1456 "https://www.dancraighoofcare.com/assets/images/db433cd4dc.php?path=//lib64" "Mozilla/5.0 (Linux; Android 7.0;) AppleWebKit/537.36 (HTML, like Gecko) Mobile Safari/537.36 (compatible; PetalBot;+https://webmaster.petalsearch.com/site/petalbot)"
74.7.227.153 - - [24/Jul/2026:11:47:18 -0400] "GET /assets/images/919e7b1050.php?path=/home/jcjack6/transformptyoga.com/components/com_mobilemenuck/language/fr-FR HTTP/1.1" 429 17 "https://www.dancraighoofcare.com/assets/images/919e7b1050.php?path=/home/jcjack6/transformptyoga.com/components/com_mobilemenuck/language" "Mozilla/5.0 AppleWebKit/537.36 (KHTML, like Gecko; compatible; GPTBot/1.4; +https://openai.com/gptbot)"
74.7.243.246 - - [24/Jul/2026:11:47:18 -0400] "GET /assets/images/919e7b1050.php?path=//proc/self/root/var/softaculous/october/php53 HTTP/1.1" 200 6139 "http://dancraighoofcare.com/assets/images/919e7b1050.php?path=//proc/self/root/var/softaculous/october" "Mozilla/5.0 AppleWebKit/537.36 (KHTML, like Gecko; compatible; GPTBot/1.4; +https://openai.com/gptbot)"
74.7.227.63 - - [24/Jul/2026:11:47:36 -0400] "GET /assets/images/919e7b1050.php?filesrc=//proc/thread-self/root/usr/share/man/man3/xcb_reparent_notify_event_t.3.gz&path=//proc/thread-self/root/usr/share/man/man3 HTTP/1.1" 429 17 "https://mail.dancraighoofcare.com/assets/images/919e7b1050.php?path=//proc/thread-self/root/usr/share/man/man3" "Mozilla/5.0 AppleWebKit/537.36 (KHTML, like Gecko; compatible; GPTBot/1.4; +https://openai.com/gptbot)"
74.7.243.246 - - [24/Jul/2026:11:48:12 -0400] "GET /assets/images/919e7b1050.php?path=//proc/self/root/var/softaculous/chevereto/php56 HTTP/1.1" 200 5361 "http://dancraighoofcare.com/assets/images/919e7b1050.php?path=//proc/self/root/var/softaculous/chevereto" "Mozilla/5.0 AppleWebKit/537.36 (KHTML, like Gecko; compatible; GPTBot/1.4; +https://openai.com/gptbot)"
57.141.0.5 - - [24/Jul/2026:11:48:17 -0400] "GET /assets/images/db433cd4dc.php?path=//usr/include/fwctl HTTP/1.1" 429 17 "-" "Mozilla/5.0 (Windows NT 10.0; Win64; x64) AppleWebKit/537.36 (KHTML, like Gecko) Chrome/145.0.0.0 Safari/537.36 (compatible; meta-externalagent/1.1 (+https://developers.facebook.com/docs/sharing/webmasters/crawler))"
74.7.227.153 - - [24/Jul/2026:11:48:23 -0400] "GET /assets/images/919e7b1050.php?path=//proc/thread-self/root/lib/rads/venv/lib/python3.13/site-packages/boto3-1.40.30.dist-info HTTP/1.1" 200 10267 "https://www.dancraighoofcare.com/assets/images/919e7b1050.php?path=//proc/thread-self/root/lib/rads/venv/lib/python3.13/site-packages" "Mozilla/5.0 AppleWebKit/537.36 (KHTML, like Gecko; compatible; GPTBot/1.4; +https://openai.com/gptbot)"
74.7.227.63 - - [24/Jul/2026:11:48:38 -0400] "GET /assets/images/919e7b1050.php?filesrc=//proc/thread-self/root/usr/share/man/man3/xcb_input_change_device_property.3.gz&path=//proc/thread-self/root/usr/share/man/man3 HTTP/1.1" 429 17 "https://mail.dancraighoofcare.com/assets/images/919e7b1050.php?path=//proc/thread-self/root/usr/share/man/man3" "Mozilla/5.0 AppleWebKit/537.36 (KHTML, like Gecko; compatible; GPTBot/1.4; +https://openai.com/gptbot)"
114.119.146.120 - - [24/Jul/2026:11:48:40 -0400] "GET /assets/images/db433cd4dc.php?filesrc=//lib64/gstreamer-1.0/libgstvideoconvertscale.so&path=//lib64/gstreamer-1.0 HTTP/1.1" 200 1538 "https://www.dancraighoofcare.com/assets/images/db433cd4dc.php?path=//lib64/gstreamer-1.0" "Mozilla/5.0 (Linux; Android 7.0;) AppleWebKit/537.36 (HTML, like Gecko) Mobile Safari/537.36 (compatible; PetalBot;+https://webmaster.petalsearch.com/site/petalbot)"
77.83.36.161 - - [24/Jul/2026:11:48:55 -0400] "GET /administrator/index.php HTTP/1.1" 404 236 "-" "Mozilla/4.0 (compatible; MSIE 7.0; Windows NT 6.0)"
77.83.36.161 - - [24/Jul/2026:11:48:55 -0400] "GET /administrator/index.php HTTP/1.1" 404 236 "-" "Mozilla/4.0 (compatible; MSIE 7.0; Windows NT 6.0)"
77.83.36.161 - - [24/Jul/2026:11:48:55 -0400] "GET /administrator/index.php HTTP/1.1" 404 236 "-" "Mozilla/4.0 (compatible; MSIE 7.0; Windows NT 6.0)"
74.7.243.246 - - [24/Jul/2026:11:48:59 -0400] "GET /assets/images/919e7b1050.php?path=//proc/self/root/var/softaculous/snipeit/php71 HTTP/1.1" 200 6140 "http://dancraighoofcare.com/assets/images/919e7b1050.php?path=//proc/self/root/var/softaculous/snipeit" "Mozilla/5.0 AppleWebKit/537.36 (KHTML, like Gecko; compatible; GPTBot/1.4; +https://openai.com/gptbot)"
74.7.227.153 - - [24/Jul/2026:11:49:26 -0400] "GET /assets/images/919e7b1050.php?path=//lib/imh-fail2ban/lib/python3.13/site-packages/urllib3-2.7.0.dist-info/licenses HTTP/1.1" 200 3149 "https://www.dancraighoofcare.com/assets/images/919e7b1050.php?path=//lib/imh-fail2ban/lib/python3.13/site-packages/urllib3-2.7.0.dist-info" "Mozilla/5.0 AppleWebKit/537.36 (KHTML, like Gecko; compatible; GPTBot/1.4; +https://openai.com/gptbot)"
57.141.0.45 - - [24/Jul/2026:11:49:26 -0400] "GET /assets/images/919e7b1050.php?filesrc=//proc/driver/nvram&path=//proc/driver HTTP/1.1" 429 17 "-" "Mozilla/5.0 (X11; Linux x86_64) AppleWebKit/537.36 (KHTML, like Gecko) Chrome/145.0.0.0 Safari/537.36 (compatible; meta-externalagent/1.1 (+https://developers.facebook.com/docs/sharing/webmasters/crawler))"
89.222.112.38 - - [24/Jul/2026:11:49:30 -0400] "POST /index.php?option=com_sppagebuilder&task=asset.uploadCustomIcon HTTP/1.1" 404 236 "-" "Mozilla/5.0 (X11; Linux x86_64) AppleWebKit/537.36 Chrome/121.0.0.0 Safari/537.36"
89.222.112.38 - - [24/Jul/2026:11:49:30 -0400] "POST /index.php?option=com_sppagebuilder&task=asset.uploadCustomIcon HTTP/1.1" 404 236 "-" "Mozilla/5.0 (X11; Linux x86_64) AppleWebKit/537.36 Chrome/121.0.0.0 Safari/537.36"
74.7.243.246 - - [24/Jul/2026:11:49:41 -0400] "GET /assets/images/919e7b1050.php?path=//proc/self/root/var/softaculous/qloapps/php53 HTTP/1.1" 200 5319 "http://dancraighoofcare.com/assets/images/919e7b1050.php?path=//proc/self/root/var/softaculous/qloapps" "Mozilla/5.0 AppleWebKit/537.36 (KHTML, like Gecko; compatible; GPTBot/1.4; +https://openai.com/gptbot)"
