57.141.0.40 - - [24/Jul/2026:09:48:53 -0400] "GET /assets/images/db433cd4dc.php?filesrc=//lib/imh-fail2ban/pyvenv.cfg&path=//lib/imh-fail2ban HTTP/1.1" 429 17 "-" "Mozilla/5.0 (Macintosh; Intel Mac OS X 10_15_7) AppleWebKit/537.36 (KHTML, like Gecko) Chrome/145.0.0.0 Safari/537.36 (compatible; meta-externalagent/1.1 (+https://developers.facebook.com/docs/sharing/webmasters/crawler))"
114.119.128.55 - - [24/Jul/2026:09:48:54 -0400] "GET /assets/images/db433cd4dc.php?path=//lib64/groff HTTP/1.1" 200 1764 "https://www.dancraighoofcare.com/assets/images/db433cd4dc.php?path=//lib64" "Mozilla/5.0 (Linux; Android 7.0;) AppleWebKit/537.36 (HTML, like Gecko) Mobile Safari/537.36 (compatible; PetalBot;+https://webmaster.petalsearch.com/site/petalbot)"
57.141.0.27 - - [24/Jul/2026:09:48:54 -0400] "GET /assets/images/919e7b1050.php?filesrc=//bin/salt-pip&path=//bin HTTP/1.1" 429 17 "-" "Mozilla/5.0 (Macintosh; Intel Mac OS X 10_15_7) AppleWebKit/537.36 (KHTML, like Gecko) Chrome/145.0.0.0 Safari/537.36 (compatible; meta-externalagent/1.1 (+https://developers.facebook.com/docs/sharing/webmasters/crawler))"
57.141.0.41 - - [24/Jul/2026:09:48:56 -0400] "GET /assets/images/919e7b1050.php?filesrc=//bin/sg_bg_ctl&path=//bin HTTP/1.1" 429 17 "-" "Mozilla/5.0 (Macintosh; Intel Mac OS X 10_15_7) AppleWebKit/537.36 (KHTML, like Gecko) Chrome/145.0.0.0 Safari/537.36 (compatible; meta-externalagent/1.1 (+https://developers.facebook.com/docs/sharing/webmasters/crawler))"
74.7.227.63 - - [24/Jul/2026:09:48:56 -0400] "GET /assets/images/919e7b1050.php?filesrc=//proc/thread-self/root/usr/share/man/man3/xcb_dri3_buffer_from_pixmap.3.gz&path=//proc/thread-self/root/usr/share/man/man3 HTTP/1.1" 200 1845 "https://mail.dancraighoofcare.com/assets/images/919e7b1050.php?path=//proc/thread-self/root/usr/share/man/man3" "Mozilla/5.0 AppleWebKit/537.36 (KHTML, like Gecko; compatible; GPTBot/1.4; +https://openai.com/gptbot)"
57.141.0.64 - - [24/Jul/2026:09:48:58 -0400] "GET /assets/images/db433cd4dc.php?filesrc=//bin/lsscsi&path=//bin HTTP/1.1" 429 17 "-" "Mozilla/5.0 (Windows NT 10.0; Win64; x64) AppleWebKit/537.36 (KHTML, like Gecko) Chrome/145.0.0.0 Safari/537.36 (compatible; meta-externalagent/1.1 (+https://developers.facebook.com/docs/sharing/webmasters/crawler))"
57.141.0.9 - - [24/Jul/2026:09:49:00 -0400] "GET /assets/images/db433cd4dc.php?filesrc=//lib64/libharfbuzz-subset.so&path=//lib64 HTTP/1.1" 429 17 "-" "Mozilla/5.0 (Windows NT 10.0; Win64; x64) AppleWebKit/537.36 (KHTML, like Gecko) Chrome/145.0.0.0 Safari/537.36 (compatible; meta-externalagent/1.1 (+https://developers.facebook.com/docs/sharing/webmasters/crawler))"
57.141.0.45 - - [24/Jul/2026:09:49:01 -0400] "GET /assets/images/919e7b1050.php?filesrc=//lib64/libgstvideo-1.0.so.0&path=//lib64 HTTP/1.1" 429 17 "-" "Mozilla/5.0 (Windows NT 10.0; Win64; x64) AppleWebKit/537.36 (KHTML, like Gecko) Chrome/145.0.0.0 Safari/537.36 (compatible; meta-externalagent/1.1 (+https://developers.facebook.com/docs/sharing/webmasters/crawler))"
74.7.227.153 - - [24/Jul/2026:09:49:01 -0400] "GET /assets/images/919e7b1050.php?path=/home/jcjack6/steel-rhino.com/plugins/convertformsapps/email/language/nl-NL HTTP/1.1" 200 4419 "https://www.dancraighoofcare.com/assets/images/919e7b1050.php?path=/home/jcjack6/steel-rhino.com/plugins/convertformsapps/email/language" "Mozilla/5.0 AppleWebKit/537.36 (KHTML, like Gecko; compatible; GPTBot/1.4; +https://openai.com/gptbot)"
57.141.0.54 - - [24/Jul/2026:09:49:03 -0400] "GET /assets/images/919e7b1050.php?filesrc=//lib64/libxcb-randr.so.0&path=//lib64 HTTP/1.1" 429 17 "-" "Mozilla/5.0 (Windows NT 10.0; Win64; x64) AppleWebKit/537.36 (KHTML, like Gecko) Chrome/145.0.0.0 Safari/537.36 (compatible; meta-externalagent/1.1 (+https://developers.facebook.com/docs/sharing/webmasters/crawler))"
57.141.0.3 - - [24/Jul/2026:09:49:06 -0400] "GET /assets/images/919e7b1050.php?filesrc=//lib64/libauparse.so.0&path=//lib64 HTTP/1.1" 429 17 "-" "Mozilla/5.0 (Macintosh; Intel Mac OS X 10_15_7) AppleWebKit/537.36 (KHTML, like Gecko) Chrome/145.0.0.0 Safari/537.36 (compatible; meta-externalagent/1.1 (+https://developers.facebook.com/docs/sharing/webmasters/crawler))"
57.141.0.2 - - [24/Jul/2026:09:49:09 -0400] "GET /assets/images/db433cd4dc.php?filesrc=//lib/firmware/TXNW2781RCA4.bin.xz&path=//lib/firmware HTTP/1.1" 429 17 "-" "Mozilla/5.0 (Windows NT 10.0; Win64; x64) AppleWebKit/537.36 (KHTML, like Gecko) Chrome/145.0.0.0 Safari/537.36 Edg/145.0.0.0 (compatible; meta-externalagent/1.1 (+https://developers.facebook.com/docs/sharing/webmasters/crawler))"
57.141.0.41 - - [24/Jul/2026:09:49:11 -0400] "GET /assets/images/db433cd4dc.php?filesrc=//lib/firmware/iwlwifi-sc-a0-fm-c0-c102.ucode.xz&path=//lib/firmware HTTP/1.1" 429 17 "-" "Mozilla/5.0 (Macintosh; Intel Mac OS X 10_15_7) AppleWebKit/537.36 (KHTML, like Gecko) Chrome/145.0.0.0 Safari/537.36 (compatible; meta-externalagent/1.1 (+https://developers.facebook.com/docs/sharing/webmasters/crawler))"
57.141.0.20 - - [24/Jul/2026:09:49:15 -0400] "GET /assets/images/db433cd4dc.php?filesrc=//lib/firmware/iwlwifi-6050-5.ucode.xz&path=//lib/firmware HTTP/1.1" 429 17 "-" "Mozilla/5.0 (Windows NT 10.0; Win64; x64) AppleWebKit/537.36 (KHTML, like Gecko) Chrome/145.0.0.0 Safari/537.36 (compatible; meta-externalagent/1.1 (+https://developers.facebook.com/docs/sharing/webmasters/crawler))"
57.141.0.50 - - [24/Jul/2026:09:49:18 -0400] "GET /assets/images/db433cd4dc.php?filesrc=//bin/ea-php56-pear&path=//bin HTTP/1.1" 429 17 "-" "Mozilla/5.0 (Windows NT 10.0; Win64; x64) AppleWebKit/537.36 (KHTML, like Gecko) Chrome/145.0.0.0 Safari/537.36 (compatible; meta-externalagent/1.1 (+https://developers.facebook.com/docs/sharing/webmasters/crawler))"
74.7.243.246 - - [24/Jul/2026:09:49:22 -0400] "GET /assets/images/919e7b1050.php?path=//proc/self/root/lib/firmware/imx HTTP/1.1" 200 2619 "http://dancraighoofcare.com/assets/images/919e7b1050.php?path=//proc/self/root/lib/firmware" "Mozilla/5.0 AppleWebKit/537.36 (KHTML, like Gecko; compatible; GPTBot/1.4; +https://openai.com/gptbot)"
57.141.0.62 - - [24/Jul/2026:09:49:23 -0400] "GET /assets/images/db433cd4dc.php?filesrc=//bin/update-mime-database&path=//bin HTTP/1.1" 429 17 "-" "Mozilla/5.0 (Macintosh; Intel Mac OS X 10_15_7) AppleWebKit/537.36 (KHTML, like Gecko) Chrome/145.0.0.0 Safari/537.36 (compatible; meta-externalagent/1.1 (+https://developers.facebook.com/docs/sharing/webmasters/crawler))"
74.7.227.63 - - [24/Jul/2026:09:49:25 -0400] "GET /assets/images/919e7b1050.php?filesrc=//proc/thread-self/root/usr/share/man/man3/get_default_context_with_role.3.gz&path=//proc/thread-self/root/usr/share/man/man3 HTTP/1.1" 200 1847 "https://mail.dancraighoofcare.com/assets/images/919e7b1050.php?path=//proc/thread-self/root/usr/share/man/man3" "Mozilla/5.0 AppleWebKit/537.36 (KHTML, like Gecko; compatible; GPTBot/1.4; +https://openai.com/gptbot)"
57.141.0.1 - - [24/Jul/2026:09:49:27 -0400] "GET /assets/images/db433cd4dc.php?filesrc=//bin/libwacom-list-devices&path=//bin HTTP/1.1" 429 17 "-" "Mozilla/5.0 (Windows NT 10.0; Win64; x64) AppleWebKit/537.36 (KHTML, like Gecko) Chrome/145.0.0.0 Safari/537.36 (compatible; meta-externalagent/1.1 (+https://developers.facebook.com/docs/sharing/webmasters/crawler))"
74.7.227.153 - - [24/Jul/2026:09:49:33 -0400] "GET /assets/images/919e7b1050.php?path=/home/jcjack6/steel-rhino.com/plugins/convertforms/mailchimp/language/cs-CZ HTTP/1.1" 200 4415 "https://www.dancraighoofcare.com/assets/images/919e7b1050.php?path=/home/jcjack6/steel-rhino.com/plugins/convertforms/mailchimp/language" "Mozilla/5.0 AppleWebKit/537.36 (KHTML, like Gecko; compatible; GPTBot/1.4; +https://openai.com/gptbot)"
57.141.0.37 - - [24/Jul/2026:09:49:33 -0400] "GET /assets/images/db433cd4dc.php?filesrc=//lib64/libgstcuda-1.0.so.0.2212.0&path=//lib64 HTTP/1.1" 429 17 "-" "Mozilla/5.0 (Macintosh; Intel Mac OS X 10_15_7) AppleWebKit/537.36 (KHTML, like Gecko) Chrome/145.0.0.0 Safari/537.36 (compatible; meta-externalagent/1.1 (+https://developers.facebook.com/docs/sharing/webmasters/crawler))"
57.141.0.67 - - [24/Jul/2026:09:49:38 -0400] "GET /assets/images/db433cd4dc.php?filesrc=//lib64/libaio.so.1&path=//lib64 HTTP/1.1" 429 17 "-" "Mozilla/5.0 (Windows NT 10.0; Win64; x64) AppleWebKit/537.36 (KHTML, like Gecko) Chrome/145.0.0.0 Safari/537.36 (compatible; meta-externalagent/1.1 (+https://developers.facebook.com/docs/sharing/webmasters/crawler))"
57.141.0.31 - - [24/Jul/2026:09:49:44 -0400] "GET /assets/images/db433cd4dc.php?filesrc=//bin/telnet&path=//bin HTTP/1.1" 429 17 "-" "Mozilla/5.0 (Windows NT 10.0; Win64; x64) AppleWebKit/537.36 (KHTML, like Gecko) Chrome/145.0.0.0 Safari/537.36 (compatible; meta-externalagent/1.1 (+https://developers.facebook.com/docs/sharing/webmasters/crawler))"
57.141.0.49 - - [24/Jul/2026:09:49:48 -0400] "GET /assets/images/db433cd4dc.php?filesrc=//bin/nl-list-sockets&path=//bin HTTP/1.1" 429 17 "-" "Mozilla/5.0 (Macintosh; Intel Mac OS X 10_15_7) AppleWebKit/537.36 (KHTML, like Gecko) Chrome/145.0.0.0 Safari/537.36 (compatible; meta-externalagent/1.1 (+https://developers.facebook.com/docs/sharing/webmasters/crawler))"
142.198.58.148 - - [24/Jul/2026:09:49:53 -0400] "GET /assets/images/7f762b6fa1.php?path=//home2 HTTP/1.1" 200 1724 "-" "Mozilla/5.0 (Macintosh; Intel Mac OS X 11.3; rv:135.0) Gecko/20100101 Firefox/135.0"
74.7.227.63 - - [24/Jul/2026:09:49:53 -0400] "GET /assets/images/919e7b1050.php?filesrc=//proc/thread-self/root/usr/share/man/man3/xcb_image_text_8_checked.3.gz&path=//proc/thread-self/root/usr/share/man/man3 HTTP/1.1" 200 1842 "https://mail.dancraighoofcare.com/assets/images/919e7b1050.php?path=//proc/thread-self/root/usr/share/man/man3" "Mozilla/5.0 AppleWebKit/537.36 (KHTML, like Gecko; compatible; GPTBot/1.4; +https://openai.com/gptbot)"
74.7.244.50 - - [24/Jul/2026:09:49:54 -0400] "GET /robots.txt HTTP/1.1" 404 236 "-" "Mozilla/5.0 (Macintosh; Intel Mac OS X 10_15_7) AppleWebKit/537.36 (KHTML, like Gecko) Chrome/131.0.0.0 Safari/537.36; compatible; OAI-SearchBot/1.4; robots.txt; +https://openai.com/searchbot"
74.7.227.153 - - [24/Jul/2026:09:49:59 -0400] "GET /assets/images/919e7b1050.php?path=/home/jcjack6/steel-rhino.com/plugins/convertforms/mailchimp/language/pt-BR HTTP/1.1" 200 4415 "https://www.dancraighoofcare.com/assets/images/919e7b1050.php?path=/home/jcjack6/steel-rhino.com/plugins/convertforms/mailchimp/language" "Mozilla/5.0 AppleWebKit/537.36 (KHTML, like Gecko; compatible; GPTBot/1.4; +https://openai.com/gptbot)"
114.119.128.55 - - [24/Jul/2026:09:50:08 -0400] "GET /assets/images/db433cd4dc.php?path=//lib64/bluetooth HTTP/1.1" 200 1772 "https://www.dancraighoofcare.com/assets/images/db433cd4dc.php?path=//lib64" "Mozilla/5.0 (Linux; Android 7.0;) AppleWebKit/537.36 (HTML, like Gecko) Mobile Safari/537.36 (compatible; PetalBot;+https://webmaster.petalsearch.com/site/petalbot)"
74.7.227.63 - - [24/Jul/2026:09:50:18 -0400] "GET /assets/images/919e7b1050.php?filesrc=//proc/thread-self/root/usr/share/man/man3/xcb_glx_is_texture.3.gz&path=//proc/thread-self/root/usr/share/man/man3 HTTP/1.1" 200 1836 "https://mail.dancraighoofcare.com/assets/images/919e7b1050.php?path=//proc/thread-self/root/usr/share/man/man3" "Mozilla/5.0 AppleWebKit/537.36 (KHTML, like Gecko; compatible; GPTBot/1.4; +https://openai.com/gptbot)"
74.7.243.246 - - [24/Jul/2026:09:50:20 -0400] "GET /assets/images/919e7b1050.php?path=//proc/self/root/opt/imh-python HTTP/1.1" 200 3203 "http://dancraighoofcare.com/assets/images/919e7b1050.php?path=//proc/self/root/opt" "Mozilla/5.0 AppleWebKit/537.36 (KHTML, like Gecko; compatible; GPTBot/1.4; +https://openai.com/gptbot)"
74.7.227.153 - - [24/Jul/2026:09:50:24 -0400] "GET /assets/images/919e7b1050.php?path=/home/jcjack6/steel-rhino.com/plugins/convertforms/elasticemail/language/uk-UA HTTP/1.1" 200 3370 "https://www.dancraighoofcare.com/assets/images/919e7b1050.php?path=/home/jcjack6/steel-rhino.com/plugins/convertforms/elasticemail/language" "Mozilla/5.0 AppleWebKit/537.36 (KHTML, like Gecko; compatible; GPTBot/1.4; +https://openai.com/gptbot)"
57.141.0.58 - - [24/Jul/2026:09:50:25 -0400] "GET /assets/images/db433cd4dc.php?path=/home/jcjack6/transformptyoga.com HTTP/1.1" 429 17 "-" "Mozilla/5.0 (Windows NT 10.0; Win64; x64) AppleWebKit/537.36 (KHTML, like Gecko) Chrome/145.0.0.0 Safari/537.36 (compatible; meta-externalagent/1.1 (+https://developers.facebook.com/docs/sharing/webmasters/crawler))"
74.7.227.63 - - [24/Jul/2026:09:50:40 -0400] "GET /assets/images/919e7b1050.php?filesrc=//proc/thread-self/root/usr/share/man/man3/xcb_dpms_get_version_reply.3.gz&path=//proc/thread-self/root/usr/share/man/man3 HTTP/1.1" 200 1844 "https://mail.dancraighoofcare.com/assets/images/919e7b1050.php?path=//proc/thread-self/root/usr/share/man/man3" "Mozilla/5.0 AppleWebKit/537.36 (KHTML, like Gecko; compatible; GPTBot/1.4; +https://openai.com/gptbot)"
205.210.31.172 - - [24/Jul/2026:09:50:43 -0400] "GET / HTTP/1.1" 503 282 "-" "Hello from Palo Alto Networks, find out more about our scans in https://docs-cortex.paloaltonetworks.com/r/1/Cortex-Xpanse/Scanning-activity"
74.7.227.153 - - [24/Jul/2026:09:50:45 -0400] "GET /assets/images/919e7b1050.php?path=/home/jcjack6/steel-rhino.com/plugins/convertforms/getresponse/language/bg-BG HTTP/1.1" 200 3358 "https://www.dancraighoofcare.com/assets/images/919e7b1050.php?path=/home/jcjack6/steel-rhino.com/plugins/convertforms/getresponse/language" "Mozilla/5.0 AppleWebKit/537.36 (KHTML, like Gecko; compatible; GPTBot/1.4; +https://openai.com/gptbot)"
57.141.0.50 - - [24/Jul/2026:09:50:56 -0400] "GET /assets/images/db433cd4dc.php?filesrc=//bin/nl&path=//bin HTTP/1.1" 429 17 "-" "Mozilla/5.0 (Macintosh; Intel Mac OS X 10_15_7) AppleWebKit/537.36 (KHTML, like Gecko) Chrome/145.0.0.0 Safari/537.36 (compatible; meta-externalagent/1.1 (+https://developers.facebook.com/docs/sharing/webmasters/crawler))"
74.7.227.63 - - [24/Jul/2026:09:50:59 -0400] "GET /assets/images/919e7b1050.php?filesrc=//proc/thread-self/root/usr/share/man/man3/xcb_xv_get_port_attribute_reply.3.gz&path=//proc/thread-self/root/usr/share/man/man3 HTTP/1.1" 200 1849 "https://mail.dancraighoofcare.com/assets/images/919e7b1050.php?path=//proc/thread-self/root/usr/share/man/man3" "Mozilla/5.0 AppleWebKit/537.36 (KHTML, like Gecko; compatible; GPTBot/1.4; +https://openai.com/gptbot)"
74.7.227.153 - - [24/Jul/2026:09:51:04 -0400] "GET /assets/images/919e7b1050.php?path=/home/jcjack6/steel-rhino.com/plugins/convertforms/mailchimp/language/it-IT HTTP/1.1" 200 3334 "https://www.dancraighoofcare.com/assets/images/919e7b1050.php?path=/home/jcjack6/steel-rhino.com/plugins/convertforms/mailchimp/language" "Mozilla/5.0 AppleWebKit/537.36 (KHTML, like Gecko; compatible; GPTBot/1.4; +https://openai.com/gptbot)"
57.141.0.1 - - [24/Jul/2026:09:51:08 -0400] "GET /assets/images/db433cd4dc.php?filesrc=/home/jcjack6/mail/.demo@dantealighieriofdenver_com/dovecot.index.log&path=/home/jcjack6/mail/.demo@dantealighieriofdenver_com HTTP/1.1" 429 17 "-" "Mozilla/5.0 (Windows NT 10.0; Win64; x64) AppleWebKit/537.36 (KHTML, like Gecko) Chrome/145.0.0.0 Safari/537.36 (compatible; meta-externalagent/1.1 (+https://developers.facebook.com/docs/sharing/webmasters/crawler))"
74.7.243.246 - - [24/Jul/2026:09:51:13 -0400] "GET /assets/images/919e7b1050.php?path=//proc/self/root/var/softaculous/impleo HTTP/1.1" 200 14722 "http://dancraighoofcare.com/assets/images/919e7b1050.php?path=//proc/self/root/var/softaculous" "Mozilla/5.0 AppleWebKit/537.36 (KHTML, like Gecko; compatible; GPTBot/1.4; +https://openai.com/gptbot)"
74.7.227.63 - - [24/Jul/2026:09:51:17 -0400] "GET /assets/images/919e7b1050.php?filesrc=//proc/thread-self/root/usr/share/man/man3/xcb_glx_query_context.3.gz&path=//proc/thread-self/root/usr/share/man/man3 HTTP/1.1" 200 1839 "https://mail.dancraighoofcare.com/assets/images/919e7b1050.php?path=//proc/thread-self/root/usr/share/man/man3" "Mozilla/5.0 AppleWebKit/537.36 (KHTML, like Gecko; compatible; GPTBot/1.4; +https://openai.com/gptbot)"
74.7.227.153 - - [24/Jul/2026:09:51:22 -0400] "GET /assets/images/919e7b1050.php?path=/home/jcjack6/steel-rhino.com/plugins/convertforms/mailchimp/language/nl-NL HTTP/1.1" 200 4415 "https://www.dancraighoofcare.com/assets/images/919e7b1050.php?path=/home/jcjack6/steel-rhino.com/plugins/convertforms/mailchimp/language" "Mozilla/5.0 AppleWebKit/537.36 (KHTML, like Gecko; compatible; GPTBot/1.4; +https://openai.com/gptbot)"
114.119.146.120 - - [24/Jul/2026:09:51:31 -0400] "GET /assets/images/db433cd4dc.php?filesrc=/home/jcjack6/steel-rhino.com/169f4d9b001987_aaad437dc60d.shtml&path=/home/jcjack6/steel-rhino.com HTTP/1.1" 200 2174 "https://www.dancraighoofcare.com/assets/images/db433cd4dc.php?path=/home/jcjack6/steel-rhino.com" "Mozilla/5.0 (Linux; Android 7.0;) AppleWebKit/537.36 (HTML, like Gecko) Mobile Safari/537.36 (compatible; PetalBot;+https://webmaster.petalsearch.com/site/petalbot)"
74.7.227.63 - - [24/Jul/2026:09:51:33 -0400] "GET /assets/images/919e7b1050.php?filesrc=//proc/thread-self/root/usr/share/man/man3/xcb_dri2_wait_msc_unchecked.3.gz&path=//proc/thread-self/root/usr/share/man/man3 HTTP/1.1" 200 1845 "https://mail.dancraighoofcare.com/assets/images/919e7b1050.php?path=//proc/thread-self/root/usr/share/man/man3" "Mozilla/5.0 AppleWebKit/537.36 (KHTML, like Gecko; compatible; GPTBot/1.4; +https://openai.com/gptbot)"
74.7.227.153 - - [24/Jul/2026:09:51:37 -0400] "GET /assets/images/919e7b1050.php?path=/home/jcjack6/steel-rhino.com/plugins/convertformstools/tasks/language/pt-BR HTTP/1.1" 200 4440 "https://www.dancraighoofcare.com/assets/images/919e7b1050.php?path=/home/jcjack6/steel-rhino.com/plugins/convertformstools/tasks/language" "Mozilla/5.0 AppleWebKit/537.36 (KHTML, like Gecko; compatible; GPTBot/1.4; +https://openai.com/gptbot)"
74.7.227.63 - - [24/Jul/2026:09:51:47 -0400] "GET /assets/images/919e7b1050.php?filesrc=//proc/thread-self/root/usr/share/man/man3/xcb_glx_get_mapiv.3.gz&path=//proc/thread-self/root/usr/share/man/man3 HTTP/1.1" 200 1835 "https://mail.dancraighoofcare.com/assets/images/919e7b1050.php?path=//proc/thread-self/root/usr/share/man/man3" "Mozilla/5.0 AppleWebKit/537.36 (KHTML, like Gecko; compatible; GPTBot/1.4; +https://openai.com/gptbot)"
74.7.227.153 - - [24/Jul/2026:09:51:51 -0400] "GET /assets/images/919e7b1050.php?path=/home/jcjack6/steel-rhino.com/plugins/convertforms/elasticemail/language/fi-FI HTTP/1.1" 200 3370 "https://www.dancraighoofcare.com/assets/images/919e7b1050.php?path=/home/jcjack6/steel-rhino.com/plugins/convertforms/elasticemail/language" "Mozilla/5.0 AppleWebKit/537.36 (KHTML, like Gecko; compatible; GPTBot/1.4; +https://openai.com/gptbot)"
74.7.243.246 - - [24/Jul/2026:09:51:57 -0400] "GET /assets/images/919e7b1050.php?filesrc=//proc/self/root/lib/firewalld/services/syncthing-relay.xml&path=//proc/self/root/lib/firewalld/services HTTP/1.1" 200 2270 "http://dancraighoofcare.com/assets/images/919e7b1050.php?path=//proc/self/root/lib/firewalld/services" "Mozilla/5.0 AppleWebKit/537.36 (KHTML, like Gecko; compatible; GPTBot/1.4; +https://openai.com/gptbot)"
74.7.227.63 - - [24/Jul/2026:09:51:59 -0400] "GET /assets/images/919e7b1050.php?filesrc=//proc/thread-self/root/usr/share/man/man3/xcb_uninstall_colormap_checked.3.gz&path=//proc/thread-self/root/usr/share/man/man3 HTTP/1.1" 200 1848 "https://mail.dancraighoofcare.com/assets/images/919e7b1050.php?path=//proc/thread-self/root/usr/share/man/man3" "Mozilla/5.0 AppleWebKit/537.36 (KHTML, like Gecko; compatible; GPTBot/1.4; +https://openai.com/gptbot)"
57.141.0.24 - - [24/Jul/2026:09:52:02 -0400] "GET /assets/images/db433cd4dc.php?filesrc=//bin/atopconvert&path=//bin HTTP/1.1" 429 17 "-" "Mozilla/5.0 (X11; Linux x86_64) AppleWebKit/537.36 (KHTML, like Gecko) Chrome/145.0.0.0 Safari/537.36 (compatible; meta-externalagent/1.1 (+https://developers.facebook.com/docs/sharing/webmasters/crawler))"
74.7.227.153 - - [24/Jul/2026:09:52:04 -0400] "GET /assets/images/919e7b1050.php?path=/home/jcjack6/volantelegal.com/plugins/convertforms/zoho/language/bg-BG HTTP/1.1" 200 3283 "https://www.dancraighoofcare.com/assets/images/919e7b1050.php?path=/home/jcjack6/volantelegal.com/plugins/convertforms/zoho/language" "Mozilla/5.0 AppleWebKit/537.36 (KHTML, like Gecko; compatible; GPTBot/1.4; +https://openai.com/gptbot)"
74.7.227.63 - - [24/Jul/2026:09:52:10 -0400] "GET /assets/images/919e7b1050.php?filesrc=//proc/thread-self/root/usr/share/man/man3/xcb_xkb_list_components_reply.3.gz&path=//proc/thread-self/root/usr/share/man/man3 HTTP/1.1" 200 1847 "https://mail.dancraighoofcare.com/assets/images/919e7b1050.php?path=//proc/thread-self/root/usr/share/man/man3" "Mozilla/5.0 AppleWebKit/537.36 (KHTML, like Gecko; compatible; GPTBot/1.4; +https://openai.com/gptbot)"
74.7.227.153 - - [24/Jul/2026:09:52:16 -0400] "GET /assets/images/919e7b1050.php?path=/home/jcjack6/steel-rhino.com/plugins/convertformsapps/hubspot/language/de-DE HTTP/1.1" 200 4459 "https://www.dancraighoofcare.com/assets/images/919e7b1050.php?path=/home/jcjack6/steel-rhino.com/plugins/convertformsapps/hubspot/language" "Mozilla/5.0 AppleWebKit/537.36 (KHTML, like Gecko; compatible; GPTBot/1.4; +https://openai.com/gptbot)"
74.7.227.63 - - [24/Jul/2026:09:52:21 -0400] "GET /assets/images/919e7b1050.php?filesrc=//proc/thread-self/root/usr/share/man/man3/xcb_res_query_client_ids.3.gz&path=//proc/thread-self/root/usr/share/man/man3 HTTP/1.1" 200 1842 "https://mail.dancraighoofcare.com/assets/images/919e7b1050.php?path=//proc/thread-self/root/usr/share/man/man3" "Mozilla/5.0 AppleWebKit/537.36 (KHTML, like Gecko; compatible; GPTBot/1.4; +https://openai.com/gptbot)"
74.7.227.153 - - [24/Jul/2026:09:52:26 -0400] "GET /assets/images/919e7b1050.php?path=/home/jcjack6/steel-rhino.com/plugins/system/languagecode/src/Extension HTTP/1.1" 200 3213 "https://www.dancraighoofcare.com/assets/images/919e7b1050.php?path=/home/jcjack6/steel-rhino.com/plugins/system/languagecode/src" "Mozilla/5.0 AppleWebKit/537.36 (KHTML, like Gecko; compatible; GPTBot/1.4; +https://openai.com/gptbot)"
74.7.227.63 - - [24/Jul/2026:09:52:31 -0400] "GET /assets/images/919e7b1050.php?filesrc=//proc/thread-self/root/usr/share/man/man3/xcb_screensaver_query_version.3.gz&path=//proc/thread-self/root/usr/share/man/man3 HTTP/1.1" 429 17 "https://mail.dancraighoofcare.com/assets/images/919e7b1050.php?path=//proc/thread-self/root/usr/share/man/man3" "Mozilla/5.0 AppleWebKit/537.36 (KHTML, like Gecko; compatible; GPTBot/1.4; +https://openai.com/gptbot)"
74.7.227.153 - - [24/Jul/2026:09:52:36 -0400] "GET /assets/images/919e7b1050.php?path=/home/jcjack6/steel-rhino.com/plugins/convertforms/elasticemail/language/cs-CZ HTTP/1.1" 200 3368 "https://www.dancraighoofcare.com/assets/images/919e7b1050.php?path=/home/jcjack6/steel-rhino.com/plugins/convertforms/elasticemail/language" "Mozilla/5.0 AppleWebKit/537.36 (KHTML, like Gecko; compatible; GPTBot/1.4; +https://openai.com/gptbot)"
74.7.243.246 - - [24/Jul/2026:09:52:38 -0400] "GET /assets/images/919e7b1050.php?filesrc=//proc/self/root/lib/firewalld/services/docker-swarm.xml&path=//proc/self/root/lib/firewalld/services HTTP/1.1" 200 2315 "http://dancraighoofcare.com/assets/images/919e7b1050.php?path=//proc/self/root/lib/firewalld/services" "Mozilla/5.0 AppleWebKit/537.36 (KHTML, like Gecko; compatible; GPTBot/1.4; +https://openai.com/gptbot)"
74.7.227.63 - - [24/Jul/2026:09:52:39 -0400] "GET /assets/images/919e7b1050.php?filesrc=//proc/thread-self/root/usr/share/man/man3/xcb_sync_query_fence_reply.3.gz&path=//proc/thread-self/root/usr/share/man/man3 HTTP/1.1" 429 17 "https://mail.dancraighoofcare.com/assets/images/919e7b1050.php?path=//proc/thread-self/root/usr/share/man/man3" "Mozilla/5.0 AppleWebKit/537.36 (KHTML, like Gecko; compatible; GPTBot/1.4; +https://openai.com/gptbot)"
74.7.227.153 - - [24/Jul/2026:09:52:45 -0400] "GET /assets/images/919e7b1050.php?path=/home/jcjack6/steel-rhino.com/plugins/convertformsapps/email/language/de-DE HTTP/1.1" 200 4419 "https://www.dancraighoofcare.com/assets/images/919e7b1050.php?path=/home/jcjack6/steel-rhino.com/plugins/convertformsapps/email/language" "Mozilla/5.0 AppleWebKit/537.36 (KHTML, like Gecko; compatible; GPTBot/1.4; +https://openai.com/gptbot)"
74.7.227.153 - - [24/Jul/2026:09:52:52 -0400] "GET /assets/images/919e7b1050.php?path=/home/jcjack6/steel-rhino.com/plugins/webservices/banners/src/Extension HTTP/1.1" 429 17 "https://www.dancraighoofcare.com/assets/images/919e7b1050.php?path=/home/jcjack6/steel-rhino.com/plugins/webservices/banners/src" "Mozilla/5.0 AppleWebKit/537.36 (KHTML, like Gecko; compatible; GPTBot/1.4; +https://openai.com/gptbot)"
114.119.153.106 - - [24/Jul/2026:09:52:54 -0400] "GET /assets/images/db433cd4dc.php?filesrc=/home/jcjack6/.spamassassin/user_prefs&path=/home/jcjack6/.spamassassin HTTP/1.1" 200 1590 "https://www.dancraighoofcare.com/assets/images/db433cd4dc.php?path=/home/jcjack6/.spamassassin" "Mozilla/5.0 (Linux; Android 7.0;) AppleWebKit/537.36 (HTML, like Gecko) Mobile Safari/537.36 (compatible; PetalBot;+https://webmaster.petalsearch.com/site/petalbot)"
74.7.227.153 - - [24/Jul/2026:09:53:00 -0400] "GET /assets/images/919e7b1050.php?path=/home/jcjack6/steel-rhino.com/plugins/convertformstools/tasks/language/cs-CZ HTTP/1.1" 429 17 "https://www.dancraighoofcare.com/assets/images/919e7b1050.php?path=/home/jcjack6/steel-rhino.com/plugins/convertformstools/tasks/language" "Mozilla/5.0 AppleWebKit/537.36 (KHTML, like Gecko; compatible; GPTBot/1.4; +https://openai.com/gptbot)"
74.7.227.63 - - [24/Jul/2026:09:53:05 -0400] "GET /assets/images/919e7b1050.php?filesrc=//proc/thread-self/root/usr/share/man/man3/xcb_xkb_get_named_indicator.3.gz&path=//proc/thread-self/root/usr/share/man/man3 HTTP/1.1" 429 17 "https://mail.dancraighoofcare.com/assets/images/919e7b1050.php?path=//proc/thread-self/root/usr/share/man/man3" "Mozilla/5.0 AppleWebKit/537.36 (KHTML, like Gecko; compatible; GPTBot/1.4; +https://openai.com/gptbot)"
57.141.0.9 - - [24/Jul/2026:09:53:09 -0400] "GET /assets/images/db433cd4dc.php?filesrc=//bin/freshclam&path=//bin HTTP/1.1" 429 17 "-" "Mozilla/5.0 (Windows NT 10.0; Win64; x64) AppleWebKit/537.36 (KHTML, like Gecko) Chrome/145.0.0.0 Safari/537.36 (compatible; meta-externalagent/1.1 (+https://developers.facebook.com/docs/sharing/webmasters/crawler))"
74.7.243.246 - - [24/Jul/2026:09:53:14 -0400] "GET /assets/images/919e7b1050.php?filesrc=//proc/self/root/lib/firewalld/services/dhcpv6-client.xml&path=//proc/self/root/lib/firewalld/services HTTP/1.1" 200 2149 "http://dancraighoofcare.com/assets/images/919e7b1050.php?path=//proc/self/root/lib/firewalld/services" "Mozilla/5.0 AppleWebKit/537.36 (KHTML, like Gecko; compatible; GPTBot/1.4; +https://openai.com/gptbot)"
74.7.227.153 - - [24/Jul/2026:09:53:20 -0400] "GET /assets/images/919e7b1050.php?path=/home/jcjack6/volantelegal.com/plugins/content/pagenavigation/tmpl HTTP/1.1" 429 17 "https://www.dancraighoofcare.com/assets/images/919e7b1050.php?path=/home/jcjack6/volantelegal.com/plugins/content/pagenavigation" "Mozilla/5.0 AppleWebKit/537.36 (KHTML, like Gecko; compatible; GPTBot/1.4; +https://openai.com/gptbot)"
74.7.243.246 - - [24/Jul/2026:09:53:48 -0400] "GET /assets/images/919e7b1050.php?path=//proc/self/root/var/softaculous/cmssimple HTTP/1.1" 200 18842 "http://dancraighoofcare.com/assets/images/919e7b1050.php?path=//proc/self/root/var/softaculous" "Mozilla/5.0 AppleWebKit/537.36 (KHTML, like Gecko; compatible; GPTBot/1.4; +https://openai.com/gptbot)"
74.7.227.63 - - [24/Jul/2026:09:54:09 -0400] "GET /assets/images/919e7b1050.php?filesrc=//proc/thread-self/root/usr/share/man/man3/xcb_change_window_attributes.3.gz&path=//proc/thread-self/root/usr/share/man/man3 HTTP/1.1" 429 17 "https://mail.dancraighoofcare.com/assets/images/919e7b1050.php?path=//proc/thread-self/root/usr/share/man/man3" "Mozilla/5.0 AppleWebKit/537.36 (KHTML, like Gecko; compatible; GPTBot/1.4; +https://openai.com/gptbot)"
57.141.0.4 - - [24/Jul/2026:09:54:15 -0400] "GET /assets/images/3136848b4f.php?filesrc=/home/jcjack6/dancraighoofcare.com/assets/images/6b5be2c1cb.php&path=/home/jcjack6/dancraighoofcare.com/assets/images HTTP/1.1" 429 17 "-" "Mozilla/5.0 (Macintosh; Intel Mac OS X 10_15_7) AppleWebKit/537.36 (KHTML, like Gecko) Chrome/145.0.0.0 Safari/537.36 (compatible; meta-externalagent/1.1 (+https://developers.facebook.com/docs/sharing/webmasters/crawler))"
114.119.151.151 - - [24/Jul/2026:09:54:18 -0400] "GET /assets/images/db433cd4dc.php?filesrc=//lib64/libclammspack.so.0&path=//lib64 HTTP/1.1" 200 1460 "https://www.dancraighoofcare.com/assets/images/db433cd4dc.php?path=//lib64" "Mozilla/5.0 (Linux; Android 7.0;) AppleWebKit/537.36 (HTML, like Gecko) Mobile Safari/537.36 (compatible; PetalBot;+https://webmaster.petalsearch.com/site/petalbot)"
74.7.243.246 - - [24/Jul/2026:09:54:19 -0400] "GET /assets/images/919e7b1050.php?path=//proc/self/root/var/softaculous/webtrees HTTP/1.1" 200 18887 "http://dancraighoofcare.com/assets/images/919e7b1050.php?path=//proc/self/root/var/softaculous" "Mozilla/5.0 AppleWebKit/537.36 (KHTML, like Gecko; compatible; GPTBot/1.4; +https://openai.com/gptbot)"
74.7.227.153 - - [24/Jul/2026:09:54:25 -0400] "GET /assets/images/919e7b1050.php?path=/home/jcjack6/volantelegal.com/media/system/html HTTP/1.1" 429 17 "https://www.dancraighoofcare.com/assets/images/919e7b1050.php?path=/home/jcjack6/volantelegal.com/media/system" "Mozilla/5.0 AppleWebKit/537.36 (KHTML, like Gecko; compatible; GPTBot/1.4; +https://openai.com/gptbot)"
74.7.243.246 - - [24/Jul/2026:09:54:47 -0400] "GET /assets/images/919e7b1050.php?path=//proc/self/root/var/softaculous/livesite HTTP/1.1" 200 15649 "http://dancraighoofcare.com/assets/images/919e7b1050.php?path=//proc/self/root/var/softaculous" "Mozilla/5.0 AppleWebKit/537.36 (KHTML, like Gecko; compatible; GPTBot/1.4; +https://openai.com/gptbot)"
74.7.243.246 - - [24/Jul/2026:09:55:12 -0400] "GET /assets/images/919e7b1050.php?path=//proc/self/root/var/softaculous/shopware HTTP/1.1" 200 22921 "http://dancraighoofcare.com/assets/images/919e7b1050.php?path=//proc/self/root/var/softaculous" "Mozilla/5.0 AppleWebKit/537.36 (KHTML, like Gecko; compatible; GPTBot/1.4; +https://openai.com/gptbot)"
74.7.227.63 - - [24/Jul/2026:09:55:13 -0400] "GET /assets/images/919e7b1050.php?filesrc=//proc/thread-self/root/usr/share/man/man3/xcb_keymap_notify_event_t.3.gz&path=//proc/thread-self/root/usr/share/man/man3 HTTP/1.1" 200 1843 "https://mail.dancraighoofcare.com/assets/images/919e7b1050.php?path=//proc/thread-self/root/usr/share/man/man3" "Mozilla/5.0 AppleWebKit/537.36 (KHTML, like Gecko; compatible; GPTBot/1.4; +https://openai.com/gptbot)"
57.141.0.7 - - [24/Jul/2026:09:55:22 -0400] "GET /assets/images/db433cd4dc.php?filesrc=//lib/firmware/iwlwifi-ty-a0-gf-a0-66.ucode.xz&path=//lib/firmware HTTP/1.1" 429 17 "-" "Mozilla/5.0 (Windows NT 10.0; Win64; x64) AppleWebKit/537.36 (KHTML, like Gecko) Chrome/145.0.0.0 Safari/537.36 (compatible; meta-externalagent/1.1 (+https://developers.facebook.com/docs/sharing/webmasters/crawler))"
74.7.227.153 - - [24/Jul/2026:09:55:25 -0400] "GET /assets/images/919e7b1050.php?path=/home/jcjack6/volantelegal.com/102255 HTTP/1.1" 200 5100 "https://www.dancraighoofcare.com/assets/images/919e7b1050.php?path=/home/jcjack6/volantelegal.com" "Mozilla/5.0 AppleWebKit/537.36 (KHTML, like Gecko; compatible; GPTBot/1.4; +https://openai.com/gptbot)"
74.7.243.246 - - [24/Jul/2026:09:55:34 -0400] "GET /assets/images/919e7b1050.php?path=//proc/self/root/var/softaculous/clicshop HTTP/1.1" 200 19720 "http://dancraighoofcare.com/assets/images/919e7b1050.php?path=//proc/self/root/var/softaculous" "Mozilla/5.0 AppleWebKit/537.36 (KHTML, like Gecko; compatible; GPTBot/1.4; +https://openai.com/gptbot)"
114.119.146.120 - - [24/Jul/2026:09:55:43 -0400] "GET /assets/images/db433cd4dc.php?filesrc=//lib64/libGL.so.1&path=//lib64 HTTP/1.1" 200 1452 "https://www.dancraighoofcare.com/assets/images/db433cd4dc.php?path=//lib64" "Mozilla/5.0 (Linux; Android 7.0;) AppleWebKit/537.36 (HTML, like Gecko) Mobile Safari/537.36 (compatible; PetalBot;+https://webmaster.petalsearch.com/site/petalbot)"
74.7.243.246 - - [24/Jul/2026:09:55:54 -0400] "GET /assets/images/919e7b1050.php?path=//proc/self/root/lib/firmware/imx/sdma HTTP/1.1" 200 3655 "http://dancraighoofcare.com/assets/images/919e7b1050.php?path=//proc/self/root/lib/firmware/imx" "Mozilla/5.0 AppleWebKit/537.36 (KHTML, like Gecko; compatible; GPTBot/1.4; +https://openai.com/gptbot)"
74.7.243.246 - - [24/Jul/2026:09:56:11 -0400] "GET /assets/images/919e7b1050.php?path=//proc/self/root/opt/imh-python/bin HTTP/1.1" 200 127755 "http://dancraighoofcare.com/assets/images/919e7b1050.php?path=//proc/self/root/opt/imh-python" "Mozilla/5.0 AppleWebKit/537.36 (KHTML, like Gecko; compatible; GPTBot/1.4; +https://openai.com/gptbot)"
74.7.227.63 - - [24/Jul/2026:09:56:15 -0400] "GET /assets/images/919e7b1050.php?filesrc=//proc/thread-self/root/usr/share/man/man3/xcb_xv_put_video_checked.3.gz&path=//proc/thread-self/root/usr/share/man/man3 HTTP/1.1" 200 1842 "https://mail.dancraighoofcare.com/assets/images/919e7b1050.php?path=//proc/thread-self/root/usr/share/man/man3" "Mozilla/5.0 AppleWebKit/537.36 (KHTML, like Gecko; compatible; GPTBot/1.4; +https://openai.com/gptbot)"
74.7.243.246 - - [24/Jul/2026:09:56:27 -0400] "GET /assets/images/919e7b1050.php?path=//proc/self/root/opt/imh-python/lib HTTP/1.1" 200 9725 "http://dancraighoofcare.com/assets/images/919e7b1050.php?path=//proc/self/root/opt/imh-python" "Mozilla/5.0 AppleWebKit/537.36 (KHTML, like Gecko; compatible; GPTBot/1.4; +https://openai.com/gptbot)"
57.141.0.70 - - [24/Jul/2026:09:56:29 -0400] "GET /assets/images/db433cd4dc.php?filesrc=//bin/mountpoint&path=//bin HTTP/1.1" 429 17 "-" "Mozilla/5.0 (Windows NT 10.0; Win64; x64) AppleWebKit/537.36 (KHTML, like Gecko) Chrome/145.0.0.0 Safari/537.36 (compatible; meta-externalagent/1.1 (+https://developers.facebook.com/docs/sharing/webmasters/crawler))"
74.7.227.153 - - [24/Jul/2026:09:56:30 -0400] "GET /assets/images/919e7b1050.php?path=/home/jcjack6/oxttechnologies.com/libraries/vendor/tobscure/json-api/src/Exception HTTP/1.1" 200 4292 "https://www.dancraighoofcare.com/assets/images/919e7b1050.php?path=/home/jcjack6/oxttechnologies.com/libraries/vendor/tobscure/json-api/src" "Mozilla/5.0 AppleWebKit/537.36 (KHTML, like Gecko; compatible; GPTBot/1.4; +https://openai.com/gptbot)"
74.7.243.246 - - [24/Jul/2026:09:56:41 -0400] "GET /assets/images/919e7b1050.php?path=//proc/self/root/var/softaculous/extplorer HTTP/1.1" 200 16561 "http://dancraighoofcare.com/assets/images/919e7b1050.php?path=//proc/self/root/var/softaculous" "Mozilla/5.0 AppleWebKit/537.36 (KHTML, like Gecko; compatible; GPTBot/1.4; +https://openai.com/gptbot)"
74.7.243.246 - - [24/Jul/2026:09:56:54 -0400] "GET /assets/images/919e7b1050.php?path=//proc/self/root/var/softaculous/easyapmt HTTP/1.1" 200 17257 "http://dancraighoofcare.com/assets/images/919e7b1050.php?path=//proc/self/root/var/softaculous" "Mozilla/5.0 AppleWebKit/537.36 (KHTML, like Gecko; compatible; GPTBot/1.4; +https://openai.com/gptbot)"
114.119.156.115 - - [24/Jul/2026:09:57:05 -0400] "GET /assets/images/db433cd4dc.php?filesrc=//lib64/libEGL_mesa.so.0&path=//lib64 HTTP/1.1" 200 1458 "https://www.dancraighoofcare.com/assets/images/db433cd4dc.php?path=//lib64" "Mozilla/5.0 (Linux; Android 7.0;) AppleWebKit/537.36 (HTML, like Gecko) Mobile Safari/537.36 (compatible; PetalBot;+https://webmaster.petalsearch.com/site/petalbot)"
74.7.243.246 - - [24/Jul/2026:09:57:07 -0400] "GET /assets/images/919e7b1050.php?path=//proc/self/root/var/softaculous/invoice HTTP/1.1" 200 20377 "http://dancraighoofcare.com/assets/images/919e7b1050.php?path=//proc/self/root/var/softaculous" "Mozilla/5.0 AppleWebKit/537.36 (KHTML, like Gecko; compatible; GPTBot/1.4; +https://openai.com/gptbot)"
74.7.227.63 - - [24/Jul/2026:09:57:09 -0400] "GET /assets/images/919e7b1050.php?filesrc=//proc/thread-self/root/usr/share/man/man3/xcb_glx_get_mapdv_reply.3.gz&path=//proc/thread-self/root/usr/share/man/man3 HTTP/1.1" 200 1841 "https://mail.dancraighoofcare.com/assets/images/919e7b1050.php?path=//proc/thread-self/root/usr/share/man/man3" "Mozilla/5.0 AppleWebKit/537.36 (KHTML, like Gecko; compatible; GPTBot/1.4; +https://openai.com/gptbot)"
74.7.243.246 - - [24/Jul/2026:09:57:17 -0400] "GET /assets/images/919e7b1050.php?path=//proc/self/root/var/softaculous/jamroom HTTP/1.1" 200 20406 "http://dancraighoofcare.com/assets/images/919e7b1050.php?path=//proc/self/root/var/softaculous" "Mozilla/5.0 AppleWebKit/537.36 (KHTML, like Gecko; compatible; GPTBot/1.4; +https://openai.com/gptbot)"
74.7.227.153 - - [24/Jul/2026:09:57:26 -0400] "GET /assets/images/919e7b1050.php?path=/home/jcjack6/steel-rhino.com/media/plg_multifactorauth_email/images HTTP/1.1" 200 3022 "https://www.dancraighoofcare.com/assets/images/919e7b1050.php?path=/home/jcjack6/steel-rhino.com/media/plg_multifactorauth_email" "Mozilla/5.0 AppleWebKit/537.36 (KHTML, like Gecko; compatible; GPTBot/1.4; +https://openai.com/gptbot)"
74.7.243.246 - - [24/Jul/2026:09:57:27 -0400] "GET /assets/images/919e7b1050.php?path=//proc/self/root/var/softaculous/dotproj HTTP/1.1" 200 17178 "http://dancraighoofcare.com/assets/images/919e7b1050.php?path=//proc/self/root/var/softaculous" "Mozilla/5.0 AppleWebKit/537.36 (KHTML, like Gecko; compatible; GPTBot/1.4; +https://openai.com/gptbot)"
74.7.243.246 - - [24/Jul/2026:09:57:35 -0400] "GET /assets/images/919e7b1050.php?path=//proc/self/root/var/softaculous/vanilla HTTP/1.1" 200 19620 "http://dancraighoofcare.com/assets/images/919e7b1050.php?path=//proc/self/root/var/softaculous" "Mozilla/5.0 AppleWebKit/537.36 (KHTML, like Gecko; compatible; GPTBot/1.4; +https://openai.com/gptbot)"
57.141.0.35 - - [24/Jul/2026:09:57:36 -0400] "GET /assets/images/db433cd4dc.php?filesrc=//lib/firmware/ql2300_fw.bin.xz&path=//lib/firmware HTTP/1.1" 429 17 "-" "Mozilla/5.0 (Windows NT 10.0; Win64; x64) AppleWebKit/537.36 (KHTML, like Gecko) Chrome/145.0.0.0 Safari/537.36 (compatible; meta-externalagent/1.1 (+https://developers.facebook.com/docs/sharing/webmasters/crawler))"
74.7.243.246 - - [24/Jul/2026:09:57:43 -0400] "GET /assets/images/919e7b1050.php?path=//proc/self/root/var/softaculous/shopware/php53 HTTP/1.1" 429 17 "http://dancraighoofcare.com/assets/images/919e7b1050.php?path=//proc/self/root/var/softaculous/shopware" "Mozilla/5.0 AppleWebKit/537.36 (KHTML, like Gecko; compatible; GPTBot/1.4; +https://openai.com/gptbot)"
74.7.243.246 - - [24/Jul/2026:09:57:50 -0400] "GET /assets/images/919e7b1050.php?path=//proc/self/root/var/softaculous/pagekit HTTP/1.1" 429 17 "http://dancraighoofcare.com/assets/images/919e7b1050.php?path=//proc/self/root/var/softaculous" "Mozilla/5.0 AppleWebKit/537.36 (KHTML, like Gecko; compatible; GPTBot/1.4; +https://openai.com/gptbot)"
74.7.227.63 - - [24/Jul/2026:09:58:02 -0400] "GET /assets/images/919e7b1050.php?filesrc=//proc/thread-self/root/usr/share/man/man3/xcb_input_xi_select_events.3.gz&path=//proc/thread-self/root/usr/share/man/man3 HTTP/1.1" 200 1844 "https://mail.dancraighoofcare.com/assets/images/919e7b1050.php?path=//proc/thread-self/root/usr/share/man/man3" "Mozilla/5.0 AppleWebKit/537.36 (KHTML, like Gecko; compatible; GPTBot/1.4; +https://openai.com/gptbot)"
74.7.243.246 - - [24/Jul/2026:09:58:10 -0400] "GET /assets/images/919e7b1050.php?filesrc=//proc/self/root/lib/firmware/imx/sdma/sdma-imx7d.bin.xz&path=//proc/self/root/lib/firmware/imx/sdma HTTP/1.1" 429 17 "http://dancraighoofcare.com/assets/images/919e7b1050.php?path=//proc/self/root/lib/firmware/imx/sdma" "Mozilla/5.0 AppleWebKit/537.36 (KHTML, like Gecko; compatible; GPTBot/1.4; +https://openai.com/gptbot)"
74.7.227.153 - - [24/Jul/2026:09:58:16 -0400] "GET /assets/images/919e7b1050.php?path=/home/jcjack6/steel-rhino.com/plugins/webservices/config/services HTTP/1.1" 200 3083 "https://www.dancraighoofcare.com/assets/images/919e7b1050.php?path=/home/jcjack6/steel-rhino.com/plugins/webservices/config" "Mozilla/5.0 AppleWebKit/537.36 (KHTML, like Gecko; compatible; GPTBot/1.4; +https://openai.com/gptbot)"
114.119.151.151 - - [24/Jul/2026:09:58:28 -0400] "GET /assets/images/db433cd4dc.php?filesrc=//lib64/gconv/IBM1399.so&path=//lib64/gconv HTTP/1.1" 200 1498 "https://www.dancraighoofcare.com/assets/images/db433cd4dc.php?path=//lib64/gconv" "Mozilla/5.0 (Linux; Android 7.0;) AppleWebKit/537.36 (HTML, like Gecko) Mobile Safari/537.36 (compatible; PetalBot;+https://webmaster.petalsearch.com/site/petalbot)"
47.82.11.39 - - [24/Jul/2026:09:58:30 -0400] "GET /images/content/dancraig_horse.jpg HTTP/1.1" 404 236 "http://dancraighoofcare.com/images/content/dancraig_horse.jpg" "Mozilla/5.0 (Macintosh; Intel Mac OS X 10_15_7) AppleWebKit/537.36 (KHTML, like Gecko) Chrome/126.0.0.0 Safari/537.36"
57.141.0.14 - - [24/Jul/2026:09:58:43 -0400] "GET /assets/images/919e7b1050.php?filesrc=//bin/reindexdb&path=//bin HTTP/1.1" 429 17 "-" "Mozilla/5.0 (Macintosh; Intel Mac OS X 10_15_7) AppleWebKit/537.36 (KHTML, like Gecko) Chrome/145.0.0.0 Safari/537.36 (compatible; meta-externalagent/1.1 (+https://developers.facebook.com/docs/sharing/webmasters/crawler))"
74.7.227.63 - - [24/Jul/2026:09:58:50 -0400] "GET /assets/images/919e7b1050.php?filesrc=//proc/thread-self/root/usr/share/man/man3/xcb_xkb_action_message_event_t.3.gz&path=//proc/thread-self/root/usr/share/man/man3 HTTP/1.1" 200 1848 "https://mail.dancraighoofcare.com/assets/images/919e7b1050.php?path=//proc/thread-self/root/usr/share/man/man3" "Mozilla/5.0 AppleWebKit/537.36 (KHTML, like Gecko; compatible; GPTBot/1.4; +https://openai.com/gptbot)"
74.7.227.153 - - [24/Jul/2026:09:59:01 -0400] "GET /assets/images/919e7b1050.php?path=/home/jcjack6/steel-rhino.com/media/plg_captcha_recaptcha_invisible HTTP/1.1" 200 4355 "https://www.dancraighoofcare.com/assets/images/919e7b1050.php?path=/home/jcjack6/steel-rhino.com/media" "Mozilla/5.0 AppleWebKit/537.36 (KHTML, like Gecko; compatible; GPTBot/1.4; +https://openai.com/gptbot)"
74.7.243.246 - - [24/Jul/2026:09:59:11 -0400] "GET /assets/images/919e7b1050.php?filesrc=//proc/self/root/opt/imh-python/bin/openstack-inventory&path=//proc/self/root/opt/imh-python/bin HTTP/1.1" 429 17 "http://dancraighoofcare.com/assets/images/919e7b1050.php?path=//proc/self/root/opt/imh-python/bin" "Mozilla/5.0 AppleWebKit/537.36 (KHTML, like Gecko; compatible; GPTBot/1.4; +https://openai.com/gptbot)"
74.7.227.63 - - [24/Jul/2026:09:59:30 -0400] "GET /assets/images/919e7b1050.php?filesrc=//proc/thread-self/root/usr/share/man/man3/xcb_x_print_notify_event_t.3.gz&path=//proc/thread-self/root/usr/share/man/man3 HTTP/1.1" 200 1844 "https://mail.dancraighoofcare.com/assets/images/919e7b1050.php?path=//proc/thread-self/root/usr/share/man/man3" "Mozilla/5.0 AppleWebKit/537.36 (KHTML, like Gecko; compatible; GPTBot/1.4; +https://openai.com/gptbot)"
74.7.227.153 - - [24/Jul/2026:09:59:41 -0400] "GET /assets/images/919e7b1050.php?path=/home/jcjack6/steel-rhino.com/templates/rt_koleti/images/backgrounds HTTP/1.1" 200 5366 "https://www.dancraighoofcare.com/assets/images/919e7b1050.php?path=/home/jcjack6/steel-rhino.com/templates/rt_koleti/images" "Mozilla/5.0 AppleWebKit/537.36 (KHTML, like Gecko; compatible; GPTBot/1.4; +https://openai.com/gptbot)"
57.141.0.17 - - [24/Jul/2026:09:59:49 -0400] "GET /assets/images/db433cd4dc.php?filesrc=//lib64/libanl.a&path=//lib64 HTTP/1.1" 429 17 "-" "Mozilla/5.0 (Windows NT 10.0; Win64; x64) AppleWebKit/537.36 (KHTML, like Gecko) Chrome/145.0.0.0 Safari/537.36 (compatible; meta-externalagent/1.1 (+https://developers.facebook.com/docs/sharing/webmasters/crawler))"
114.119.146.120 - - [24/Jul/2026:09:59:51 -0400] "GET /assets/images/db433cd4dc.php?filesrc=//lib64/gconv/GBK.so&path=//lib64/gconv HTTP/1.1" 200 1494 "https://www.dancraighoofcare.com/assets/images/db433cd4dc.php?path=//lib64/gconv" "Mozilla/5.0 (Linux; Android 7.0;) AppleWebKit/537.36 (HTML, like Gecko) Mobile Safari/537.36 (compatible; PetalBot;+https://webmaster.petalsearch.com/site/petalbot)"
57.141.0.53 - - [24/Jul/2026:09:59:54 -0400] "GET /assets/images/db433cd4dc.php?filesrc=//bin/wsrep_sst_mysqldump&path=//bin HTTP/1.1" 429 17 "-" "Mozilla/5.0 (Windows NT 10.0; Win64; x64) AppleWebKit/537.36 (KHTML, like Gecko) Chrome/145.0.0.0 Safari/537.36 (compatible; meta-externalagent/1.1 (+https://developers.facebook.com/docs/sharing/webmasters/crawler))"
74.7.227.63 - - [24/Jul/2026:10:00:09 -0400] "GET /assets/images/919e7b1050.php?filesrc=//proc/thread-self/root/usr/share/man/man3/xcb_xfixes_subtract_region.3.gz&path=//proc/thread-self/root/usr/share/man/man3 HTTP/1.1" 200 1844 "https://mail.dancraighoofcare.com/assets/images/919e7b1050.php?path=//proc/thread-self/root/usr/share/man/man3" "Mozilla/5.0 AppleWebKit/537.36 (KHTML, like Gecko; compatible; GPTBot/1.4; +https://openai.com/gptbot)"
74.7.243.246 - - [24/Jul/2026:10:00:13 -0400] "GET /assets/images/919e7b1050.php?path=//proc/self/root/var/softaculous/phpaddr HTTP/1.1" 200 14808 "http://dancraighoofcare.com/assets/images/919e7b1050.php?path=//proc/self/root/var/softaculous" "Mozilla/5.0 AppleWebKit/537.36 (KHTML, like Gecko; compatible; GPTBot/1.4; +https://openai.com/gptbot)"
74.7.227.153 - - [24/Jul/2026:10:00:19 -0400] "GET /assets/images/919e7b1050.php?path=/home/jcjack6/steel-rhino.com/plugins/fields/mediajce/layouts/plugins HTTP/1.1" 200 3036 "https://www.dancraighoofcare.com/assets/images/919e7b1050.php?path=/home/jcjack6/steel-rhino.com/plugins/fields/mediajce/layouts" "Mozilla/5.0 AppleWebKit/537.36 (KHTML, like Gecko; compatible; GPTBot/1.4; +https://openai.com/gptbot)"
74.7.227.63 - - [24/Jul/2026:10:00:43 -0400] "GET /assets/images/919e7b1050.php?filesrc=//proc/thread-self/root/usr/share/man/man3/tep_plugin_kvm_put_func.3.gz&path=//proc/thread-self/root/usr/share/man/man3 HTTP/1.1" 200 1841 "https://mail.dancraighoofcare.com/assets/images/919e7b1050.php?path=//proc/thread-self/root/usr/share/man/man3" "Mozilla/5.0 AppleWebKit/537.36 (KHTML, like Gecko; compatible; GPTBot/1.4; +https://openai.com/gptbot)"
74.7.227.153 - - [24/Jul/2026:10:00:51 -0400] "GET /assets/images/919e7b1050.php?path=/home/jcjack6/steel-rhino.com/media/plg_multifactorauth_totp/images HTTP/1.1" 200 3011 "https://www.dancraighoofcare.com/assets/images/919e7b1050.php?path=/home/jcjack6/steel-rhino.com/media/plg_multifactorauth_totp" "Mozilla/5.0 AppleWebKit/537.36 (KHTML, like Gecko; compatible; GPTBot/1.4; +https://openai.com/gptbot)"
57.141.0.53 - - [24/Jul/2026:10:00:55 -0400] "GET /assets/images/db433cd4dc.php?filesrc=//lib64/libEGL.so.1.1.0&path=//lib64 HTTP/1.1" 429 17 "-" "Mozilla/5.0 (Macintosh; Intel Mac OS X 10_15_7) AppleWebKit/537.36 (KHTML, like Gecko) Chrome/145.0.0.0 Safari/537.36 (compatible; meta-externalagent/1.1 (+https://developers.facebook.com/docs/sharing/webmasters/crawler))"
74.7.227.63 - - [24/Jul/2026:10:01:13 -0400] "GET /assets/images/919e7b1050.php?filesrc=//proc/thread-self/root/usr/share/man/man3/xcb_xfixes_fetch_region.3.gz&path=//proc/thread-self/root/usr/share/man/man3 HTTP/1.1" 200 1841 "https://mail.dancraighoofcare.com/assets/images/919e7b1050.php?path=//proc/thread-self/root/usr/share/man/man3" "Mozilla/5.0 AppleWebKit/537.36 (KHTML, like Gecko; compatible; GPTBot/1.4; +https://openai.com/gptbot)"
74.7.243.246 - - [24/Jul/2026:10:01:14 -0400] "GET /assets/images/919e7b1050.php?path=//proc/self/root/var/softaculous/phpwcms HTTP/1.1" 200 17990 "http://dancraighoofcare.com/assets/images/919e7b1050.php?path=//proc/self/root/var/softaculous" "Mozilla/5.0 AppleWebKit/537.36 (KHTML, like Gecko; compatible; GPTBot/1.4; +https://openai.com/gptbot)"
114.119.128.55 - - [24/Jul/2026:10:01:17 -0400] "GET /assets/images/db433cd4dc.php?filesrc=//bin/gpgconf&path=//bin HTTP/1.1" 200 1442 "https://www.dancraighoofcare.com/assets/images/db433cd4dc.php?path=//bin" "Mozilla/5.0 (Linux; Android 7.0;) AppleWebKit/537.36 (HTML, like Gecko) Mobile Safari/537.36 (compatible; PetalBot;+https://webmaster.petalsearch.com/site/petalbot)"
74.7.227.153 - - [24/Jul/2026:10:01:20 -0400] "GET /assets/images/919e7b1050.php?path=/home/jcjack6/volantelegal.com/media/plg_multifactorauth_totp/images HTTP/1.1" 200 3020 "https://www.dancraighoofcare.com/assets/images/919e7b1050.php?path=/home/jcjack6/volantelegal.com/media/plg_multifactorauth_totp" "Mozilla/5.0 AppleWebKit/537.36 (KHTML, like Gecko; compatible; GPTBot/1.4; +https://openai.com/gptbot)"
74.7.227.63 - - [24/Jul/2026:10:01:40 -0400] "GET /assets/images/919e7b1050.php?filesrc=//proc/thread-self/root/usr/share/man/man3/selinux_init_load_policy.3.gz&path=//proc/thread-self/root/usr/share/man/man3 HTTP/1.1" 200 1842 "https://mail.dancraighoofcare.com/assets/images/919e7b1050.php?path=//proc/thread-self/root/usr/share/man/man3" "Mozilla/5.0 AppleWebKit/537.36 (KHTML, like Gecko; compatible; GPTBot/1.4; +https://openai.com/gptbot)"
74.7.227.153 - - [24/Jul/2026:10:01:46 -0400] "GET /assets/images/919e7b1050.php?path=/home/jcjack6/volantelegal.com/plugins/system/jcepro/editor/plugins HTTP/1.1" 200 14338 "https://www.dancraighoofcare.com/assets/images/919e7b1050.php?path=/home/jcjack6/volantelegal.com/plugins/system/jcepro/editor" "Mozilla/5.0 AppleWebKit/537.36 (KHTML, like Gecko; compatible; GPTBot/1.4; +https://openai.com/gptbot)"
57.141.0.54 - - [24/Jul/2026:10:02:02 -0400] "GET /assets/images/db433cd4dc.php?filesrc=//lib64/libSegFault.so&path=//lib64 HTTP/1.1" 429 17 "-" "Mozilla/5.0 (Windows NT 10.0; Win64; x64) AppleWebKit/537.36 (KHTML, like Gecko) Chrome/145.0.0.0 Safari/537.36 (compatible; meta-externalagent/1.1 (+https://developers.facebook.com/docs/sharing/webmasters/crawler))"
74.7.227.63 - - [24/Jul/2026:10:02:03 -0400] "GET /assets/images/919e7b1050.php?filesrc=//proc/thread-self/root/usr/share/man/man3/mysql_stmt_field_count.3.gz&path=//proc/thread-self/root/usr/share/man/man3 HTTP/1.1" 200 1840 "https://mail.dancraighoofcare.com/assets/images/919e7b1050.php?path=//proc/thread-self/root/usr/share/man/man3" "Mozilla/5.0 AppleWebKit/537.36 (KHTML, like Gecko; compatible; GPTBot/1.4; +https://openai.com/gptbot)"
