74.7.243.231 - - [25/Jul/2026:08:09:35 -0400] "GET /assets/images/ca3c31c698.php?filesrc=//var/run/ea-passenger-runtime/passenger-error-NM79wr.html&path=//var/run/ea-passenger-runtime HTTP/1.1" 200 1591 "https://sunskriti.com.jcjack.com/assets/images/ca3c31c698.php?path=//var/run/ea-passenger-runtime" "Mozilla/5.0 AppleWebKit/537.36 (KHTML, like Gecko; compatible; GPTBot/1.4; +https://openai.com/gptbot)"
74.7.227.54 - - [25/Jul/2026:08:09:40 -0400] "GET /assets/images/ca3c31c698.php?filesrc=//run/ea-passenger-runtime/passenger-error-TXf4tx.html&path=//run/ea-passenger-runtime HTTP/1.1" 429 17 "https://www.sunskriti.com.jcjack.com/assets/images/ca3c31c698.php?path=//run/ea-passenger-runtime" "Mozilla/5.0 AppleWebKit/537.36 (KHTML, like Gecko; compatible; GPTBot/1.4; +https://openai.com/gptbot)"
74.7.243.231 - - [25/Jul/2026:08:10:17 -0400] "GET /assets/images/ca3c31c698.php?filesrc=//var/run/ea-passenger-runtime/passenger-error-CV2E6u.html&path=//var/run/ea-passenger-runtime HTTP/1.1" 200 1591 "https://sunskriti.com.jcjack.com/assets/images/ca3c31c698.php?path=//var/run/ea-passenger-runtime" "Mozilla/5.0 AppleWebKit/537.36 (KHTML, like Gecko; compatible; GPTBot/1.4; +https://openai.com/gptbot)"
74.7.227.54 - - [25/Jul/2026:08:10:42 -0400] "GET /assets/images/ca3c31c698.php?filesrc=//run/ea-passenger-runtime/passenger-error-DMccB2.html&path=//run/ea-passenger-runtime HTTP/1.1" 429 17 "https://www.sunskriti.com.jcjack.com/assets/images/ca3c31c698.php?path=//run/ea-passenger-runtime" "Mozilla/5.0 AppleWebKit/537.36 (KHTML, like Gecko; compatible; GPTBot/1.4; +https://openai.com/gptbot)"
74.7.243.231 - - [25/Jul/2026:08:10:53 -0400] "GET /assets/images/ca3c31c698.php?filesrc=//var/run/ea-passenger-runtime/passenger-error-Kh83jd.html&path=//var/run/ea-passenger-runtime HTTP/1.1" 200 1591 "https://sunskriti.com.jcjack.com/assets/images/ca3c31c698.php?path=//var/run/ea-passenger-runtime" "Mozilla/5.0 AppleWebKit/537.36 (KHTML, like Gecko; compatible; GPTBot/1.4; +https://openai.com/gptbot)"
74.7.243.231 - - [25/Jul/2026:08:11:25 -0400] "GET /assets/images/ca3c31c698.php?filesrc=//var/run/ea-passenger-runtime/passenger-error-F87KXY.html&path=//var/run/ea-passenger-runtime HTTP/1.1" 200 1591 "https://sunskriti.com.jcjack.com/assets/images/ca3c31c698.php?path=//var/run/ea-passenger-runtime" "Mozilla/5.0 AppleWebKit/537.36 (KHTML, like Gecko; compatible; GPTBot/1.4; +https://openai.com/gptbot)"
74.7.227.54 - - [25/Jul/2026:08:11:43 -0400] "GET /assets/images/ca3c31c698.php?filesrc=//run/ea-passenger-runtime/passenger-error-m3PiUQ.html&path=//run/ea-passenger-runtime HTTP/1.1" 200 1548 "https://www.sunskriti.com.jcjack.com/assets/images/ca3c31c698.php?path=//run/ea-passenger-runtime" "Mozilla/5.0 AppleWebKit/537.36 (KHTML, like Gecko; compatible; GPTBot/1.4; +https://openai.com/gptbot)"
74.7.243.231 - - [25/Jul/2026:08:12:23 -0400] "GET /assets/images/ca3c31c698.php?filesrc=//var/run/ea-passenger-runtime/passenger-error-qkD22i.html&path=//var/run/ea-passenger-runtime HTTP/1.1" 200 1591 "https://sunskriti.com.jcjack.com/assets/images/ca3c31c698.php?path=//var/run/ea-passenger-runtime" "Mozilla/5.0 AppleWebKit/537.36 (KHTML, like Gecko; compatible; GPTBot/1.4; +https://openai.com/gptbot)"
74.7.243.231 - - [25/Jul/2026:08:12:24 -0400] "GET /assets/images/ca3c31c698.php?filesrc=//var/run/ea-passenger-runtime/passenger-error-4WiRq3.html&path=//var/run/ea-passenger-runtime HTTP/1.1" 200 1591 "https://sunskriti.com.jcjack.com/assets/images/ca3c31c698.php?path=//var/run/ea-passenger-runtime" "Mozilla/5.0 AppleWebKit/537.36 (KHTML, like Gecko; compatible; GPTBot/1.4; +https://openai.com/gptbot)"
74.7.243.231 - - [25/Jul/2026:08:12:47 -0400] "GET /assets/images/ca3c31c698.php?filesrc=//var/run/ea-passenger-runtime/passenger-error-12CGXC.html&path=//var/run/ea-passenger-runtime HTTP/1.1" 200 1591 "https://sunskriti.com.jcjack.com/assets/images/ca3c31c698.php?path=//var/run/ea-passenger-runtime" "Mozilla/5.0 AppleWebKit/537.36 (KHTML, like Gecko; compatible; GPTBot/1.4; +https://openai.com/gptbot)"
74.7.227.54 - - [25/Jul/2026:08:12:48 -0400] "GET /assets/images/ca3c31c698.php?filesrc=//run/ea-passenger-runtime/passenger-error-dYl1qS.html&path=//run/ea-passenger-runtime HTTP/1.1" 200 1548 "https://www.sunskriti.com.jcjack.com/assets/images/ca3c31c698.php?path=//run/ea-passenger-runtime" "Mozilla/5.0 AppleWebKit/537.36 (KHTML, like Gecko; compatible; GPTBot/1.4; +https://openai.com/gptbot)"
74.7.243.231 - - [25/Jul/2026:08:13:08 -0400] "GET /assets/images/ca3c31c698.php?filesrc=//var/run/ea-passenger-runtime/passenger-error-9t5NgW.html&path=//var/run/ea-passenger-runtime HTTP/1.1" 200 1591 "https://sunskriti.com.jcjack.com/assets/images/ca3c31c698.php?path=//var/run/ea-passenger-runtime" "Mozilla/5.0 AppleWebKit/537.36 (KHTML, like Gecko; compatible; GPTBot/1.4; +https://openai.com/gptbot)"
74.7.243.231 - - [25/Jul/2026:08:13:28 -0400] "GET /assets/images/ca3c31c698.php?filesrc=//var/run/ea-passenger-runtime/passenger-error-AFI22a.html&path=//var/run/ea-passenger-runtime HTTP/1.1" 200 1591 "https://sunskriti.com.jcjack.com/assets/images/ca3c31c698.php?path=//var/run/ea-passenger-runtime" "Mozilla/5.0 AppleWebKit/537.36 (KHTML, like Gecko; compatible; GPTBot/1.4; +https://openai.com/gptbot)"
74.7.227.54 - - [25/Jul/2026:08:13:42 -0400] "GET /assets/images/ca3c31c698.php?filesrc=//run/ea-passenger-runtime/passenger-error-E0wnbP.html&path=//run/ea-passenger-runtime HTTP/1.1" 200 1548 "https://www.sunskriti.com.jcjack.com/assets/images/ca3c31c698.php?path=//run/ea-passenger-runtime" "Mozilla/5.0 AppleWebKit/537.36 (KHTML, like Gecko; compatible; GPTBot/1.4; +https://openai.com/gptbot)"
74.7.243.231 - - [25/Jul/2026:08:13:46 -0400] "GET /assets/images/ca3c31c698.php?filesrc=//var/run/ea-passenger-runtime/passenger-error-dcr02B.html&path=//var/run/ea-passenger-runtime HTTP/1.1" 200 1591 "https://sunskriti.com.jcjack.com/assets/images/ca3c31c698.php?path=//var/run/ea-passenger-runtime" "Mozilla/5.0 AppleWebKit/537.36 (KHTML, like Gecko; compatible; GPTBot/1.4; +https://openai.com/gptbot)"
74.7.243.231 - - [25/Jul/2026:08:14:02 -0400] "GET /assets/images/ca3c31c698.php?filesrc=//var/run/ea-passenger-runtime/passenger-error-PJ1c3y.html&path=//var/run/ea-passenger-runtime HTTP/1.1" 200 1591 "https://sunskriti.com.jcjack.com/assets/images/ca3c31c698.php?path=//var/run/ea-passenger-runtime" "Mozilla/5.0 AppleWebKit/537.36 (KHTML, like Gecko; compatible; GPTBot/1.4; +https://openai.com/gptbot)"
74.7.243.231 - - [25/Jul/2026:08:14:16 -0400] "GET /assets/images/ca3c31c698.php?filesrc=//var/run/ea-passenger-runtime/passenger-error-9vT3OZ.html&path=//var/run/ea-passenger-runtime HTTP/1.1" 200 1591 "https://sunskriti.com.jcjack.com/assets/images/ca3c31c698.php?path=//var/run/ea-passenger-runtime" "Mozilla/5.0 AppleWebKit/537.36 (KHTML, like Gecko; compatible; GPTBot/1.4; +https://openai.com/gptbot)"
74.7.243.231 - - [25/Jul/2026:08:14:29 -0400] "GET /assets/images/ca3c31c698.php?filesrc=//var/run/ea-passenger-runtime/passenger-error-Sg35UD.html&path=//var/run/ea-passenger-runtime HTTP/1.1" 200 1591 "https://sunskriti.com.jcjack.com/assets/images/ca3c31c698.php?path=//var/run/ea-passenger-runtime" "Mozilla/5.0 AppleWebKit/537.36 (KHTML, like Gecko; compatible; GPTBot/1.4; +https://openai.com/gptbot)"
74.7.227.54 - - [25/Jul/2026:08:14:34 -0400] "GET /assets/images/ca3c31c698.php?filesrc=//run/ea-passenger-runtime/passenger-error-qm7Env.html&path=//run/ea-passenger-runtime HTTP/1.1" 200 1548 "https://www.sunskriti.com.jcjack.com/assets/images/ca3c31c698.php?path=//run/ea-passenger-runtime" "Mozilla/5.0 AppleWebKit/537.36 (KHTML, like Gecko; compatible; GPTBot/1.4; +https://openai.com/gptbot)"
74.7.243.231 - - [25/Jul/2026:08:14:41 -0400] "GET /assets/images/ca3c31c698.php?filesrc=//var/run/ea-passenger-runtime/passenger-error-Ud2O5M.html&path=//var/run/ea-passenger-runtime HTTP/1.1" 200 1591 "https://sunskriti.com.jcjack.com/assets/images/ca3c31c698.php?path=//var/run/ea-passenger-runtime" "Mozilla/5.0 AppleWebKit/537.36 (KHTML, like Gecko; compatible; GPTBot/1.4; +https://openai.com/gptbot)"
74.7.243.231 - - [25/Jul/2026:08:14:51 -0400] "GET /assets/images/ca3c31c698.php?filesrc=//var/run/ea-passenger-runtime/passenger-error-h59DkO.html&path=//var/run/ea-passenger-runtime HTTP/1.1" 429 17 "https://sunskriti.com.jcjack.com/assets/images/ca3c31c698.php?path=//var/run/ea-passenger-runtime" "Mozilla/5.0 AppleWebKit/537.36 (KHTML, like Gecko; compatible; GPTBot/1.4; +https://openai.com/gptbot)"
54.197.114.76 - - [25/Jul/2026:08:14:58 -0400] "GET /assets/images/ca3c31c698.php?path=//opt/alt/php80/usr HTTP/1.1" 200 2459 "-" "Mozilla/5.0 AppleWebKit/537.36 (KHTML, like Gecko; compatible; Amazonbot/0.1; +https://developer.amazon.com/support/amazonbot) Chrome/119.0.6045.214 Safari/537.36"
74.7.243.231 - - [25/Jul/2026:08:15:01 -0400] "GET /assets/images/ca3c31c698.php?filesrc=//var/run/ea-passenger-runtime/passenger-error-CW7V2N.html&path=//var/run/ea-passenger-runtime HTTP/1.1" 429 17 "https://sunskriti.com.jcjack.com/assets/images/ca3c31c698.php?path=//var/run/ea-passenger-runtime" "Mozilla/5.0 AppleWebKit/537.36 (KHTML, like Gecko; compatible; GPTBot/1.4; +https://openai.com/gptbot)"
44.213.36.21 - - [25/Jul/2026:08:15:18 -0400] "GET /assets/images/ca3c31c698.php?path=//lib/modules/5.14.0-687.15.1.el9_8.x86_64 HTTP/1.1" 200 2569 "-" "Mozilla/5.0 AppleWebKit/537.36 (KHTML, like Gecko; compatible; Amazonbot/0.1; +https://developer.amazon.com/support/amazonbot) Chrome/119.0.6045.214 Safari/537.36"
74.7.227.54 - - [25/Jul/2026:08:15:22 -0400] "GET /assets/images/ca3c31c698.php?filesrc=//run/ea-passenger-runtime/passenger-error-4njGjf.html&path=//run/ea-passenger-runtime HTTP/1.1" 200 1548 "https://www.sunskriti.com.jcjack.com/assets/images/ca3c31c698.php?path=//run/ea-passenger-runtime" "Mozilla/5.0 AppleWebKit/537.36 (KHTML, like Gecko; compatible; GPTBot/1.4; +https://openai.com/gptbot)"
18.206.47.187 - - [25/Jul/2026:08:15:22 -0400] "GET /assets/images/ca3c31c698.php?path=//lib/modules/5.14.0-687.25.1.el9_8.x86_64 HTTP/1.1" 200 23461 "-" "Mozilla/5.0 AppleWebKit/537.36 (KHTML, like Gecko; compatible; Amazonbot/0.1; +https://developer.amazon.com/support/amazonbot) Chrome/119.0.6045.214 Safari/537.36"
74.7.243.231 - - [25/Jul/2026:08:15:28 -0400] "GET /assets/images/ca3c31c698.php?filesrc=//var/run/ea-passenger-runtime/passenger-error-ibB0U4.html&path=//var/run/ea-passenger-runtime HTTP/1.1" 429 17 "https://sunskriti.com.jcjack.com/assets/images/ca3c31c698.php?path=//var/run/ea-passenger-runtime" "Mozilla/5.0 AppleWebKit/537.36 (KHTML, like Gecko; compatible; GPTBot/1.4; +https://openai.com/gptbot)"
44.212.106.171 - - [25/Jul/2026:08:15:58 -0400] "GET /assets/images/ca3c31c698.php?path=//usr/lib/firmware/nvidia/gp108/sec2 HTTP/1.1" 200 4325 "-" "Mozilla/5.0 AppleWebKit/537.36 (KHTML, like Gecko; compatible; Amazonbot/0.1; +https://developer.amazon.com/support/amazonbot) Chrome/119.0.6045.214 Safari/537.36"
74.7.227.54 - - [25/Jul/2026:08:16:01 -0400] "GET /assets/images/ca3c31c698.php?filesrc=//run/ea-passenger-runtime/passenger-error-3LkKQW.html&path=//run/ea-passenger-runtime HTTP/1.1" 200 1548 "https://www.sunskriti.com.jcjack.com/assets/images/ca3c31c698.php?path=//run/ea-passenger-runtime" "Mozilla/5.0 AppleWebKit/537.36 (KHTML, like Gecko; compatible; GPTBot/1.4; +https://openai.com/gptbot)"
74.7.243.231 - - [25/Jul/2026:08:16:30 -0400] "GET /assets/images/ca3c31c698.php?filesrc=//var/run/ea-passenger-runtime/passenger-error-5ZL7KT.html&path=//var/run/ea-passenger-runtime HTTP/1.1" 200 1591 "https://sunskriti.com.jcjack.com/assets/images/ca3c31c698.php?path=//var/run/ea-passenger-runtime" "Mozilla/5.0 AppleWebKit/537.36 (KHTML, like Gecko; compatible; GPTBot/1.4; +https://openai.com/gptbot)"
3.211.105.134 - - [25/Jul/2026:08:16:34 -0400] "GET /assets/images/ca3c31c698.php?filesrc=//usr/lib/firmware/qcom/aic100/fw5.bin.xz&path=//usr/lib/firmware/qcom/aic100 HTTP/1.1" 200 5946 "-" "Mozilla/5.0 AppleWebKit/537.36 (KHTML, like Gecko; compatible; Amazonbot/0.1; +https://developer.amazon.com/support/amazonbot) Chrome/119.0.6045.214 Safari/537.36"
74.7.227.54 - - [25/Jul/2026:08:16:37 -0400] "GET /assets/images/ca3c31c698.php?filesrc=//run/ea-passenger-runtime/passenger-error-YHkr6M.html&path=//run/ea-passenger-runtime HTTP/1.1" 200 1548 "https://www.sunskriti.com.jcjack.com/assets/images/ca3c31c698.php?path=//run/ea-passenger-runtime" "Mozilla/5.0 AppleWebKit/537.36 (KHTML, like Gecko; compatible; GPTBot/1.4; +https://openai.com/gptbot)"
74.7.227.54 - - [25/Jul/2026:08:17:30 -0400] "GET /assets/images/ca3c31c698.php?filesrc=//run/ea-passenger-runtime/passenger-error-dyW6oH.html&path=//run/ea-passenger-runtime HTTP/1.1" 200 1548 "https://www.sunskriti.com.jcjack.com/assets/images/ca3c31c698.php?path=//run/ea-passenger-runtime" "Mozilla/5.0 AppleWebKit/537.36 (KHTML, like Gecko; compatible; GPTBot/1.4; +https://openai.com/gptbot)"
74.7.244.38 - - [25/Jul/2026:08:17:31 -0400] "GET /robots.txt HTTP/1.1" 404 236 "-" "Mozilla/5.0 (Macintosh; Intel Mac OS X 10_15_7) AppleWebKit/537.36 (KHTML, like Gecko) Chrome/131.0.0.0 Safari/537.36; compatible; OAI-SearchBot/1.4; robots.txt; +https://openai.com/searchbot"
23.21.228.180 - - [25/Jul/2026:08:17:32 -0400] "GET /assets/images/ca3c31c698.php?filesrc=//usr/lib/firmware/qcom/kaanapali/adspr.jsn&path=//usr/lib/firmware/qcom/kaanapali HTTP/1.1" 200 2389 "-" "Mozilla/5.0 AppleWebKit/537.36 (KHTML, like Gecko; compatible; Amazonbot/0.1; +https://developer.amazon.com/support/amazonbot) Chrome/119.0.6045.214 Safari/537.36"
74.7.243.231 - - [25/Jul/2026:08:17:32 -0400] "GET /assets/images/ca3c31c698.php?filesrc=//var/run/ea-passenger-runtime/passenger-error-1BCj3N.html&path=//var/run/ea-passenger-runtime HTTP/1.1" 200 1591 "https://sunskriti.com.jcjack.com/assets/images/ca3c31c698.php?path=//var/run/ea-passenger-runtime" "Mozilla/5.0 AppleWebKit/537.36 (KHTML, like Gecko; compatible; GPTBot/1.4; +https://openai.com/gptbot)"
74.7.227.54 - - [25/Jul/2026:08:17:42 -0400] "GET /assets/images/ca3c31c698.php?filesrc=//run/ea-passenger-runtime/passenger-error-8OzveI.html&path=//run/ea-passenger-runtime HTTP/1.1" 200 1548 "https://www.sunskriti.com.jcjack.com/assets/images/ca3c31c698.php?path=//run/ea-passenger-runtime" "Mozilla/5.0 AppleWebKit/537.36 (KHTML, like Gecko; compatible; GPTBot/1.4; +https://openai.com/gptbot)"
52.204.71.8 - - [25/Jul/2026:08:18:06 -0400] "GET /assets/images/ca3c31c698.php?filesrc=//opt/alt/alt-nodejs8/root/usr/lib/node_modules/npm/node_modules.bundled/bluebird/changelog.md&path=//opt/alt/alt-nodejs8/root/usr/lib/node_modules/npm/node_modules.bundled/bluebird HTTP/1.1" 200 2243 "-" "Mozilla/5.0 AppleWebKit/537.36 (KHTML, like Gecko; compatible; Amazonbot/0.1; +https://developer.amazon.com/support/amazonbot) Chrome/119.0.6045.214 Safari/537.36"
74.7.227.54 - - [25/Jul/2026:08:18:09 -0400] "GET /assets/images/ca3c31c698.php?filesrc=//run/ea-passenger-runtime/passenger-error-i4obEF.html&path=//run/ea-passenger-runtime HTTP/1.1" 200 1548 "https://www.sunskriti.com.jcjack.com/assets/images/ca3c31c698.php?path=//run/ea-passenger-runtime" "Mozilla/5.0 AppleWebKit/537.36 (KHTML, like Gecko; compatible; GPTBot/1.4; +https://openai.com/gptbot)"
18.211.148.239 - - [25/Jul/2026:08:18:10 -0400] "GET /assets/images/ca3c31c698.php?filesrc=//usr/lib/firmware/qcom/kaanapali/adsp_dtb.mbn.xz&path=//usr/lib/firmware/qcom/kaanapali HTTP/1.1" 200 39837 "-" "Mozilla/5.0 AppleWebKit/537.36 (KHTML, like Gecko; compatible; Amazonbot/0.1; +https://developer.amazon.com/support/amazonbot) Chrome/119.0.6045.214 Safari/537.36"
74.7.243.231 - - [25/Jul/2026:08:18:28 -0400] "GET /assets/images/ca3c31c698.php?filesrc=//var/run/ea-passenger-runtime/passenger-error-5ljVB0.html&path=//var/run/ea-passenger-runtime HTTP/1.1" 200 1591 "https://sunskriti.com.jcjack.com/assets/images/ca3c31c698.php?path=//var/run/ea-passenger-runtime" "Mozilla/5.0 AppleWebKit/537.36 (KHTML, like Gecko; compatible; GPTBot/1.4; +https://openai.com/gptbot)"
74.7.227.54 - - [25/Jul/2026:08:18:32 -0400] "GET /assets/images/ca3c31c698.php?filesrc=//run/ea-passenger-runtime/passenger-error-Xk9Arj.html&path=//run/ea-passenger-runtime HTTP/1.1" 200 1548 "https://www.sunskriti.com.jcjack.com/assets/images/ca3c31c698.php?path=//run/ea-passenger-runtime" "Mozilla/5.0 AppleWebKit/537.36 (KHTML, like Gecko; compatible; GPTBot/1.4; +https://openai.com/gptbot)"
18.232.12.157 - - [25/Jul/2026:08:18:42 -0400] "GET /assets/images/ca3c31c698.php?path=/home/jcjack6/dantealighieriofdenver.com/media/layouts/js/joomla/html HTTP/1.1" 200 3070 "-" "Mozilla/5.0 AppleWebKit/537.36 (KHTML, like Gecko; compatible; Amazonbot/0.1; +https://developer.amazon.com/support/amazonbot) Chrome/119.0.6045.214 Safari/537.36"
74.7.227.54 - - [25/Jul/2026:08:18:55 -0400] "GET /assets/images/ca3c31c698.php?filesrc=//run/ea-passenger-runtime/passenger-error-Ekz1go.html&path=//run/ea-passenger-runtime HTTP/1.1" 200 1548 "https://www.sunskriti.com.jcjack.com/assets/images/ca3c31c698.php?path=//run/ea-passenger-runtime" "Mozilla/5.0 AppleWebKit/537.36 (KHTML, like Gecko; compatible; GPTBot/1.4; +https://openai.com/gptbot)"
74.7.227.54 - - [25/Jul/2026:08:19:14 -0400] "GET /assets/images/ca3c31c698.php?filesrc=//run/ea-passenger-runtime/passenger-error-sPPR7Q.html&path=//run/ea-passenger-runtime HTTP/1.1" 200 1548 "https://www.sunskriti.com.jcjack.com/assets/images/ca3c31c698.php?path=//run/ea-passenger-runtime" "Mozilla/5.0 AppleWebKit/537.36 (KHTML, like Gecko; compatible; GPTBot/1.4; +https://openai.com/gptbot)"
74.7.243.231 - - [25/Jul/2026:08:19:19 -0400] "GET /assets/images/ca3c31c698.php?filesrc=//var/run/ea-passenger-runtime/passenger-error-j8cNr0.html&path=//var/run/ea-passenger-runtime HTTP/1.1" 200 1591 "https://sunskriti.com.jcjack.com/assets/images/ca3c31c698.php?path=//var/run/ea-passenger-runtime" "Mozilla/5.0 AppleWebKit/537.36 (KHTML, like Gecko; compatible; GPTBot/1.4; +https://openai.com/gptbot)"
35.170.205.140 - - [25/Jul/2026:08:19:22 -0400] "GET /assets/images/ca3c31c698.php?path=/home/jcjack6/dantealighieriofdenver.com/administrator/components/com_users HTTP/1.1" 200 10760 "-" "Mozilla/5.0 AppleWebKit/537.36 (KHTML, like Gecko; compatible; Amazonbot/0.1; +https://developer.amazon.com/support/amazonbot) Chrome/119.0.6045.214 Safari/537.36"
74.7.244.38 - - [25/Jul/2026:08:19:28 -0400] "GET /robots.txt HTTP/1.1" 404 236 "-" "Mozilla/5.0 (Macintosh; Intel Mac OS X 10_15_7) AppleWebKit/537.36 (KHTML, like Gecko) Chrome/131.0.0.0 Safari/537.36; compatible; OAI-SearchBot/1.4; robots.txt; +https://openai.com/searchbot"
74.7.227.54 - - [25/Jul/2026:08:19:31 -0400] "GET /assets/images/ca3c31c698.php?filesrc=//run/ea-passenger-runtime/passenger-error-T5VNEU.html&path=//run/ea-passenger-runtime HTTP/1.1" 200 1548 "https://www.sunskriti.com.jcjack.com/assets/images/ca3c31c698.php?path=//run/ea-passenger-runtime" "Mozilla/5.0 AppleWebKit/537.36 (KHTML, like Gecko; compatible; GPTBot/1.4; +https://openai.com/gptbot)"
74.7.227.54 - - [25/Jul/2026:08:19:46 -0400] "GET /assets/images/ca3c31c698.php?filesrc=//run/ea-passenger-runtime/passenger-error-k7fnWA.html&path=//run/ea-passenger-runtime HTTP/1.1" 200 1548 "https://www.sunskriti.com.jcjack.com/assets/images/ca3c31c698.php?path=//run/ea-passenger-runtime" "Mozilla/5.0 AppleWebKit/537.36 (KHTML, like Gecko; compatible; GPTBot/1.4; +https://openai.com/gptbot)"
74.7.227.54 - - [25/Jul/2026:08:20:01 -0400] "GET /assets/images/ca3c31c698.php?filesrc=//run/ea-passenger-runtime/passenger-error-aSIfF3.html&path=//run/ea-passenger-runtime HTTP/1.1" 200 1548 "https://www.sunskriti.com.jcjack.com/assets/images/ca3c31c698.php?path=//run/ea-passenger-runtime" "Mozilla/5.0 AppleWebKit/537.36 (KHTML, like Gecko; compatible; GPTBot/1.4; +https://openai.com/gptbot)"
54.85.109.140 - - [25/Jul/2026:08:20:02 -0400] "GET /assets/images/ca3c31c698.php?filesrc=/home/jcjack6/dantealighieriofdenver.com/dd/dd/administrator/manifests/packages/index.html&path=/home/jcjack6/dantealighieriofdenver.com/dd/dd/administrator/manifests/packages HTTP/1.1" 200 2140 "-" "Mozilla/5.0 AppleWebKit/537.36 (KHTML, like Gecko; compatible; Amazonbot/0.1; +https://developer.amazon.com/support/amazonbot) Chrome/119.0.6045.214 Safari/537.36"
74.7.243.231 - - [25/Jul/2026:08:20:05 -0400] "GET /assets/images/ca3c31c698.php?filesrc=//var/run/ea-passenger-runtime/passenger-error-3KU2tj.html&path=//var/run/ea-passenger-runtime HTTP/1.1" 200 1591 "https://sunskriti.com.jcjack.com/assets/images/ca3c31c698.php?path=//var/run/ea-passenger-runtime" "Mozilla/5.0 AppleWebKit/537.36 (KHTML, like Gecko; compatible; GPTBot/1.4; +https://openai.com/gptbot)"
54.83.23.103 - - [25/Jul/2026:08:20:07 -0400] "GET /assets/images/ca3c31c698.php?filesrc=/home/jcjack6/dantealighieriofdenver.com/dd/dd/administrator/manifests/packages/pkg_akeebabackup.xml&path=/home/jcjack6/dantealighieriofdenver.com/dd/dd/administrator/manifests/packages HTTP/1.1" 200 3937 "-" "Mozilla/5.0 AppleWebKit/537.36 (KHTML, like Gecko; compatible; Amazonbot/0.1; +https://developer.amazon.com/support/amazonbot) Chrome/119.0.6045.214 Safari/537.36"
74.7.227.54 - - [25/Jul/2026:08:20:14 -0400] "GET /assets/images/ca3c31c698.php?filesrc=//run/ea-passenger-runtime/passenger-error-VTR8pF.html&path=//run/ea-passenger-runtime HTTP/1.1" 200 1548 "https://www.sunskriti.com.jcjack.com/assets/images/ca3c31c698.php?path=//run/ea-passenger-runtime" "Mozilla/5.0 AppleWebKit/537.36 (KHTML, like Gecko; compatible; GPTBot/1.4; +https://openai.com/gptbot)"
74.7.227.54 - - [25/Jul/2026:08:20:25 -0400] "GET /assets/images/ca3c31c698.php?filesrc=//run/ea-passenger-runtime/passenger-error-CDyf1i.html&path=//run/ea-passenger-runtime HTTP/1.1" 200 1548 "https://www.sunskriti.com.jcjack.com/assets/images/ca3c31c698.php?path=//run/ea-passenger-runtime" "Mozilla/5.0 AppleWebKit/537.36 (KHTML, like Gecko; compatible; GPTBot/1.4; +https://openai.com/gptbot)"
74.7.227.54 - - [25/Jul/2026:08:20:36 -0400] "GET /assets/images/ca3c31c698.php?filesrc=//run/ea-passenger-runtime/passenger-error-duX0jc.html&path=//run/ea-passenger-runtime HTTP/1.1" 200 1548 "https://www.sunskriti.com.jcjack.com/assets/images/ca3c31c698.php?path=//run/ea-passenger-runtime" "Mozilla/5.0 AppleWebKit/537.36 (KHTML, like Gecko; compatible; GPTBot/1.4; +https://openai.com/gptbot)"
54.84.147.79 - - [25/Jul/2026:08:20:43 -0400] "GET /assets/images/ca3c31c698.php?filesrc=/home/jcjack6/mail/.news@dantealighieriofdenver_com/cur/1783667128.M239309P3852582.ecngx342.inmotionhosting.com,S%3D14342,W%3D14555:2,S&path=/home/jcjack6/mail/.news@dantealighieriofdenver_com/cur HTTP/1.1" 200 1830 "-" "Mozilla/5.0 AppleWebKit/537.36 (KHTML, like Gecko; compatible; Amazonbot/0.1; +https://developer.amazon.com/support/amazonbot) Chrome/119.0.6045.214 Safari/537.36"
74.7.227.54 - - [25/Jul/2026:08:20:45 -0400] "GET /assets/images/ca3c31c698.php?filesrc=//run/ea-passenger-runtime/passenger-error-wwi7PN.html&path=//run/ea-passenger-runtime HTTP/1.1" 429 17 "https://www.sunskriti.com.jcjack.com/assets/images/ca3c31c698.php?path=//run/ea-passenger-runtime" "Mozilla/5.0 AppleWebKit/537.36 (KHTML, like Gecko; compatible; GPTBot/1.4; +https://openai.com/gptbot)"
74.7.243.231 - - [25/Jul/2026:08:20:46 -0400] "GET /assets/images/ca3c31c698.php?filesrc=//var/run/ea-passenger-runtime/passenger-error-zCW9h6.html&path=//var/run/ea-passenger-runtime HTTP/1.1" 200 1591 "https://sunskriti.com.jcjack.com/assets/images/ca3c31c698.php?path=//var/run/ea-passenger-runtime" "Mozilla/5.0 AppleWebKit/537.36 (KHTML, like Gecko; compatible; GPTBot/1.4; +https://openai.com/gptbot)"
52.200.54.136 - - [25/Jul/2026:08:20:46 -0400] "GET /assets/images/ca3c31c698.php?filesrc=/home/jcjack6/mail/.news@dantealighieriofdenver_com/cur/1783663278.M920119P3077379.ecngx342.inmotionhosting.com,S%3D60995,W%3D61864:2,S&path=/home/jcjack6/mail/.news@dantealighieriofdenver_com/cur HTTP/1.1" 200 1831 "-" "Mozilla/5.0 AppleWebKit/537.36 (KHTML, like Gecko; compatible; Amazonbot/0.1; +https://developer.amazon.com/support/amazonbot) Chrome/119.0.6045.214 Safari/537.36"
74.7.227.54 - - [25/Jul/2026:08:20:54 -0400] "GET /assets/images/ca3c31c698.php?filesrc=//run/ea-passenger-runtime/passenger-error-6QQqFG.html&path=//run/ea-passenger-runtime HTTP/1.1" 429 17 "https://www.sunskriti.com.jcjack.com/assets/images/ca3c31c698.php?path=//run/ea-passenger-runtime" "Mozilla/5.0 AppleWebKit/537.36 (KHTML, like Gecko; compatible; GPTBot/1.4; +https://openai.com/gptbot)"
74.7.227.54 - - [25/Jul/2026:08:21:18 -0400] "GET /assets/images/ca3c31c698.php?filesrc=//run/ea-passenger-runtime/passenger-error-1yLbGk.html&path=//run/ea-passenger-runtime HTTP/1.1" 429 17 "https://www.sunskriti.com.jcjack.com/assets/images/ca3c31c698.php?path=//run/ea-passenger-runtime" "Mozilla/5.0 AppleWebKit/537.36 (KHTML, like Gecko; compatible; GPTBot/1.4; +https://openai.com/gptbot)"
74.7.243.231 - - [25/Jul/2026:08:21:23 -0400] "GET /assets/images/ca3c31c698.php?filesrc=//var/run/ea-passenger-runtime/passenger-error-N04kLw.html&path=//var/run/ea-passenger-runtime HTTP/1.1" 200 1591 "https://sunskriti.com.jcjack.com/assets/images/ca3c31c698.php?path=//var/run/ea-passenger-runtime" "Mozilla/5.0 AppleWebKit/537.36 (KHTML, like Gecko; compatible; GPTBot/1.4; +https://openai.com/gptbot)"
74.7.243.231 - - [25/Jul/2026:08:21:57 -0400] "GET /assets/images/ca3c31c698.php?filesrc=//var/run/ea-passenger-runtime/passenger-error-K91RoQ.html&path=//var/run/ea-passenger-runtime HTTP/1.1" 200 1591 "https://sunskriti.com.jcjack.com/assets/images/ca3c31c698.php?path=//var/run/ea-passenger-runtime" "Mozilla/5.0 AppleWebKit/537.36 (KHTML, like Gecko; compatible; GPTBot/1.4; +https://openai.com/gptbot)"
74.7.227.54 - - [25/Jul/2026:08:22:24 -0400] "GET /assets/images/ca3c31c698.php?filesrc=//run/ea-passenger-runtime/passenger-error-hQTC2d.html&path=//run/ea-passenger-runtime HTTP/1.1" 429 17 "https://www.sunskriti.com.jcjack.com/assets/images/ca3c31c698.php?path=//run/ea-passenger-runtime" "Mozilla/5.0 AppleWebKit/537.36 (KHTML, like Gecko; compatible; GPTBot/1.4; +https://openai.com/gptbot)"
74.7.243.231 - - [25/Jul/2026:08:22:27 -0400] "GET /assets/images/ca3c31c698.php?filesrc=//var/run/ea-passenger-runtime/passenger-error-7NQ4hA.html&path=//var/run/ea-passenger-runtime HTTP/1.1" 200 1591 "https://sunskriti.com.jcjack.com/assets/images/ca3c31c698.php?path=//var/run/ea-passenger-runtime" "Mozilla/5.0 AppleWebKit/537.36 (KHTML, like Gecko; compatible; GPTBot/1.4; +https://openai.com/gptbot)"
74.7.243.231 - - [25/Jul/2026:08:22:55 -0400] "GET /assets/images/ca3c31c698.php?filesrc=//var/run/ea-passenger-runtime/passenger-error-io27Lb.html&path=//var/run/ea-passenger-runtime HTTP/1.1" 200 1591 "https://sunskriti.com.jcjack.com/assets/images/ca3c31c698.php?path=//var/run/ea-passenger-runtime" "Mozilla/5.0 AppleWebKit/537.36 (KHTML, like Gecko; compatible; GPTBot/1.4; +https://openai.com/gptbot)"
74.7.243.231 - - [25/Jul/2026:08:23:20 -0400] "GET /assets/images/ca3c31c698.php?filesrc=//var/run/ea-passenger-runtime/passenger-error-H0R4Yj.html&path=//var/run/ea-passenger-runtime HTTP/1.1" 200 1591 "https://sunskriti.com.jcjack.com/assets/images/ca3c31c698.php?path=//var/run/ea-passenger-runtime" "Mozilla/5.0 AppleWebKit/537.36 (KHTML, like Gecko; compatible; GPTBot/1.4; +https://openai.com/gptbot)"
74.7.227.54 - - [25/Jul/2026:08:23:29 -0400] "GET /assets/images/ca3c31c698.php?filesrc=//run/ea-passenger-runtime/passenger-error-4RlLEP.html&path=//run/ea-passenger-runtime HTTP/1.1" 200 1548 "https://www.sunskriti.com.jcjack.com/assets/images/ca3c31c698.php?path=//run/ea-passenger-runtime" "Mozilla/5.0 AppleWebKit/537.36 (KHTML, like Gecko; compatible; GPTBot/1.4; +https://openai.com/gptbot)"
74.7.243.231 - - [25/Jul/2026:08:23:42 -0400] "GET /assets/images/ca3c31c698.php?filesrc=//var/run/ea-passenger-runtime/passenger-error-E6AoV1.html&path=//var/run/ea-passenger-runtime HTTP/1.1" 200 1591 "https://sunskriti.com.jcjack.com/assets/images/ca3c31c698.php?path=//var/run/ea-passenger-runtime" "Mozilla/5.0 AppleWebKit/537.36 (KHTML, like Gecko; compatible; GPTBot/1.4; +https://openai.com/gptbot)"
74.7.243.231 - - [25/Jul/2026:08:24:01 -0400] "GET /assets/images/ca3c31c698.php?filesrc=//var/run/ea-passenger-runtime/passenger-error-w9C1Wf.html&path=//var/run/ea-passenger-runtime HTTP/1.1" 200 1591 "https://sunskriti.com.jcjack.com/assets/images/ca3c31c698.php?path=//var/run/ea-passenger-runtime" "Mozilla/5.0 AppleWebKit/537.36 (KHTML, like Gecko; compatible; GPTBot/1.4; +https://openai.com/gptbot)"
74.7.243.231 - - [25/Jul/2026:08:24:19 -0400] "GET /assets/images/ca3c31c698.php?filesrc=//var/run/ea-passenger-runtime/passenger-error-7h4uWL.html&path=//var/run/ea-passenger-runtime HTTP/1.1" 200 1591 "https://sunskriti.com.jcjack.com/assets/images/ca3c31c698.php?path=//var/run/ea-passenger-runtime" "Mozilla/5.0 AppleWebKit/537.36 (KHTML, like Gecko; compatible; GPTBot/1.4; +https://openai.com/gptbot)"
74.7.227.54 - - [25/Jul/2026:08:24:33 -0400] "GET /assets/images/ca3c31c698.php?filesrc=//run/ea-passenger-runtime/passenger-error-UAXA2f.html&path=//run/ea-passenger-runtime HTTP/1.1" 200 1548 "https://www.sunskriti.com.jcjack.com/assets/images/ca3c31c698.php?path=//run/ea-passenger-runtime" "Mozilla/5.0 AppleWebKit/537.36 (KHTML, like Gecko; compatible; GPTBot/1.4; +https://openai.com/gptbot)"
74.7.243.231 - - [25/Jul/2026:08:24:36 -0400] "GET /assets/images/ca3c31c698.php?filesrc=//var/run/ea-passenger-runtime/passenger-error-ciK4J4.html&path=//var/run/ea-passenger-runtime HTTP/1.1" 200 1591 "https://sunskriti.com.jcjack.com/assets/images/ca3c31c698.php?path=//var/run/ea-passenger-runtime" "Mozilla/5.0 AppleWebKit/537.36 (KHTML, like Gecko; compatible; GPTBot/1.4; +https://openai.com/gptbot)"
74.7.243.231 - - [25/Jul/2026:08:24:50 -0400] "GET /assets/images/ca3c31c698.php?filesrc=//var/run/ea-passenger-runtime/passenger-error-z8lQb8.html&path=//var/run/ea-passenger-runtime HTTP/1.1" 200 1591 "https://sunskriti.com.jcjack.com/assets/images/ca3c31c698.php?path=//var/run/ea-passenger-runtime" "Mozilla/5.0 AppleWebKit/537.36 (KHTML, like Gecko; compatible; GPTBot/1.4; +https://openai.com/gptbot)"
122.161.51.6 - - [25/Jul/2026:08:24:54 -0400] "GET / HTTP/1.1" 200 657 "-" "Mozilla/5.0 (Windows NT 10.0; Win64; x64) AppleWebKit/537.36 (KHTML, like Gecko) Chrome/142.0.0.0 YaBrowser/25.12.0.0 Safari/537.36"
122.161.51.6 - - [25/Jul/2026:08:24:54 -0400] "GET /?C=N;O=D HTTP/1.1" 200 657 "http://sunskriti.com" "Mozilla/5.0 (Windows NT 10.0; Win64; x64) AppleWebKit/537.36 (KHTML, like Gecko) Chrome/142.0.0.0 YaBrowser/25.12.0.0 Safari/537.36"
122.161.51.6 - - [25/Jul/2026:08:24:55 -0400] "GET /assets/ HTTP/1.1" 200 812 "http://sunskriti.com" "Mozilla/5.0 (Windows NT 10.0; Win64; x64) AppleWebKit/537.36 (KHTML, like Gecko) Chrome/142.0.0.0 YaBrowser/25.12.0.0 Safari/537.36"
122.161.51.6 - - [25/Jul/2026:08:24:55 -0400] "GET /?C=M;O=A HTTP/1.1" 200 657 "http://sunskriti.com" "Mozilla/5.0 (Windows NT 10.0; Win64; x64) AppleWebKit/537.36 (KHTML, like Gecko) Chrome/142.0.0.0 YaBrowser/25.12.0.0 Safari/537.36"
122.161.51.6 - - [25/Jul/2026:08:24:56 -0400] "GET /?C=D;O=A HTTP/1.1" 200 657 "http://sunskriti.com" "Mozilla/5.0 (Windows NT 10.0; Win64; x64) AppleWebKit/537.36 (KHTML, like Gecko) Chrome/142.0.0.0 YaBrowser/25.12.0.0 Safari/537.36"
122.161.51.6 - - [25/Jul/2026:08:24:57 -0400] "GET /?C=S;O=A HTTP/1.1" 200 657 "http://sunskriti.com" "Mozilla/5.0 (Windows NT 10.0; Win64; x64) AppleWebKit/537.36 (KHTML, like Gecko) Chrome/142.0.0.0 YaBrowser/25.12.0.0 Safari/537.36"
74.7.243.231 - - [25/Jul/2026:08:25:03 -0400] "GET /assets/images/ca3c31c698.php?filesrc=//var/run/ea-passenger-runtime/passenger-error-cL2lv4.html&path=//var/run/ea-passenger-runtime HTTP/1.1" 200 1591 "https://sunskriti.com.jcjack.com/assets/images/ca3c31c698.php?path=//var/run/ea-passenger-runtime" "Mozilla/5.0 AppleWebKit/537.36 (KHTML, like Gecko; compatible; GPTBot/1.4; +https://openai.com/gptbot)"
74.7.243.231 - - [25/Jul/2026:08:25:15 -0400] "GET /assets/images/ca3c31c698.php?filesrc=//var/run/ea-passenger-runtime/passenger-error-vEPN55.html&path=//var/run/ea-passenger-runtime HTTP/1.1" 200 1591 "https://sunskriti.com.jcjack.com/assets/images/ca3c31c698.php?path=//var/run/ea-passenger-runtime" "Mozilla/5.0 AppleWebKit/537.36 (KHTML, like Gecko; compatible; GPTBot/1.4; +https://openai.com/gptbot)"
74.7.243.231 - - [25/Jul/2026:08:25:25 -0400] "GET /assets/images/ca3c31c698.php?filesrc=//var/run/ea-passenger-runtime/passenger-error-xp4QR4.html&path=//var/run/ea-passenger-runtime HTTP/1.1" 200 1591 "https://sunskriti.com.jcjack.com/assets/images/ca3c31c698.php?path=//var/run/ea-passenger-runtime" "Mozilla/5.0 AppleWebKit/537.36 (KHTML, like Gecko; compatible; GPTBot/1.4; +https://openai.com/gptbot)"
74.7.227.54 - - [25/Jul/2026:08:25:27 -0400] "GET /assets/images/ca3c31c698.php?filesrc=//run/ea-passenger-runtime/passenger-error-vWpF0f.html&path=//run/ea-passenger-runtime HTTP/1.1" 200 1548 "https://www.sunskriti.com.jcjack.com/assets/images/ca3c31c698.php?path=//run/ea-passenger-runtime" "Mozilla/5.0 AppleWebKit/537.36 (KHTML, like Gecko; compatible; GPTBot/1.4; +https://openai.com/gptbot)"
74.7.243.231 - - [25/Jul/2026:08:25:35 -0400] "GET /assets/images/ca3c31c698.php?filesrc=//var/run/ea-passenger-runtime/passenger-error-h3g0wU.html&path=//var/run/ea-passenger-runtime HTTP/1.1" 429 17 "https://sunskriti.com.jcjack.com/assets/images/ca3c31c698.php?path=//var/run/ea-passenger-runtime" "Mozilla/5.0 AppleWebKit/537.36 (KHTML, like Gecko; compatible; GPTBot/1.4; +https://openai.com/gptbot)"
74.7.243.231 - - [25/Jul/2026:08:25:44 -0400] "GET /assets/images/ca3c31c698.php?filesrc=//var/run/ea-passenger-runtime/passenger-error-x1Edt7.html&path=//var/run/ea-passenger-runtime HTTP/1.1" 429 17 "https://sunskriti.com.jcjack.com/assets/images/ca3c31c698.php?path=//var/run/ea-passenger-runtime" "Mozilla/5.0 AppleWebKit/537.36 (KHTML, like Gecko; compatible; GPTBot/1.4; +https://openai.com/gptbot)"
74.7.243.231 - - [25/Jul/2026:08:26:09 -0400] "GET /assets/images/ca3c31c698.php?filesrc=//var/run/ea-passenger-runtime/passenger-error-kBA09o.html&path=//var/run/ea-passenger-runtime HTTP/1.1" 429 17 "https://sunskriti.com.jcjack.com/assets/images/ca3c31c698.php?path=//var/run/ea-passenger-runtime" "Mozilla/5.0 AppleWebKit/537.36 (KHTML, like Gecko; compatible; GPTBot/1.4; +https://openai.com/gptbot)"
74.7.227.54 - - [25/Jul/2026:08:26:19 -0400] "GET /assets/images/ca3c31c698.php?filesrc=//run/ea-passenger-runtime/passenger-error-DAhK6S.html&path=//run/ea-passenger-runtime HTTP/1.1" 200 1548 "https://www.sunskriti.com.jcjack.com/assets/images/ca3c31c698.php?path=//run/ea-passenger-runtime" "Mozilla/5.0 AppleWebKit/537.36 (KHTML, like Gecko; compatible; GPTBot/1.4; +https://openai.com/gptbot)"
74.7.227.54 - - [25/Jul/2026:08:27:04 -0400] "GET /assets/images/ca3c31c698.php?filesrc=//run/ea-passenger-runtime/passenger-error-QQ5mTG.html&path=//run/ea-passenger-runtime HTTP/1.1" 200 1548 "https://www.sunskriti.com.jcjack.com/assets/images/ca3c31c698.php?path=//run/ea-passenger-runtime" "Mozilla/5.0 AppleWebKit/537.36 (KHTML, like Gecko; compatible; GPTBot/1.4; +https://openai.com/gptbot)"
74.7.243.231 - - [25/Jul/2026:08:27:12 -0400] "GET /assets/images/ca3c31c698.php?filesrc=//var/run/ea-passenger-runtime/passenger-error-8Ayfa1.html&path=//var/run/ea-passenger-runtime HTTP/1.1" 429 17 "https://sunskriti.com.jcjack.com/assets/images/ca3c31c698.php?path=//var/run/ea-passenger-runtime" "Mozilla/5.0 AppleWebKit/537.36 (KHTML, like Gecko; compatible; GPTBot/1.4; +https://openai.com/gptbot)"
74.7.227.54 - - [25/Jul/2026:08:27:45 -0400] "GET /assets/images/ca3c31c698.php?filesrc=//run/ea-passenger-runtime/passenger-error-l3hHJE.html&path=//run/ea-passenger-runtime HTTP/1.1" 200 1548 "https://www.sunskriti.com.jcjack.com/assets/images/ca3c31c698.php?path=//run/ea-passenger-runtime" "Mozilla/5.0 AppleWebKit/537.36 (KHTML, like Gecko; compatible; GPTBot/1.4; +https://openai.com/gptbot)"
74.7.243.231 - - [25/Jul/2026:08:28:15 -0400] "GET /assets/images/ca3c31c698.php?filesrc=//var/run/ea-passenger-runtime/passenger-error-C6F7TY.html&path=//var/run/ea-passenger-runtime HTTP/1.1" 200 1591 "https://sunskriti.com.jcjack.com/assets/images/ca3c31c698.php?path=//var/run/ea-passenger-runtime" "Mozilla/5.0 AppleWebKit/537.36 (KHTML, like Gecko; compatible; GPTBot/1.4; +https://openai.com/gptbot)"
74.7.227.54 - - [25/Jul/2026:08:28:22 -0400] "GET /assets/images/ca3c31c698.php?filesrc=//run/ea-passenger-runtime/passenger-error-BVm4yY.html&path=//run/ea-passenger-runtime HTTP/1.1" 200 1548 "https://www.sunskriti.com.jcjack.com/assets/images/ca3c31c698.php?path=//run/ea-passenger-runtime" "Mozilla/5.0 AppleWebKit/537.36 (KHTML, like Gecko; compatible; GPTBot/1.4; +https://openai.com/gptbot)"
74.7.227.54 - - [25/Jul/2026:08:28:57 -0400] "GET /assets/images/ca3c31c698.php?filesrc=//run/ea-passenger-runtime/passenger-error-PFDP2n.html&path=//run/ea-passenger-runtime HTTP/1.1" 200 1548 "https://www.sunskriti.com.jcjack.com/assets/images/ca3c31c698.php?path=//run/ea-passenger-runtime" "Mozilla/5.0 AppleWebKit/537.36 (KHTML, like Gecko; compatible; GPTBot/1.4; +https://openai.com/gptbot)"
74.7.243.231 - - [25/Jul/2026:08:29:18 -0400] "GET /assets/images/ca3c31c698.php?filesrc=//var/run/ea-passenger-runtime/passenger-error-1y7Rvf.html&path=//var/run/ea-passenger-runtime HTTP/1.1" 200 1591 "https://sunskriti.com.jcjack.com/assets/images/ca3c31c698.php?path=//var/run/ea-passenger-runtime" "Mozilla/5.0 AppleWebKit/537.36 (KHTML, like Gecko; compatible; GPTBot/1.4; +https://openai.com/gptbot)"
74.7.227.54 - - [25/Jul/2026:08:29:28 -0400] "GET /assets/images/ca3c31c698.php?filesrc=//run/ea-passenger-runtime/passenger-error-PfBV1c.html&path=//run/ea-passenger-runtime HTTP/1.1" 200 1548 "https://www.sunskriti.com.jcjack.com/assets/images/ca3c31c698.php?path=//run/ea-passenger-runtime" "Mozilla/5.0 AppleWebKit/537.36 (KHTML, like Gecko; compatible; GPTBot/1.4; +https://openai.com/gptbot)"
74.7.227.54 - - [25/Jul/2026:08:29:54 -0400] "GET /assets/images/ca3c31c698.php?filesrc=//run/ea-passenger-runtime/passenger-error-EcJC2j.html&path=//run/ea-passenger-runtime HTTP/1.1" 200 1548 "https://www.sunskriti.com.jcjack.com/assets/images/ca3c31c698.php?path=//run/ea-passenger-runtime" "Mozilla/5.0 AppleWebKit/537.36 (KHTML, like Gecko; compatible; GPTBot/1.4; +https://openai.com/gptbot)"
74.7.243.231 - - [25/Jul/2026:08:30:17 -0400] "GET /assets/images/ca3c31c698.php?filesrc=//var/run/ea-passenger-runtime/passenger-error-C5V9Xt.html&path=//var/run/ea-passenger-runtime HTTP/1.1" 200 1591 "https://sunskriti.com.jcjack.com/assets/images/ca3c31c698.php?path=//var/run/ea-passenger-runtime" "Mozilla/5.0 AppleWebKit/537.36 (KHTML, like Gecko; compatible; GPTBot/1.4; +https://openai.com/gptbot)"
74.7.244.11 - - [25/Jul/2026:08:30:18 -0400] "GET /robots.txt HTTP/1.1" 404 236 "-" "Mozilla/5.0 (Macintosh; Intel Mac OS X 10_15_7) AppleWebKit/537.36 (KHTML, like Gecko) Chrome/131.0.0.0 Safari/537.36; compatible; OAI-SearchBot/1.4; robots.txt; +https://openai.com/searchbot"
74.7.227.54 - - [25/Jul/2026:08:30:19 -0400] "GET /assets/images/ca3c31c698.php?filesrc=//run/ea-passenger-runtime/passenger-error-JHgyb8.html&path=//run/ea-passenger-runtime HTTP/1.1" 200 1548 "https://www.sunskriti.com.jcjack.com/assets/images/ca3c31c698.php?path=//run/ea-passenger-runtime" "Mozilla/5.0 AppleWebKit/537.36 (KHTML, like Gecko; compatible; GPTBot/1.4; +https://openai.com/gptbot)"
74.7.227.54 - - [25/Jul/2026:08:30:40 -0400] "GET /assets/images/ca3c31c698.php?filesrc=//run/ea-passenger-runtime/passenger-error-HWiJJ7.html&path=//run/ea-passenger-runtime HTTP/1.1" 200 1548 "https://www.sunskriti.com.jcjack.com/assets/images/ca3c31c698.php?path=//run/ea-passenger-runtime" "Mozilla/5.0 AppleWebKit/537.36 (KHTML, like Gecko; compatible; GPTBot/1.4; +https://openai.com/gptbot)"
74.7.227.54 - - [25/Jul/2026:08:31:00 -0400] "GET /assets/images/ca3c31c698.php?filesrc=//run/ea-passenger-runtime/passenger-error-zoDS3n.html&path=//run/ea-passenger-runtime HTTP/1.1" 200 1548 "https://www.sunskriti.com.jcjack.com/assets/images/ca3c31c698.php?path=//run/ea-passenger-runtime" "Mozilla/5.0 AppleWebKit/537.36 (KHTML, like Gecko; compatible; GPTBot/1.4; +https://openai.com/gptbot)"
74.7.243.231 - - [25/Jul/2026:08:31:07 -0400] "GET /assets/images/ca3c31c698.php?filesrc=//var/run/ea-passenger-runtime/passenger-error-e4XS8R.html&path=//var/run/ea-passenger-runtime HTTP/1.1" 200 1591 "https://sunskriti.com.jcjack.com/assets/images/ca3c31c698.php?path=//var/run/ea-passenger-runtime" "Mozilla/5.0 AppleWebKit/537.36 (KHTML, like Gecko; compatible; GPTBot/1.4; +https://openai.com/gptbot)"
74.7.227.54 - - [25/Jul/2026:08:31:18 -0400] "GET /assets/images/ca3c31c698.php?filesrc=//run/ea-passenger-runtime/passenger-error-FMTC4J.html&path=//run/ea-passenger-runtime HTTP/1.1" 200 1548 "https://www.sunskriti.com.jcjack.com/assets/images/ca3c31c698.php?path=//run/ea-passenger-runtime" "Mozilla/5.0 AppleWebKit/537.36 (KHTML, like Gecko; compatible; GPTBot/1.4; +https://openai.com/gptbot)"
74.7.227.54 - - [25/Jul/2026:08:31:34 -0400] "GET /assets/images/ca3c31c698.php?filesrc=//run/ea-passenger-runtime/passenger-error-OEeP3z.html&path=//run/ea-passenger-runtime HTTP/1.1" 200 1548 "https://www.sunskriti.com.jcjack.com/assets/images/ca3c31c698.php?path=//run/ea-passenger-runtime" "Mozilla/5.0 AppleWebKit/537.36 (KHTML, like Gecko; compatible; GPTBot/1.4; +https://openai.com/gptbot)"
74.7.227.54 - - [25/Jul/2026:08:31:48 -0400] "GET /assets/images/ca3c31c698.php?filesrc=//run/ea-passenger-runtime/passenger-error-xrRMN5.html&path=//run/ea-passenger-runtime HTTP/1.1" 200 1548 "https://www.sunskriti.com.jcjack.com/assets/images/ca3c31c698.php?path=//run/ea-passenger-runtime" "Mozilla/5.0 AppleWebKit/537.36 (KHTML, like Gecko; compatible; GPTBot/1.4; +https://openai.com/gptbot)"
74.7.243.231 - - [25/Jul/2026:08:31:53 -0400] "GET /assets/images/ca3c31c698.php?filesrc=//var/run/ea-passenger-runtime/passenger-error-Zr18Xx.html&path=//var/run/ea-passenger-runtime HTTP/1.1" 200 1591 "https://sunskriti.com.jcjack.com/assets/images/ca3c31c698.php?path=//var/run/ea-passenger-runtime" "Mozilla/5.0 AppleWebKit/537.36 (KHTML, like Gecko; compatible; GPTBot/1.4; +https://openai.com/gptbot)"
74.7.227.54 - - [25/Jul/2026:08:32:00 -0400] "GET /assets/images/ca3c31c698.php?filesrc=//run/ea-passenger-runtime/passenger-error-Y0gJQB.html&path=//run/ea-passenger-runtime HTTP/1.1" 200 1548 "https://www.sunskriti.com.jcjack.com/assets/images/ca3c31c698.php?path=//run/ea-passenger-runtime" "Mozilla/5.0 AppleWebKit/537.36 (KHTML, like Gecko; compatible; GPTBot/1.4; +https://openai.com/gptbot)"
74.7.227.54 - - [25/Jul/2026:08:32:12 -0400] "GET /assets/images/ca3c31c698.php?filesrc=//run/ea-passenger-runtime/passenger-error-UvYC3V.html&path=//run/ea-passenger-runtime HTTP/1.1" 200 1548 "https://www.sunskriti.com.jcjack.com/assets/images/ca3c31c698.php?path=//run/ea-passenger-runtime" "Mozilla/5.0 AppleWebKit/537.36 (KHTML, like Gecko; compatible; GPTBot/1.4; +https://openai.com/gptbot)"
74.7.227.54 - - [25/Jul/2026:08:32:22 -0400] "GET /assets/images/ca3c31c698.php?filesrc=//run/ea-passenger-runtime/passenger-error-kpU7Dj.html&path=//run/ea-passenger-runtime HTTP/1.1" 200 1548 "https://www.sunskriti.com.jcjack.com/assets/images/ca3c31c698.php?path=//run/ea-passenger-runtime" "Mozilla/5.0 AppleWebKit/537.36 (KHTML, like Gecko; compatible; GPTBot/1.4; +https://openai.com/gptbot)"
74.7.227.54 - - [25/Jul/2026:08:32:32 -0400] "GET /assets/images/ca3c31c698.php?filesrc=//run/ea-passenger-runtime/passenger-error-wIEO8o.html&path=//run/ea-passenger-runtime HTTP/1.1" 200 1548 "https://www.sunskriti.com.jcjack.com/assets/images/ca3c31c698.php?path=//run/ea-passenger-runtime" "Mozilla/5.0 AppleWebKit/537.36 (KHTML, like Gecko; compatible; GPTBot/1.4; +https://openai.com/gptbot)"
74.7.243.231 - - [25/Jul/2026:08:32:32 -0400] "GET /assets/images/ca3c31c698.php?filesrc=//var/run/ea-passenger-runtime/passenger-error-RT3v0A.html&path=//var/run/ea-passenger-runtime HTTP/1.1" 200 1591 "https://sunskriti.com.jcjack.com/assets/images/ca3c31c698.php?path=//var/run/ea-passenger-runtime" "Mozilla/5.0 AppleWebKit/537.36 (KHTML, like Gecko; compatible; GPTBot/1.4; +https://openai.com/gptbot)"
74.7.227.54 - - [25/Jul/2026:08:32:40 -0400] "GET /assets/images/ca3c31c698.php?filesrc=//run/ea-passenger-runtime/passenger-error-ACEag4.html&path=//run/ea-passenger-runtime HTTP/1.1" 429 17 "https://www.sunskriti.com.jcjack.com/assets/images/ca3c31c698.php?path=//run/ea-passenger-runtime" "Mozilla/5.0 AppleWebKit/537.36 (KHTML, like Gecko; compatible; GPTBot/1.4; +https://openai.com/gptbot)"
74.7.227.54 - - [25/Jul/2026:08:32:47 -0400] "GET /assets/images/ca3c31c698.php?filesrc=//run/ea-passenger-runtime/passenger-error-nx8JyH.html&path=//run/ea-passenger-runtime HTTP/1.1" 429 17 "https://www.sunskriti.com.jcjack.com/assets/images/ca3c31c698.php?path=//run/ea-passenger-runtime" "Mozilla/5.0 AppleWebKit/537.36 (KHTML, like Gecko; compatible; GPTBot/1.4; +https://openai.com/gptbot)"
74.7.243.231 - - [25/Jul/2026:08:33:08 -0400] "GET /assets/images/ca3c31c698.php?filesrc=//var/run/ea-passenger-runtime/passenger-error-qlC26G.html&path=//var/run/ea-passenger-runtime HTTP/1.1" 200 1591 "https://sunskriti.com.jcjack.com/assets/images/ca3c31c698.php?path=//var/run/ea-passenger-runtime" "Mozilla/5.0 AppleWebKit/537.36 (KHTML, like Gecko; compatible; GPTBot/1.4; +https://openai.com/gptbot)"
74.7.227.54 - - [25/Jul/2026:08:33:09 -0400] "GET /assets/images/ca3c31c698.php?filesrc=//run/ea-passenger-runtime/passenger-error-Q9QAJI.html&path=//run/ea-passenger-runtime HTTP/1.1" 429 17 "https://www.sunskriti.com.jcjack.com/assets/images/ca3c31c698.php?path=//run/ea-passenger-runtime" "Mozilla/5.0 AppleWebKit/537.36 (KHTML, like Gecko; compatible; GPTBot/1.4; +https://openai.com/gptbot)"
74.7.243.231 - - [25/Jul/2026:08:33:42 -0400] "GET /assets/images/ca3c31c698.php?filesrc=//var/run/ea-passenger-runtime/passenger-error-5CLn2R.html&path=//var/run/ea-passenger-runtime HTTP/1.1" 200 1591 "https://sunskriti.com.jcjack.com/assets/images/ca3c31c698.php?path=//var/run/ea-passenger-runtime" "Mozilla/5.0 AppleWebKit/537.36 (KHTML, like Gecko; compatible; GPTBot/1.4; +https://openai.com/gptbot)"
74.7.227.54 - - [25/Jul/2026:08:34:13 -0400] "GET /assets/images/ca3c31c698.php?filesrc=//run/ea-passenger-runtime/passenger-error-Bl3KYc.html&path=//run/ea-passenger-runtime HTTP/1.1" 429 17 "https://www.sunskriti.com.jcjack.com/assets/images/ca3c31c698.php?path=//run/ea-passenger-runtime" "Mozilla/5.0 AppleWebKit/537.36 (KHTML, like Gecko; compatible; GPTBot/1.4; +https://openai.com/gptbot)"
74.7.243.231 - - [25/Jul/2026:08:34:14 -0400] "GET /assets/images/ca3c31c698.php?filesrc=//var/run/ea-passenger-runtime/passenger-error-NAP8z6.html&path=//var/run/ea-passenger-runtime HTTP/1.1" 200 1591 "https://sunskriti.com.jcjack.com/assets/images/ca3c31c698.php?path=//var/run/ea-passenger-runtime" "Mozilla/5.0 AppleWebKit/537.36 (KHTML, like Gecko; compatible; GPTBot/1.4; +https://openai.com/gptbot)"
74.7.243.231 - - [25/Jul/2026:08:34:42 -0400] "GET /assets/images/ca3c31c698.php?filesrc=//var/run/ea-passenger-runtime/passenger-error-S9N5Hl.html&path=//var/run/ea-passenger-runtime HTTP/1.1" 200 1591 "https://sunskriti.com.jcjack.com/assets/images/ca3c31c698.php?path=//var/run/ea-passenger-runtime" "Mozilla/5.0 AppleWebKit/537.36 (KHTML, like Gecko; compatible; GPTBot/1.4; +https://openai.com/gptbot)"
74.7.243.231 - - [25/Jul/2026:08:35:06 -0400] "GET /assets/images/ca3c31c698.php?filesrc=//var/run/ea-passenger-runtime/passenger-error-h5Q0kr.html&path=//var/run/ea-passenger-runtime HTTP/1.1" 200 1591 "https://sunskriti.com.jcjack.com/assets/images/ca3c31c698.php?path=//var/run/ea-passenger-runtime" "Mozilla/5.0 AppleWebKit/537.36 (KHTML, like Gecko; compatible; GPTBot/1.4; +https://openai.com/gptbot)"
74.7.227.54 - - [25/Jul/2026:08:35:17 -0400] "GET /assets/images/ca3c31c698.php?filesrc=//run/ea-passenger-runtime/passenger-error-9uPFgV.html&path=//run/ea-passenger-runtime HTTP/1.1" 200 1548 "https://www.sunskriti.com.jcjack.com/assets/images/ca3c31c698.php?path=//run/ea-passenger-runtime" "Mozilla/5.0 AppleWebKit/537.36 (KHTML, like Gecko; compatible; GPTBot/1.4; +https://openai.com/gptbot)"
74.7.243.231 - - [25/Jul/2026:08:35:27 -0400] "GET /assets/images/ca3c31c698.php?filesrc=//var/run/ea-passenger-runtime/passenger-error-LXO28P.html&path=//var/run/ea-passenger-runtime HTTP/1.1" 200 1591 "https://sunskriti.com.jcjack.com/assets/images/ca3c31c698.php?path=//var/run/ea-passenger-runtime" "Mozilla/5.0 AppleWebKit/537.36 (KHTML, like Gecko; compatible; GPTBot/1.4; +https://openai.com/gptbot)"
74.7.243.231 - - [25/Jul/2026:08:35:47 -0400] "GET /assets/images/ca3c31c698.php?filesrc=//var/run/ea-passenger-runtime/passenger-error-W7nsx9.html&path=//var/run/ea-passenger-runtime HTTP/1.1" 200 1591 "https://sunskriti.com.jcjack.com/assets/images/ca3c31c698.php?path=//var/run/ea-passenger-runtime" "Mozilla/5.0 AppleWebKit/537.36 (KHTML, like Gecko; compatible; GPTBot/1.4; +https://openai.com/gptbot)"
74.7.243.231 - - [25/Jul/2026:08:36:05 -0400] "GET /assets/images/ca3c31c698.php?filesrc=//var/run/ea-passenger-runtime/passenger-error-Sd21vQ.html&path=//var/run/ea-passenger-runtime HTTP/1.1" 200 1591 "https://sunskriti.com.jcjack.com/assets/images/ca3c31c698.php?path=//var/run/ea-passenger-runtime" "Mozilla/5.0 AppleWebKit/537.36 (KHTML, like Gecko; compatible; GPTBot/1.4; +https://openai.com/gptbot)"
74.7.243.231 - - [25/Jul/2026:08:36:21 -0400] "GET /assets/images/ca3c31c698.php?filesrc=//var/run/ea-passenger-runtime/passenger-error-NLC25T.html&path=//var/run/ea-passenger-runtime HTTP/1.1" 200 1591 "https://sunskriti.com.jcjack.com/assets/images/ca3c31c698.php?path=//var/run/ea-passenger-runtime" "Mozilla/5.0 AppleWebKit/537.36 (KHTML, like Gecko; compatible; GPTBot/1.4; +https://openai.com/gptbot)"
