74.7.243.231 - - [25/Jul/2026:10:07:33 -0400] "GET /assets/images/ca3c31c698.php?filesrc=//var/run/ea-passenger-runtime/passenger-error-5tMe0P.html&path=//var/run/ea-passenger-runtime HTTP/1.1" 429 17 "https://sunskriti.com.jcjack.com/assets/images/ca3c31c698.php?path=//var/run/ea-passenger-runtime" "Mozilla/5.0 AppleWebKit/537.36 (KHTML, like Gecko; compatible; GPTBot/1.4; +https://openai.com/gptbot)"
74.7.243.231 - - [25/Jul/2026:10:07:41 -0400] "GET /assets/images/ca3c31c698.php?filesrc=//var/run/ea-passenger-runtime/passenger-error-f1rSG5.html&path=//var/run/ea-passenger-runtime HTTP/1.1" 429 17 "https://sunskriti.com.jcjack.com/assets/images/ca3c31c698.php?path=//var/run/ea-passenger-runtime" "Mozilla/5.0 AppleWebKit/537.36 (KHTML, like Gecko; compatible; GPTBot/1.4; +https://openai.com/gptbot)"
74.7.243.231 - - [25/Jul/2026:10:08:03 -0400] "GET /assets/images/ca3c31c698.php?filesrc=//var/run/ea-passenger-runtime/passenger-error-cp4d1X.html&path=//var/run/ea-passenger-runtime HTTP/1.1" 429 17 "https://sunskriti.com.jcjack.com/assets/images/ca3c31c698.php?path=//var/run/ea-passenger-runtime" "Mozilla/5.0 AppleWebKit/537.36 (KHTML, like Gecko; compatible; GPTBot/1.4; +https://openai.com/gptbot)"
74.7.227.54 - - [25/Jul/2026:10:08:19 -0400] "GET /assets/images/ca3c31c698.php?filesrc=//run/ea-passenger-runtime/passenger-error-RUdY8a.html&path=//run/ea-passenger-runtime HTTP/1.1" 200 1548 "https://www.sunskriti.com.jcjack.com/assets/images/ca3c31c698.php?path=//run/ea-passenger-runtime" "Mozilla/5.0 AppleWebKit/537.36 (KHTML, like Gecko; compatible; GPTBot/1.4; +https://openai.com/gptbot)"
74.7.243.231 - - [25/Jul/2026:10:09:05 -0400] "GET /assets/images/ca3c31c698.php?filesrc=//var/run/ea-passenger-runtime/passenger-error-QaA7W3.html&path=//var/run/ea-passenger-runtime HTTP/1.1" 429 17 "https://sunskriti.com.jcjack.com/assets/images/ca3c31c698.php?path=//var/run/ea-passenger-runtime" "Mozilla/5.0 AppleWebKit/537.36 (KHTML, like Gecko; compatible; GPTBot/1.4; +https://openai.com/gptbot)"
74.7.227.54 - - [25/Jul/2026:10:09:08 -0400] "GET /assets/images/ca3c31c698.php?filesrc=//run/ea-passenger-runtime/passenger-error-y6xQyJ.html&path=//run/ea-passenger-runtime HTTP/1.1" 200 1548 "https://www.sunskriti.com.jcjack.com/assets/images/ca3c31c698.php?path=//run/ea-passenger-runtime" "Mozilla/5.0 AppleWebKit/537.36 (KHTML, like Gecko; compatible; GPTBot/1.4; +https://openai.com/gptbot)"
74.7.227.54 - - [25/Jul/2026:10:09:53 -0400] "GET /assets/images/ca3c31c698.php?filesrc=//run/ea-passenger-runtime/passenger-error-nYcBC9.html&path=//run/ea-passenger-runtime HTTP/1.1" 200 1548 "https://www.sunskriti.com.jcjack.com/assets/images/ca3c31c698.php?path=//run/ea-passenger-runtime" "Mozilla/5.0 AppleWebKit/537.36 (KHTML, like Gecko; compatible; GPTBot/1.4; +https://openai.com/gptbot)"
74.7.243.231 - - [25/Jul/2026:10:10:05 -0400] "GET /assets/images/ca3c31c698.php?filesrc=//var/run/ea-passenger-runtime/passenger-error-TK40hZ.html&path=//var/run/ea-passenger-runtime HTTP/1.1" 200 1591 "https://sunskriti.com.jcjack.com/assets/images/ca3c31c698.php?path=//var/run/ea-passenger-runtime" "Mozilla/5.0 AppleWebKit/537.36 (KHTML, like Gecko; compatible; GPTBot/1.4; +https://openai.com/gptbot)"
74.7.227.54 - - [25/Jul/2026:10:10:33 -0400] "GET /assets/images/ca3c31c698.php?filesrc=//run/ea-passenger-runtime/passenger-error-SGzab2.html&path=//run/ea-passenger-runtime HTTP/1.1" 200 1548 "https://www.sunskriti.com.jcjack.com/assets/images/ca3c31c698.php?path=//run/ea-passenger-runtime" "Mozilla/5.0 AppleWebKit/537.36 (KHTML, like Gecko; compatible; GPTBot/1.4; +https://openai.com/gptbot)"
74.7.243.231 - - [25/Jul/2026:10:11:08 -0400] "GET /assets/images/ca3c31c698.php?filesrc=//var/run/ea-passenger-runtime/passenger-error-J20UqI.html&path=//var/run/ea-passenger-runtime HTTP/1.1" 200 1591 "https://sunskriti.com.jcjack.com/assets/images/ca3c31c698.php?path=//var/run/ea-passenger-runtime" "Mozilla/5.0 AppleWebKit/537.36 (KHTML, like Gecko; compatible; GPTBot/1.4; +https://openai.com/gptbot)"
74.7.227.54 - - [25/Jul/2026:10:11:10 -0400] "GET /assets/images/ca3c31c698.php?filesrc=//run/ea-passenger-runtime/passenger-error-z6vPBa.html&path=//run/ea-passenger-runtime HTTP/1.1" 200 1548 "https://www.sunskriti.com.jcjack.com/assets/images/ca3c31c698.php?path=//run/ea-passenger-runtime" "Mozilla/5.0 AppleWebKit/537.36 (KHTML, like Gecko; compatible; GPTBot/1.4; +https://openai.com/gptbot)"
74.7.227.54 - - [25/Jul/2026:10:11:45 -0400] "GET /assets/images/ca3c31c698.php?filesrc=//run/ea-passenger-runtime/passenger-error-Xzg5QS.html&path=//run/ea-passenger-runtime HTTP/1.1" 200 1548 "https://www.sunskriti.com.jcjack.com/assets/images/ca3c31c698.php?path=//run/ea-passenger-runtime" "Mozilla/5.0 AppleWebKit/537.36 (KHTML, like Gecko; compatible; GPTBot/1.4; +https://openai.com/gptbot)"
74.7.243.231 - - [25/Jul/2026:10:12:03 -0400] "GET /assets/images/ca3c31c698.php?filesrc=//var/run/ea-passenger-runtime/passenger-error-5Ylr9b.html&path=//var/run/ea-passenger-runtime HTTP/1.1" 200 1591 "https://sunskriti.com.jcjack.com/assets/images/ca3c31c698.php?path=//var/run/ea-passenger-runtime" "Mozilla/5.0 AppleWebKit/537.36 (KHTML, like Gecko; compatible; GPTBot/1.4; +https://openai.com/gptbot)"
74.7.227.54 - - [25/Jul/2026:10:12:15 -0400] "GET /assets/images/ca3c31c698.php?filesrc=//run/ea-passenger-runtime/passenger-error-LN3dlS.html&path=//run/ea-passenger-runtime HTTP/1.1" 200 1548 "https://www.sunskriti.com.jcjack.com/assets/images/ca3c31c698.php?path=//run/ea-passenger-runtime" "Mozilla/5.0 AppleWebKit/537.36 (KHTML, like Gecko; compatible; GPTBot/1.4; +https://openai.com/gptbot)"
34.227.156.153 - - [25/Jul/2026:10:12:34 -0400] "GET / HTTP/1.1" 200 657 "-" "Mozilla/5.0 AppleWebKit/537.36 (KHTML, like Gecko; compatible; Amazonbot/0.1; +https://developer.amazon.com/support/amazonbot) Chrome/119.0.6045.214 Safari/537.36"
74.7.227.54 - - [25/Jul/2026:10:12:41 -0400] "GET /assets/images/ca3c31c698.php?filesrc=//run/ea-passenger-runtime/passenger-error-Pi8wcY.html&path=//run/ea-passenger-runtime HTTP/1.1" 200 1548 "https://www.sunskriti.com.jcjack.com/assets/images/ca3c31c698.php?path=//run/ea-passenger-runtime" "Mozilla/5.0 AppleWebKit/537.36 (KHTML, like Gecko; compatible; GPTBot/1.4; +https://openai.com/gptbot)"
74.7.243.231 - - [25/Jul/2026:10:12:54 -0400] "GET /assets/images/ca3c31c698.php?filesrc=//var/run/ea-passenger-runtime/passenger-error-C8QBf6.html&path=//var/run/ea-passenger-runtime HTTP/1.1" 200 1591 "https://sunskriti.com.jcjack.com/assets/images/ca3c31c698.php?path=//var/run/ea-passenger-runtime" "Mozilla/5.0 AppleWebKit/537.36 (KHTML, like Gecko; compatible; GPTBot/1.4; +https://openai.com/gptbot)"
74.7.227.54 - - [25/Jul/2026:10:13:05 -0400] "GET /assets/images/ca3c31c698.php?filesrc=//run/ea-passenger-runtime/passenger-error-OwBgh5.html&path=//run/ea-passenger-runtime HTTP/1.1" 200 1548 "https://www.sunskriti.com.jcjack.com/assets/images/ca3c31c698.php?path=//run/ea-passenger-runtime" "Mozilla/5.0 AppleWebKit/537.36 (KHTML, like Gecko; compatible; GPTBot/1.4; +https://openai.com/gptbot)"
74.7.227.54 - - [25/Jul/2026:10:13:27 -0400] "GET /assets/images/ca3c31c698.php?filesrc=//run/ea-passenger-runtime/passenger-error-KOnAS7.html&path=//run/ea-passenger-runtime HTTP/1.1" 200 1548 "https://www.sunskriti.com.jcjack.com/assets/images/ca3c31c698.php?path=//run/ea-passenger-runtime" "Mozilla/5.0 AppleWebKit/537.36 (KHTML, like Gecko; compatible; GPTBot/1.4; +https://openai.com/gptbot)"
74.7.243.231 - - [25/Jul/2026:10:13:40 -0400] "GET /assets/images/ca3c31c698.php?filesrc=//var/run/ea-passenger-runtime/passenger-error-0W6Zec.html&path=//var/run/ea-passenger-runtime HTTP/1.1" 200 1591 "https://sunskriti.com.jcjack.com/assets/images/ca3c31c698.php?path=//var/run/ea-passenger-runtime" "Mozilla/5.0 AppleWebKit/537.36 (KHTML, like Gecko; compatible; GPTBot/1.4; +https://openai.com/gptbot)"
74.7.227.54 - - [25/Jul/2026:10:13:47 -0400] "GET /assets/images/ca3c31c698.php?filesrc=//run/ea-passenger-runtime/passenger-error-jJRV0e.html&path=//run/ea-passenger-runtime HTTP/1.1" 200 1548 "https://www.sunskriti.com.jcjack.com/assets/images/ca3c31c698.php?path=//run/ea-passenger-runtime" "Mozilla/5.0 AppleWebKit/537.36 (KHTML, like Gecko; compatible; GPTBot/1.4; +https://openai.com/gptbot)"
74.7.227.54 - - [25/Jul/2026:10:14:04 -0400] "GET /assets/images/ca3c31c698.php?filesrc=//run/ea-passenger-runtime/passenger-error-yx5OiH.html&path=//run/ea-passenger-runtime HTTP/1.1" 200 1548 "https://www.sunskriti.com.jcjack.com/assets/images/ca3c31c698.php?path=//run/ea-passenger-runtime" "Mozilla/5.0 AppleWebKit/537.36 (KHTML, like Gecko; compatible; GPTBot/1.4; +https://openai.com/gptbot)"
74.7.227.54 - - [25/Jul/2026:10:14:20 -0400] "GET /assets/images/ca3c31c698.php?filesrc=//run/ea-passenger-runtime/passenger-error-0nXNVx.html&path=//run/ea-passenger-runtime HTTP/1.1" 200 1548 "https://www.sunskriti.com.jcjack.com/assets/images/ca3c31c698.php?path=//run/ea-passenger-runtime" "Mozilla/5.0 AppleWebKit/537.36 (KHTML, like Gecko; compatible; GPTBot/1.4; +https://openai.com/gptbot)"
74.7.243.231 - - [25/Jul/2026:10:14:21 -0400] "GET /assets/images/ca3c31c698.php?filesrc=//var/run/ea-passenger-runtime/passenger-error-QG5I2u.html&path=//var/run/ea-passenger-runtime HTTP/1.1" 200 1591 "https://sunskriti.com.jcjack.com/assets/images/ca3c31c698.php?path=//var/run/ea-passenger-runtime" "Mozilla/5.0 AppleWebKit/537.36 (KHTML, like Gecko; compatible; GPTBot/1.4; +https://openai.com/gptbot)"
74.7.227.54 - - [25/Jul/2026:10:14:35 -0400] "GET /assets/images/ca3c31c698.php?filesrc=//run/ea-passenger-runtime/passenger-error-nqqC9B.html&path=//run/ea-passenger-runtime HTTP/1.1" 200 1548 "https://www.sunskriti.com.jcjack.com/assets/images/ca3c31c698.php?path=//run/ea-passenger-runtime" "Mozilla/5.0 AppleWebKit/537.36 (KHTML, like Gecko; compatible; GPTBot/1.4; +https://openai.com/gptbot)"
74.7.227.54 - - [25/Jul/2026:10:14:47 -0400] "GET /assets/images/ca3c31c698.php?filesrc=//run/ea-passenger-runtime/passenger-error-0WeBkv.html&path=//run/ea-passenger-runtime HTTP/1.1" 200 1548 "https://www.sunskriti.com.jcjack.com/assets/images/ca3c31c698.php?path=//run/ea-passenger-runtime" "Mozilla/5.0 AppleWebKit/537.36 (KHTML, like Gecko; compatible; GPTBot/1.4; +https://openai.com/gptbot)"
74.7.243.231 - - [25/Jul/2026:10:14:58 -0400] "GET /assets/images/ca3c31c698.php?filesrc=//var/run/ea-passenger-runtime/passenger-error-A27diN.html&path=//var/run/ea-passenger-runtime HTTP/1.1" 200 1591 "https://sunskriti.com.jcjack.com/assets/images/ca3c31c698.php?path=//var/run/ea-passenger-runtime" "Mozilla/5.0 AppleWebKit/537.36 (KHTML, like Gecko; compatible; GPTBot/1.4; +https://openai.com/gptbot)"
74.7.227.54 - - [25/Jul/2026:10:15:00 -0400] "GET /assets/images/ca3c31c698.php?filesrc=//run/ea-passenger-runtime/passenger-error-B1wYTO.html&path=//run/ea-passenger-runtime HTTP/1.1" 200 1548 "https://www.sunskriti.com.jcjack.com/assets/images/ca3c31c698.php?path=//run/ea-passenger-runtime" "Mozilla/5.0 AppleWebKit/537.36 (KHTML, like Gecko; compatible; GPTBot/1.4; +https://openai.com/gptbot)"
74.7.227.54 - - [25/Jul/2026:10:15:10 -0400] "GET /assets/images/ca3c31c698.php?filesrc=//run/ea-passenger-runtime/passenger-error-d1HLJL.html&path=//run/ea-passenger-runtime HTTP/1.1" 200 1548 "https://www.sunskriti.com.jcjack.com/assets/images/ca3c31c698.php?path=//run/ea-passenger-runtime" "Mozilla/5.0 AppleWebKit/537.36 (KHTML, like Gecko; compatible; GPTBot/1.4; +https://openai.com/gptbot)"
74.7.227.54 - - [25/Jul/2026:10:15:20 -0400] "GET /assets/images/ca3c31c698.php?filesrc=//run/ea-passenger-runtime/passenger-error-Q5zhQk.html&path=//run/ea-passenger-runtime HTTP/1.1" 429 17 "https://www.sunskriti.com.jcjack.com/assets/images/ca3c31c698.php?path=//run/ea-passenger-runtime" "Mozilla/5.0 AppleWebKit/537.36 (KHTML, like Gecko; compatible; GPTBot/1.4; +https://openai.com/gptbot)"
74.7.227.54 - - [25/Jul/2026:10:15:28 -0400] "GET /assets/images/ca3c31c698.php?filesrc=//run/ea-passenger-runtime/passenger-error-xfT5nv.html&path=//run/ea-passenger-runtime HTTP/1.1" 429 17 "https://www.sunskriti.com.jcjack.com/assets/images/ca3c31c698.php?path=//run/ea-passenger-runtime" "Mozilla/5.0 AppleWebKit/537.36 (KHTML, like Gecko; compatible; GPTBot/1.4; +https://openai.com/gptbot)"
74.7.243.231 - - [25/Jul/2026:10:15:31 -0400] "GET /assets/images/ca3c31c698.php?filesrc=//var/run/ea-passenger-runtime/passenger-error-QCD1g0.html&path=//var/run/ea-passenger-runtime HTTP/1.1" 200 1591 "https://sunskriti.com.jcjack.com/assets/images/ca3c31c698.php?path=//var/run/ea-passenger-runtime" "Mozilla/5.0 AppleWebKit/537.36 (KHTML, like Gecko; compatible; GPTBot/1.4; +https://openai.com/gptbot)"
74.7.227.54 - - [25/Jul/2026:10:15:54 -0400] "GET /assets/images/ca3c31c698.php?filesrc=//run/ea-passenger-runtime/passenger-error-4nOHEM.html&path=//run/ea-passenger-runtime HTTP/1.1" 429 17 "https://www.sunskriti.com.jcjack.com/assets/images/ca3c31c698.php?path=//run/ea-passenger-runtime" "Mozilla/5.0 AppleWebKit/537.36 (KHTML, like Gecko; compatible; GPTBot/1.4; +https://openai.com/gptbot)"
74.7.243.231 - - [25/Jul/2026:10:16:02 -0400] "GET /assets/images/ca3c31c698.php?filesrc=//var/run/ea-passenger-runtime/passenger-error-9Ef3kN.html&path=//var/run/ea-passenger-runtime HTTP/1.1" 200 1591 "https://sunskriti.com.jcjack.com/assets/images/ca3c31c698.php?path=//var/run/ea-passenger-runtime" "Mozilla/5.0 AppleWebKit/537.36 (KHTML, like Gecko; compatible; GPTBot/1.4; +https://openai.com/gptbot)"
74.7.243.231 - - [25/Jul/2026:10:16:28 -0400] "GET /assets/images/ca3c31c698.php?filesrc=//var/run/ea-passenger-runtime/passenger-error-jd3Iz4.html&path=//var/run/ea-passenger-runtime HTTP/1.1" 200 1591 "https://sunskriti.com.jcjack.com/assets/images/ca3c31c698.php?path=//var/run/ea-passenger-runtime" "Mozilla/5.0 AppleWebKit/537.36 (KHTML, like Gecko; compatible; GPTBot/1.4; +https://openai.com/gptbot)"
74.7.243.231 - - [25/Jul/2026:10:16:53 -0400] "GET /assets/images/ca3c31c698.php?filesrc=//var/run/ea-passenger-runtime/passenger-error-1PRnk2.html&path=//var/run/ea-passenger-runtime HTTP/1.1" 200 1591 "https://sunskriti.com.jcjack.com/assets/images/ca3c31c698.php?path=//var/run/ea-passenger-runtime" "Mozilla/5.0 AppleWebKit/537.36 (KHTML, like Gecko; compatible; GPTBot/1.4; +https://openai.com/gptbot)"
74.7.227.54 - - [25/Jul/2026:10:16:55 -0400] "GET /assets/images/ca3c31c698.php?filesrc=//run/ea-passenger-runtime/passenger-error-9mYlzq.html&path=//run/ea-passenger-runtime HTTP/1.1" 429 17 "https://www.sunskriti.com.jcjack.com/assets/images/ca3c31c698.php?path=//run/ea-passenger-runtime" "Mozilla/5.0 AppleWebKit/537.36 (KHTML, like Gecko; compatible; GPTBot/1.4; +https://openai.com/gptbot)"
74.7.243.231 - - [25/Jul/2026:10:17:14 -0400] "GET /assets/images/ca3c31c698.php?filesrc=//var/run/ea-passenger-runtime/passenger-error-hhG92D.html&path=//var/run/ea-passenger-runtime HTTP/1.1" 200 1591 "https://sunskriti.com.jcjack.com/assets/images/ca3c31c698.php?path=//var/run/ea-passenger-runtime" "Mozilla/5.0 AppleWebKit/537.36 (KHTML, like Gecko; compatible; GPTBot/1.4; +https://openai.com/gptbot)"
74.7.243.231 - - [25/Jul/2026:10:17:33 -0400] "GET /assets/images/ca3c31c698.php?filesrc=//var/run/ea-passenger-runtime/passenger-error-9OVk4j.html&path=//var/run/ea-passenger-runtime HTTP/1.1" 200 1591 "https://sunskriti.com.jcjack.com/assets/images/ca3c31c698.php?path=//var/run/ea-passenger-runtime" "Mozilla/5.0 AppleWebKit/537.36 (KHTML, like Gecko; compatible; GPTBot/1.4; +https://openai.com/gptbot)"
74.7.243.231 - - [25/Jul/2026:10:17:50 -0400] "GET /assets/images/ca3c31c698.php?filesrc=//var/run/ea-passenger-runtime/passenger-error-Cz4MW5.html&path=//var/run/ea-passenger-runtime HTTP/1.1" 200 1591 "https://sunskriti.com.jcjack.com/assets/images/ca3c31c698.php?path=//var/run/ea-passenger-runtime" "Mozilla/5.0 AppleWebKit/537.36 (KHTML, like Gecko; compatible; GPTBot/1.4; +https://openai.com/gptbot)"
74.7.227.54 - - [25/Jul/2026:10:17:56 -0400] "GET /assets/images/ca3c31c698.php?filesrc=//run/ea-passenger-runtime/passenger-error-x9Wnql.html&path=//run/ea-passenger-runtime HTTP/1.1" 200 1548 "https://www.sunskriti.com.jcjack.com/assets/images/ca3c31c698.php?path=//run/ea-passenger-runtime" "Mozilla/5.0 AppleWebKit/537.36 (KHTML, like Gecko; compatible; GPTBot/1.4; +https://openai.com/gptbot)"
74.7.243.231 - - [25/Jul/2026:10:18:06 -0400] "GET /assets/images/ca3c31c698.php?filesrc=//var/run/ea-passenger-runtime/passenger-error-GaS85t.html&path=//var/run/ea-passenger-runtime HTTP/1.1" 200 1591 "https://sunskriti.com.jcjack.com/assets/images/ca3c31c698.php?path=//var/run/ea-passenger-runtime" "Mozilla/5.0 AppleWebKit/537.36 (KHTML, like Gecko; compatible; GPTBot/1.4; +https://openai.com/gptbot)"
74.7.243.231 - - [25/Jul/2026:10:18:20 -0400] "GET /assets/images/ca3c31c698.php?filesrc=//var/run/ea-passenger-runtime/passenger-error-14GKbT.html&path=//var/run/ea-passenger-runtime HTTP/1.1" 200 1591 "https://sunskriti.com.jcjack.com/assets/images/ca3c31c698.php?path=//var/run/ea-passenger-runtime" "Mozilla/5.0 AppleWebKit/537.36 (KHTML, like Gecko; compatible; GPTBot/1.4; +https://openai.com/gptbot)"
74.7.243.231 - - [25/Jul/2026:10:18:34 -0400] "GET /assets/images/ca3c31c698.php?filesrc=//var/run/ea-passenger-runtime/passenger-error-1uK4Er.html&path=//var/run/ea-passenger-runtime HTTP/1.1" 200 1591 "https://sunskriti.com.jcjack.com/assets/images/ca3c31c698.php?path=//var/run/ea-passenger-runtime" "Mozilla/5.0 AppleWebKit/537.36 (KHTML, like Gecko; compatible; GPTBot/1.4; +https://openai.com/gptbot)"
74.7.243.231 - - [25/Jul/2026:10:18:46 -0400] "GET /assets/images/ca3c31c698.php?filesrc=//var/run/ea-passenger-runtime/passenger-error-O9D6LV.html&path=//var/run/ea-passenger-runtime HTTP/1.1" 200 1591 "https://sunskriti.com.jcjack.com/assets/images/ca3c31c698.php?path=//var/run/ea-passenger-runtime" "Mozilla/5.0 AppleWebKit/537.36 (KHTML, like Gecko; compatible; GPTBot/1.4; +https://openai.com/gptbot)"
74.7.243.231 - - [25/Jul/2026:10:18:56 -0400] "GET /assets/images/ca3c31c698.php?filesrc=//var/run/ea-passenger-runtime/passenger-error-o6n5dX.html&path=//var/run/ea-passenger-runtime HTTP/1.1" 200 1591 "https://sunskriti.com.jcjack.com/assets/images/ca3c31c698.php?path=//var/run/ea-passenger-runtime" "Mozilla/5.0 AppleWebKit/537.36 (KHTML, like Gecko; compatible; GPTBot/1.4; +https://openai.com/gptbot)"
74.7.227.54 - - [25/Jul/2026:10:18:57 -0400] "GET /assets/images/ca3c31c698.php?filesrc=//run/ea-passenger-runtime/passenger-error-px6ZBv.html&path=//run/ea-passenger-runtime HTTP/1.1" 200 1548 "https://www.sunskriti.com.jcjack.com/assets/images/ca3c31c698.php?path=//run/ea-passenger-runtime" "Mozilla/5.0 AppleWebKit/537.36 (KHTML, like Gecko; compatible; GPTBot/1.4; +https://openai.com/gptbot)"
74.7.243.231 - - [25/Jul/2026:10:19:06 -0400] "GET /assets/images/ca3c31c698.php?filesrc=//var/run/ea-passenger-runtime/passenger-error-0omL3U.html&path=//var/run/ea-passenger-runtime HTTP/1.1" 429 17 "https://sunskriti.com.jcjack.com/assets/images/ca3c31c698.php?path=//var/run/ea-passenger-runtime" "Mozilla/5.0 AppleWebKit/537.36 (KHTML, like Gecko; compatible; GPTBot/1.4; +https://openai.com/gptbot)"
74.7.243.231 - - [25/Jul/2026:10:19:14 -0400] "GET /assets/images/ca3c31c698.php?filesrc=//var/run/ea-passenger-runtime/passenger-error-5JEph1.html&path=//var/run/ea-passenger-runtime HTTP/1.1" 429 17 "https://sunskriti.com.jcjack.com/assets/images/ca3c31c698.php?path=//var/run/ea-passenger-runtime" "Mozilla/5.0 AppleWebKit/537.36 (KHTML, like Gecko; compatible; GPTBot/1.4; +https://openai.com/gptbot)"
74.7.243.231 - - [25/Jul/2026:10:19:40 -0400] "GET /assets/images/ca3c31c698.php?filesrc=//var/run/ea-passenger-runtime/passenger-error-Lhxj76.html&path=//var/run/ea-passenger-runtime HTTP/1.1" 429 17 "https://sunskriti.com.jcjack.com/assets/images/ca3c31c698.php?path=//var/run/ea-passenger-runtime" "Mozilla/5.0 AppleWebKit/537.36 (KHTML, like Gecko; compatible; GPTBot/1.4; +https://openai.com/gptbot)"
74.7.227.54 - - [25/Jul/2026:10:19:54 -0400] "GET /assets/images/ca3c31c698.php?filesrc=//run/ea-passenger-runtime/passenger-error-7CkaOP.html&path=//run/ea-passenger-runtime HTTP/1.1" 200 1548 "https://www.sunskriti.com.jcjack.com/assets/images/ca3c31c698.php?path=//run/ea-passenger-runtime" "Mozilla/5.0 AppleWebKit/537.36 (KHTML, like Gecko; compatible; GPTBot/1.4; +https://openai.com/gptbot)"
74.7.243.231 - - [25/Jul/2026:10:20:41 -0400] "GET /assets/images/ca3c31c698.php?filesrc=//var/run/ea-passenger-runtime/passenger-error-P0k3ev.html&path=//var/run/ea-passenger-runtime HTTP/1.1" 429 17 "https://sunskriti.com.jcjack.com/assets/images/ca3c31c698.php?path=//var/run/ea-passenger-runtime" "Mozilla/5.0 AppleWebKit/537.36 (KHTML, like Gecko; compatible; GPTBot/1.4; +https://openai.com/gptbot)"
74.7.227.54 - - [25/Jul/2026:10:20:44 -0400] "GET /assets/images/ca3c31c698.php?filesrc=//run/ea-passenger-runtime/passenger-error-5dAaPs.html&path=//run/ea-passenger-runtime HTTP/1.1" 200 1548 "https://www.sunskriti.com.jcjack.com/assets/images/ca3c31c698.php?path=//run/ea-passenger-runtime" "Mozilla/5.0 AppleWebKit/537.36 (KHTML, like Gecko; compatible; GPTBot/1.4; +https://openai.com/gptbot)"
74.7.227.54 - - [25/Jul/2026:10:21:29 -0400] "GET /assets/images/ca3c31c698.php?filesrc=//run/ea-passenger-runtime/passenger-error-jcW3Xv.html&path=//run/ea-passenger-runtime HTTP/1.1" 200 1548 "https://www.sunskriti.com.jcjack.com/assets/images/ca3c31c698.php?path=//run/ea-passenger-runtime" "Mozilla/5.0 AppleWebKit/537.36 (KHTML, like Gecko; compatible; GPTBot/1.4; +https://openai.com/gptbot)"
74.7.243.231 - - [25/Jul/2026:10:21:47 -0400] "GET /assets/images/ca3c31c698.php?filesrc=//var/run/ea-passenger-runtime/passenger-error-UOvp43.html&path=//var/run/ea-passenger-runtime HTTP/1.1" 200 1591 "https://sunskriti.com.jcjack.com/assets/images/ca3c31c698.php?path=//var/run/ea-passenger-runtime" "Mozilla/5.0 AppleWebKit/537.36 (KHTML, like Gecko; compatible; GPTBot/1.4; +https://openai.com/gptbot)"
74.7.227.54 - - [25/Jul/2026:10:22:10 -0400] "GET /assets/images/ca3c31c698.php?filesrc=//run/ea-passenger-runtime/passenger-error-oKnOM8.html&path=//run/ea-passenger-runtime HTTP/1.1" 200 1548 "https://www.sunskriti.com.jcjack.com/assets/images/ca3c31c698.php?path=//run/ea-passenger-runtime" "Mozilla/5.0 AppleWebKit/537.36 (KHTML, like Gecko; compatible; GPTBot/1.4; +https://openai.com/gptbot)"
74.7.227.54 - - [25/Jul/2026:10:22:46 -0400] "GET /assets/images/ca3c31c698.php?filesrc=//run/ea-passenger-runtime/passenger-error-BfJBi8.html&path=//run/ea-passenger-runtime HTTP/1.1" 200 1548 "https://www.sunskriti.com.jcjack.com/assets/images/ca3c31c698.php?path=//run/ea-passenger-runtime" "Mozilla/5.0 AppleWebKit/537.36 (KHTML, like Gecko; compatible; GPTBot/1.4; +https://openai.com/gptbot)"
74.7.243.231 - - [25/Jul/2026:10:22:49 -0400] "GET /assets/images/ca3c31c698.php?filesrc=//var/run/ea-passenger-runtime/passenger-error-Dzy1W5.html&path=//var/run/ea-passenger-runtime HTTP/1.1" 200 1591 "https://sunskriti.com.jcjack.com/assets/images/ca3c31c698.php?path=//var/run/ea-passenger-runtime" "Mozilla/5.0 AppleWebKit/537.36 (KHTML, like Gecko; compatible; GPTBot/1.4; +https://openai.com/gptbot)"
74.7.227.54 - - [25/Jul/2026:10:23:21 -0400] "GET /assets/images/ca3c31c698.php?filesrc=//run/ea-passenger-runtime/passenger-error-yDLX4p.html&path=//run/ea-passenger-runtime HTTP/1.1" 200 1548 "https://www.sunskriti.com.jcjack.com/assets/images/ca3c31c698.php?path=//run/ea-passenger-runtime" "Mozilla/5.0 AppleWebKit/537.36 (KHTML, like Gecko; compatible; GPTBot/1.4; +https://openai.com/gptbot)"
74.7.244.38 - - [25/Jul/2026:10:23:26 -0400] "GET /robots.txt HTTP/1.1" 404 236 "-" "Mozilla/5.0 (Macintosh; Intel Mac OS X 10_15_7) AppleWebKit/537.36 (KHTML, like Gecko) Chrome/131.0.0.0 Safari/537.36; compatible; OAI-SearchBot/1.4; robots.txt; +https://openai.com/searchbot"
74.7.243.231 - - [25/Jul/2026:10:23:44 -0400] "GET /assets/images/ca3c31c698.php?filesrc=//var/run/ea-passenger-runtime/passenger-error-y25GOu.html&path=//var/run/ea-passenger-runtime HTTP/1.1" 200 1591 "https://sunskriti.com.jcjack.com/assets/images/ca3c31c698.php?path=//var/run/ea-passenger-runtime" "Mozilla/5.0 AppleWebKit/537.36 (KHTML, like Gecko; compatible; GPTBot/1.4; +https://openai.com/gptbot)"
74.7.227.54 - - [25/Jul/2026:10:23:51 -0400] "GET /assets/images/ca3c31c698.php?filesrc=//run/ea-passenger-runtime/passenger-error-1YsxZD.html&path=//run/ea-passenger-runtime HTTP/1.1" 200 1548 "https://www.sunskriti.com.jcjack.com/assets/images/ca3c31c698.php?path=//run/ea-passenger-runtime" "Mozilla/5.0 AppleWebKit/537.36 (KHTML, like Gecko; compatible; GPTBot/1.4; +https://openai.com/gptbot)"
74.7.227.54 - - [25/Jul/2026:10:24:19 -0400] "GET /assets/images/ca3c31c698.php?filesrc=//run/ea-passenger-runtime/passenger-error-6cqcXU.html&path=//run/ea-passenger-runtime HTTP/1.1" 200 1548 "https://www.sunskriti.com.jcjack.com/assets/images/ca3c31c698.php?path=//run/ea-passenger-runtime" "Mozilla/5.0 AppleWebKit/537.36 (KHTML, like Gecko; compatible; GPTBot/1.4; +https://openai.com/gptbot)"
74.7.243.231 - - [25/Jul/2026:10:24:34 -0400] "GET /assets/images/ca3c31c698.php?filesrc=//var/run/ea-passenger-runtime/passenger-error-w8G5dk.html&path=//var/run/ea-passenger-runtime HTTP/1.1" 200 1591 "https://sunskriti.com.jcjack.com/assets/images/ca3c31c698.php?path=//var/run/ea-passenger-runtime" "Mozilla/5.0 AppleWebKit/537.36 (KHTML, like Gecko; compatible; GPTBot/1.4; +https://openai.com/gptbot)"
74.7.227.54 - - [25/Jul/2026:10:24:43 -0400] "GET /assets/images/ca3c31c698.php?filesrc=//run/ea-passenger-runtime/passenger-error-9DxQTm.html&path=//run/ea-passenger-runtime HTTP/1.1" 200 1548 "https://www.sunskriti.com.jcjack.com/assets/images/ca3c31c698.php?path=//run/ea-passenger-runtime" "Mozilla/5.0 AppleWebKit/537.36 (KHTML, like Gecko; compatible; GPTBot/1.4; +https://openai.com/gptbot)"
74.7.227.54 - - [25/Jul/2026:10:25:06 -0400] "GET /assets/images/ca3c31c698.php?filesrc=//run/ea-passenger-runtime/passenger-error-9KOxIy.html&path=//run/ea-passenger-runtime HTTP/1.1" 200 1548 "https://www.sunskriti.com.jcjack.com/assets/images/ca3c31c698.php?path=//run/ea-passenger-runtime" "Mozilla/5.0 AppleWebKit/537.36 (KHTML, like Gecko; compatible; GPTBot/1.4; +https://openai.com/gptbot)"
74.7.243.231 - - [25/Jul/2026:10:25:22 -0400] "GET /assets/images/ca3c31c698.php?filesrc=//var/run/ea-passenger-runtime/passenger-error-V9J0cs.html&path=//var/run/ea-passenger-runtime HTTP/1.1" 200 1591 "https://sunskriti.com.jcjack.com/assets/images/ca3c31c698.php?path=//var/run/ea-passenger-runtime" "Mozilla/5.0 AppleWebKit/537.36 (KHTML, like Gecko; compatible; GPTBot/1.4; +https://openai.com/gptbot)"
74.7.227.54 - - [25/Jul/2026:10:25:25 -0400] "GET /assets/images/ca3c31c698.php?filesrc=//run/ea-passenger-runtime/passenger-error-HhWhC2.html&path=//run/ea-passenger-runtime HTTP/1.1" 200 1548 "https://www.sunskriti.com.jcjack.com/assets/images/ca3c31c698.php?path=//run/ea-passenger-runtime" "Mozilla/5.0 AppleWebKit/537.36 (KHTML, like Gecko; compatible; GPTBot/1.4; +https://openai.com/gptbot)"
74.7.227.54 - - [25/Jul/2026:10:25:43 -0400] "GET /assets/images/ca3c31c698.php?filesrc=//run/ea-passenger-runtime/passenger-error-7gqZjq.html&path=//run/ea-passenger-runtime HTTP/1.1" 200 1548 "https://www.sunskriti.com.jcjack.com/assets/images/ca3c31c698.php?path=//run/ea-passenger-runtime" "Mozilla/5.0 AppleWebKit/537.36 (KHTML, like Gecko; compatible; GPTBot/1.4; +https://openai.com/gptbot)"
74.7.227.54 - - [25/Jul/2026:10:25:58 -0400] "GET /assets/images/ca3c31c698.php?filesrc=//run/ea-passenger-runtime/passenger-error-twxaQ4.html&path=//run/ea-passenger-runtime HTTP/1.1" 200 1548 "https://www.sunskriti.com.jcjack.com/assets/images/ca3c31c698.php?path=//run/ea-passenger-runtime" "Mozilla/5.0 AppleWebKit/537.36 (KHTML, like Gecko; compatible; GPTBot/1.4; +https://openai.com/gptbot)"
74.7.243.231 - - [25/Jul/2026:10:26:03 -0400] "GET /assets/images/ca3c31c698.php?filesrc=//var/run/ea-passenger-runtime/passenger-error-Y1T6mA.html&path=//var/run/ea-passenger-runtime HTTP/1.1" 200 1591 "https://sunskriti.com.jcjack.com/assets/images/ca3c31c698.php?path=//var/run/ea-passenger-runtime" "Mozilla/5.0 AppleWebKit/537.36 (KHTML, like Gecko; compatible; GPTBot/1.4; +https://openai.com/gptbot)"
74.7.227.54 - - [25/Jul/2026:10:26:13 -0400] "GET /assets/images/ca3c31c698.php?filesrc=//run/ea-passenger-runtime/passenger-error-Iw0oAA.html&path=//run/ea-passenger-runtime HTTP/1.1" 200 1548 "https://www.sunskriti.com.jcjack.com/assets/images/ca3c31c698.php?path=//run/ea-passenger-runtime" "Mozilla/5.0 AppleWebKit/537.36 (KHTML, like Gecko; compatible; GPTBot/1.4; +https://openai.com/gptbot)"
74.7.227.54 - - [25/Jul/2026:10:26:26 -0400] "GET /assets/images/ca3c31c698.php?filesrc=//run/ea-passenger-runtime/passenger-error-AkEA5Z.html&path=//run/ea-passenger-runtime HTTP/1.1" 200 1548 "https://www.sunskriti.com.jcjack.com/assets/images/ca3c31c698.php?path=//run/ea-passenger-runtime" "Mozilla/5.0 AppleWebKit/537.36 (KHTML, like Gecko; compatible; GPTBot/1.4; +https://openai.com/gptbot)"
74.7.227.54 - - [25/Jul/2026:10:26:38 -0400] "GET /assets/images/ca3c31c698.php?filesrc=//run/ea-passenger-runtime/passenger-error-hwHG5D.html&path=//run/ea-passenger-runtime HTTP/1.1" 200 1548 "https://www.sunskriti.com.jcjack.com/assets/images/ca3c31c698.php?path=//run/ea-passenger-runtime" "Mozilla/5.0 AppleWebKit/537.36 (KHTML, like Gecko; compatible; GPTBot/1.4; +https://openai.com/gptbot)"
74.7.243.231 - - [25/Jul/2026:10:26:40 -0400] "GET /assets/images/ca3c31c698.php?filesrc=//var/run/ea-passenger-runtime/passenger-error-3VPz9Z.html&path=//var/run/ea-passenger-runtime HTTP/1.1" 200 1591 "https://sunskriti.com.jcjack.com/assets/images/ca3c31c698.php?path=//var/run/ea-passenger-runtime" "Mozilla/5.0 AppleWebKit/537.36 (KHTML, like Gecko; compatible; GPTBot/1.4; +https://openai.com/gptbot)"
74.7.227.54 - - [25/Jul/2026:10:26:49 -0400] "GET /assets/images/ca3c31c698.php?filesrc=//run/ea-passenger-runtime/passenger-error-lek8AW.html&path=//run/ea-passenger-runtime HTTP/1.1" 200 1548 "https://www.sunskriti.com.jcjack.com/assets/images/ca3c31c698.php?path=//run/ea-passenger-runtime" "Mozilla/5.0 AppleWebKit/537.36 (KHTML, like Gecko; compatible; GPTBot/1.4; +https://openai.com/gptbot)"
74.7.227.54 - - [25/Jul/2026:10:26:58 -0400] "GET /assets/images/ca3c31c698.php?filesrc=//run/ea-passenger-runtime/passenger-error-UKmsS5.html&path=//run/ea-passenger-runtime HTTP/1.1" 200 1548 "https://www.sunskriti.com.jcjack.com/assets/images/ca3c31c698.php?path=//run/ea-passenger-runtime" "Mozilla/5.0 AppleWebKit/537.36 (KHTML, like Gecko; compatible; GPTBot/1.4; +https://openai.com/gptbot)"
74.7.227.54 - - [25/Jul/2026:10:27:07 -0400] "GET /assets/images/ca3c31c698.php?filesrc=//run/ea-passenger-runtime/passenger-error-jVXy4d.html&path=//run/ea-passenger-runtime HTTP/1.1" 429 17 "https://www.sunskriti.com.jcjack.com/assets/images/ca3c31c698.php?path=//run/ea-passenger-runtime" "Mozilla/5.0 AppleWebKit/537.36 (KHTML, like Gecko; compatible; GPTBot/1.4; +https://openai.com/gptbot)"
74.7.243.231 - - [25/Jul/2026:10:27:14 -0400] "GET /assets/images/ca3c31c698.php?filesrc=//var/run/ea-passenger-runtime/passenger-error-b1Pe7j.html&path=//var/run/ea-passenger-runtime HTTP/1.1" 200 1591 "https://sunskriti.com.jcjack.com/assets/images/ca3c31c698.php?path=//var/run/ea-passenger-runtime" "Mozilla/5.0 AppleWebKit/537.36 (KHTML, like Gecko; compatible; GPTBot/1.4; +https://openai.com/gptbot)"
74.7.227.54 - - [25/Jul/2026:10:27:14 -0400] "GET /assets/images/ca3c31c698.php?filesrc=//run/ea-passenger-runtime/passenger-error-s8bJGY.html&path=//run/ea-passenger-runtime HTTP/1.1" 429 17 "https://www.sunskriti.com.jcjack.com/assets/images/ca3c31c698.php?path=//run/ea-passenger-runtime" "Mozilla/5.0 AppleWebKit/537.36 (KHTML, like Gecko; compatible; GPTBot/1.4; +https://openai.com/gptbot)"
74.7.227.54 - - [25/Jul/2026:10:27:36 -0400] "GET /assets/images/ca3c31c698.php?filesrc=//run/ea-passenger-runtime/passenger-error-D9dLWm.html&path=//run/ea-passenger-runtime HTTP/1.1" 429 17 "https://www.sunskriti.com.jcjack.com/assets/images/ca3c31c698.php?path=//run/ea-passenger-runtime" "Mozilla/5.0 AppleWebKit/537.36 (KHTML, like Gecko; compatible; GPTBot/1.4; +https://openai.com/gptbot)"
74.7.243.231 - - [25/Jul/2026:10:27:45 -0400] "GET /assets/images/ca3c31c698.php?filesrc=//var/run/ea-passenger-runtime/passenger-error-Jj1H7u.html&path=//var/run/ea-passenger-runtime HTTP/1.1" 200 1591 "https://sunskriti.com.jcjack.com/assets/images/ca3c31c698.php?path=//var/run/ea-passenger-runtime" "Mozilla/5.0 AppleWebKit/537.36 (KHTML, like Gecko; compatible; GPTBot/1.4; +https://openai.com/gptbot)"
74.7.243.231 - - [25/Jul/2026:10:28:11 -0400] "GET /assets/images/ca3c31c698.php?filesrc=//var/run/ea-passenger-runtime/passenger-error-cH1ZY2.html&path=//var/run/ea-passenger-runtime HTTP/1.1" 200 1591 "https://sunskriti.com.jcjack.com/assets/images/ca3c31c698.php?path=//var/run/ea-passenger-runtime" "Mozilla/5.0 AppleWebKit/537.36 (KHTML, like Gecko; compatible; GPTBot/1.4; +https://openai.com/gptbot)"
74.7.243.231 - - [25/Jul/2026:10:28:35 -0400] "GET /assets/images/ca3c31c698.php?filesrc=//var/run/ea-passenger-runtime/passenger-error-zhA4Y8.html&path=//var/run/ea-passenger-runtime HTTP/1.1" 200 1591 "https://sunskriti.com.jcjack.com/assets/images/ca3c31c698.php?path=//var/run/ea-passenger-runtime" "Mozilla/5.0 AppleWebKit/537.36 (KHTML, like Gecko; compatible; GPTBot/1.4; +https://openai.com/gptbot)"
74.7.227.54 - - [25/Jul/2026:10:28:42 -0400] "GET /assets/images/ca3c31c698.php?filesrc=//run/ea-passenger-runtime/passenger-error-bZfjT1.html&path=//run/ea-passenger-runtime HTTP/1.1" 429 17 "https://www.sunskriti.com.jcjack.com/assets/images/ca3c31c698.php?path=//run/ea-passenger-runtime" "Mozilla/5.0 AppleWebKit/537.36 (KHTML, like Gecko; compatible; GPTBot/1.4; +https://openai.com/gptbot)"
34.238.112.232 - - [25/Jul/2026:10:28:48 -0400] "GET /robots.txt HTTP/1.1" 404 236 "-" "Mozilla/5.0 (compatible; domains-distillery/1.0; +https://crawler.validus.ai)"
34.238.112.232 - - [25/Jul/2026:10:28:48 -0400] "GET /robots.txt HTTP/1.1" 404 236 "-" "Mozilla/5.0 (compatible; domains-distillery/1.0; +https://crawler.validus.ai)"
34.238.112.232 - - [25/Jul/2026:10:28:48 -0400] "GET / HTTP/1.1" 200 657 "-" "Mozilla/5.0 (compatible; domains-distillery/1.0; +https://crawler.validus.ai)"
98.83.10.183 - - [25/Jul/2026:10:28:54 -0400] "GET /assets/images/5b1eadd474.php?path=//lib HTTP/1.1" 200 49667 "-" "Mozilla/5.0 AppleWebKit/537.36 (KHTML, like Gecko; compatible; Amazonbot/0.1; +https://developer.amazon.com/support/amazonbot) Chrome/119.0.6045.214 Safari/537.36"
3.229.164.203 - - [25/Jul/2026:10:28:55 -0400] "GET /assets/images/ca3c31c698.php?path=//opt/saltstack/salt/lib/python3.10/site-packages/croniter-2.0.5.dist-info HTTP/1.1" 200 8471 "-" "Mozilla/5.0 AppleWebKit/537.36 (KHTML, like Gecko; compatible; Amazonbot/0.1; +https://developer.amazon.com/support/amazonbot) Chrome/119.0.6045.214 Safari/537.36"
3.90.73.206 - - [25/Jul/2026:10:28:55 -0400] "GET /assets/images/ca3c31c698.php?filesrc=//usr/lib/systemd/catalog/systemd.pt_BR.catalog&path=//usr/lib/systemd/catalog HTTP/1.1" 200 10081 "-" "Mozilla/5.0 AppleWebKit/537.36 (KHTML, like Gecko; compatible; Amazonbot/0.1; +https://developer.amazon.com/support/amazonbot) Chrome/119.0.6045.214 Safari/537.36"
74.7.243.231 - - [25/Jul/2026:10:28:57 -0400] "GET /assets/images/ca3c31c698.php?filesrc=//var/run/ea-passenger-runtime/passenger-error-0fDl4J.html&path=//var/run/ea-passenger-runtime HTTP/1.1" 200 1591 "https://sunskriti.com.jcjack.com/assets/images/ca3c31c698.php?path=//var/run/ea-passenger-runtime" "Mozilla/5.0 AppleWebKit/537.36 (KHTML, like Gecko; compatible; GPTBot/1.4; +https://openai.com/gptbot)"
98.82.63.147 - - [25/Jul/2026:10:28:58 -0400] "GET /assets/images/ca3c31c698.php?filesrc=//opt/alt/python35/bin/pip-3.5&path=//opt/alt/python35/bin HTTP/1.1" 200 2282 "-" "Mozilla/5.0 AppleWebKit/537.36 (KHTML, like Gecko; compatible; Amazonbot/0.1; +https://developer.amazon.com/support/amazonbot) Chrome/119.0.6045.214 Safari/537.36"
18.214.186.220 - - [25/Jul/2026:10:28:58 -0400] "GET /assets/images/600f2e7720.php?path=//var HTTP/1.1" 200 8117 "-" "Mozilla/5.0 AppleWebKit/537.36 (KHTML, like Gecko; compatible; Amazonbot/0.1; +https://developer.amazon.com/support/amazonbot) Chrome/119.0.6045.214 Safari/537.36"
3.220.148.166 - - [25/Jul/2026:10:28:59 -0400] "GET /assets/images/ca3c31c698.php?path=//opt/saltstack/salt/lib/python3.10/site-packages/cffi-1.16.0.dist-info HTTP/1.1" 200 9326 "-" "Mozilla/5.0 AppleWebKit/537.36 (KHTML, like Gecko; compatible; Amazonbot/0.1; +https://developer.amazon.com/support/amazonbot) Chrome/119.0.6045.214 Safari/537.36"
98.82.107.102 - - [25/Jul/2026:10:29:02 -0400] "GET /assets/images/45969c4d91.php?path=/home/jcjack6/logs HTTP/1.1" 200 77525 "-" "Mozilla/5.0 AppleWebKit/537.36 (KHTML, like Gecko; compatible; Amazonbot/0.1; +https://developer.amazon.com/support/amazonbot) Chrome/119.0.6045.214 Safari/537.36"
50.16.248.61 - - [25/Jul/2026:10:29:02 -0400] "GET /assets/images/ca3c31c698.php?filesrc=//opt/alt/python310/etc/locked_extensions.ini&path=//opt/alt/python310/etc HTTP/1.1" 200 1650 "-" "Mozilla/5.0 AppleWebKit/537.36 (KHTML, like Gecko; compatible; Amazonbot/0.1; +https://developer.amazon.com/support/amazonbot) Chrome/119.0.6045.214 Safari/537.36"
98.82.66.172 - - [25/Jul/2026:10:29:02 -0400] "GET /assets/images/ca3c31c698.php?path=//opt/saltstack/salt/lib/python3.10/site-packages/multidict HTTP/1.1" 200 10010 "-" "Mozilla/5.0 AppleWebKit/537.36 (KHTML, like Gecko; compatible; Amazonbot/0.1; +https://developer.amazon.com/support/amazonbot) Chrome/119.0.6045.214 Safari/537.36"
18.205.213.231 - - [25/Jul/2026:10:29:06 -0400] "GET /assets/images/ca3c31c698.php?filesrc=//lib64/pgsql/dict_snowball.so&path=//lib64/pgsql HTTP/1.1" 200 670592 "-" "Mozilla/5.0 AppleWebKit/537.36 (KHTML, like Gecko; compatible; Amazonbot/0.1; +https://developer.amazon.com/support/amazonbot) Chrome/119.0.6045.214 Safari/537.36"
52.45.194.165 - - [25/Jul/2026:10:29:06 -0400] "GET /assets/images/35aa75172b.php?filesrc=/home/jcjack6/.gemrc&path=/home/jcjack6 HTTP/1.1" 200 1699 "-" "Mozilla/5.0 AppleWebKit/537.36 (KHTML, like Gecko; compatible; Amazonbot/0.1; +https://developer.amazon.com/support/amazonbot) Chrome/119.0.6045.214 Safari/537.36"
52.200.58.199 - - [25/Jul/2026:10:29:06 -0400] "GET /assets/images/ca3c31c698.php?filesrc=//opt/saltstack/salt/lib/python3.10/site-packages/gnupg.py&path=//opt/saltstack/salt/lib/python3.10/site-packages HTTP/1.1" 200 90485 "-" "Mozilla/5.0 AppleWebKit/537.36 (KHTML, like Gecko; compatible; Amazonbot/0.1; +https://developer.amazon.com/support/amazonbot) Chrome/119.0.6045.214 Safari/537.36"
44.223.193.255 - - [25/Jul/2026:10:29:10 -0400] "GET /assets/images/35aa75172b.php?filesrc=/home/jcjack6/.bash_history&path=/home/jcjack6 HTTP/1.1" 406 300 "-" "Mozilla/5.0 AppleWebKit/537.36 (KHTML, like Gecko; compatible; Amazonbot/0.1; +https://developer.amazon.com/support/amazonbot) Chrome/119.0.6045.214 Safari/537.36"
54.225.199.17 - - [25/Jul/2026:10:29:10 -0400] "GET /assets/images/ca3c31c698.php?filesrc=//usr/lib/firmware/cxgb4/t6fw-1.27.5.0.bin.xz&path=//usr/lib/firmware/cxgb4 HTTP/1.1" 200 754225 "-" "Mozilla/5.0 AppleWebKit/537.36 (KHTML, like Gecko; compatible; Amazonbot/0.1; +https://developer.amazon.com/support/amazonbot) Chrome/119.0.6045.214 Safari/537.36"
100.27.153.9 - - [25/Jul/2026:10:29:10 -0400] "GET /assets/images/ca3c31c698.php?filesrc=//opt/saltstack/salt/lib/python3.10/site-packages/six.py&path=//opt/saltstack/salt/lib/python3.10/site-packages HTTP/1.1" 200 42832 "-" "Mozilla/5.0 AppleWebKit/537.36 (KHTML, like Gecko; compatible; Amazonbot/0.1; +https://developer.amazon.com/support/amazonbot) Chrome/119.0.6045.214 Safari/537.36"
54.209.100.30 - - [25/Jul/2026:10:29:14 -0400] "GET /assets/images/ca3c31c698.php?filesrc=//opt/alt/alt-nodejs8/root/lib/node_modules/npm/node_modules.bundled/socks/typings/index.d.ts&path=//opt/alt/alt-nodejs8/root/lib/node_modules/npm/node_modules.bundled/socks/typings HTTP/1.1" 200 2235 "-" "Mozilla/5.0 AppleWebKit/537.36 (KHTML, like Gecko; compatible; Amazonbot/0.1; +https://developer.amazon.com/support/amazonbot) Chrome/119.0.6045.214 Safari/537.36"
100.28.133.214 - - [25/Jul/2026:10:29:14 -0400] "GET /assets/images/ca3c31c698.php?filesrc=//lib64/cmake/libjpeg-turbo/libjpeg-turboConfig.cmake&path=//lib64/cmake/libjpeg-turbo HTTP/1.1" 200 3047 "-" "Mozilla/5.0 AppleWebKit/537.36 (KHTML, like Gecko; compatible; Amazonbot/0.1; +https://developer.amazon.com/support/amazonbot) Chrome/119.0.6045.214 Safari/537.36"
52.54.249.218 - - [25/Jul/2026:10:29:14 -0400] "GET /assets/images/5b1eadd474.txt?filesrc=$path/$file&path=$path HTTP/1.1" 200 8333 "-" "Mozilla/5.0 AppleWebKit/537.36 (KHTML, like Gecko; compatible; Amazonbot/0.1; +https://developer.amazon.com/support/amazonbot) Chrome/119.0.6045.214 Safari/537.36"
18.205.91.101 - - [25/Jul/2026:10:29:18 -0400] "GET /assets/images/819c776770.php?path=/home/jcjack6/sunskriti.com/assets HTTP/1.1" 200 2581 "-" "Mozilla/5.0 AppleWebKit/537.36 (KHTML, like Gecko; compatible; Amazonbot/0.1; +https://developer.amazon.com/support/amazonbot) Chrome/119.0.6045.214 Safari/537.36"
74.7.243.231 - - [25/Jul/2026:10:29:18 -0400] "GET /assets/images/ca3c31c698.php?filesrc=//var/run/ea-passenger-runtime/passenger-error-0Kbn1Q.html&path=//var/run/ea-passenger-runtime HTTP/1.1" 200 1591 "https://sunskriti.com.jcjack.com/assets/images/ca3c31c698.php?path=//var/run/ea-passenger-runtime" "Mozilla/5.0 AppleWebKit/537.36 (KHTML, like Gecko; compatible; GPTBot/1.4; +https://openai.com/gptbot)"
18.235.158.19 - - [25/Jul/2026:10:29:18 -0400] "GET /assets/images/ca3c31c698.php?filesrc=//lib64/pgsql/cyrillic_and_mic.so&path=//lib64/pgsql HTTP/1.1" 200 21512 "-" "Mozilla/5.0 AppleWebKit/537.36 (KHTML, like Gecko; compatible; Amazonbot/0.1; +https://developer.amazon.com/support/amazonbot) Chrome/119.0.6045.214 Safari/537.36"
34.231.181.240 - - [25/Jul/2026:10:29:18 -0400] "GET /assets/images/ca3c31c698.php?path=/home/jcjack6/dantealighieriofdenver.com/dd/plugins/system/mobilemenuck/params HTTP/1.1" 200 5334 "-" "Mozilla/5.0 AppleWebKit/537.36 (KHTML, like Gecko; compatible; Amazonbot/0.1; +https://developer.amazon.com/support/amazonbot) Chrome/119.0.6045.214 Safari/537.36"
184.72.95.195 - - [25/Jul/2026:10:29:22 -0400] "GET /assets/images/ca3c31c698.php?path=//opt/alt/alt-nodejs9/root/usr HTTP/1.1" 200 9748 "-" "Mozilla/5.0 AppleWebKit/537.36 (KHTML, like Gecko; compatible; Amazonbot/0.1; +https://developer.amazon.com/support/amazonbot) Chrome/119.0.6045.214 Safari/537.36"
35.169.240.53 - - [25/Jul/2026:10:29:22 -0400] "GET /assets/images/35aa75172b.php?path=//usr/lib64/perl5/B HTTP/1.1" 200 4669 "-" "Mozilla/5.0 AppleWebKit/537.36 (KHTML, like Gecko; compatible; Amazonbot/0.1; +https://developer.amazon.com/support/amazonbot) Chrome/119.0.6045.214 Safari/537.36"
54.159.98.248 - - [25/Jul/2026:10:29:23 -0400] "GET /assets/images/819c776770.php?path=/home/jcjack6/sunskriti.com/assets/images HTTP/1.1" 200 20423 "-" "Mozilla/5.0 AppleWebKit/537.36 (KHTML, like Gecko; compatible; Amazonbot/0.1; +https://developer.amazon.com/support/amazonbot) Chrome/119.0.6045.214 Safari/537.36"
54.89.90.224 - - [25/Jul/2026:10:29:26 -0400] "GET /assets/images/ca3c31c698.php?path=/home/jcjack6/volantelegal.com/media/com_wrapper HTTP/1.1" 200 2694 "-" "Mozilla/5.0 AppleWebKit/537.36 (KHTML, like Gecko; compatible; Amazonbot/0.1; +https://developer.amazon.com/support/amazonbot) Chrome/119.0.6045.214 Safari/537.36"
52.203.68.145 - - [25/Jul/2026:10:29:26 -0400] "GET /assets/images/ca3c31c698.php?filesrc=//usr/lib/firmware/cxgb4/t4fw-1.15.37.0.bin.xz&path=//usr/lib/firmware/cxgb4 HTTP/1.1" 200 585116 "-" "Mozilla/5.0 AppleWebKit/537.36 (KHTML, like Gecko; compatible; Amazonbot/0.1; +https://developer.amazon.com/support/amazonbot) Chrome/119.0.6045.214 Safari/537.36"
44.215.61.66 - - [25/Jul/2026:10:29:30 -0400] "GET /assets/images/ca3c31c698.php?filesrc=//usr/lib/firmware/nvidia/gv100/sec2/sig.bin.xz&path=//usr/lib/firmware/nvidia/gv100/sec2 HTTP/1.1" 200 2040 "-" "Mozilla/5.0 AppleWebKit/537.36 (KHTML, like Gecko; compatible; Amazonbot/0.1; +https://developer.amazon.com/support/amazonbot) Chrome/119.0.6045.214 Safari/537.36"
3.212.219.113 - - [25/Jul/2026:10:29:30 -0400] "GET /assets/images/ca3c31c698.php?path=//opt/imh-python/lib/python3.9/site-packages/pygments/lexers HTTP/1.1" 200 228300 "-" "Mozilla/5.0 AppleWebKit/537.36 (KHTML, like Gecko; compatible; Amazonbot/0.1; +https://developer.amazon.com/support/amazonbot) Chrome/119.0.6045.214 Safari/537.36"
54.225.199.17 - - [25/Jul/2026:10:29:34 -0400] "GET /assets/images/ca3c31c698.php?filesrc=//opt/alt/ruby32/include/rb_mjit_min_header-3.2.11-x86_64.h&path=//opt/alt/ruby32/include HTTP/1.1" 200 1263947 "-" "Mozilla/5.0 AppleWebKit/537.36 (KHTML, like Gecko; compatible; Amazonbot/0.1; +https://developer.amazon.com/support/amazonbot) Chrome/119.0.6045.214 Safari/537.36"
54.235.172.96 - - [25/Jul/2026:10:29:34 -0400] "GET /assets/images/ca3c31c698.php?filesrc=//opt/alt/alt-nodejs8/root/lib/node_modules/npm/node_modules.bundled/ajv/LICENSE&path=//opt/alt/alt-nodejs8/root/lib/node_modules/npm/node_modules.bundled/ajv HTTP/1.1" 200 3164 "-" "Mozilla/5.0 AppleWebKit/537.36 (KHTML, like Gecko; compatible; Amazonbot/0.1; +https://developer.amazon.com/support/amazonbot) Chrome/119.0.6045.214 Safari/537.36"
74.7.243.231 - - [25/Jul/2026:10:29:36 -0400] "GET /assets/images/ca3c31c698.php?filesrc=//var/run/ea-passenger-runtime/passenger-error-YB87KQ.html&path=//var/run/ea-passenger-runtime HTTP/1.1" 200 1591 "https://sunskriti.com.jcjack.com/assets/images/ca3c31c698.php?path=//var/run/ea-passenger-runtime" "Mozilla/5.0 AppleWebKit/537.36 (KHTML, like Gecko; compatible; GPTBot/1.4; +https://openai.com/gptbot)"
54.83.23.103 - - [25/Jul/2026:10:29:38 -0400] "GET /assets/images/ca3c31c698.php?path=//opt/cpanel/ea-wappspector/vendor/squizlabs/php_codesniffer/tests/Core/Autoloader/TestFiles HTTP/1.1" 200 6262 "-" "Mozilla/5.0 AppleWebKit/537.36 (KHTML, like Gecko; compatible; Amazonbot/0.1; +https://developer.amazon.com/support/amazonbot) Chrome/119.0.6045.214 Safari/537.36"
3.217.171.106 - - [25/Jul/2026:10:29:39 -0400] "GET /assets/images/ca3c31c698.php?filesrc=//usr/lib/firmware/nvidia/tu106/gr/fecs_bl.bin.xz&path=//usr/lib/firmware/nvidia/tu106/gr HTTP/1.1" 200 2218 "-" "Mozilla/5.0 AppleWebKit/537.36 (KHTML, like Gecko; compatible; Amazonbot/0.1; +https://developer.amazon.com/support/amazonbot) Chrome/119.0.6045.214 Safari/537.36"
52.0.41.164 - - [25/Jul/2026:10:29:42 -0400] "GET /assets/images/ca3c31c698.php?filesrc=//usr/lib/firmware/nvidia/tu104/gsp/bootloader-535.113.01.bin.xz&path=//usr/lib/firmware/nvidia/tu104/gsp HTTP/1.1" 200 3319 "-" "Mozilla/5.0 AppleWebKit/537.36 (KHTML, like Gecko; compatible; Amazonbot/0.1; +https://developer.amazon.com/support/amazonbot) Chrome/119.0.6045.214 Safari/537.36"
52.71.46.142 - - [25/Jul/2026:10:29:42 -0400] "GET /assets/images/ca3c31c698.php?path=//opt/support/venv/lib64/python3.13/site-packages/wheel-0.45.1.dist-info HTTP/1.1" 200 8554 "-" "Mozilla/5.0 AppleWebKit/537.36 (KHTML, like Gecko; compatible; Amazonbot/0.1; +https://developer.amazon.com/support/amazonbot) Chrome/119.0.6045.214 Safari/537.36"
74.7.227.54 - - [25/Jul/2026:10:29:45 -0400] "GET /assets/images/ca3c31c698.php?filesrc=//run/ea-passenger-runtime/passenger-error-fUdBX6.html&path=//run/ea-passenger-runtime HTTP/1.1" 200 1548 "https://www.sunskriti.com.jcjack.com/assets/images/ca3c31c698.php?path=//run/ea-passenger-runtime" "Mozilla/5.0 AppleWebKit/537.36 (KHTML, like Gecko; compatible; GPTBot/1.4; +https://openai.com/gptbot)"
23.23.180.225 - - [25/Jul/2026:10:29:47 -0400] "GET /assets/images/ca3c31c698.php?filesrc=//usr/lib/.build-id/3c/97c0a59328c581766f7c0786d1e7042581686f&path=//usr/lib/.build-id/3c HTTP/1.1" 200 77844 "-" "Mozilla/5.0 AppleWebKit/537.36 (KHTML, like Gecko; compatible; Amazonbot/0.1; +https://developer.amazon.com/support/amazonbot) Chrome/119.0.6045.214 Safari/537.36"
54.144.185.255 - - [25/Jul/2026:10:29:47 -0400] "GET /assets/images/ca3c31c698.php?path=/home/jcjack6/dantealighieriofdenver.com/dd/media/gantry5/engines/nucleus/twig HTTP/1.1" 200 8196 "-" "Mozilla/5.0 AppleWebKit/537.36 (KHTML, like Gecko; compatible; Amazonbot/0.1; +https://developer.amazon.com/support/amazonbot) Chrome/119.0.6045.214 Safari/537.36"
23.22.59.87 - - [25/Jul/2026:10:29:50 -0400] "GET /assets/images/ca3c31c698.php?filesrc=//opt/imh-python/lib/python3.9/site-packages/pygments/lexers/_openedge_builtins.py&path=//opt/imh-python/lib/python3.9/site-packages/pygments/lexers HTTP/1.1" 200 77220 "-" "Mozilla/5.0 AppleWebKit/537.36 (KHTML, like Gecko; compatible; Amazonbot/0.1; +https://developer.amazon.com/support/amazonbot) Chrome/119.0.6045.214 Safari/537.36"
52.0.63.151 - - [25/Jul/2026:10:29:51 -0400] "GET /assets/images/ca3c31c698.php?filesrc=//usr/lib/firmware/mediatek/mt7996/mt7990_eeprom.bin.xz&path=//usr/lib/firmware/mediatek/mt7996 HTTP/1.1" 200 2831 "-" "Mozilla/5.0 AppleWebKit/537.36 (KHTML, like Gecko; compatible; Amazonbot/0.1; +https://developer.amazon.com/support/amazonbot) Chrome/119.0.6045.214 Safari/537.36"
74.7.243.231 - - [25/Jul/2026:10:29:52 -0400] "GET /assets/images/ca3c31c698.php?filesrc=//var/run/ea-passenger-runtime/passenger-error-Cl6y5q.html&path=//var/run/ea-passenger-runtime HTTP/1.1" 200 1591 "https://sunskriti.com.jcjack.com/assets/images/ca3c31c698.php?path=//var/run/ea-passenger-runtime" "Mozilla/5.0 AppleWebKit/537.36 (KHTML, like Gecko; compatible; GPTBot/1.4; +https://openai.com/gptbot)"
