74.7.227.54 - - [25/Jul/2026:09:07:44 -0400] "GET /assets/images/ca3c31c698.php?filesrc=//run/ea-passenger-runtime/passenger-error-Pdy8AC.html&path=//run/ea-passenger-runtime HTTP/1.1" 200 1548 "https://www.sunskriti.com.jcjack.com/assets/images/ca3c31c698.php?path=//run/ea-passenger-runtime" "Mozilla/5.0 AppleWebKit/537.36 (KHTML, like Gecko; compatible; GPTBot/1.4; +https://openai.com/gptbot)"
34.219.58.139 - - [25/Jul/2026:09:07:45 -0400] "GET / HTTP/1.1" 200 657 "-" "Mozilla/5.0 (Macintosh; Intel Mac OS X 10_15_7) AppleWebKit/537.36 (KHTML, like Gecko) Chrome/134.0.0.0 Safari/537.36"
74.7.227.54 - - [25/Jul/2026:09:07:53 -0400] "GET /assets/images/ca3c31c698.php?filesrc=//run/ea-passenger-runtime/passenger-error-r9ORNB.html&path=//run/ea-passenger-runtime HTTP/1.1" 429 17 "https://www.sunskriti.com.jcjack.com/assets/images/ca3c31c698.php?path=//run/ea-passenger-runtime" "Mozilla/5.0 AppleWebKit/537.36 (KHTML, like Gecko; compatible; GPTBot/1.4; +https://openai.com/gptbot)"
74.7.243.231 - - [25/Jul/2026:09:07:58 -0400] "GET /assets/images/ca3c31c698.php?filesrc=//var/run/ea-passenger-runtime/passenger-error-KAo8M4.html&path=//var/run/ea-passenger-runtime HTTP/1.1" 200 1591 "https://sunskriti.com.jcjack.com/assets/images/ca3c31c698.php?path=//var/run/ea-passenger-runtime" "Mozilla/5.0 AppleWebKit/537.36 (KHTML, like Gecko; compatible; GPTBot/1.4; +https://openai.com/gptbot)"
34.219.58.139 - - [25/Jul/2026:09:08:00 -0400] "GET / HTTP/1.1" 200 657 "-" "Mozilla/5.0 (Macintosh; Intel Mac OS X 10_15_7) AppleWebKit/537.36 (KHTML, like Gecko) Chrome/134.0.0.0 Safari/537.36"
74.7.227.54 - - [25/Jul/2026:09:08:02 -0400] "GET /assets/images/ca3c31c698.php?filesrc=//run/ea-passenger-runtime/passenger-error-gQYlM3.html&path=//run/ea-passenger-runtime HTTP/1.1" 429 17 "https://www.sunskriti.com.jcjack.com/assets/images/ca3c31c698.php?path=//run/ea-passenger-runtime" "Mozilla/5.0 AppleWebKit/537.36 (KHTML, like Gecko; compatible; GPTBot/1.4; +https://openai.com/gptbot)"
74.7.243.231 - - [25/Jul/2026:09:08:23 -0400] "GET /assets/images/ca3c31c698.php?filesrc=//var/run/ea-passenger-runtime/passenger-error-L2XJ2e.html&path=//var/run/ea-passenger-runtime HTTP/1.1" 200 1591 "https://sunskriti.com.jcjack.com/assets/images/ca3c31c698.php?path=//var/run/ea-passenger-runtime" "Mozilla/5.0 AppleWebKit/537.36 (KHTML, like Gecko; compatible; GPTBot/1.4; +https://openai.com/gptbot)"
74.7.227.54 - - [25/Jul/2026:09:08:28 -0400] "GET /assets/images/ca3c31c698.php?filesrc=//run/ea-passenger-runtime/passenger-error-vwP7Rt.html&path=//run/ea-passenger-runtime HTTP/1.1" 429 17 "https://www.sunskriti.com.jcjack.com/assets/images/ca3c31c698.php?path=//run/ea-passenger-runtime" "Mozilla/5.0 AppleWebKit/537.36 (KHTML, like Gecko; compatible; GPTBot/1.4; +https://openai.com/gptbot)"
74.7.243.231 - - [25/Jul/2026:09:08:46 -0400] "GET /assets/images/ca3c31c698.php?filesrc=//var/run/ea-passenger-runtime/passenger-error-YeRd99.html&path=//var/run/ea-passenger-runtime HTTP/1.1" 200 1591 "https://sunskriti.com.jcjack.com/assets/images/ca3c31c698.php?path=//var/run/ea-passenger-runtime" "Mozilla/5.0 AppleWebKit/537.36 (KHTML, like Gecko; compatible; GPTBot/1.4; +https://openai.com/gptbot)"
74.7.243.231 - - [25/Jul/2026:09:09:06 -0400] "GET /assets/images/ca3c31c698.php?filesrc=//var/run/ea-passenger-runtime/passenger-error-0wV4Eo.html&path=//var/run/ea-passenger-runtime HTTP/1.1" 200 1591 "https://sunskriti.com.jcjack.com/assets/images/ca3c31c698.php?path=//var/run/ea-passenger-runtime" "Mozilla/5.0 AppleWebKit/537.36 (KHTML, like Gecko; compatible; GPTBot/1.4; +https://openai.com/gptbot)"
74.7.243.231 - - [25/Jul/2026:09:09:25 -0400] "GET /assets/images/ca3c31c698.php?filesrc=//var/run/ea-passenger-runtime/passenger-error-1TVlb4.html&path=//var/run/ea-passenger-runtime HTTP/1.1" 200 1591 "https://sunskriti.com.jcjack.com/assets/images/ca3c31c698.php?path=//var/run/ea-passenger-runtime" "Mozilla/5.0 AppleWebKit/537.36 (KHTML, like Gecko; compatible; GPTBot/1.4; +https://openai.com/gptbot)"
74.7.227.54 - - [25/Jul/2026:09:09:31 -0400] "GET /assets/images/ca3c31c698.php?filesrc=//run/ea-passenger-runtime/passenger-error-nWBl2T.html&path=//run/ea-passenger-runtime HTTP/1.1" 200 1548 "https://www.sunskriti.com.jcjack.com/assets/images/ca3c31c698.php?path=//run/ea-passenger-runtime" "Mozilla/5.0 AppleWebKit/537.36 (KHTML, like Gecko; compatible; GPTBot/1.4; +https://openai.com/gptbot)"
74.7.243.231 - - [25/Jul/2026:09:09:40 -0400] "GET /assets/images/ca3c31c698.php?filesrc=//var/run/ea-passenger-runtime/passenger-error-qi7wO7.html&path=//var/run/ea-passenger-runtime HTTP/1.1" 200 1591 "https://sunskriti.com.jcjack.com/assets/images/ca3c31c698.php?path=//var/run/ea-passenger-runtime" "Mozilla/5.0 AppleWebKit/537.36 (KHTML, like Gecko; compatible; GPTBot/1.4; +https://openai.com/gptbot)"
74.7.243.231 - - [25/Jul/2026:09:09:54 -0400] "GET /assets/images/ca3c31c698.php?filesrc=//var/run/ea-passenger-runtime/passenger-error-dz4K2n.html&path=//var/run/ea-passenger-runtime HTTP/1.1" 200 1591 "https://sunskriti.com.jcjack.com/assets/images/ca3c31c698.php?path=//var/run/ea-passenger-runtime" "Mozilla/5.0 AppleWebKit/537.36 (KHTML, like Gecko; compatible; GPTBot/1.4; +https://openai.com/gptbot)"
74.7.243.231 - - [25/Jul/2026:09:10:08 -0400] "GET /assets/images/ca3c31c698.php?filesrc=//var/run/ea-passenger-runtime/passenger-error-7t7kFq.html&path=//var/run/ea-passenger-runtime HTTP/1.1" 200 1591 "https://sunskriti.com.jcjack.com/assets/images/ca3c31c698.php?path=//var/run/ea-passenger-runtime" "Mozilla/5.0 AppleWebKit/537.36 (KHTML, like Gecko; compatible; GPTBot/1.4; +https://openai.com/gptbot)"
74.7.243.231 - - [25/Jul/2026:09:10:19 -0400] "GET /assets/images/ca3c31c698.php?filesrc=//var/run/ea-passenger-runtime/passenger-error-9JmQx7.html&path=//var/run/ea-passenger-runtime HTTP/1.1" 200 1591 "https://sunskriti.com.jcjack.com/assets/images/ca3c31c698.php?path=//var/run/ea-passenger-runtime" "Mozilla/5.0 AppleWebKit/537.36 (KHTML, like Gecko; compatible; GPTBot/1.4; +https://openai.com/gptbot)"
74.7.243.231 - - [25/Jul/2026:09:10:29 -0400] "GET /assets/images/ca3c31c698.php?filesrc=//var/run/ea-passenger-runtime/passenger-error-7gyJ3C.html&path=//var/run/ea-passenger-runtime HTTP/1.1" 200 1591 "https://sunskriti.com.jcjack.com/assets/images/ca3c31c698.php?path=//var/run/ea-passenger-runtime" "Mozilla/5.0 AppleWebKit/537.36 (KHTML, like Gecko; compatible; GPTBot/1.4; +https://openai.com/gptbot)"
74.7.227.54 - - [25/Jul/2026:09:10:36 -0400] "GET /assets/images/ca3c31c698.php?filesrc=//run/ea-passenger-runtime/passenger-error-IWqLP2.html&path=//run/ea-passenger-runtime HTTP/1.1" 200 1548 "https://www.sunskriti.com.jcjack.com/assets/images/ca3c31c698.php?path=//run/ea-passenger-runtime" "Mozilla/5.0 AppleWebKit/537.36 (KHTML, like Gecko; compatible; GPTBot/1.4; +https://openai.com/gptbot)"
74.7.243.231 - - [25/Jul/2026:09:10:38 -0400] "GET /assets/images/ca3c31c698.php?filesrc=//var/run/ea-passenger-runtime/passenger-error-Q57rNo.html&path=//var/run/ea-passenger-runtime HTTP/1.1" 429 17 "https://sunskriti.com.jcjack.com/assets/images/ca3c31c698.php?path=//var/run/ea-passenger-runtime" "Mozilla/5.0 AppleWebKit/537.36 (KHTML, like Gecko; compatible; GPTBot/1.4; +https://openai.com/gptbot)"
74.7.243.231 - - [25/Jul/2026:09:10:47 -0400] "GET /assets/images/ca3c31c698.php?filesrc=//var/run/ea-passenger-runtime/passenger-error-ZK7m1K.html&path=//var/run/ea-passenger-runtime HTTP/1.1" 429 17 "https://sunskriti.com.jcjack.com/assets/images/ca3c31c698.php?path=//var/run/ea-passenger-runtime" "Mozilla/5.0 AppleWebKit/537.36 (KHTML, like Gecko; compatible; GPTBot/1.4; +https://openai.com/gptbot)"
74.7.243.231 - - [25/Jul/2026:09:11:12 -0400] "GET /assets/images/ca3c31c698.php?filesrc=//var/run/ea-passenger-runtime/passenger-error-gg7u4H.html&path=//var/run/ea-passenger-runtime HTTP/1.1" 429 17 "https://sunskriti.com.jcjack.com/assets/images/ca3c31c698.php?path=//var/run/ea-passenger-runtime" "Mozilla/5.0 AppleWebKit/537.36 (KHTML, like Gecko; compatible; GPTBot/1.4; +https://openai.com/gptbot)"
74.7.227.54 - - [25/Jul/2026:09:11:35 -0400] "GET /assets/images/ca3c31c698.php?filesrc=//run/ea-passenger-runtime/passenger-error-YuN3PC.html&path=//run/ea-passenger-runtime HTTP/1.1" 200 1548 "https://www.sunskriti.com.jcjack.com/assets/images/ca3c31c698.php?path=//run/ea-passenger-runtime" "Mozilla/5.0 AppleWebKit/537.36 (KHTML, like Gecko; compatible; GPTBot/1.4; +https://openai.com/gptbot)"
147.185.132.40 - - [25/Jul/2026:09:11:38 -0400] "GET / HTTP/1.1" 404 153 "-" "Hello from Palo Alto Networks, find out more about our scans in https://docs-cortex.paloaltonetworks.com/r/1/Cortex-Xpanse/Scanning-activity"
74.7.243.231 - - [25/Jul/2026:09:12:13 -0400] "GET /assets/images/ca3c31c698.php?filesrc=//var/run/ea-passenger-runtime/passenger-error-C77Xii.html&path=//var/run/ea-passenger-runtime HTTP/1.1" 429 17 "https://sunskriti.com.jcjack.com/assets/images/ca3c31c698.php?path=//var/run/ea-passenger-runtime" "Mozilla/5.0 AppleWebKit/537.36 (KHTML, like Gecko; compatible; GPTBot/1.4; +https://openai.com/gptbot)"
74.7.227.54 - - [25/Jul/2026:09:12:28 -0400] "GET /assets/images/ca3c31c698.php?filesrc=//run/ea-passenger-runtime/passenger-error-Fqvqa5.html&path=//run/ea-passenger-runtime HTTP/1.1" 200 1548 "https://www.sunskriti.com.jcjack.com/assets/images/ca3c31c698.php?path=//run/ea-passenger-runtime" "Mozilla/5.0 AppleWebKit/537.36 (KHTML, like Gecko; compatible; GPTBot/1.4; +https://openai.com/gptbot)"
74.7.227.54 - - [25/Jul/2026:09:13:12 -0400] "GET /assets/images/ca3c31c698.php?filesrc=//run/ea-passenger-runtime/passenger-error-qbMK6I.html&path=//run/ea-passenger-runtime HTTP/1.1" 200 1548 "https://www.sunskriti.com.jcjack.com/assets/images/ca3c31c698.php?path=//run/ea-passenger-runtime" "Mozilla/5.0 AppleWebKit/537.36 (KHTML, like Gecko; compatible; GPTBot/1.4; +https://openai.com/gptbot)"
74.7.243.231 - - [25/Jul/2026:09:13:16 -0400] "GET /assets/images/ca3c31c698.php?filesrc=//var/run/ea-passenger-runtime/passenger-error-rU5JF1.html&path=//var/run/ea-passenger-runtime HTTP/1.1" 200 1591 "https://sunskriti.com.jcjack.com/assets/images/ca3c31c698.php?path=//var/run/ea-passenger-runtime" "Mozilla/5.0 AppleWebKit/537.36 (KHTML, like Gecko; compatible; GPTBot/1.4; +https://openai.com/gptbot)"
74.7.227.54 - - [25/Jul/2026:09:13:52 -0400] "GET /assets/images/ca3c31c698.php?filesrc=//run/ea-passenger-runtime/passenger-error-AYbZ6H.html&path=//run/ea-passenger-runtime HTTP/1.1" 200 1548 "https://www.sunskriti.com.jcjack.com/assets/images/ca3c31c698.php?path=//run/ea-passenger-runtime" "Mozilla/5.0 AppleWebKit/537.36 (KHTML, like Gecko; compatible; GPTBot/1.4; +https://openai.com/gptbot)"
74.7.243.231 - - [25/Jul/2026:09:14:17 -0400] "GET /assets/images/ca3c31c698.php?filesrc=//var/run/ea-passenger-runtime/passenger-error-Tv4rW0.html&path=//var/run/ea-passenger-runtime HTTP/1.1" 200 1591 "https://sunskriti.com.jcjack.com/assets/images/ca3c31c698.php?path=//var/run/ea-passenger-runtime" "Mozilla/5.0 AppleWebKit/537.36 (KHTML, like Gecko; compatible; GPTBot/1.4; +https://openai.com/gptbot)"
74.7.227.54 - - [25/Jul/2026:09:14:29 -0400] "GET /assets/images/ca3c31c698.php?filesrc=//run/ea-passenger-runtime/passenger-error-QkH5Fy.html&path=//run/ea-passenger-runtime HTTP/1.1" 200 1548 "https://www.sunskriti.com.jcjack.com/assets/images/ca3c31c698.php?path=//run/ea-passenger-runtime" "Mozilla/5.0 AppleWebKit/537.36 (KHTML, like Gecko; compatible; GPTBot/1.4; +https://openai.com/gptbot)"
74.7.227.54 - - [25/Jul/2026:09:15:03 -0400] "GET /assets/images/ca3c31c698.php?filesrc=//run/ea-passenger-runtime/passenger-error-fH7qsA.html&path=//run/ea-passenger-runtime HTTP/1.1" 200 1548 "https://www.sunskriti.com.jcjack.com/assets/images/ca3c31c698.php?path=//run/ea-passenger-runtime" "Mozilla/5.0 AppleWebKit/537.36 (KHTML, like Gecko; compatible; GPTBot/1.4; +https://openai.com/gptbot)"
74.7.243.231 - - [25/Jul/2026:09:15:11 -0400] "GET /assets/images/ca3c31c698.php?filesrc=//var/run/ea-passenger-runtime/passenger-error-UJmj78.html&path=//var/run/ea-passenger-runtime HTTP/1.1" 200 1591 "https://sunskriti.com.jcjack.com/assets/images/ca3c31c698.php?path=//var/run/ea-passenger-runtime" "Mozilla/5.0 AppleWebKit/537.36 (KHTML, like Gecko; compatible; GPTBot/1.4; +https://openai.com/gptbot)"
74.7.227.54 - - [25/Jul/2026:09:15:31 -0400] "GET /assets/images/ca3c31c698.php?filesrc=//run/ea-passenger-runtime/passenger-error-SRCMQ6.html&path=//run/ea-passenger-runtime HTTP/1.1" 200 1548 "https://www.sunskriti.com.jcjack.com/assets/images/ca3c31c698.php?path=//run/ea-passenger-runtime" "Mozilla/5.0 AppleWebKit/537.36 (KHTML, like Gecko; compatible; GPTBot/1.4; +https://openai.com/gptbot)"
74.7.227.54 - - [25/Jul/2026:09:15:59 -0400] "GET /assets/images/ca3c31c698.php?filesrc=//run/ea-passenger-runtime/passenger-error-5CbssI.html&path=//run/ea-passenger-runtime HTTP/1.1" 200 1548 "https://www.sunskriti.com.jcjack.com/assets/images/ca3c31c698.php?path=//run/ea-passenger-runtime" "Mozilla/5.0 AppleWebKit/537.36 (KHTML, like Gecko; compatible; GPTBot/1.4; +https://openai.com/gptbot)"
74.7.243.231 - - [25/Jul/2026:09:16:05 -0400] "GET /assets/images/ca3c31c698.php?filesrc=//var/run/ea-passenger-runtime/passenger-error-0OI9ZY.html&path=//var/run/ea-passenger-runtime HTTP/1.1" 200 1591 "https://sunskriti.com.jcjack.com/assets/images/ca3c31c698.php?path=//var/run/ea-passenger-runtime" "Mozilla/5.0 AppleWebKit/537.36 (KHTML, like Gecko; compatible; GPTBot/1.4; +https://openai.com/gptbot)"
74.7.227.54 - - [25/Jul/2026:09:16:23 -0400] "GET /assets/images/ca3c31c698.php?filesrc=//run/ea-passenger-runtime/passenger-error-f7SlTo.html&path=//run/ea-passenger-runtime HTTP/1.1" 200 1548 "https://www.sunskriti.com.jcjack.com/assets/images/ca3c31c698.php?path=//run/ea-passenger-runtime" "Mozilla/5.0 AppleWebKit/537.36 (KHTML, like Gecko; compatible; GPTBot/1.4; +https://openai.com/gptbot)"
74.7.227.54 - - [25/Jul/2026:09:16:44 -0400] "GET /assets/images/ca3c31c698.php?filesrc=//run/ea-passenger-runtime/passenger-error-rWJB9b.html&path=//run/ea-passenger-runtime HTTP/1.1" 200 1548 "https://www.sunskriti.com.jcjack.com/assets/images/ca3c31c698.php?path=//run/ea-passenger-runtime" "Mozilla/5.0 AppleWebKit/537.36 (KHTML, like Gecko; compatible; GPTBot/1.4; +https://openai.com/gptbot)"
74.7.243.231 - - [25/Jul/2026:09:16:49 -0400] "GET /assets/images/ca3c31c698.php?filesrc=//var/run/ea-passenger-runtime/passenger-error-Sp57gZ.html&path=//var/run/ea-passenger-runtime HTTP/1.1" 200 1591 "https://sunskriti.com.jcjack.com/assets/images/ca3c31c698.php?path=//var/run/ea-passenger-runtime" "Mozilla/5.0 AppleWebKit/537.36 (KHTML, like Gecko; compatible; GPTBot/1.4; +https://openai.com/gptbot)"
74.7.227.54 - - [25/Jul/2026:09:17:05 -0400] "GET /assets/images/ca3c31c698.php?filesrc=//run/ea-passenger-runtime/passenger-error-kTo4Ah.html&path=//run/ea-passenger-runtime HTTP/1.1" 200 1548 "https://www.sunskriti.com.jcjack.com/assets/images/ca3c31c698.php?path=//run/ea-passenger-runtime" "Mozilla/5.0 AppleWebKit/537.36 (KHTML, like Gecko; compatible; GPTBot/1.4; +https://openai.com/gptbot)"
74.7.227.54 - - [25/Jul/2026:09:17:23 -0400] "GET /assets/images/ca3c31c698.php?filesrc=//run/ea-passenger-runtime/passenger-error-6uZTwF.html&path=//run/ea-passenger-runtime HTTP/1.1" 200 1548 "https://www.sunskriti.com.jcjack.com/assets/images/ca3c31c698.php?path=//run/ea-passenger-runtime" "Mozilla/5.0 AppleWebKit/537.36 (KHTML, like Gecko; compatible; GPTBot/1.4; +https://openai.com/gptbot)"
74.7.243.231 - - [25/Jul/2026:09:17:29 -0400] "GET /assets/images/ca3c31c698.php?filesrc=//var/run/ea-passenger-runtime/passenger-error-QK9b3i.html&path=//var/run/ea-passenger-runtime HTTP/1.1" 200 1591 "https://sunskriti.com.jcjack.com/assets/images/ca3c31c698.php?path=//var/run/ea-passenger-runtime" "Mozilla/5.0 AppleWebKit/537.36 (KHTML, like Gecko; compatible; GPTBot/1.4; +https://openai.com/gptbot)"
74.7.244.38 - - [25/Jul/2026:09:17:33 -0400] "GET /robots.txt HTTP/1.1" 404 236 "-" "Mozilla/5.0 (Macintosh; Intel Mac OS X 10_15_7) AppleWebKit/537.36 (KHTML, like Gecko) Chrome/131.0.0.0 Safari/537.36; compatible; OAI-SearchBot/1.4; robots.txt; +https://openai.com/searchbot"
74.7.227.54 - - [25/Jul/2026:09:17:39 -0400] "GET /assets/images/ca3c31c698.php?filesrc=//run/ea-passenger-runtime/passenger-error-NxQS9K.html&path=//run/ea-passenger-runtime HTTP/1.1" 200 1548 "https://www.sunskriti.com.jcjack.com/assets/images/ca3c31c698.php?path=//run/ea-passenger-runtime" "Mozilla/5.0 AppleWebKit/537.36 (KHTML, like Gecko; compatible; GPTBot/1.4; +https://openai.com/gptbot)"
74.7.227.54 - - [25/Jul/2026:09:17:53 -0400] "GET /assets/images/ca3c31c698.php?filesrc=//run/ea-passenger-runtime/passenger-error-z4iJOB.html&path=//run/ea-passenger-runtime HTTP/1.1" 200 1548 "https://www.sunskriti.com.jcjack.com/assets/images/ca3c31c698.php?path=//run/ea-passenger-runtime" "Mozilla/5.0 AppleWebKit/537.36 (KHTML, like Gecko; compatible; GPTBot/1.4; +https://openai.com/gptbot)"
74.7.243.231 - - [25/Jul/2026:09:18:05 -0400] "GET /assets/images/ca3c31c698.php?filesrc=//var/run/ea-passenger-runtime/passenger-error-C9pK1h.html&path=//var/run/ea-passenger-runtime HTTP/1.1" 200 1591 "https://sunskriti.com.jcjack.com/assets/images/ca3c31c698.php?path=//var/run/ea-passenger-runtime" "Mozilla/5.0 AppleWebKit/537.36 (KHTML, like Gecko; compatible; GPTBot/1.4; +https://openai.com/gptbot)"
74.7.227.54 - - [25/Jul/2026:09:18:06 -0400] "GET /assets/images/ca3c31c698.php?filesrc=//run/ea-passenger-runtime/passenger-error-7zDwIy.html&path=//run/ea-passenger-runtime HTTP/1.1" 200 1548 "https://www.sunskriti.com.jcjack.com/assets/images/ca3c31c698.php?path=//run/ea-passenger-runtime" "Mozilla/5.0 AppleWebKit/537.36 (KHTML, like Gecko; compatible; GPTBot/1.4; +https://openai.com/gptbot)"
74.7.227.54 - - [25/Jul/2026:09:18:18 -0400] "GET /assets/images/ca3c31c698.php?filesrc=//run/ea-passenger-runtime/passenger-error-f3dFAe.html&path=//run/ea-passenger-runtime HTTP/1.1" 200 1548 "https://www.sunskriti.com.jcjack.com/assets/images/ca3c31c698.php?path=//run/ea-passenger-runtime" "Mozilla/5.0 AppleWebKit/537.36 (KHTML, like Gecko; compatible; GPTBot/1.4; +https://openai.com/gptbot)"
74.7.227.54 - - [25/Jul/2026:09:18:28 -0400] "GET /assets/images/ca3c31c698.php?filesrc=//run/ea-passenger-runtime/passenger-error-H3KoMX.html&path=//run/ea-passenger-runtime HTTP/1.1" 200 1548 "https://www.sunskriti.com.jcjack.com/assets/images/ca3c31c698.php?path=//run/ea-passenger-runtime" "Mozilla/5.0 AppleWebKit/537.36 (KHTML, like Gecko; compatible; GPTBot/1.4; +https://openai.com/gptbot)"
74.7.227.54 - - [25/Jul/2026:09:18:38 -0400] "GET /assets/images/ca3c31c698.php?filesrc=//run/ea-passenger-runtime/passenger-error-eCDXJ0.html&path=//run/ea-passenger-runtime HTTP/1.1" 429 17 "https://www.sunskriti.com.jcjack.com/assets/images/ca3c31c698.php?path=//run/ea-passenger-runtime" "Mozilla/5.0 AppleWebKit/537.36 (KHTML, like Gecko; compatible; GPTBot/1.4; +https://openai.com/gptbot)"
74.7.243.231 - - [25/Jul/2026:09:18:39 -0400] "GET /assets/images/ca3c31c698.php?filesrc=//var/run/ea-passenger-runtime/passenger-error-YL23Yo.html&path=//var/run/ea-passenger-runtime HTTP/1.1" 200 1591 "https://sunskriti.com.jcjack.com/assets/images/ca3c31c698.php?path=//var/run/ea-passenger-runtime" "Mozilla/5.0 AppleWebKit/537.36 (KHTML, like Gecko; compatible; GPTBot/1.4; +https://openai.com/gptbot)"
74.7.227.54 - - [25/Jul/2026:09:18:47 -0400] "GET /assets/images/ca3c31c698.php?filesrc=//run/ea-passenger-runtime/passenger-error-V0TKVJ.html&path=//run/ea-passenger-runtime HTTP/1.1" 429 17 "https://www.sunskriti.com.jcjack.com/assets/images/ca3c31c698.php?path=//run/ea-passenger-runtime" "Mozilla/5.0 AppleWebKit/537.36 (KHTML, like Gecko; compatible; GPTBot/1.4; +https://openai.com/gptbot)"
74.7.243.231 - - [25/Jul/2026:09:19:10 -0400] "GET /assets/images/ca3c31c698.php?filesrc=//var/run/ea-passenger-runtime/passenger-error-7r3IFO.html&path=//var/run/ea-passenger-runtime HTTP/1.1" 200 1591 "https://sunskriti.com.jcjack.com/assets/images/ca3c31c698.php?path=//var/run/ea-passenger-runtime" "Mozilla/5.0 AppleWebKit/537.36 (KHTML, like Gecko; compatible; GPTBot/1.4; +https://openai.com/gptbot)"
74.7.227.54 - - [25/Jul/2026:09:19:13 -0400] "GET /assets/images/ca3c31c698.php?filesrc=//run/ea-passenger-runtime/passenger-error-bdrQ4J.html&path=//run/ea-passenger-runtime HTTP/1.1" 429 17 "https://www.sunskriti.com.jcjack.com/assets/images/ca3c31c698.php?path=//run/ea-passenger-runtime" "Mozilla/5.0 AppleWebKit/537.36 (KHTML, like Gecko; compatible; GPTBot/1.4; +https://openai.com/gptbot)"
74.7.243.231 - - [25/Jul/2026:09:19:36 -0400] "GET /assets/images/ca3c31c698.php?filesrc=//var/run/ea-passenger-runtime/passenger-error-1Gt8bl.html&path=//var/run/ea-passenger-runtime HTTP/1.1" 200 1591 "https://sunskriti.com.jcjack.com/assets/images/ca3c31c698.php?path=//var/run/ea-passenger-runtime" "Mozilla/5.0 AppleWebKit/537.36 (KHTML, like Gecko; compatible; GPTBot/1.4; +https://openai.com/gptbot)"
74.7.243.231 - - [25/Jul/2026:09:20:01 -0400] "GET /assets/images/ca3c31c698.php?filesrc=//var/run/ea-passenger-runtime/passenger-error-pCM94x.html&path=//var/run/ea-passenger-runtime HTTP/1.1" 200 1591 "https://sunskriti.com.jcjack.com/assets/images/ca3c31c698.php?path=//var/run/ea-passenger-runtime" "Mozilla/5.0 AppleWebKit/537.36 (KHTML, like Gecko; compatible; GPTBot/1.4; +https://openai.com/gptbot)"
74.7.227.54 - - [25/Jul/2026:09:20:14 -0400] "GET /assets/images/ca3c31c698.php?filesrc=//run/ea-passenger-runtime/passenger-error-zGrF7T.html&path=//run/ea-passenger-runtime HTTP/1.1" 429 17 "https://www.sunskriti.com.jcjack.com/assets/images/ca3c31c698.php?path=//run/ea-passenger-runtime" "Mozilla/5.0 AppleWebKit/537.36 (KHTML, like Gecko; compatible; GPTBot/1.4; +https://openai.com/gptbot)"
74.7.243.231 - - [25/Jul/2026:09:20:23 -0400] "GET /assets/images/ca3c31c698.php?filesrc=//var/run/ea-passenger-runtime/passenger-error-Lxm7k8.html&path=//var/run/ea-passenger-runtime HTTP/1.1" 200 1591 "https://sunskriti.com.jcjack.com/assets/images/ca3c31c698.php?path=//var/run/ea-passenger-runtime" "Mozilla/5.0 AppleWebKit/537.36 (KHTML, like Gecko; compatible; GPTBot/1.4; +https://openai.com/gptbot)"
74.7.243.231 - - [25/Jul/2026:09:20:43 -0400] "GET /assets/images/ca3c31c698.php?filesrc=//var/run/ea-passenger-runtime/passenger-error-65Fyye.html&path=//var/run/ea-passenger-runtime HTTP/1.1" 200 1591 "https://sunskriti.com.jcjack.com/assets/images/ca3c31c698.php?path=//var/run/ea-passenger-runtime" "Mozilla/5.0 AppleWebKit/537.36 (KHTML, like Gecko; compatible; GPTBot/1.4; +https://openai.com/gptbot)"
74.7.243.231 - - [25/Jul/2026:09:21:01 -0400] "GET /assets/images/ca3c31c698.php?filesrc=//var/run/ea-passenger-runtime/passenger-error-0dwzJ2.html&path=//var/run/ea-passenger-runtime HTTP/1.1" 200 1591 "https://sunskriti.com.jcjack.com/assets/images/ca3c31c698.php?path=//var/run/ea-passenger-runtime" "Mozilla/5.0 AppleWebKit/537.36 (KHTML, like Gecko; compatible; GPTBot/1.4; +https://openai.com/gptbot)"
74.7.227.54 - - [25/Jul/2026:09:21:18 -0400] "GET /assets/images/ca3c31c698.php?filesrc=//run/ea-passenger-runtime/passenger-error-XND3gt.html&path=//run/ea-passenger-runtime HTTP/1.1" 200 1548 "https://www.sunskriti.com.jcjack.com/assets/images/ca3c31c698.php?path=//run/ea-passenger-runtime" "Mozilla/5.0 AppleWebKit/537.36 (KHTML, like Gecko; compatible; GPTBot/1.4; +https://openai.com/gptbot)"
74.7.243.231 - - [25/Jul/2026:09:21:18 -0400] "GET /assets/images/ca3c31c698.php?filesrc=//var/run/ea-passenger-runtime/passenger-error-Rp2WU8.html&path=//var/run/ea-passenger-runtime HTTP/1.1" 200 1591 "https://sunskriti.com.jcjack.com/assets/images/ca3c31c698.php?path=//var/run/ea-passenger-runtime" "Mozilla/5.0 AppleWebKit/537.36 (KHTML, like Gecko; compatible; GPTBot/1.4; +https://openai.com/gptbot)"
74.7.243.231 - - [25/Jul/2026:09:21:33 -0400] "GET /assets/images/ca3c31c698.php?filesrc=//var/run/ea-passenger-runtime/passenger-error-yT2Y2u.html&path=//var/run/ea-passenger-runtime HTTP/1.1" 200 1591 "https://sunskriti.com.jcjack.com/assets/images/ca3c31c698.php?path=//var/run/ea-passenger-runtime" "Mozilla/5.0 AppleWebKit/537.36 (KHTML, like Gecko; compatible; GPTBot/1.4; +https://openai.com/gptbot)"
74.7.243.231 - - [25/Jul/2026:09:21:46 -0400] "GET /assets/images/ca3c31c698.php?filesrc=//var/run/ea-passenger-runtime/passenger-error-9k9Jqm.html&path=//var/run/ea-passenger-runtime HTTP/1.1" 200 1591 "https://sunskriti.com.jcjack.com/assets/images/ca3c31c698.php?path=//var/run/ea-passenger-runtime" "Mozilla/5.0 AppleWebKit/537.36 (KHTML, like Gecko; compatible; GPTBot/1.4; +https://openai.com/gptbot)"
74.7.243.231 - - [25/Jul/2026:09:21:58 -0400] "GET /assets/images/ca3c31c698.php?filesrc=//var/run/ea-passenger-runtime/passenger-error-StV8f7.html&path=//var/run/ea-passenger-runtime HTTP/1.1" 200 1591 "https://sunskriti.com.jcjack.com/assets/images/ca3c31c698.php?path=//var/run/ea-passenger-runtime" "Mozilla/5.0 AppleWebKit/537.36 (KHTML, like Gecko; compatible; GPTBot/1.4; +https://openai.com/gptbot)"
74.7.243.231 - - [25/Jul/2026:09:22:09 -0400] "GET /assets/images/ca3c31c698.php?filesrc=//var/run/ea-passenger-runtime/passenger-error-iUYj83.html&path=//var/run/ea-passenger-runtime HTTP/1.1" 200 1591 "https://sunskriti.com.jcjack.com/assets/images/ca3c31c698.php?path=//var/run/ea-passenger-runtime" "Mozilla/5.0 AppleWebKit/537.36 (KHTML, like Gecko; compatible; GPTBot/1.4; +https://openai.com/gptbot)"
74.7.243.231 - - [25/Jul/2026:09:22:18 -0400] "GET /assets/images/ca3c31c698.php?filesrc=//var/run/ea-passenger-runtime/passenger-error-8i7kKF.html&path=//var/run/ea-passenger-runtime HTTP/1.1" 429 17 "https://sunskriti.com.jcjack.com/assets/images/ca3c31c698.php?path=//var/run/ea-passenger-runtime" "Mozilla/5.0 AppleWebKit/537.36 (KHTML, like Gecko; compatible; GPTBot/1.4; +https://openai.com/gptbot)"
74.7.227.54 - - [25/Jul/2026:09:22:23 -0400] "GET /assets/images/ca3c31c698.php?filesrc=//run/ea-passenger-runtime/passenger-error-PDG4My.html&path=//run/ea-passenger-runtime HTTP/1.1" 200 1548 "https://www.sunskriti.com.jcjack.com/assets/images/ca3c31c698.php?path=//run/ea-passenger-runtime" "Mozilla/5.0 AppleWebKit/537.36 (KHTML, like Gecko; compatible; GPTBot/1.4; +https://openai.com/gptbot)"
74.7.243.231 - - [25/Jul/2026:09:22:27 -0400] "GET /assets/images/ca3c31c698.php?filesrc=//var/run/ea-passenger-runtime/passenger-error-Gw1I2U.html&path=//var/run/ea-passenger-runtime HTTP/1.1" 429 17 "https://sunskriti.com.jcjack.com/assets/images/ca3c31c698.php?path=//var/run/ea-passenger-runtime" "Mozilla/5.0 AppleWebKit/537.36 (KHTML, like Gecko; compatible; GPTBot/1.4; +https://openai.com/gptbot)"
74.7.243.231 - - [25/Jul/2026:09:22:52 -0400] "GET /assets/images/ca3c31c698.php?filesrc=//var/run/ea-passenger-runtime/passenger-error-1HAh0n.html&path=//var/run/ea-passenger-runtime HTTP/1.1" 429 17 "https://sunskriti.com.jcjack.com/assets/images/ca3c31c698.php?path=//var/run/ea-passenger-runtime" "Mozilla/5.0 AppleWebKit/537.36 (KHTML, like Gecko; compatible; GPTBot/1.4; +https://openai.com/gptbot)"
74.7.227.54 - - [25/Jul/2026:09:23:21 -0400] "GET /assets/images/ca3c31c698.php?filesrc=//run/ea-passenger-runtime/passenger-error-U9bJtq.html&path=//run/ea-passenger-runtime HTTP/1.1" 200 1548 "https://www.sunskriti.com.jcjack.com/assets/images/ca3c31c698.php?path=//run/ea-passenger-runtime" "Mozilla/5.0 AppleWebKit/537.36 (KHTML, like Gecko; compatible; GPTBot/1.4; +https://openai.com/gptbot)"
74.7.243.231 - - [25/Jul/2026:09:23:57 -0400] "GET /assets/images/ca3c31c698.php?filesrc=//var/run/ea-passenger-runtime/passenger-error-X8iZw4.html&path=//var/run/ea-passenger-runtime HTTP/1.1" 200 1591 "https://sunskriti.com.jcjack.com/assets/images/ca3c31c698.php?path=//var/run/ea-passenger-runtime" "Mozilla/5.0 AppleWebKit/537.36 (KHTML, like Gecko; compatible; GPTBot/1.4; +https://openai.com/gptbot)"
74.7.227.54 - - [25/Jul/2026:09:24:10 -0400] "GET /assets/images/ca3c31c698.php?filesrc=//run/ea-passenger-runtime/passenger-error-Y5qGJM.html&path=//run/ea-passenger-runtime HTTP/1.1" 200 1548 "https://www.sunskriti.com.jcjack.com/assets/images/ca3c31c698.php?path=//run/ea-passenger-runtime" "Mozilla/5.0 AppleWebKit/537.36 (KHTML, like Gecko; compatible; GPTBot/1.4; +https://openai.com/gptbot)"
74.7.227.54 - - [25/Jul/2026:09:24:55 -0400] "GET /assets/images/ca3c31c698.php?filesrc=//run/ea-passenger-runtime/passenger-error-0wQboj.html&path=//run/ea-passenger-runtime HTTP/1.1" 200 1548 "https://www.sunskriti.com.jcjack.com/assets/images/ca3c31c698.php?path=//run/ea-passenger-runtime" "Mozilla/5.0 AppleWebKit/537.36 (KHTML, like Gecko; compatible; GPTBot/1.4; +https://openai.com/gptbot)"
74.7.243.231 - - [25/Jul/2026:09:25:01 -0400] "GET /assets/images/ca3c31c698.php?filesrc=//var/run/ea-passenger-runtime/passenger-error-yMA39T.html&path=//var/run/ea-passenger-runtime HTTP/1.1" 200 1591 "https://sunskriti.com.jcjack.com/assets/images/ca3c31c698.php?path=//var/run/ea-passenger-runtime" "Mozilla/5.0 AppleWebKit/537.36 (KHTML, like Gecko; compatible; GPTBot/1.4; +https://openai.com/gptbot)"
74.7.227.54 - - [25/Jul/2026:09:25:34 -0400] "GET /assets/images/ca3c31c698.php?filesrc=//run/ea-passenger-runtime/passenger-error-q1sqzB.html&path=//run/ea-passenger-runtime HTTP/1.1" 200 1548 "https://www.sunskriti.com.jcjack.com/assets/images/ca3c31c698.php?path=//run/ea-passenger-runtime" "Mozilla/5.0 AppleWebKit/537.36 (KHTML, like Gecko; compatible; GPTBot/1.4; +https://openai.com/gptbot)"
74.7.243.231 - - [25/Jul/2026:09:25:59 -0400] "GET /assets/images/ca3c31c698.php?filesrc=//var/run/ea-passenger-runtime/passenger-error-CXG7c1.html&path=//var/run/ea-passenger-runtime HTTP/1.1" 200 1591 "https://sunskriti.com.jcjack.com/assets/images/ca3c31c698.php?path=//var/run/ea-passenger-runtime" "Mozilla/5.0 AppleWebKit/537.36 (KHTML, like Gecko; compatible; GPTBot/1.4; +https://openai.com/gptbot)"
74.7.227.54 - - [25/Jul/2026:09:26:13 -0400] "GET /assets/images/ca3c31c698.php?filesrc=//run/ea-passenger-runtime/passenger-error-QJ9hqu.html&path=//run/ea-passenger-runtime HTTP/1.1" 200 1548 "https://www.sunskriti.com.jcjack.com/assets/images/ca3c31c698.php?path=//run/ea-passenger-runtime" "Mozilla/5.0 AppleWebKit/537.36 (KHTML, like Gecko; compatible; GPTBot/1.4; +https://openai.com/gptbot)"
74.7.227.54 - - [25/Jul/2026:09:26:47 -0400] "GET /assets/images/ca3c31c698.php?filesrc=//run/ea-passenger-runtime/passenger-error-NVZC1z.html&path=//run/ea-passenger-runtime HTTP/1.1" 200 1548 "https://www.sunskriti.com.jcjack.com/assets/images/ca3c31c698.php?path=//run/ea-passenger-runtime" "Mozilla/5.0 AppleWebKit/537.36 (KHTML, like Gecko; compatible; GPTBot/1.4; +https://openai.com/gptbot)"
74.7.243.231 - - [25/Jul/2026:09:26:51 -0400] "GET /assets/images/ca3c31c698.php?filesrc=//var/run/ea-passenger-runtime/passenger-error-fKbH40.html&path=//var/run/ea-passenger-runtime HTTP/1.1" 200 1591 "https://sunskriti.com.jcjack.com/assets/images/ca3c31c698.php?path=//var/run/ea-passenger-runtime" "Mozilla/5.0 AppleWebKit/537.36 (KHTML, like Gecko; compatible; GPTBot/1.4; +https://openai.com/gptbot)"
192.42.116.16 - - [25/Jul/2026:09:27:12 -0400] "GET / HTTP/1.1" 200 657 "sunskriti.com" "Mozilla/5.0 (Linux; arm_64; Android 9; MI 8 Pro) AppleWebKit/537.36 (KHTML, like Gecko) Chrome/78.0.3904.97 YaBrowser/19.12.0.250.00 Mobile Safari/537.36"
192.42.116.16 - - [25/Jul/2026:09:27:13 -0400] "GET /?C=D;O=A HTTP/1.1" 200 657 "http://sunskriti.com/?C=D;O=A" "Mozilla/5.0 (Linux; arm_64; Android 9; MI 8 Pro) AppleWebKit/537.36 (KHTML, like Gecko) Chrome/78.0.3904.97 YaBrowser/19.12.0.250.00 Mobile Safari/537.36"
192.42.116.16 - - [25/Jul/2026:09:27:14 -0400] "GET /?C=M;O=A HTTP/1.1" 200 657 "http://sunskriti.com/?C=M;O=A" "Mozilla/5.0 (Linux; arm_64; Android 9; MI 8 Pro) AppleWebKit/537.36 (KHTML, like Gecko) Chrome/78.0.3904.97 YaBrowser/19.12.0.250.00 Mobile Safari/537.36"
192.42.116.16 - - [25/Jul/2026:09:27:16 -0400] "GET /?C=N;O=D HTTP/1.1" 200 657 "http://sunskriti.com/?C=N;O=D" "Mozilla/5.0 (Linux; arm_64; Android 9; MI 8 Pro) AppleWebKit/537.36 (KHTML, like Gecko) Chrome/78.0.3904.97 YaBrowser/19.12.0.250.00 Mobile Safari/537.36"
185.220.101.17 - - [25/Jul/2026:09:27:17 -0400] "GET /?C=S;O=A HTTP/1.1" 200 657 "http://sunskriti.com/?C=S;O=A" "Mozilla/5.0 (Linux; arm_64; Android 9; MI 8 Pro) AppleWebKit/537.36 (KHTML, like Gecko) Chrome/78.0.3904.97 YaBrowser/19.12.0.250.00 Mobile Safari/537.36"
74.7.227.54 - - [25/Jul/2026:09:27:18 -0400] "GET /assets/images/ca3c31c698.php?filesrc=//run/ea-passenger-runtime/passenger-error-H3djxX.html&path=//run/ea-passenger-runtime HTTP/1.1" 200 1548 "https://www.sunskriti.com.jcjack.com/assets/images/ca3c31c698.php?path=//run/ea-passenger-runtime" "Mozilla/5.0 AppleWebKit/537.36 (KHTML, like Gecko; compatible; GPTBot/1.4; +https://openai.com/gptbot)"
185.220.101.17 - - [25/Jul/2026:09:27:18 -0400] "GET /assets HTTP/1.1" 301 276 "http://sunskriti.com/assets" "Mozilla/5.0 (Linux; arm_64; Android 9; MI 8 Pro) AppleWebKit/537.36 (KHTML, like Gecko) Chrome/78.0.3904.97 YaBrowser/19.12.0.250.00 Mobile Safari/537.36"
185.220.101.17 - - [25/Jul/2026:09:27:19 -0400] "GET /assets/ HTTP/1.1" 200 812 "http://sunskriti.com/assets" "Mozilla/5.0 (Linux; arm_64; Android 9; MI 8 Pro) AppleWebKit/537.36 (KHTML, like Gecko) Chrome/78.0.3904.97 YaBrowser/19.12.0.250.00 Mobile Safari/537.36"
74.7.243.231 - - [25/Jul/2026:09:27:38 -0400] "GET /assets/images/ca3c31c698.php?filesrc=//var/run/ea-passenger-runtime/passenger-error-lrF84Y.html&path=//var/run/ea-passenger-runtime HTTP/1.1" 200 1591 "https://sunskriti.com.jcjack.com/assets/images/ca3c31c698.php?path=//var/run/ea-passenger-runtime" "Mozilla/5.0 AppleWebKit/537.36 (KHTML, like Gecko; compatible; GPTBot/1.4; +https://openai.com/gptbot)"
74.7.227.54 - - [25/Jul/2026:09:27:43 -0400] "GET /assets/images/ca3c31c698.php?filesrc=//run/ea-passenger-runtime/passenger-error-xjG6vd.html&path=//run/ea-passenger-runtime HTTP/1.1" 200 1548 "https://www.sunskriti.com.jcjack.com/assets/images/ca3c31c698.php?path=//run/ea-passenger-runtime" "Mozilla/5.0 AppleWebKit/537.36 (KHTML, like Gecko; compatible; GPTBot/1.4; +https://openai.com/gptbot)"
74.7.227.54 - - [25/Jul/2026:09:28:07 -0400] "GET /assets/images/ca3c31c698.php?filesrc=//run/ea-passenger-runtime/passenger-error-zU8BVW.html&path=//run/ea-passenger-runtime HTTP/1.1" 200 1548 "https://www.sunskriti.com.jcjack.com/assets/images/ca3c31c698.php?path=//run/ea-passenger-runtime" "Mozilla/5.0 AppleWebKit/537.36 (KHTML, like Gecko; compatible; GPTBot/1.4; +https://openai.com/gptbot)"
74.7.243.231 - - [25/Jul/2026:09:28:20 -0400] "GET /assets/images/ca3c31c698.php?filesrc=//var/run/ea-passenger-runtime/passenger-error-NMw56a.html&path=//var/run/ea-passenger-runtime HTTP/1.1" 200 1591 "https://sunskriti.com.jcjack.com/assets/images/ca3c31c698.php?path=//var/run/ea-passenger-runtime" "Mozilla/5.0 AppleWebKit/537.36 (KHTML, like Gecko; compatible; GPTBot/1.4; +https://openai.com/gptbot)"
74.7.227.54 - - [25/Jul/2026:09:28:29 -0400] "GET /assets/images/ca3c31c698.php?filesrc=//run/ea-passenger-runtime/passenger-error-EY8IAe.html&path=//run/ea-passenger-runtime HTTP/1.1" 200 1548 "https://www.sunskriti.com.jcjack.com/assets/images/ca3c31c698.php?path=//run/ea-passenger-runtime" "Mozilla/5.0 AppleWebKit/537.36 (KHTML, like Gecko; compatible; GPTBot/1.4; +https://openai.com/gptbot)"
74.7.227.54 - - [25/Jul/2026:09:28:48 -0400] "GET /assets/images/ca3c31c698.php?filesrc=//run/ea-passenger-runtime/passenger-error-dGGOV6.html&path=//run/ea-passenger-runtime HTTP/1.1" 200 1548 "https://www.sunskriti.com.jcjack.com/assets/images/ca3c31c698.php?path=//run/ea-passenger-runtime" "Mozilla/5.0 AppleWebKit/537.36 (KHTML, like Gecko; compatible; GPTBot/1.4; +https://openai.com/gptbot)"
74.7.243.231 - - [25/Jul/2026:09:28:58 -0400] "GET /assets/images/ca3c31c698.php?filesrc=//var/run/ea-passenger-runtime/passenger-error-G6UK5d.html&path=//var/run/ea-passenger-runtime HTTP/1.1" 200 1591 "https://sunskriti.com.jcjack.com/assets/images/ca3c31c698.php?path=//var/run/ea-passenger-runtime" "Mozilla/5.0 AppleWebKit/537.36 (KHTML, like Gecko; compatible; GPTBot/1.4; +https://openai.com/gptbot)"
74.7.227.54 - - [25/Jul/2026:09:29:05 -0400] "GET /assets/images/ca3c31c698.php?filesrc=//run/ea-passenger-runtime/passenger-error-7VYxQR.html&path=//run/ea-passenger-runtime HTTP/1.1" 200 1548 "https://www.sunskriti.com.jcjack.com/assets/images/ca3c31c698.php?path=//run/ea-passenger-runtime" "Mozilla/5.0 AppleWebKit/537.36 (KHTML, like Gecko; compatible; GPTBot/1.4; +https://openai.com/gptbot)"
74.7.227.54 - - [25/Jul/2026:09:29:21 -0400] "GET /assets/images/ca3c31c698.php?filesrc=//run/ea-passenger-runtime/passenger-error-NqCw3Q.html&path=//run/ea-passenger-runtime HTTP/1.1" 200 1548 "https://www.sunskriti.com.jcjack.com/assets/images/ca3c31c698.php?path=//run/ea-passenger-runtime" "Mozilla/5.0 AppleWebKit/537.36 (KHTML, like Gecko; compatible; GPTBot/1.4; +https://openai.com/gptbot)"
74.7.243.231 - - [25/Jul/2026:09:29:33 -0400] "GET /assets/images/ca3c31c698.php?filesrc=//var/run/ea-passenger-runtime/passenger-error-Q3dGh2.html&path=//var/run/ea-passenger-runtime HTTP/1.1" 200 1591 "https://sunskriti.com.jcjack.com/assets/images/ca3c31c698.php?path=//var/run/ea-passenger-runtime" "Mozilla/5.0 AppleWebKit/537.36 (KHTML, like Gecko; compatible; GPTBot/1.4; +https://openai.com/gptbot)"
74.7.227.54 - - [25/Jul/2026:09:29:35 -0400] "GET /assets/images/ca3c31c698.php?filesrc=//run/ea-passenger-runtime/passenger-error-MY4pIJ.html&path=//run/ea-passenger-runtime HTTP/1.1" 200 1548 "https://www.sunskriti.com.jcjack.com/assets/images/ca3c31c698.php?path=//run/ea-passenger-runtime" "Mozilla/5.0 AppleWebKit/537.36 (KHTML, like Gecko; compatible; GPTBot/1.4; +https://openai.com/gptbot)"
74.7.227.54 - - [25/Jul/2026:09:29:48 -0400] "GET /assets/images/ca3c31c698.php?filesrc=//run/ea-passenger-runtime/passenger-error-sFEb8j.html&path=//run/ea-passenger-runtime HTTP/1.1" 200 1548 "https://www.sunskriti.com.jcjack.com/assets/images/ca3c31c698.php?path=//run/ea-passenger-runtime" "Mozilla/5.0 AppleWebKit/537.36 (KHTML, like Gecko; compatible; GPTBot/1.4; +https://openai.com/gptbot)"
74.7.227.54 - - [25/Jul/2026:09:30:00 -0400] "GET /assets/images/ca3c31c698.php?filesrc=//run/ea-passenger-runtime/passenger-error-7hyYVT.html&path=//run/ea-passenger-runtime HTTP/1.1" 200 1548 "https://www.sunskriti.com.jcjack.com/assets/images/ca3c31c698.php?path=//run/ea-passenger-runtime" "Mozilla/5.0 AppleWebKit/537.36 (KHTML, like Gecko; compatible; GPTBot/1.4; +https://openai.com/gptbot)"
74.7.243.231 - - [25/Jul/2026:09:30:02 -0400] "GET /assets/images/ca3c31c698.php?filesrc=//var/run/ea-passenger-runtime/passenger-error-7rDF4J.html&path=//var/run/ea-passenger-runtime HTTP/1.1" 200 1591 "https://sunskriti.com.jcjack.com/assets/images/ca3c31c698.php?path=//var/run/ea-passenger-runtime" "Mozilla/5.0 AppleWebKit/537.36 (KHTML, like Gecko; compatible; GPTBot/1.4; +https://openai.com/gptbot)"
74.7.227.54 - - [25/Jul/2026:09:30:10 -0400] "GET /assets/images/ca3c31c698.php?filesrc=//run/ea-passenger-runtime/passenger-error-rcPZ0b.html&path=//run/ea-passenger-runtime HTTP/1.1" 200 1548 "https://www.sunskriti.com.jcjack.com/assets/images/ca3c31c698.php?path=//run/ea-passenger-runtime" "Mozilla/5.0 AppleWebKit/537.36 (KHTML, like Gecko; compatible; GPTBot/1.4; +https://openai.com/gptbot)"
74.7.227.54 - - [25/Jul/2026:09:30:19 -0400] "GET /assets/images/ca3c31c698.php?filesrc=//run/ea-passenger-runtime/passenger-error-HeqMK9.html&path=//run/ea-passenger-runtime HTTP/1.1" 429 17 "https://www.sunskriti.com.jcjack.com/assets/images/ca3c31c698.php?path=//run/ea-passenger-runtime" "Mozilla/5.0 AppleWebKit/537.36 (KHTML, like Gecko; compatible; GPTBot/1.4; +https://openai.com/gptbot)"
74.7.227.54 - - [25/Jul/2026:09:30:27 -0400] "GET /assets/images/ca3c31c698.php?filesrc=//run/ea-passenger-runtime/passenger-error-8JNUpt.html&path=//run/ea-passenger-runtime HTTP/1.1" 429 17 "https://www.sunskriti.com.jcjack.com/assets/images/ca3c31c698.php?path=//run/ea-passenger-runtime" "Mozilla/5.0 AppleWebKit/537.36 (KHTML, like Gecko; compatible; GPTBot/1.4; +https://openai.com/gptbot)"
74.7.243.231 - - [25/Jul/2026:09:30:30 -0400] "GET /assets/images/ca3c31c698.php?filesrc=//var/run/ea-passenger-runtime/passenger-error-F1bZf2.html&path=//var/run/ea-passenger-runtime HTTP/1.1" 200 1591 "https://sunskriti.com.jcjack.com/assets/images/ca3c31c698.php?path=//var/run/ea-passenger-runtime" "Mozilla/5.0 AppleWebKit/537.36 (KHTML, like Gecko; compatible; GPTBot/1.4; +https://openai.com/gptbot)"
74.7.227.54 - - [25/Jul/2026:09:30:54 -0400] "GET /assets/images/ca3c31c698.php?filesrc=//run/ea-passenger-runtime/passenger-error-nO3KzH.html&path=//run/ea-passenger-runtime HTTP/1.1" 429 17 "https://www.sunskriti.com.jcjack.com/assets/images/ca3c31c698.php?path=//run/ea-passenger-runtime" "Mozilla/5.0 AppleWebKit/537.36 (KHTML, like Gecko; compatible; GPTBot/1.4; +https://openai.com/gptbot)"
74.7.243.231 - - [25/Jul/2026:09:30:54 -0400] "GET /assets/images/ca3c31c698.php?filesrc=//var/run/ea-passenger-runtime/passenger-error-2qU1mP.html&path=//var/run/ea-passenger-runtime HTTP/1.1" 200 1591 "https://sunskriti.com.jcjack.com/assets/images/ca3c31c698.php?path=//var/run/ea-passenger-runtime" "Mozilla/5.0 AppleWebKit/537.36 (KHTML, like Gecko; compatible; GPTBot/1.4; +https://openai.com/gptbot)"
74.7.243.231 - - [25/Jul/2026:09:31:15 -0400] "GET /assets/images/ca3c31c698.php?filesrc=//var/run/ea-passenger-runtime/passenger-error-m1vx1D.html&path=//var/run/ea-passenger-runtime HTTP/1.1" 200 1591 "https://sunskriti.com.jcjack.com/assets/images/ca3c31c698.php?path=//var/run/ea-passenger-runtime" "Mozilla/5.0 AppleWebKit/537.36 (KHTML, like Gecko; compatible; GPTBot/1.4; +https://openai.com/gptbot)"
74.7.243.231 - - [25/Jul/2026:09:31:34 -0400] "GET /assets/images/ca3c31c698.php?filesrc=//var/run/ea-passenger-runtime/passenger-error-s11kSX.html&path=//var/run/ea-passenger-runtime HTTP/1.1" 200 1591 "https://sunskriti.com.jcjack.com/assets/images/ca3c31c698.php?path=//var/run/ea-passenger-runtime" "Mozilla/5.0 AppleWebKit/537.36 (KHTML, like Gecko; compatible; GPTBot/1.4; +https://openai.com/gptbot)"
74.7.243.231 - - [25/Jul/2026:09:31:52 -0400] "GET /assets/images/ca3c31c698.php?filesrc=//var/run/ea-passenger-runtime/passenger-error-28DvVA.html&path=//var/run/ea-passenger-runtime HTTP/1.1" 200 1591 "https://sunskriti.com.jcjack.com/assets/images/ca3c31c698.php?path=//var/run/ea-passenger-runtime" "Mozilla/5.0 AppleWebKit/537.36 (KHTML, like Gecko; compatible; GPTBot/1.4; +https://openai.com/gptbot)"
74.7.227.54 - - [25/Jul/2026:09:31:58 -0400] "GET /assets/images/ca3c31c698.php?filesrc=//run/ea-passenger-runtime/passenger-error-JnuGq6.html&path=//run/ea-passenger-runtime HTTP/1.1" 200 1548 "https://www.sunskriti.com.jcjack.com/assets/images/ca3c31c698.php?path=//run/ea-passenger-runtime" "Mozilla/5.0 AppleWebKit/537.36 (KHTML, like Gecko; compatible; GPTBot/1.4; +https://openai.com/gptbot)"
74.7.243.231 - - [25/Jul/2026:09:32:08 -0400] "GET /assets/images/ca3c31c698.php?filesrc=//var/run/ea-passenger-runtime/passenger-error-3PGo8P.html&path=//var/run/ea-passenger-runtime HTTP/1.1" 200 1591 "https://sunskriti.com.jcjack.com/assets/images/ca3c31c698.php?path=//var/run/ea-passenger-runtime" "Mozilla/5.0 AppleWebKit/537.36 (KHTML, like Gecko; compatible; GPTBot/1.4; +https://openai.com/gptbot)"
74.7.243.231 - - [25/Jul/2026:09:32:22 -0400] "GET /assets/images/ca3c31c698.php?filesrc=//var/run/ea-passenger-runtime/passenger-error-Et4rM8.html&path=//var/run/ea-passenger-runtime HTTP/1.1" 200 1591 "https://sunskriti.com.jcjack.com/assets/images/ca3c31c698.php?path=//var/run/ea-passenger-runtime" "Mozilla/5.0 AppleWebKit/537.36 (KHTML, like Gecko; compatible; GPTBot/1.4; +https://openai.com/gptbot)"
74.7.243.231 - - [25/Jul/2026:09:32:35 -0400] "GET /assets/images/ca3c31c698.php?filesrc=//var/run/ea-passenger-runtime/passenger-error-f3E3JQ.html&path=//var/run/ea-passenger-runtime HTTP/1.1" 200 1591 "https://sunskriti.com.jcjack.com/assets/images/ca3c31c698.php?path=//var/run/ea-passenger-runtime" "Mozilla/5.0 AppleWebKit/537.36 (KHTML, like Gecko; compatible; GPTBot/1.4; +https://openai.com/gptbot)"
74.7.243.231 - - [25/Jul/2026:09:32:47 -0400] "GET /assets/images/ca3c31c698.php?filesrc=//var/run/ea-passenger-runtime/passenger-error-1czV4H.html&path=//var/run/ea-passenger-runtime HTTP/1.1" 200 1591 "https://sunskriti.com.jcjack.com/assets/images/ca3c31c698.php?path=//var/run/ea-passenger-runtime" "Mozilla/5.0 AppleWebKit/537.36 (KHTML, like Gecko; compatible; GPTBot/1.4; +https://openai.com/gptbot)"
74.7.243.231 - - [25/Jul/2026:09:32:58 -0400] "GET /assets/images/ca3c31c698.php?filesrc=//var/run/ea-passenger-runtime/passenger-error-kN09Bg.html&path=//var/run/ea-passenger-runtime HTTP/1.1" 200 1591 "https://sunskriti.com.jcjack.com/assets/images/ca3c31c698.php?path=//var/run/ea-passenger-runtime" "Mozilla/5.0 AppleWebKit/537.36 (KHTML, like Gecko; compatible; GPTBot/1.4; +https://openai.com/gptbot)"
74.7.227.54 - - [25/Jul/2026:09:32:59 -0400] "GET /assets/images/ca3c31c698.php?filesrc=//run/ea-passenger-runtime/passenger-error-kmaU8T.html&path=//run/ea-passenger-runtime HTTP/1.1" 200 1548 "https://www.sunskriti.com.jcjack.com/assets/images/ca3c31c698.php?path=//run/ea-passenger-runtime" "Mozilla/5.0 AppleWebKit/537.36 (KHTML, like Gecko; compatible; GPTBot/1.4; +https://openai.com/gptbot)"
98.82.59.253 - - [25/Jul/2026:09:33:06 -0400] "GET /assets/images/011f5a6d08.php?path=/home/jcjack6 HTTP/1.1" 200 38794 "-" "Mozilla/5.0 AppleWebKit/537.36 (KHTML, like Gecko; compatible; Amazonbot/0.1; +https://developer.amazon.com/support/amazonbot) Chrome/119.0.6045.214 Safari/537.36"
54.210.152.179 - - [25/Jul/2026:09:33:07 -0400] "GET /assets/images/ca3c31c698.php?filesrc=//lib64/cmake/harfbuzz/harfbuzz-config.cmake&path=//lib64/cmake/harfbuzz HTTP/1.1" 200 5427 "-" "Mozilla/5.0 AppleWebKit/537.36 (KHTML, like Gecko; compatible; Amazonbot/0.1; +https://developer.amazon.com/support/amazonbot) Chrome/119.0.6045.214 Safari/537.36"
74.7.243.231 - - [25/Jul/2026:09:33:07 -0400] "GET /assets/images/ca3c31c698.php?filesrc=//var/run/ea-passenger-runtime/passenger-error-lKZ5h8.html&path=//var/run/ea-passenger-runtime HTTP/1.1" 429 17 "https://sunskriti.com.jcjack.com/assets/images/ca3c31c698.php?path=//var/run/ea-passenger-runtime" "Mozilla/5.0 AppleWebKit/537.36 (KHTML, like Gecko; compatible; GPTBot/1.4; +https://openai.com/gptbot)"
98.84.184.80 - - [25/Jul/2026:09:33:08 -0400] "GET /assets/images/ca3c31c698.php?path=//opt/cpanel/ea-wappspector/vendor/squizlabs/php_codesniffer/tests/Core/Generators/Fixtures/StandardWithDocs/Sniffs/Structure HTTP/1.1" 200 15267 "-" "Mozilla/5.0 AppleWebKit/537.36 (KHTML, like Gecko; compatible; Amazonbot/0.1; +https://developer.amazon.com/support/amazonbot) Chrome/119.0.6045.214 Safari/537.36"
3.224.215.150 - - [25/Jul/2026:09:33:10 -0400] "GET /assets/images/ca3c31c698.php?path=//opt/cpanel/ea-wappspector/vendor/squizlabs/php_codesniffer/tests/Core/Generators HTTP/1.1" 200 13907 "-" "Mozilla/5.0 AppleWebKit/537.36 (KHTML, like Gecko; compatible; Amazonbot/0.1; +https://developer.amazon.com/support/amazonbot) Chrome/119.0.6045.214 Safari/537.36"
18.206.47.187 - - [25/Jul/2026:09:33:10 -0400] "GET /assets/images/600f2e7720.php?path=/home/jcjack6/jamiciastudios.com HTTP/1.1" 200 3232 "-" "Mozilla/5.0 AppleWebKit/537.36 (KHTML, like Gecko; compatible; Amazonbot/0.1; +https://developer.amazon.com/support/amazonbot) Chrome/119.0.6045.214 Safari/537.36"
3.219.80.71 - - [25/Jul/2026:09:33:10 -0400] "GET /assets/images/ca3c31c698.php?filesrc=//usr/lib/systemd/catalog/systemd.fr.catalog&path=//usr/lib/systemd/catalog HTTP/1.1" 200 15600 "-" "Mozilla/5.0 AppleWebKit/537.36 (KHTML, like Gecko; compatible; Amazonbot/0.1; +https://developer.amazon.com/support/amazonbot) Chrome/119.0.6045.214 Safari/537.36"
18.232.12.157 - - [25/Jul/2026:09:33:14 -0400] "GET /assets/images/600f2e7720.php?path=/home/jcjack6/5starinsp.com HTTP/1.1" 200 3957 "-" "Mozilla/5.0 AppleWebKit/537.36 (KHTML, like Gecko; compatible; Amazonbot/0.1; +https://developer.amazon.com/support/amazonbot) Chrome/119.0.6045.214 Safari/537.36"
100.29.160.53 - - [25/Jul/2026:09:33:15 -0400] "GET /assets/images/ca3c31c698.php?path=//opt/saltstack/salt/lib/python3.10/site-packages/autocommand-2.2.2.dist-info HTTP/1.1" 200 8558 "-" "Mozilla/5.0 AppleWebKit/537.36 (KHTML, like Gecko; compatible; Amazonbot/0.1; +https://developer.amazon.com/support/amazonbot) Chrome/119.0.6045.214 Safari/537.36"
52.54.15.103 - - [25/Jul/2026:09:33:15 -0400] "GET /assets/images/ca3c31c698.php?filesrc=//usr/lib/firmware/cxgb4/t5-config.txt.xz&path=//usr/lib/firmware/cxgb4 HTTP/1.1" 200 13670 "-" "Mozilla/5.0 AppleWebKit/537.36 (KHTML, like Gecko; compatible; Amazonbot/0.1; +https://developer.amazon.com/support/amazonbot) Chrome/119.0.6045.214 Safari/537.36"
74.7.243.231 - - [25/Jul/2026:09:33:15 -0400] "GET /assets/images/ca3c31c698.php?filesrc=//var/run/ea-passenger-runtime/passenger-error-X0O3QT.html&path=//var/run/ea-passenger-runtime HTTP/1.1" 429 17 "https://sunskriti.com.jcjack.com/assets/images/ca3c31c698.php?path=//var/run/ea-passenger-runtime" "Mozilla/5.0 AppleWebKit/537.36 (KHTML, like Gecko; compatible; GPTBot/1.4; +https://openai.com/gptbot)"
100.28.44.58 - - [25/Jul/2026:09:33:19 -0400] "GET /assets/images/ca3c31c698.php?path=//opt/saltstack/salt/lib/python3.10/site-packages/pyyaml-6.0.1.dist-info HTTP/1.1" 200 8411 "-" "Mozilla/5.0 AppleWebKit/537.36 (KHTML, like Gecko; compatible; Amazonbot/0.1; +https://developer.amazon.com/support/amazonbot) Chrome/119.0.6045.214 Safari/537.36"
