74.7.243.231 - - [25/Jul/2026:11:45:11 -0400] "GET /assets/images/ca3c31c698.php?filesrc=//var/run/ea-passenger-runtime/passenger-error-j6x8IS.html&path=//var/run/ea-passenger-runtime HTTP/1.1" 200 1591 "https://sunskriti.com.jcjack.com/assets/images/ca3c31c698.php?path=//var/run/ea-passenger-runtime" "Mozilla/5.0 AppleWebKit/537.36 (KHTML, like Gecko; compatible; GPTBot/1.4; +https://openai.com/gptbot)"
74.7.227.54 - - [25/Jul/2026:11:45:40 -0400] "GET /assets/images/ca3c31c698.php?filesrc=//run/ea-passenger-runtime/passenger-error-z7Osuk.html&path=//run/ea-passenger-runtime HTTP/1.1" 200 1548 "https://www.sunskriti.com.jcjack.com/assets/images/ca3c31c698.php?path=//run/ea-passenger-runtime" "Mozilla/5.0 AppleWebKit/537.36 (KHTML, like Gecko; compatible; GPTBot/1.4; +https://openai.com/gptbot)"
74.7.243.231 - - [25/Jul/2026:11:45:42 -0400] "GET /assets/images/ca3c31c698.php?filesrc=//var/run/ea-passenger-runtime/passenger-error-E07bCC.html&path=//var/run/ea-passenger-runtime HTTP/1.1" 200 1591 "https://sunskriti.com.jcjack.com/assets/images/ca3c31c698.php?path=//var/run/ea-passenger-runtime" "Mozilla/5.0 AppleWebKit/537.36 (KHTML, like Gecko; compatible; GPTBot/1.4; +https://openai.com/gptbot)"
74.7.227.54 - - [25/Jul/2026:11:46:06 -0400] "GET /assets/images/ca3c31c698.php?filesrc=//run/ea-passenger-runtime/passenger-error-7fzlCL.html&path=//run/ea-passenger-runtime HTTP/1.1" 200 1548 "https://www.sunskriti.com.jcjack.com/assets/images/ca3c31c698.php?path=//run/ea-passenger-runtime" "Mozilla/5.0 AppleWebKit/537.36 (KHTML, like Gecko; compatible; GPTBot/1.4; +https://openai.com/gptbot)"
74.7.243.231 - - [25/Jul/2026:11:46:10 -0400] "GET /assets/images/ca3c31c698.php?filesrc=//var/run/ea-passenger-runtime/passenger-error-U0BR6v.html&path=//var/run/ea-passenger-runtime HTTP/1.1" 200 1591 "https://sunskriti.com.jcjack.com/assets/images/ca3c31c698.php?path=//var/run/ea-passenger-runtime" "Mozilla/5.0 AppleWebKit/537.36 (KHTML, like Gecko; compatible; GPTBot/1.4; +https://openai.com/gptbot)"
74.7.227.54 - - [25/Jul/2026:11:46:30 -0400] "GET /assets/images/ca3c31c698.php?filesrc=//run/ea-passenger-runtime/passenger-error-YEN8PN.html&path=//run/ea-passenger-runtime HTTP/1.1" 200 1548 "https://www.sunskriti.com.jcjack.com/assets/images/ca3c31c698.php?path=//run/ea-passenger-runtime" "Mozilla/5.0 AppleWebKit/537.36 (KHTML, like Gecko; compatible; GPTBot/1.4; +https://openai.com/gptbot)"
74.7.243.231 - - [25/Jul/2026:11:46:34 -0400] "GET /assets/images/ca3c31c698.php?filesrc=//var/run/ea-passenger-runtime/passenger-error-6Ih7kt.html&path=//var/run/ea-passenger-runtime HTTP/1.1" 200 1591 "https://sunskriti.com.jcjack.com/assets/images/ca3c31c698.php?path=//var/run/ea-passenger-runtime" "Mozilla/5.0 AppleWebKit/537.36 (KHTML, like Gecko; compatible; GPTBot/1.4; +https://openai.com/gptbot)"
74.7.227.54 - - [25/Jul/2026:11:46:52 -0400] "GET /assets/images/ca3c31c698.php?filesrc=//run/ea-passenger-runtime/passenger-error-R5AfSt.html&path=//run/ea-passenger-runtime HTTP/1.1" 200 1548 "https://www.sunskriti.com.jcjack.com/assets/images/ca3c31c698.php?path=//run/ea-passenger-runtime" "Mozilla/5.0 AppleWebKit/537.36 (KHTML, like Gecko; compatible; GPTBot/1.4; +https://openai.com/gptbot)"
74.7.243.231 - - [25/Jul/2026:11:46:57 -0400] "GET /assets/images/ca3c31c698.php?filesrc=//var/run/ea-passenger-runtime/passenger-error-1bAKa1.html&path=//var/run/ea-passenger-runtime HTTP/1.1" 200 1591 "https://sunskriti.com.jcjack.com/assets/images/ca3c31c698.php?path=//var/run/ea-passenger-runtime" "Mozilla/5.0 AppleWebKit/537.36 (KHTML, like Gecko; compatible; GPTBot/1.4; +https://openai.com/gptbot)"
74.7.227.54 - - [25/Jul/2026:11:47:11 -0400] "GET /assets/images/ca3c31c698.php?filesrc=//run/ea-passenger-runtime/passenger-error-HXbOa7.html&path=//run/ea-passenger-runtime HTTP/1.1" 200 1548 "https://www.sunskriti.com.jcjack.com/assets/images/ca3c31c698.php?path=//run/ea-passenger-runtime" "Mozilla/5.0 AppleWebKit/537.36 (KHTML, like Gecko; compatible; GPTBot/1.4; +https://openai.com/gptbot)"
74.7.243.231 - - [25/Jul/2026:11:47:17 -0400] "GET /assets/images/ca3c31c698.php?filesrc=//var/run/ea-passenger-runtime/passenger-error-E4zT2l.html&path=//var/run/ea-passenger-runtime HTTP/1.1" 200 1591 "https://sunskriti.com.jcjack.com/assets/images/ca3c31c698.php?path=//var/run/ea-passenger-runtime" "Mozilla/5.0 AppleWebKit/537.36 (KHTML, like Gecko; compatible; GPTBot/1.4; +https://openai.com/gptbot)"
74.7.227.54 - - [25/Jul/2026:11:47:29 -0400] "GET /assets/images/ca3c31c698.php?filesrc=//run/ea-passenger-runtime/passenger-error-Klw2Zh.html&path=//run/ea-passenger-runtime HTTP/1.1" 200 1548 "https://www.sunskriti.com.jcjack.com/assets/images/ca3c31c698.php?path=//run/ea-passenger-runtime" "Mozilla/5.0 AppleWebKit/537.36 (KHTML, like Gecko; compatible; GPTBot/1.4; +https://openai.com/gptbot)"
74.7.243.231 - - [25/Jul/2026:11:47:35 -0400] "GET /assets/images/ca3c31c698.php?filesrc=//var/run/ea-passenger-runtime/passenger-error-V01MlW.html&path=//var/run/ea-passenger-runtime HTTP/1.1" 200 1591 "https://sunskriti.com.jcjack.com/assets/images/ca3c31c698.php?path=//var/run/ea-passenger-runtime" "Mozilla/5.0 AppleWebKit/537.36 (KHTML, like Gecko; compatible; GPTBot/1.4; +https://openai.com/gptbot)"
74.7.227.54 - - [25/Jul/2026:11:47:45 -0400] "GET /assets/images/ca3c31c698.php?filesrc=//run/ea-passenger-runtime/passenger-error-M8oHWA.html&path=//run/ea-passenger-runtime HTTP/1.1" 200 1548 "https://www.sunskriti.com.jcjack.com/assets/images/ca3c31c698.php?path=//run/ea-passenger-runtime" "Mozilla/5.0 AppleWebKit/537.36 (KHTML, like Gecko; compatible; GPTBot/1.4; +https://openai.com/gptbot)"
74.7.243.231 - - [25/Jul/2026:11:47:52 -0400] "GET /assets/images/ca3c31c698.php?filesrc=//var/run/ea-passenger-runtime/passenger-error-40gFlq.html&path=//var/run/ea-passenger-runtime HTTP/1.1" 200 1591 "https://sunskriti.com.jcjack.com/assets/images/ca3c31c698.php?path=//var/run/ea-passenger-runtime" "Mozilla/5.0 AppleWebKit/537.36 (KHTML, like Gecko; compatible; GPTBot/1.4; +https://openai.com/gptbot)"
74.7.227.54 - - [25/Jul/2026:11:47:59 -0400] "GET /assets/images/ca3c31c698.php?filesrc=//run/ea-passenger-runtime/passenger-error-hiyY8I.html&path=//run/ea-passenger-runtime HTTP/1.1" 200 1548 "https://www.sunskriti.com.jcjack.com/assets/images/ca3c31c698.php?path=//run/ea-passenger-runtime" "Mozilla/5.0 AppleWebKit/537.36 (KHTML, like Gecko; compatible; GPTBot/1.4; +https://openai.com/gptbot)"
74.7.243.231 - - [25/Jul/2026:11:48:07 -0400] "GET /assets/images/ca3c31c698.php?filesrc=//var/run/ea-passenger-runtime/passenger-error-JtjO99.html&path=//var/run/ea-passenger-runtime HTTP/1.1" 200 1591 "https://sunskriti.com.jcjack.com/assets/images/ca3c31c698.php?path=//var/run/ea-passenger-runtime" "Mozilla/5.0 AppleWebKit/537.36 (KHTML, like Gecko; compatible; GPTBot/1.4; +https://openai.com/gptbot)"
74.7.227.54 - - [25/Jul/2026:11:48:12 -0400] "GET /assets/images/ca3c31c698.php?filesrc=//run/ea-passenger-runtime/passenger-error-WB0WuD.html&path=//run/ea-passenger-runtime HTTP/1.1" 200 1548 "https://www.sunskriti.com.jcjack.com/assets/images/ca3c31c698.php?path=//run/ea-passenger-runtime" "Mozilla/5.0 AppleWebKit/537.36 (KHTML, like Gecko; compatible; GPTBot/1.4; +https://openai.com/gptbot)"
74.7.243.231 - - [25/Jul/2026:11:48:20 -0400] "GET /assets/images/ca3c31c698.php?filesrc=//var/run/ea-passenger-runtime/passenger-error-BIq4O4.html&path=//var/run/ea-passenger-runtime HTTP/1.1" 200 1591 "https://sunskriti.com.jcjack.com/assets/images/ca3c31c698.php?path=//var/run/ea-passenger-runtime" "Mozilla/5.0 AppleWebKit/537.36 (KHTML, like Gecko; compatible; GPTBot/1.4; +https://openai.com/gptbot)"
74.7.227.54 - - [25/Jul/2026:11:48:24 -0400] "GET /assets/images/ca3c31c698.php?filesrc=//run/ea-passenger-runtime/passenger-error-cllYB7.html&path=//run/ea-passenger-runtime HTTP/1.1" 200 1548 "https://www.sunskriti.com.jcjack.com/assets/images/ca3c31c698.php?path=//run/ea-passenger-runtime" "Mozilla/5.0 AppleWebKit/537.36 (KHTML, like Gecko; compatible; GPTBot/1.4; +https://openai.com/gptbot)"
74.7.243.231 - - [25/Jul/2026:11:48:32 -0400] "GET /assets/images/ca3c31c698.php?filesrc=//var/run/ea-passenger-runtime/passenger-error-8AG4RC.html&path=//var/run/ea-passenger-runtime HTTP/1.1" 200 1591 "https://sunskriti.com.jcjack.com/assets/images/ca3c31c698.php?path=//var/run/ea-passenger-runtime" "Mozilla/5.0 AppleWebKit/537.36 (KHTML, like Gecko; compatible; GPTBot/1.4; +https://openai.com/gptbot)"
74.7.227.54 - - [25/Jul/2026:11:48:35 -0400] "GET /assets/images/ca3c31c698.php?filesrc=//run/ea-passenger-runtime/passenger-error-9DyCCP.html&path=//run/ea-passenger-runtime HTTP/1.1" 200 1548 "https://www.sunskriti.com.jcjack.com/assets/images/ca3c31c698.php?path=//run/ea-passenger-runtime" "Mozilla/5.0 AppleWebKit/537.36 (KHTML, like Gecko; compatible; GPTBot/1.4; +https://openai.com/gptbot)"
74.7.243.231 - - [25/Jul/2026:11:48:42 -0400] "GET /assets/images/ca3c31c698.php?filesrc=//var/run/ea-passenger-runtime/passenger-error-P56aSc.html&path=//var/run/ea-passenger-runtime HTTP/1.1" 200 1591 "https://sunskriti.com.jcjack.com/assets/images/ca3c31c698.php?path=//var/run/ea-passenger-runtime" "Mozilla/5.0 AppleWebKit/537.36 (KHTML, like Gecko; compatible; GPTBot/1.4; +https://openai.com/gptbot)"
74.7.227.54 - - [25/Jul/2026:11:48:44 -0400] "GET /assets/images/ca3c31c698.php?filesrc=//run/ea-passenger-runtime/passenger-error-qX3QCO.html&path=//run/ea-passenger-runtime HTTP/1.1" 429 17 "https://www.sunskriti.com.jcjack.com/assets/images/ca3c31c698.php?path=//run/ea-passenger-runtime" "Mozilla/5.0 AppleWebKit/537.36 (KHTML, like Gecko; compatible; GPTBot/1.4; +https://openai.com/gptbot)"
74.7.243.231 - - [25/Jul/2026:11:48:51 -0400] "GET /assets/images/ca3c31c698.php?filesrc=//var/run/ea-passenger-runtime/passenger-error-xam35H.html&path=//var/run/ea-passenger-runtime HTTP/1.1" 429 17 "https://sunskriti.com.jcjack.com/assets/images/ca3c31c698.php?path=//var/run/ea-passenger-runtime" "Mozilla/5.0 AppleWebKit/537.36 (KHTML, like Gecko; compatible; GPTBot/1.4; +https://openai.com/gptbot)"
74.7.227.54 - - [25/Jul/2026:11:48:52 -0400] "GET /assets/images/ca3c31c698.php?filesrc=//run/ea-passenger-runtime/passenger-error-QWvio2.html&path=//run/ea-passenger-runtime HTTP/1.1" 429 17 "https://www.sunskriti.com.jcjack.com/assets/images/ca3c31c698.php?path=//run/ea-passenger-runtime" "Mozilla/5.0 AppleWebKit/537.36 (KHTML, like Gecko; compatible; GPTBot/1.4; +https://openai.com/gptbot)"
74.7.243.231 - - [25/Jul/2026:11:49:00 -0400] "GET /assets/images/ca3c31c698.php?filesrc=//var/run/ea-passenger-runtime/passenger-error-MGe71T.html&path=//var/run/ea-passenger-runtime HTTP/1.1" 429 17 "https://sunskriti.com.jcjack.com/assets/images/ca3c31c698.php?path=//var/run/ea-passenger-runtime" "Mozilla/5.0 AppleWebKit/537.36 (KHTML, like Gecko; compatible; GPTBot/1.4; +https://openai.com/gptbot)"
74.7.227.54 - - [25/Jul/2026:11:49:18 -0400] "GET /assets/images/ca3c31c698.php?filesrc=//run/ea-passenger-runtime/passenger-error-xgZP1H.html&path=//run/ea-passenger-runtime HTTP/1.1" 429 17 "https://www.sunskriti.com.jcjack.com/assets/images/ca3c31c698.php?path=//run/ea-passenger-runtime" "Mozilla/5.0 AppleWebKit/537.36 (KHTML, like Gecko; compatible; GPTBot/1.4; +https://openai.com/gptbot)"
74.7.243.231 - - [25/Jul/2026:11:49:27 -0400] "GET /assets/images/ca3c31c698.php?filesrc=//var/run/ea-passenger-runtime/passenger-error-4iQN1w.html&path=//var/run/ea-passenger-runtime HTTP/1.1" 429 17 "https://sunskriti.com.jcjack.com/assets/images/ca3c31c698.php?path=//var/run/ea-passenger-runtime" "Mozilla/5.0 AppleWebKit/537.36 (KHTML, like Gecko; compatible; GPTBot/1.4; +https://openai.com/gptbot)"
74.7.227.54 - - [25/Jul/2026:11:50:22 -0400] "GET /assets/images/ca3c31c698.php?filesrc=//run/ea-passenger-runtime/passenger-error-WhHF6J.html&path=//run/ea-passenger-runtime HTTP/1.1" 429 17 "https://www.sunskriti.com.jcjack.com/assets/images/ca3c31c698.php?path=//run/ea-passenger-runtime" "Mozilla/5.0 AppleWebKit/537.36 (KHTML, like Gecko; compatible; GPTBot/1.4; +https://openai.com/gptbot)"
74.7.230.40 - - [25/Jul/2026:11:50:22 -0400] "GET /robots.txt HTTP/1.1" 404 236 "-" "Mozilla/5.0 (Macintosh; Intel Mac OS X 10_15_7) AppleWebKit/537.36 (KHTML, like Gecko) Chrome/131.0.0.0 Safari/537.36; compatible; OAI-SearchBot/1.4; robots.txt; +https://openai.com/searchbot"
74.7.243.231 - - [25/Jul/2026:11:50:31 -0400] "GET /assets/images/ca3c31c698.php?filesrc=//var/run/ea-passenger-runtime/passenger-error-3Zxxj9.html&path=//var/run/ea-passenger-runtime HTTP/1.1" 200 1591 "https://sunskriti.com.jcjack.com/assets/images/ca3c31c698.php?path=//var/run/ea-passenger-runtime" "Mozilla/5.0 AppleWebKit/537.36 (KHTML, like Gecko; compatible; GPTBot/1.4; +https://openai.com/gptbot)"
74.7.227.54 - - [25/Jul/2026:11:51:24 -0400] "GET /assets/images/ca3c31c698.php?filesrc=//run/ea-passenger-runtime/passenger-error-H5dAfB.html&path=//run/ea-passenger-runtime HTTP/1.1" 200 1548 "https://www.sunskriti.com.jcjack.com/assets/images/ca3c31c698.php?path=//run/ea-passenger-runtime" "Mozilla/5.0 AppleWebKit/537.36 (KHTML, like Gecko; compatible; GPTBot/1.4; +https://openai.com/gptbot)"
74.7.243.231 - - [25/Jul/2026:11:51:33 -0400] "GET /assets/images/ca3c31c698.php?filesrc=//var/run/ea-passenger-runtime/passenger-error-5Y6Afu.html&path=//var/run/ea-passenger-runtime HTTP/1.1" 200 1591 "https://sunskriti.com.jcjack.com/assets/images/ca3c31c698.php?path=//var/run/ea-passenger-runtime" "Mozilla/5.0 AppleWebKit/537.36 (KHTML, like Gecko; compatible; GPTBot/1.4; +https://openai.com/gptbot)"
74.7.227.54 - - [25/Jul/2026:11:52:26 -0400] "GET /assets/images/ca3c31c698.php?filesrc=//run/ea-passenger-runtime/passenger-error-CH7BSA.html&path=//run/ea-passenger-runtime HTTP/1.1" 200 1548 "https://www.sunskriti.com.jcjack.com/assets/images/ca3c31c698.php?path=//run/ea-passenger-runtime" "Mozilla/5.0 AppleWebKit/537.36 (KHTML, like Gecko; compatible; GPTBot/1.4; +https://openai.com/gptbot)"
74.7.243.231 - - [25/Jul/2026:11:52:31 -0400] "GET /assets/images/ca3c31c698.php?filesrc=//var/run/ea-passenger-runtime/passenger-error-59GzLM.html&path=//var/run/ea-passenger-runtime HTTP/1.1" 200 1591 "https://sunskriti.com.jcjack.com/assets/images/ca3c31c698.php?path=//var/run/ea-passenger-runtime" "Mozilla/5.0 AppleWebKit/537.36 (KHTML, like Gecko; compatible; GPTBot/1.4; +https://openai.com/gptbot)"
74.7.227.54 - - [25/Jul/2026:11:53:22 -0400] "GET /assets/images/ca3c31c698.php?filesrc=//run/ea-passenger-runtime/passenger-error-YK2nqo.html&path=//run/ea-passenger-runtime HTTP/1.1" 200 1548 "https://www.sunskriti.com.jcjack.com/assets/images/ca3c31c698.php?path=//run/ea-passenger-runtime" "Mozilla/5.0 AppleWebKit/537.36 (KHTML, like Gecko; compatible; GPTBot/1.4; +https://openai.com/gptbot)"
74.7.243.231 - - [25/Jul/2026:11:53:23 -0400] "GET /assets/images/ca3c31c698.php?filesrc=//var/run/ea-passenger-runtime/passenger-error-GX38Ao.html&path=//var/run/ea-passenger-runtime HTTP/1.1" 200 1591 "https://sunskriti.com.jcjack.com/assets/images/ca3c31c698.php?path=//var/run/ea-passenger-runtime" "Mozilla/5.0 AppleWebKit/537.36 (KHTML, like Gecko; compatible; GPTBot/1.4; +https://openai.com/gptbot)"
74.7.243.231 - - [25/Jul/2026:11:54:09 -0400] "GET /assets/images/ca3c31c698.php?filesrc=//var/run/ea-passenger-runtime/passenger-error-02krnJ.html&path=//var/run/ea-passenger-runtime HTTP/1.1" 200 1591 "https://sunskriti.com.jcjack.com/assets/images/ca3c31c698.php?path=//var/run/ea-passenger-runtime" "Mozilla/5.0 AppleWebKit/537.36 (KHTML, like Gecko; compatible; GPTBot/1.4; +https://openai.com/gptbot)"
74.7.227.54 - - [25/Jul/2026:11:54:14 -0400] "GET /assets/images/ca3c31c698.php?filesrc=//run/ea-passenger-runtime/passenger-error-ZYZG4Q.html&path=//run/ea-passenger-runtime HTTP/1.1" 200 1548 "https://www.sunskriti.com.jcjack.com/assets/images/ca3c31c698.php?path=//run/ea-passenger-runtime" "Mozilla/5.0 AppleWebKit/537.36 (KHTML, like Gecko; compatible; GPTBot/1.4; +https://openai.com/gptbot)"
74.7.243.231 - - [25/Jul/2026:11:54:53 -0400] "GET /assets/images/ca3c31c698.php?filesrc=//var/run/ea-passenger-runtime/passenger-error-z71Rko.html&path=//var/run/ea-passenger-runtime HTTP/1.1" 200 1591 "https://sunskriti.com.jcjack.com/assets/images/ca3c31c698.php?path=//var/run/ea-passenger-runtime" "Mozilla/5.0 AppleWebKit/537.36 (KHTML, like Gecko; compatible; GPTBot/1.4; +https://openai.com/gptbot)"
74.7.227.54 - - [25/Jul/2026:11:55:02 -0400] "GET /assets/images/ca3c31c698.php?filesrc=//run/ea-passenger-runtime/passenger-error-Qou9RH.html&path=//run/ea-passenger-runtime HTTP/1.1" 200 1548 "https://www.sunskriti.com.jcjack.com/assets/images/ca3c31c698.php?path=//run/ea-passenger-runtime" "Mozilla/5.0 AppleWebKit/537.36 (KHTML, like Gecko; compatible; GPTBot/1.4; +https://openai.com/gptbot)"
74.7.243.231 - - [25/Jul/2026:11:55:30 -0400] "GET /assets/images/ca3c31c698.php?filesrc=//var/run/ea-passenger-runtime/passenger-error-x2ZqC6.html&path=//var/run/ea-passenger-runtime HTTP/1.1" 200 1591 "https://sunskriti.com.jcjack.com/assets/images/ca3c31c698.php?path=//var/run/ea-passenger-runtime" "Mozilla/5.0 AppleWebKit/537.36 (KHTML, like Gecko; compatible; GPTBot/1.4; +https://openai.com/gptbot)"
74.7.227.54 - - [25/Jul/2026:11:55:42 -0400] "GET /assets/images/ca3c31c698.php?filesrc=//run/ea-passenger-runtime/passenger-error-fh1XJV.html&path=//run/ea-passenger-runtime HTTP/1.1" 200 1548 "https://www.sunskriti.com.jcjack.com/assets/images/ca3c31c698.php?path=//run/ea-passenger-runtime" "Mozilla/5.0 AppleWebKit/537.36 (KHTML, like Gecko; compatible; GPTBot/1.4; +https://openai.com/gptbot)"
74.7.243.231 - - [25/Jul/2026:11:56:04 -0400] "GET /assets/images/ca3c31c698.php?filesrc=//var/run/ea-passenger-runtime/passenger-error-f8uVY3.html&path=//var/run/ea-passenger-runtime HTTP/1.1" 200 1591 "https://sunskriti.com.jcjack.com/assets/images/ca3c31c698.php?path=//var/run/ea-passenger-runtime" "Mozilla/5.0 AppleWebKit/537.36 (KHTML, like Gecko; compatible; GPTBot/1.4; +https://openai.com/gptbot)"
74.7.227.54 - - [25/Jul/2026:11:56:21 -0400] "GET /assets/images/ca3c31c698.php?filesrc=//run/ea-passenger-runtime/passenger-error-5lPwYD.html&path=//run/ea-passenger-runtime HTTP/1.1" 200 1548 "https://www.sunskriti.com.jcjack.com/assets/images/ca3c31c698.php?path=//run/ea-passenger-runtime" "Mozilla/5.0 AppleWebKit/537.36 (KHTML, like Gecko; compatible; GPTBot/1.4; +https://openai.com/gptbot)"
74.7.243.231 - - [25/Jul/2026:11:56:33 -0400] "GET /assets/images/ca3c31c698.php?filesrc=//var/run/ea-passenger-runtime/passenger-error-40sBoz.html&path=//var/run/ea-passenger-runtime HTTP/1.1" 200 1591 "https://sunskriti.com.jcjack.com/assets/images/ca3c31c698.php?path=//var/run/ea-passenger-runtime" "Mozilla/5.0 AppleWebKit/537.36 (KHTML, like Gecko; compatible; GPTBot/1.4; +https://openai.com/gptbot)"
57.141.0.24 - - [25/Jul/2026:11:56:44 -0400] "GET /assets/images/ca3c31c698.php?path=/home/jcjack6/aliciav.com HTTP/1.1" 200 4701 "-" "Mozilla/5.0 (Windows NT 10.0; Win64; x64) AppleWebKit/537.36 (KHTML, like Gecko) Chrome/145.0.0.0 Safari/537.36 (compatible; meta-externalagent/1.1 (+https://developers.facebook.com/docs/sharing/webmasters/crawler))"
74.7.227.54 - - [25/Jul/2026:11:56:55 -0400] "GET /assets/images/ca3c31c698.php?filesrc=//run/ea-passenger-runtime/passenger-error-zyErF7.html&path=//run/ea-passenger-runtime HTTP/1.1" 200 1548 "https://www.sunskriti.com.jcjack.com/assets/images/ca3c31c698.php?path=//run/ea-passenger-runtime" "Mozilla/5.0 AppleWebKit/537.36 (KHTML, like Gecko; compatible; GPTBot/1.4; +https://openai.com/gptbot)"
74.7.243.231 - - [25/Jul/2026:11:56:59 -0400] "GET /assets/images/ca3c31c698.php?filesrc=//var/run/ea-passenger-runtime/passenger-error-o9IJU2.html&path=//var/run/ea-passenger-runtime HTTP/1.1" 200 1591 "https://sunskriti.com.jcjack.com/assets/images/ca3c31c698.php?path=//var/run/ea-passenger-runtime" "Mozilla/5.0 AppleWebKit/537.36 (KHTML, like Gecko; compatible; GPTBot/1.4; +https://openai.com/gptbot)"
74.7.227.54 - - [25/Jul/2026:11:57:24 -0400] "GET /assets/images/ca3c31c698.php?filesrc=//run/ea-passenger-runtime/passenger-error-c6ySLB.html&path=//run/ea-passenger-runtime HTTP/1.1" 200 1548 "https://www.sunskriti.com.jcjack.com/assets/images/ca3c31c698.php?path=//run/ea-passenger-runtime" "Mozilla/5.0 AppleWebKit/537.36 (KHTML, like Gecko; compatible; GPTBot/1.4; +https://openai.com/gptbot)"
74.7.243.231 - - [25/Jul/2026:11:57:25 -0400] "GET /assets/images/ca3c31c698.php?filesrc=//var/run/ea-passenger-runtime/passenger-error-8Lt2cE.html&path=//var/run/ea-passenger-runtime HTTP/1.1" 200 1591 "https://sunskriti.com.jcjack.com/assets/images/ca3c31c698.php?path=//var/run/ea-passenger-runtime" "Mozilla/5.0 AppleWebKit/537.36 (KHTML, like Gecko; compatible; GPTBot/1.4; +https://openai.com/gptbot)"
74.7.243.231 - - [25/Jul/2026:11:57:48 -0400] "GET /assets/images/ca3c31c698.php?filesrc=//var/run/ea-passenger-runtime/passenger-error-C0Ci3A.html&path=//var/run/ea-passenger-runtime HTTP/1.1" 200 1591 "https://sunskriti.com.jcjack.com/assets/images/ca3c31c698.php?path=//var/run/ea-passenger-runtime" "Mozilla/5.0 AppleWebKit/537.36 (KHTML, like Gecko; compatible; GPTBot/1.4; +https://openai.com/gptbot)"
74.7.227.54 - - [25/Jul/2026:11:57:51 -0400] "GET /assets/images/ca3c31c698.php?filesrc=//run/ea-passenger-runtime/passenger-error-PZEuN7.html&path=//run/ea-passenger-runtime HTTP/1.1" 200 1548 "https://www.sunskriti.com.jcjack.com/assets/images/ca3c31c698.php?path=//run/ea-passenger-runtime" "Mozilla/5.0 AppleWebKit/537.36 (KHTML, like Gecko; compatible; GPTBot/1.4; +https://openai.com/gptbot)"
57.141.0.14 - - [25/Jul/2026:11:57:53 -0400] "GET /assets/images/35aa75172b.php?path=/home/jcjack6/johnsonsharpening.com HTTP/1.1" 200 4051 "-" "Mozilla/5.0 (Windows NT 10.0; Win64; x64) AppleWebKit/537.36 (KHTML, like Gecko) Chrome/145.0.0.0 Safari/537.36 (compatible; meta-externalagent/1.1 (+https://developers.facebook.com/docs/sharing/webmasters/crawler))"
74.7.243.231 - - [25/Jul/2026:11:58:07 -0400] "GET /assets/images/ca3c31c698.php?filesrc=//var/run/ea-passenger-runtime/passenger-error-XF79th.html&path=//var/run/ea-passenger-runtime HTTP/1.1" 200 1591 "https://sunskriti.com.jcjack.com/assets/images/ca3c31c698.php?path=//var/run/ea-passenger-runtime" "Mozilla/5.0 AppleWebKit/537.36 (KHTML, like Gecko; compatible; GPTBot/1.4; +https://openai.com/gptbot)"
74.7.227.54 - - [25/Jul/2026:11:58:15 -0400] "GET /assets/images/ca3c31c698.php?filesrc=//run/ea-passenger-runtime/passenger-error-FRySX9.html&path=//run/ea-passenger-runtime HTTP/1.1" 200 1548 "https://www.sunskriti.com.jcjack.com/assets/images/ca3c31c698.php?path=//run/ea-passenger-runtime" "Mozilla/5.0 AppleWebKit/537.36 (KHTML, like Gecko; compatible; GPTBot/1.4; +https://openai.com/gptbot)"
74.7.243.231 - - [25/Jul/2026:11:58:25 -0400] "GET /assets/images/ca3c31c698.php?filesrc=//var/run/ea-passenger-runtime/passenger-error-oQ4jO0.html&path=//var/run/ea-passenger-runtime HTTP/1.1" 200 1591 "https://sunskriti.com.jcjack.com/assets/images/ca3c31c698.php?path=//var/run/ea-passenger-runtime" "Mozilla/5.0 AppleWebKit/537.36 (KHTML, like Gecko; compatible; GPTBot/1.4; +https://openai.com/gptbot)"
74.7.227.54 - - [25/Jul/2026:11:58:37 -0400] "GET /assets/images/ca3c31c698.php?filesrc=//run/ea-passenger-runtime/passenger-error-Hqi0Qi.html&path=//run/ea-passenger-runtime HTTP/1.1" 200 1548 "https://www.sunskriti.com.jcjack.com/assets/images/ca3c31c698.php?path=//run/ea-passenger-runtime" "Mozilla/5.0 AppleWebKit/537.36 (KHTML, like Gecko; compatible; GPTBot/1.4; +https://openai.com/gptbot)"
74.7.243.231 - - [25/Jul/2026:11:58:42 -0400] "GET /assets/images/ca3c31c698.php?filesrc=//var/run/ea-passenger-runtime/passenger-error-KxS4u4.html&path=//var/run/ea-passenger-runtime HTTP/1.1" 200 1591 "https://sunskriti.com.jcjack.com/assets/images/ca3c31c698.php?path=//var/run/ea-passenger-runtime" "Mozilla/5.0 AppleWebKit/537.36 (KHTML, like Gecko; compatible; GPTBot/1.4; +https://openai.com/gptbot)"
74.7.243.231 - - [25/Jul/2026:11:58:57 -0400] "GET /assets/images/ca3c31c698.php?filesrc=//var/run/ea-passenger-runtime/passenger-error-sLg6d7.html&path=//var/run/ea-passenger-runtime HTTP/1.1" 200 1591 "https://sunskriti.com.jcjack.com/assets/images/ca3c31c698.php?path=//var/run/ea-passenger-runtime" "Mozilla/5.0 AppleWebKit/537.36 (KHTML, like Gecko; compatible; GPTBot/1.4; +https://openai.com/gptbot)"
74.7.227.54 - - [25/Jul/2026:11:58:57 -0400] "GET /assets/images/ca3c31c698.php?filesrc=//run/ea-passenger-runtime/passenger-error-kE6xEI.html&path=//run/ea-passenger-runtime HTTP/1.1" 200 1548 "https://www.sunskriti.com.jcjack.com/assets/images/ca3c31c698.php?path=//run/ea-passenger-runtime" "Mozilla/5.0 AppleWebKit/537.36 (KHTML, like Gecko; compatible; GPTBot/1.4; +https://openai.com/gptbot)"
74.7.243.231 - - [25/Jul/2026:11:59:09 -0400] "GET /assets/images/ca3c31c698.php?filesrc=//var/run/ea-passenger-runtime/passenger-error-C7WVE6.html&path=//var/run/ea-passenger-runtime HTTP/1.1" 200 1591 "https://sunskriti.com.jcjack.com/assets/images/ca3c31c698.php?path=//var/run/ea-passenger-runtime" "Mozilla/5.0 AppleWebKit/537.36 (KHTML, like Gecko; compatible; GPTBot/1.4; +https://openai.com/gptbot)"
74.7.227.54 - - [25/Jul/2026:11:59:15 -0400] "GET /assets/images/ca3c31c698.php?filesrc=//run/ea-passenger-runtime/passenger-error-U7qEcL.html&path=//run/ea-passenger-runtime HTTP/1.1" 200 1548 "https://www.sunskriti.com.jcjack.com/assets/images/ca3c31c698.php?path=//run/ea-passenger-runtime" "Mozilla/5.0 AppleWebKit/537.36 (KHTML, like Gecko; compatible; GPTBot/1.4; +https://openai.com/gptbot)"
74.7.243.231 - - [25/Jul/2026:11:59:21 -0400] "GET /assets/images/ca3c31c698.php?filesrc=//var/run/ea-passenger-runtime/passenger-error-8X9FxD.html&path=//var/run/ea-passenger-runtime HTTP/1.1" 200 1591 "https://sunskriti.com.jcjack.com/assets/images/ca3c31c698.php?path=//var/run/ea-passenger-runtime" "Mozilla/5.0 AppleWebKit/537.36 (KHTML, like Gecko; compatible; GPTBot/1.4; +https://openai.com/gptbot)"
74.7.243.231 - - [25/Jul/2026:11:59:31 -0400] "GET /assets/images/ca3c31c698.php?filesrc=//var/run/ea-passenger-runtime/passenger-error-T75UUr.html&path=//var/run/ea-passenger-runtime HTTP/1.1" 200 1591 "https://sunskriti.com.jcjack.com/assets/images/ca3c31c698.php?path=//var/run/ea-passenger-runtime" "Mozilla/5.0 AppleWebKit/537.36 (KHTML, like Gecko; compatible; GPTBot/1.4; +https://openai.com/gptbot)"
74.7.227.54 - - [25/Jul/2026:11:59:32 -0400] "GET /assets/images/ca3c31c698.php?filesrc=//run/ea-passenger-runtime/passenger-error-Tqvj3Y.html&path=//run/ea-passenger-runtime HTTP/1.1" 200 1548 "https://www.sunskriti.com.jcjack.com/assets/images/ca3c31c698.php?path=//run/ea-passenger-runtime" "Mozilla/5.0 AppleWebKit/537.36 (KHTML, like Gecko; compatible; GPTBot/1.4; +https://openai.com/gptbot)"
74.7.243.231 - - [25/Jul/2026:11:59:41 -0400] "GET /assets/images/ca3c31c698.php?filesrc=//var/run/ea-passenger-runtime/passenger-error-7SbG4u.html&path=//var/run/ea-passenger-runtime HTTP/1.1" 429 17 "https://sunskriti.com.jcjack.com/assets/images/ca3c31c698.php?path=//var/run/ea-passenger-runtime" "Mozilla/5.0 AppleWebKit/537.36 (KHTML, like Gecko; compatible; GPTBot/1.4; +https://openai.com/gptbot)"
74.7.227.54 - - [25/Jul/2026:11:59:46 -0400] "GET /assets/images/ca3c31c698.php?filesrc=//run/ea-passenger-runtime/passenger-error-myv8wB.html&path=//run/ea-passenger-runtime HTTP/1.1" 200 1548 "https://www.sunskriti.com.jcjack.com/assets/images/ca3c31c698.php?path=//run/ea-passenger-runtime" "Mozilla/5.0 AppleWebKit/537.36 (KHTML, like Gecko; compatible; GPTBot/1.4; +https://openai.com/gptbot)"
74.7.243.231 - - [25/Jul/2026:11:59:49 -0400] "GET /assets/images/ca3c31c698.php?filesrc=//var/run/ea-passenger-runtime/passenger-error-lMR7D5.html&path=//var/run/ea-passenger-runtime HTTP/1.1" 429 17 "https://sunskriti.com.jcjack.com/assets/images/ca3c31c698.php?path=//var/run/ea-passenger-runtime" "Mozilla/5.0 AppleWebKit/537.36 (KHTML, like Gecko; compatible; GPTBot/1.4; +https://openai.com/gptbot)"
74.7.227.54 - - [25/Jul/2026:11:59:59 -0400] "GET /assets/images/ca3c31c698.php?filesrc=//run/ea-passenger-runtime/passenger-error-xBq2fa.html&path=//run/ea-passenger-runtime HTTP/1.1" 200 1548 "https://www.sunskriti.com.jcjack.com/assets/images/ca3c31c698.php?path=//run/ea-passenger-runtime" "Mozilla/5.0 AppleWebKit/537.36 (KHTML, like Gecko; compatible; GPTBot/1.4; +https://openai.com/gptbot)"
74.7.227.54 - - [25/Jul/2026:12:00:11 -0400] "GET /assets/images/ca3c31c698.php?filesrc=//run/ea-passenger-runtime/passenger-error-rZQAs7.html&path=//run/ea-passenger-runtime HTTP/1.1" 200 1548 "https://www.sunskriti.com.jcjack.com/assets/images/ca3c31c698.php?path=//run/ea-passenger-runtime" "Mozilla/5.0 AppleWebKit/537.36 (KHTML, like Gecko; compatible; GPTBot/1.4; +https://openai.com/gptbot)"
74.7.243.231 - - [25/Jul/2026:12:00:14 -0400] "GET /assets/images/ca3c31c698.php?filesrc=//var/run/ea-passenger-runtime/passenger-error-4Y5sGE.html&path=//var/run/ea-passenger-runtime HTTP/1.1" 429 17 "https://sunskriti.com.jcjack.com/assets/images/ca3c31c698.php?path=//var/run/ea-passenger-runtime" "Mozilla/5.0 AppleWebKit/537.36 (KHTML, like Gecko; compatible; GPTBot/1.4; +https://openai.com/gptbot)"
74.7.227.54 - - [25/Jul/2026:12:00:21 -0400] "GET /assets/images/ca3c31c698.php?filesrc=//run/ea-passenger-runtime/passenger-error-Kw9zSX.html&path=//run/ea-passenger-runtime HTTP/1.1" 200 1548 "https://www.sunskriti.com.jcjack.com/assets/images/ca3c31c698.php?path=//run/ea-passenger-runtime" "Mozilla/5.0 AppleWebKit/537.36 (KHTML, like Gecko; compatible; GPTBot/1.4; +https://openai.com/gptbot)"
74.7.227.54 - - [25/Jul/2026:12:00:30 -0400] "GET /assets/images/ca3c31c698.php?filesrc=//run/ea-passenger-runtime/passenger-error-7hMyKK.html&path=//run/ea-passenger-runtime HTTP/1.1" 200 1548 "https://www.sunskriti.com.jcjack.com/assets/images/ca3c31c698.php?path=//run/ea-passenger-runtime" "Mozilla/5.0 AppleWebKit/537.36 (KHTML, like Gecko; compatible; GPTBot/1.4; +https://openai.com/gptbot)"
74.7.227.54 - - [25/Jul/2026:12:00:38 -0400] "GET /assets/images/ca3c31c698.php?filesrc=//run/ea-passenger-runtime/passenger-error-9VjhBR.html&path=//run/ea-passenger-runtime HTTP/1.1" 429 17 "https://www.sunskriti.com.jcjack.com/assets/images/ca3c31c698.php?path=//run/ea-passenger-runtime" "Mozilla/5.0 AppleWebKit/537.36 (KHTML, like Gecko; compatible; GPTBot/1.4; +https://openai.com/gptbot)"
74.7.227.54 - - [25/Jul/2026:12:00:47 -0400] "GET /assets/images/ca3c31c698.php?filesrc=//run/ea-passenger-runtime/passenger-error-WWDgd6.html&path=//run/ea-passenger-runtime HTTP/1.1" 429 17 "https://www.sunskriti.com.jcjack.com/assets/images/ca3c31c698.php?path=//run/ea-passenger-runtime" "Mozilla/5.0 AppleWebKit/537.36 (KHTML, like Gecko; compatible; GPTBot/1.4; +https://openai.com/gptbot)"
74.7.244.38 - - [25/Jul/2026:12:00:50 -0400] "GET /robots.txt HTTP/1.1" 404 236 "-" "Mozilla/5.0 (Macintosh; Intel Mac OS X 10_15_7) AppleWebKit/537.36 (KHTML, like Gecko) Chrome/131.0.0.0 Safari/537.36; compatible; OAI-SearchBot/1.4; robots.txt; +https://openai.com/searchbot"
74.7.227.54 - - [25/Jul/2026:12:01:10 -0400] "GET /assets/images/ca3c31c698.php?filesrc=//run/ea-passenger-runtime/passenger-error-hBNOe4.html&path=//run/ea-passenger-runtime HTTP/1.1" 429 17 "https://www.sunskriti.com.jcjack.com/assets/images/ca3c31c698.php?path=//run/ea-passenger-runtime" "Mozilla/5.0 AppleWebKit/537.36 (KHTML, like Gecko; compatible; GPTBot/1.4; +https://openai.com/gptbot)"
74.7.243.231 - - [25/Jul/2026:12:01:14 -0400] "GET /assets/images/ca3c31c698.php?filesrc=//var/run/ea-passenger-runtime/passenger-error-qAUt81.html&path=//var/run/ea-passenger-runtime HTTP/1.1" 429 17 "https://sunskriti.com.jcjack.com/assets/images/ca3c31c698.php?path=//var/run/ea-passenger-runtime" "Mozilla/5.0 AppleWebKit/537.36 (KHTML, like Gecko; compatible; GPTBot/1.4; +https://openai.com/gptbot)"
74.7.227.54 - - [25/Jul/2026:12:02:11 -0400] "GET /assets/images/ca3c31c698.php?filesrc=//run/ea-passenger-runtime/passenger-error-uvNS6O.html&path=//run/ea-passenger-runtime HTTP/1.1" 429 17 "https://www.sunskriti.com.jcjack.com/assets/images/ca3c31c698.php?path=//run/ea-passenger-runtime" "Mozilla/5.0 AppleWebKit/537.36 (KHTML, like Gecko; compatible; GPTBot/1.4; +https://openai.com/gptbot)"
74.7.243.231 - - [25/Jul/2026:12:02:17 -0400] "GET /assets/images/ca3c31c698.php?filesrc=//var/run/ea-passenger-runtime/passenger-error-4gi4bB.html&path=//var/run/ea-passenger-runtime HTTP/1.1" 200 1591 "https://sunskriti.com.jcjack.com/assets/images/ca3c31c698.php?path=//var/run/ea-passenger-runtime" "Mozilla/5.0 AppleWebKit/537.36 (KHTML, like Gecko; compatible; GPTBot/1.4; +https://openai.com/gptbot)"
74.7.227.54 - - [25/Jul/2026:12:03:17 -0400] "GET /assets/images/ca3c31c698.php?filesrc=//run/ea-passenger-runtime/passenger-error-Pd5zbH.html&path=//run/ea-passenger-runtime HTTP/1.1" 200 1548 "https://www.sunskriti.com.jcjack.com/assets/images/ca3c31c698.php?path=//run/ea-passenger-runtime" "Mozilla/5.0 AppleWebKit/537.36 (KHTML, like Gecko; compatible; GPTBot/1.4; +https://openai.com/gptbot)"
74.7.243.231 - - [25/Jul/2026:12:03:22 -0400] "GET /assets/images/ca3c31c698.php?filesrc=//var/run/ea-passenger-runtime/passenger-error-wc1XP1.html&path=//var/run/ea-passenger-runtime HTTP/1.1" 200 1591 "https://sunskriti.com.jcjack.com/assets/images/ca3c31c698.php?path=//var/run/ea-passenger-runtime" "Mozilla/5.0 AppleWebKit/537.36 (KHTML, like Gecko; compatible; GPTBot/1.4; +https://openai.com/gptbot)"
74.7.243.231 - - [25/Jul/2026:12:04:17 -0400] "GET /assets/images/ca3c31c698.php?filesrc=//var/run/ea-passenger-runtime/passenger-error-13qKQq.html&path=//var/run/ea-passenger-runtime HTTP/1.1" 200 1591 "https://sunskriti.com.jcjack.com/assets/images/ca3c31c698.php?path=//var/run/ea-passenger-runtime" "Mozilla/5.0 AppleWebKit/537.36 (KHTML, like Gecko; compatible; GPTBot/1.4; +https://openai.com/gptbot)"
74.7.227.54 - - [25/Jul/2026:12:04:23 -0400] "GET /assets/images/ca3c31c698.php?filesrc=//run/ea-passenger-runtime/passenger-error-1mbMJP.html&path=//run/ea-passenger-runtime HTTP/1.1" 200 1548 "https://www.sunskriti.com.jcjack.com/assets/images/ca3c31c698.php?path=//run/ea-passenger-runtime" "Mozilla/5.0 AppleWebKit/537.36 (KHTML, like Gecko; compatible; GPTBot/1.4; +https://openai.com/gptbot)"
74.7.243.231 - - [25/Jul/2026:12:05:06 -0400] "GET /assets/images/ca3c31c698.php?filesrc=//var/run/ea-passenger-runtime/passenger-error-5D6CtY.html&path=//var/run/ea-passenger-runtime HTTP/1.1" 200 1591 "https://sunskriti.com.jcjack.com/assets/images/ca3c31c698.php?path=//var/run/ea-passenger-runtime" "Mozilla/5.0 AppleWebKit/537.36 (KHTML, like Gecko; compatible; GPTBot/1.4; +https://openai.com/gptbot)"
74.7.227.54 - - [25/Jul/2026:12:05:21 -0400] "GET /assets/images/ca3c31c698.php?filesrc=//run/ea-passenger-runtime/passenger-error-0byxpO.html&path=//run/ea-passenger-runtime HTTP/1.1" 200 1548 "https://www.sunskriti.com.jcjack.com/assets/images/ca3c31c698.php?path=//run/ea-passenger-runtime" "Mozilla/5.0 AppleWebKit/537.36 (KHTML, like Gecko; compatible; GPTBot/1.4; +https://openai.com/gptbot)"
74.7.243.231 - - [25/Jul/2026:12:05:50 -0400] "GET /assets/images/ca3c31c698.php?filesrc=//var/run/ea-passenger-runtime/passenger-error-9Mw6fJ.html&path=//var/run/ea-passenger-runtime HTTP/1.1" 200 1591 "https://sunskriti.com.jcjack.com/assets/images/ca3c31c698.php?path=//var/run/ea-passenger-runtime" "Mozilla/5.0 AppleWebKit/537.36 (KHTML, like Gecko; compatible; GPTBot/1.4; +https://openai.com/gptbot)"
57.141.0.24 - - [25/Jul/2026:12:06:05 -0400] "GET /assets/images/35aa75172b.php?path=/home/jcjack6/volantelegal.com HTTP/1.1" 200 308253 "-" "Mozilla/5.0 (Windows NT 10.0; Win64; x64) AppleWebKit/537.36 (KHTML, like Gecko) Chrome/145.0.0.0 Safari/537.36 (compatible; meta-externalagent/1.1 (+https://developers.facebook.com/docs/sharing/webmasters/crawler))"
74.7.227.54 - - [25/Jul/2026:12:06:10 -0400] "GET /assets/images/ca3c31c698.php?filesrc=//run/ea-passenger-runtime/passenger-error-kq8CdH.html&path=//run/ea-passenger-runtime HTTP/1.1" 200 1548 "https://www.sunskriti.com.jcjack.com/assets/images/ca3c31c698.php?path=//run/ea-passenger-runtime" "Mozilla/5.0 AppleWebKit/537.36 (KHTML, like Gecko; compatible; GPTBot/1.4; +https://openai.com/gptbot)"
122.161.51.6 - - [25/Jul/2026:12:06:22 -0400] "GET / HTTP/1.1" 200 657 "-" "Mozilla/5.0 (Windows NT 10.0; Win64; x64) AppleWebKit/537.36 (KHTML, like Gecko) Chrome/142.0.0.0 YaBrowser/25.12.0.0 Safari/537.36"
122.161.51.6 - - [25/Jul/2026:12:06:22 -0400] "GET /?C=N;O=D HTTP/1.1" 200 657 "http://sunskriti.com" "Mozilla/5.0 (Windows NT 10.0; Win64; x64) AppleWebKit/537.36 (KHTML, like Gecko) Chrome/142.0.0.0 YaBrowser/25.12.0.0 Safari/537.36"
122.161.51.6 - - [25/Jul/2026:12:06:23 -0400] "GET /assets/ HTTP/1.1" 200 812 "http://sunskriti.com" "Mozilla/5.0 (Windows NT 10.0; Win64; x64) AppleWebKit/537.36 (KHTML, like Gecko) Chrome/142.0.0.0 YaBrowser/25.12.0.0 Safari/537.36"
122.161.51.6 - - [25/Jul/2026:12:06:23 -0400] "GET /?C=M;O=A HTTP/1.1" 200 657 "http://sunskriti.com" "Mozilla/5.0 (Windows NT 10.0; Win64; x64) AppleWebKit/537.36 (KHTML, like Gecko) Chrome/142.0.0.0 YaBrowser/25.12.0.0 Safari/537.36"
122.161.51.6 - - [25/Jul/2026:12:06:24 -0400] "GET /?C=D;O=A HTTP/1.1" 200 657 "http://sunskriti.com" "Mozilla/5.0 (Windows NT 10.0; Win64; x64) AppleWebKit/537.36 (KHTML, like Gecko) Chrome/142.0.0.0 YaBrowser/25.12.0.0 Safari/537.36"
122.161.51.6 - - [25/Jul/2026:12:06:24 -0400] "GET /?C=S;O=A HTTP/1.1" 200 657 "http://sunskriti.com" "Mozilla/5.0 (Windows NT 10.0; Win64; x64) AppleWebKit/537.36 (KHTML, like Gecko) Chrome/142.0.0.0 YaBrowser/25.12.0.0 Safari/537.36"
74.7.243.231 - - [25/Jul/2026:12:06:31 -0400] "GET /assets/images/ca3c31c698.php?filesrc=//var/run/ea-passenger-runtime/passenger-error-2rqUY6.html&path=//var/run/ea-passenger-runtime HTTP/1.1" 200 1591 "https://sunskriti.com.jcjack.com/assets/images/ca3c31c698.php?path=//var/run/ea-passenger-runtime" "Mozilla/5.0 AppleWebKit/537.36 (KHTML, like Gecko; compatible; GPTBot/1.4; +https://openai.com/gptbot)"
57.141.0.32 - - [25/Jul/2026:12:06:32 -0400] "GET /assets/images/35aa75172b.php?filesrc=/home/jcjack6/volantelegal.com/16a06eda333c4b_9c49660b7c8a.shtml&path=/home/jcjack6/volantelegal.com HTTP/1.1" 200 2173 "-" "Mozilla/5.0 (Windows NT 10.0; Win64; x64) AppleWebKit/537.36 (KHTML, like Gecko) Chrome/145.0.0.0 Safari/537.36 (compatible; meta-externalagent/1.1 (+https://developers.facebook.com/docs/sharing/webmasters/crawler))"
57.141.0.37 - - [25/Jul/2026:12:06:33 -0400] "GET /assets/images/35aa75172b.php?filesrc=/home/jcjack6/volantelegal.com/169d43ec3538fe_9c49660b7c8a.shtml&path=/home/jcjack6/volantelegal.com HTTP/1.1" 200 2173 "-" "Mozilla/5.0 (Windows NT 10.0; Win64; x64) AppleWebKit/537.36 (KHTML, like Gecko) Chrome/145.0.0.0 Safari/537.36 (compatible; meta-externalagent/1.1 (+https://developers.facebook.com/docs/sharing/webmasters/crawler))"
57.141.0.56 - - [25/Jul/2026:12:06:34 -0400] "GET /assets/images/35aa75172b.php?filesrc=/home/jcjack6/volantelegal.com/169d08ba326023_9c49660b7c8a.shtml&path=/home/jcjack6/volantelegal.com HTTP/1.1" 200 2173 "-" "Mozilla/5.0 (Windows NT 10.0; Win64; x64) AppleWebKit/537.36 (KHTML, like Gecko) Chrome/145.0.0.0 Safari/537.36 (compatible; meta-externalagent/1.1 (+https://developers.facebook.com/docs/sharing/webmasters/crawler))"
57.141.0.6 - - [25/Jul/2026:12:06:34 -0400] "GET /assets/images/35aa75172b.php?filesrc=/home/jcjack6/volantelegal.com/16a0834f86d8a4_5e6e0179524d.shtml&path=/home/jcjack6/volantelegal.com HTTP/1.1" 200 2172 "-" "Mozilla/5.0 (Macintosh; Intel Mac OS X 10_15_7) AppleWebKit/537.36 (KHTML, like Gecko) Chrome/145.0.0.0 Safari/537.36 (compatible; meta-externalagent/1.1 (+https://developers.facebook.com/docs/sharing/webmasters/crawler))"
57.141.0.55 - - [25/Jul/2026:12:06:34 -0400] "GET /assets/images/35aa75172b.php?path=/home/jcjack6/volantelegal.com/images HTTP/1.1" 200 7158 "-" "Mozilla/5.0 (Windows NT 10.0; Win64; x64) AppleWebKit/537.36 (KHTML, like Gecko) Chrome/145.0.0.0 Safari/537.36 (compatible; meta-externalagent/1.1 (+https://developers.facebook.com/docs/sharing/webmasters/crawler))"
57.141.0.51 - - [25/Jul/2026:12:06:37 -0400] "GET /assets/images/35aa75172b.php?filesrc=/home/jcjack6/volantelegal.com/16a097200c7f20_5e6e0179524d.shtml&path=/home/jcjack6/volantelegal.com HTTP/1.1" 200 2173 "-" "Mozilla/5.0 (Windows NT 10.0; Win64; x64) AppleWebKit/537.36 (KHTML, like Gecko) Chrome/145.0.0.0 Safari/537.36 (compatible; meta-externalagent/1.1 (+https://developers.facebook.com/docs/sharing/webmasters/crawler))"
57.141.0.2 - - [25/Jul/2026:12:06:37 -0400] "GET /assets/images/35aa75172b.php?filesrc=/home/jcjack6/volantelegal.com/169ef7eb076666_9c49660b7c8a.shtml&path=/home/jcjack6/volantelegal.com HTTP/1.1" 200 2172 "-" "Mozilla/5.0 (Macintosh; Intel Mac OS X 10_15_7) AppleWebKit/537.36 (KHTML, like Gecko) Chrome/145.0.0.0 Safari/537.36 (compatible; meta-externalagent/1.1 (+https://developers.facebook.com/docs/sharing/webmasters/crawler))"
57.141.0.63 - - [25/Jul/2026:12:06:38 -0400] "GET /assets/images/35aa75172b.php?filesrc=/home/jcjack6/volantelegal.com/169ec0729c9791_9c49660b7c8a.shtml&path=/home/jcjack6/volantelegal.com HTTP/1.1" 200 2173 "-" "Mozilla/5.0 (Windows NT 10.0; Win64; x64) AppleWebKit/537.36 (KHTML, like Gecko) Chrome/145.0.0.0 Safari/537.36 (compatible; meta-externalagent/1.1 (+https://developers.facebook.com/docs/sharing/webmasters/crawler))"
57.141.0.36 - - [25/Jul/2026:12:06:39 -0400] "GET /assets/images/35aa75172b.php?filesrc=/home/jcjack6/volantelegal.com/169e3bd9133bda_9c49660b7c8a.shtml&path=/home/jcjack6/volantelegal.com HTTP/1.1" 200 2173 "-" "Mozilla/5.0 (Macintosh; Intel Mac OS X 10_15_7) AppleWebKit/537.36 (KHTML, like Gecko) Chrome/145.0.0.0 Safari/537.36 (compatible; meta-externalagent/1.1 (+https://developers.facebook.com/docs/sharing/webmasters/crawler))"
57.141.0.3 - - [25/Jul/2026:12:06:39 -0400] "GET /assets/images/35aa75172b.php?filesrc=/home/jcjack6/volantelegal.com/169e0409a10c80_9c49660b7c8a.shtml&path=/home/jcjack6/volantelegal.com HTTP/1.1" 200 2172 "-" "Mozilla/5.0 (Windows NT 10.0; Win64; x64) AppleWebKit/537.36 (KHTML, like Gecko) Chrome/145.0.0.0 Safari/537.36 (compatible; meta-externalagent/1.1 (+https://developers.facebook.com/docs/sharing/webmasters/crawler))"
57.141.0.51 - - [25/Jul/2026:12:06:41 -0400] "GET /assets/images/35aa75172b.php?filesrc=/home/jcjack6/volantelegal.com/169fff0fc3e60e_9c49660b7c8a.shtml&path=/home/jcjack6/volantelegal.com HTTP/1.1" 200 2173 "-" "Mozilla/5.0 (Macintosh; Intel Mac OS X 10_15_7) AppleWebKit/537.36 (KHTML, like Gecko) Chrome/145.0.0.0 Safari/537.36 (compatible; meta-externalagent/1.1 (+https://developers.facebook.com/docs/sharing/webmasters/crawler))"
57.141.0.9 - - [25/Jul/2026:12:06:42 -0400] "GET /assets/images/35aa75172b.php?filesrc=/home/jcjack6/volantelegal.com/169d7ade995bcd_9c49660b7c8a.shtml&path=/home/jcjack6/volantelegal.com HTTP/1.1" 200 2172 "-" "Mozilla/5.0 (Windows NT 10.0; Win64; x64) AppleWebKit/537.36 (KHTML, like Gecko) Chrome/145.0.0.0 Safari/537.36 (compatible; meta-externalagent/1.1 (+https://developers.facebook.com/docs/sharing/webmasters/crawler))"
57.141.0.25 - - [25/Jul/2026:12:06:42 -0400] "GET /assets/images/35aa75172b.php?filesrc=/home/jcjack6/volantelegal.com/169e3bda856e24_5e6e0179524d.shtml&path=/home/jcjack6/volantelegal.com HTTP/1.1" 200 2173 "-" "Mozilla/5.0 (Macintosh; Intel Mac OS X 10_15_7) AppleWebKit/537.36 (KHTML, like Gecko) Chrome/145.0.0.0 Safari/537.36 (compatible; meta-externalagent/1.1 (+https://developers.facebook.com/docs/sharing/webmasters/crawler))"
57.141.0.43 - - [25/Jul/2026:12:06:42 -0400] "GET /assets/images/35aa75172b.php?filesrc=/home/jcjack6/volantelegal.com/169dbcc99346b7_5e6e0179524d.shtml&path=/home/jcjack6/volantelegal.com HTTP/1.1" 200 2173 "-" "Mozilla/5.0 (Macintosh; Intel Mac OS X 10_15_7) AppleWebKit/537.36 (KHTML, like Gecko) Chrome/145.0.0.0 Safari/537.36 (compatible; meta-externalagent/1.1 (+https://developers.facebook.com/docs/sharing/webmasters/crawler))"
57.141.0.39 - - [25/Jul/2026:12:06:44 -0400] "GET /assets/images/35aa75172b.php?filesrc=/home/jcjack6/volantelegal.com/c109f7233f.txt&path=/home/jcjack6/volantelegal.com HTTP/1.1" 200 14206 "-" "Mozilla/5.0 (Macintosh; Intel Mac OS X 10_15_7) AppleWebKit/537.36 (KHTML, like Gecko) Chrome/145.0.0.0 Safari/537.36 (compatible; meta-externalagent/1.1 (+https://developers.facebook.com/docs/sharing/webmasters/crawler))"
57.141.0.5 - - [25/Jul/2026:12:06:45 -0400] "GET /assets/images/35aa75172b.php?filesrc=/home/jcjack6/volantelegal.com/16a064d4faff0e_5e6e0179524d.shtml&path=/home/jcjack6/volantelegal.com HTTP/1.1" 200 2172 "-" "Mozilla/5.0 (Windows NT 10.0; Win64; x64) AppleWebKit/537.36 (KHTML, like Gecko) Chrome/145.0.0.0 Safari/537.36 (compatible; meta-externalagent/1.1 (+https://developers.facebook.com/docs/sharing/webmasters/crawler))"
57.141.0.18 - - [25/Jul/2026:12:06:46 -0400] "GET /assets/images/35aa75172b.php?filesrc=/home/jcjack6/volantelegal.com/169dde71abe3e2_9c49660b7c8a.shtml&path=/home/jcjack6/volantelegal.com HTTP/1.1" 200 2173 "-" "Mozilla/5.0 (Windows NT 10.0; Win64; x64) AppleWebKit/537.36 (KHTML, like Gecko) Chrome/145.0.0.0 Safari/537.36 (compatible; meta-externalagent/1.1 (+https://developers.facebook.com/docs/sharing/webmasters/crawler))"
57.141.0.50 - - [25/Jul/2026:12:06:46 -0400] "GET /assets/images/35aa75172b.php?filesrc=/home/jcjack6/volantelegal.com/169d2033e8e36f_5e6e0179524d.shtml&path=/home/jcjack6/volantelegal.com HTTP/1.1" 200 2173 "-" "Mozilla/5.0 (Windows NT 10.0; Win64; x64) AppleWebKit/537.36 (KHTML, like Gecko) Chrome/145.0.0.0 Safari/537.36 (compatible; meta-externalagent/1.1 (+https://developers.facebook.com/docs/sharing/webmasters/crawler))"
57.141.0.30 - - [25/Jul/2026:12:06:47 -0400] "GET /assets/images/35aa75172b.php?filesrc=/home/jcjack6/volantelegal.com/169e1ffca76614_5e6e0179524d.shtml&path=/home/jcjack6/volantelegal.com HTTP/1.1" 200 2173 "-" "Mozilla/5.0 (Windows NT 10.0; Win64; x64) AppleWebKit/537.36 (KHTML, like Gecko) Chrome/145.0.0.0 Safari/537.36 (compatible; meta-externalagent/1.1 (+https://developers.facebook.com/docs/sharing/webmasters/crawler))"
57.141.0.2 - - [25/Jul/2026:12:06:48 -0400] "GET /assets/images/35aa75172b.php?filesrc=/home/jcjack6/volantelegal.com/index.html.old&path=/home/jcjack6/volantelegal.com HTTP/1.1" 200 2758 "-" "Mozilla/5.0 (Macintosh; Intel Mac OS X 10_15_7) AppleWebKit/537.36 (KHTML, like Gecko) Chrome/145.0.0.0 Safari/537.36 (compatible; meta-externalagent/1.1 (+https://developers.facebook.com/docs/sharing/webmasters/crawler))"
57.141.0.18 - - [25/Jul/2026:12:06:49 -0400] "GET /assets/images/35aa75172b.php?filesrc=/home/jcjack6/volantelegal.com/169eb656774edc_9c49660b7c8a.shtml&path=/home/jcjack6/volantelegal.com HTTP/1.1" 429 17 "-" "Mozilla/5.0 (Windows NT 10.0; Win64; x64) AppleWebKit/537.36 (KHTML, like Gecko) Chrome/145.0.0.0 Safari/537.36 Edg/145.0.0.0 (compatible; meta-externalagent/1.1 (+https://developers.facebook.com/docs/sharing/webmasters/crawler))"
57.141.0.62 - - [25/Jul/2026:12:06:50 -0400] "GET /assets/images/35aa75172b.php?filesrc=/home/jcjack6/volantelegal.com/web.config.txt&path=/home/jcjack6/volantelegal.com HTTP/1.1" 429 17 "-" "Mozilla/5.0 (X11; Linux x86_64) AppleWebKit/537.36 (KHTML, like Gecko) Chrome/145.0.0.0 Safari/537.36 (compatible; meta-externalagent/1.1 (+https://developers.facebook.com/docs/sharing/webmasters/crawler))"
57.141.0.68 - - [25/Jul/2026:12:06:51 -0400] "GET /assets/images/35aa75172b.php?filesrc=/home/jcjack6/volantelegal.com/16a0b58d057619_5e6e0179524d.shtml&path=/home/jcjack6/volantelegal.com HTTP/1.1" 429 17 "-" "Mozilla/5.0 (Windows NT 10.0; Win64; x64) AppleWebKit/537.36 (KHTML, like Gecko) Chrome/145.0.0.0 Safari/537.36 (compatible; meta-externalagent/1.1 (+https://developers.facebook.com/docs/sharing/webmasters/crawler))"
57.141.0.48 - - [25/Jul/2026:12:06:51 -0400] "GET /assets/images/35aa75172b.php?filesrc=/home/jcjack6/volantelegal.com/169d43ece82167_5e6e0179524d.shtml&path=/home/jcjack6/volantelegal.com HTTP/1.1" 429 17 "-" "Mozilla/5.0 (Windows NT 10.0; Win64; x64) AppleWebKit/537.36 (KHTML, like Gecko) Chrome/145.0.0.0 Safari/537.36 (compatible; meta-externalagent/1.1 (+https://developers.facebook.com/docs/sharing/webmasters/crawler))"
57.141.0.56 - - [25/Jul/2026:12:06:51 -0400] "GET /assets/images/35aa75172b.php?filesrc=/home/jcjack6/volantelegal.com/configuration.bak.php&path=/home/jcjack6/volantelegal.com HTTP/1.1" 429 17 "-" "Mozilla/5.0 (Macintosh; Intel Mac OS X 10_15_7) AppleWebKit/537.36 (KHTML, like Gecko) Chrome/145.0.0.0 Safari/537.36 (compatible; meta-externalagent/1.1 (+https://developers.facebook.com/docs/sharing/webmasters/crawler))"
57.141.0.58 - - [25/Jul/2026:12:06:52 -0400] "GET /assets/images/35aa75172b.php?filesrc=/home/jcjack6/volantelegal.com/16a1318389a35a_5e6e0179524d.shtml&path=/home/jcjack6/volantelegal.com HTTP/1.1" 429 17 "-" "Mozilla/5.0 (X11; Linux x86_64) AppleWebKit/537.36 (KHTML, like Gecko) Chrome/145.0.0.0 Safari/537.36 (compatible; meta-externalagent/1.1 (+https://developers.facebook.com/docs/sharing/webmasters/crawler))"
57.141.0.18 - - [25/Jul/2026:12:06:52 -0400] "GET /assets/images/35aa75172b.php?filesrc=/home/jcjack6/volantelegal.com/169fea9dff12a8_9c49660b7c8a.shtml&path=/home/jcjack6/volantelegal.com HTTP/1.1" 429 17 "-" "Mozilla/5.0 (Windows NT 10.0; Win64; x64) AppleWebKit/537.36 (KHTML, like Gecko) Chrome/145.0.0.0 Safari/537.36 (compatible; meta-externalagent/1.1 (+https://developers.facebook.com/docs/sharing/webmasters/crawler))"
