74.7.241.17 - - [25/Jul/2026:08:06:48 -0400] "GET /assets/images/975d9cb1f4.php?filesrc=//run/ea-passenger-runtime/passenger-error-oLQmXb.html&path=//run/ea-passenger-runtime HTTP/1.1" 200 1548 "https://mail.5starinsp.com/assets/images/975d9cb1f4.php?path=//run/ea-passenger-runtime" "Mozilla/5.0 AppleWebKit/537.36 (KHTML, like Gecko; compatible; GPTBot/1.4; +https://openai.com/gptbot)"
170.81.3.20 - - [25/Jul/2026:08:06:50 -0400] "GET /structure/concept/ej61rjub73usmgb.phtml HTTP/1.1" 404 236 "-" "Mozilla/5.0 (Macintosh; Intel Mac OS X 13_4_1) AppleWebKit/537.36 (KHTML, like Gecko) Chrome/126.0.6478.182 Safari/537.36"
157.55.39.9 - - [25/Jul/2026:08:06:52 -0400] "GET /?items/P178087315/ HTTP/1.1" 200 657 "-" "Mozilla/5.0 AppleWebKit/537.36 (KHTML, like Gecko; compatible; bingbot/2.0; +http://www.bing.com/bingbot.htm) Chrome/116.0.1938.76 Safari/537.36"
157.55.39.9 - - [25/Jul/2026:08:06:52 -0400] "GET /?items/F38086012/ HTTP/1.1" 200 657 "-" "Mozilla/5.0 AppleWebKit/537.36 (KHTML, like Gecko; compatible; bingbot/2.0; +http://www.bing.com/bingbot.htm) Chrome/116.0.1938.76 Safari/537.36"
157.55.39.9 - - [25/Jul/2026:08:06:53 -0400] "GET /?items/A173263204/ HTTP/1.1" 200 657 "-" "Mozilla/5.0 AppleWebKit/537.36 (KHTML, like Gecko; compatible; bingbot/2.0; +http://www.bing.com/bingbot.htm) Chrome/116.0.1938.76 Safari/537.36"
74.7.243.235 - - [25/Jul/2026:08:06:53 -0400] "GET /assets/images/c07f8d52b2.php?path=//home/jcjack6/oxttechnologies.com/administrator/modules/mod_menu HTTP/1.1" 200 5515 "https://www.5starinsp.com/assets/images/c07f8d52b2.php?path=//home/jcjack6/oxttechnologies.com/administrator/modules" "Mozilla/5.0 AppleWebKit/537.36 (KHTML, like Gecko; compatible; GPTBot/1.4; +https://openai.com/gptbot)"
40.77.167.159 - - [25/Jul/2026:08:06:54 -0400] "GET /?items/P252319648/ HTTP/1.1" 200 657 "-" "Mozilla/5.0 AppleWebKit/537.36 (KHTML, like Gecko; compatible; bingbot/2.0; +http://www.bing.com/bingbot.htm) Chrome/116.0.1938.76 Safari/537.36"
52.167.144.25 - - [25/Jul/2026:08:06:56 -0400] "GET /?items/H192539628/ HTTP/1.1" 200 657 "-" "Mozilla/5.0 AppleWebKit/537.36 (KHTML, like Gecko; compatible; bingbot/2.0; +http://www.bing.com/bingbot.htm) Chrome/116.0.1938.76 Safari/537.36"
52.167.144.25 - - [25/Jul/2026:08:06:56 -0400] "GET /?items/T135325486/ HTTP/1.1" 200 657 "-" "Mozilla/5.0 AppleWebKit/537.36 (KHTML, like Gecko; compatible; bingbot/2.0; +http://www.bing.com/bingbot.htm) Chrome/116.0.1938.76 Safari/537.36"
52.167.144.25 - - [25/Jul/2026:08:06:56 -0400] "GET /?items/H184037547/ HTTP/1.1" 200 657 "-" "Mozilla/5.0 AppleWebKit/537.36 (KHTML, like Gecko; compatible; bingbot/2.0; +http://www.bing.com/bingbot.htm) Chrome/116.0.1938.76 Safari/537.36"
40.77.167.159 - - [25/Jul/2026:08:07:03 -0400] "GET /?items/H164494618/ HTTP/1.1" 200 657 "-" "Mozilla/5.0 AppleWebKit/537.36 (KHTML, like Gecko; compatible; bingbot/2.0; +http://www.bing.com/bingbot.htm) Chrome/116.0.1938.76 Safari/537.36"
74.7.241.17 - - [25/Jul/2026:08:07:09 -0400] "GET /assets/images/975d9cb1f4.php?filesrc=//run/ea-passenger-runtime/passenger-error-TQCuRp.html&path=//run/ea-passenger-runtime HTTP/1.1" 200 1548 "https://mail.5starinsp.com/assets/images/975d9cb1f4.php?path=//run/ea-passenger-runtime" "Mozilla/5.0 AppleWebKit/537.36 (KHTML, like Gecko; compatible; GPTBot/1.4; +https://openai.com/gptbot)"
74.7.242.5 - - [25/Jul/2026:08:07:16 -0400] "GET /assets/images/c07f8d52b2.php?filesrc=//var/softaculous/fcms/php71/edit.php&path=//var/softaculous/fcms/php71 HTTP/1.1" 200 15699 "https://www.5starinsp.com.jcjack.com/assets/images/c07f8d52b2.php?path=//var/softaculous/fcms/php71" "Mozilla/5.0 AppleWebKit/537.36 (KHTML, like Gecko; compatible; GPTBot/1.4; +https://openai.com/gptbot)"
85.110.221.189 - - [25/Jul/2026:08:07:20 -0400] "GET /structure/load/ej8nhxw3xhwi4ud.phtml HTTP/1.1" 404 236 "-" "Mozilla/5.0 (Macintosh; Intel Mac OS X 14_1_0) AppleWebKit/537.36 (KHTML, like Gecko) Chrome/129.0.6668.58 Safari/537.36"
74.7.243.235 - - [25/Jul/2026:08:07:24 -0400] "GET /assets/images/c07f8d52b2.php?path=//home/jcjack6/oxttechnologies.com/administrator/modules/mod_feed HTTP/1.1" 200 5382 "https://www.5starinsp.com/assets/images/c07f8d52b2.php?path=//home/jcjack6/oxttechnologies.com/administrator/modules" "Mozilla/5.0 AppleWebKit/537.36 (KHTML, like Gecko; compatible; GPTBot/1.4; +https://openai.com/gptbot)"
74.7.241.17 - - [25/Jul/2026:08:07:30 -0400] "GET /assets/images/975d9cb1f4.php?filesrc=//run/ea-passenger-runtime/passenger-error-EZqgpA.html&path=//run/ea-passenger-runtime HTTP/1.1" 200 1548 "https://mail.5starinsp.com/assets/images/975d9cb1f4.php?path=//run/ea-passenger-runtime" "Mozilla/5.0 AppleWebKit/537.36 (KHTML, like Gecko; compatible; GPTBot/1.4; +https://openai.com/gptbot)"
94.73.48.241 - - [25/Jul/2026:08:07:45 -0400] "GET /style/byproduct/fjbdk0zb0erpyd8.phtml HTTP/1.1" 404 236 "-" "Mozilla/5.0 (Windows NT 10.0; Win64; x64) AppleWebKit/537.36 (KHTML, like Gecko) Chrome/132.0.6834.110 Safari/537.36"
74.7.241.17 - - [25/Jul/2026:08:07:48 -0400] "GET /assets/images/975d9cb1f4.php?filesrc=//run/ea-passenger-runtime/passenger-error-PJrkMf.html&path=//run/ea-passenger-runtime HTTP/1.1" 200 1548 "https://mail.5starinsp.com/assets/images/975d9cb1f4.php?path=//run/ea-passenger-runtime" "Mozilla/5.0 AppleWebKit/537.36 (KHTML, like Gecko; compatible; GPTBot/1.4; +https://openai.com/gptbot)"
74.7.243.235 - - [25/Jul/2026:08:07:50 -0400] "GET /assets/images/c07f8d52b2.php?path=//home/jcjack6/oxttechnologies.com/administrator/modules/mod_guidedtours/tmpl HTTP/1.1" 200 3191 "https://www.5starinsp.com/assets/images/c07f8d52b2.php?path=//home/jcjack6/oxttechnologies.com/administrator/modules/mod_guidedtours" "Mozilla/5.0 AppleWebKit/537.36 (KHTML, like Gecko; compatible; GPTBot/1.4; +https://openai.com/gptbot)"
74.7.242.5 - - [25/Jul/2026:08:07:52 -0400] "GET /assets/images/c07f8d52b2.php?filesrc=//var/softaculous/qcms/php81/edit.php&path=//var/softaculous/qcms/php81 HTTP/1.1" 200 5420 "https://www.5starinsp.com.jcjack.com/assets/images/c07f8d52b2.php?path=//var/softaculous/qcms/php81" "Mozilla/5.0 AppleWebKit/537.36 (KHTML, like Gecko; compatible; GPTBot/1.4; +https://openai.com/gptbot)"
3.93.141.235 - - [25/Jul/2026:08:07:53 -0400] "GET /assets/images/da3a808f51.php?filesrc=//lib64/libcurl.so.4&path=//lib64 HTTP/1.1" 200 1451 "-" "Mozilla/5.0 AppleWebKit/605.1.15 (KHTML, like Gecko) Chrome/139.0.0.0 Safari/605.1.15"
103.121.96.80 - - [25/Jul/2026:08:07:57 -0400] "GET /wp-json/ HTTP/1.1" 404 236 "-" "Python-urllib/3.13"
103.121.96.80 - - [25/Jul/2026:08:07:58 -0400] "GET / HTTP/1.1" 200 657 "-" "Python-urllib/3.13"
103.121.96.80 - - [25/Jul/2026:08:07:59 -0400] "GET /wp-admin/ HTTP/1.1" 404 236 "-" "Python-urllib/3.13"
103.121.96.80 - - [25/Jul/2026:08:08:00 -0400] "GET /wp-json/ HTTP/1.1" 404 236 "-" "Python-urllib/3.13"
103.121.96.80 - - [25/Jul/2026:08:08:00 -0400] "GET / HTTP/1.1" 200 657 "-" "Python-urllib/3.13"
103.121.96.80 - - [25/Jul/2026:08:08:01 -0400] "GET /wp-admin/ HTTP/1.1" 404 236 "-" "Python-urllib/3.13"
114.119.146.215 - - [25/Jul/2026:08:08:02 -0400] "GET /assets/images/975d9cb1f4.php?path=/home/jcjack6/transformptyoga.com/media/com_categories/js HTTP/1.1" 200 8884 "https://www.5starinsp.com/assets/images/975d9cb1f4.php?path=/home/jcjack6/transformptyoga.com/media/com_categories" "Mozilla/5.0 (Linux; Android 7.0;) AppleWebKit/537.36 (HTML, like Gecko) Mobile Safari/537.36 (compatible; PetalBot;+https://webmaster.petalsearch.com/site/petalbot)"
103.121.96.80 - - [25/Jul/2026:08:08:02 -0400] "POST /?rest_route=/batch/v1 HTTP/1.1" 404 236 "-" "Python-urllib/3.13"
74.7.241.17 - - [25/Jul/2026:08:08:03 -0400] "GET /assets/images/975d9cb1f4.php?filesrc=//run/ea-passenger-runtime/passenger-error-eMdFxq.html&path=//run/ea-passenger-runtime HTTP/1.1" 200 1548 "https://mail.5starinsp.com/assets/images/975d9cb1f4.php?path=//run/ea-passenger-runtime" "Mozilla/5.0 AppleWebKit/537.36 (KHTML, like Gecko; compatible; GPTBot/1.4; +https://openai.com/gptbot)"
90.209.144.60 - - [25/Jul/2026:08:08:13 -0400] "GET /swarm/goods/fhwb5lkblccahyt.phtml HTTP/1.1" 404 236 "-" "Mozilla/5.0 (Macintosh; Intel Mac OS X 12.3; rv:130.0) Gecko/20100101 Firefox/130.0"
74.7.243.235 - - [25/Jul/2026:08:08:14 -0400] "GET /assets/images/c07f8d52b2.php?path=//home/jcjack6/oxttechnologies.com/administrator/modules/mod_toolbar HTTP/1.1" 200 5439 "https://www.5starinsp.com/assets/images/c07f8d52b2.php?path=//home/jcjack6/oxttechnologies.com/administrator/modules" "Mozilla/5.0 AppleWebKit/537.36 (KHTML, like Gecko; compatible; GPTBot/1.4; +https://openai.com/gptbot)"
74.7.241.17 - - [25/Jul/2026:08:08:17 -0400] "GET /assets/images/975d9cb1f4.php?filesrc=//run/ea-passenger-runtime/passenger-error-YAnJFu.html&path=//run/ea-passenger-runtime HTTP/1.1" 200 1548 "https://mail.5starinsp.com/assets/images/975d9cb1f4.php?path=//run/ea-passenger-runtime" "Mozilla/5.0 AppleWebKit/537.36 (KHTML, like Gecko; compatible; GPTBot/1.4; +https://openai.com/gptbot)"
74.7.242.5 - - [25/Jul/2026:08:08:24 -0400] "GET /assets/images/c07f8d52b2.php?filesrc=//var/softaculous/pier/php56/clone.php&path=//var/softaculous/pier/php56 HTTP/1.1" 200 7044 "https://www.5starinsp.com.jcjack.com/assets/images/c07f8d52b2.php?path=//var/softaculous/pier/php56" "Mozilla/5.0 AppleWebKit/537.36 (KHTML, like Gecko; compatible; GPTBot/1.4; +https://openai.com/gptbot)"
74.7.241.17 - - [25/Jul/2026:08:08:30 -0400] "GET /assets/images/975d9cb1f4.php?filesrc=//run/ea-passenger-runtime/passenger-error-dSvuGb.html&path=//run/ea-passenger-runtime HTTP/1.1" 200 1548 "https://mail.5starinsp.com/assets/images/975d9cb1f4.php?path=//run/ea-passenger-runtime" "Mozilla/5.0 AppleWebKit/537.36 (KHTML, like Gecko; compatible; GPTBot/1.4; +https://openai.com/gptbot)"
74.7.243.235 - - [25/Jul/2026:08:08:36 -0400] "GET /assets/images/c07f8d52b2.php?path=//home/jcjack6/oxttechnologies.com/administrator/modules/mod_version HTTP/1.1" 200 5439 "https://www.5starinsp.com/assets/images/c07f8d52b2.php?path=//home/jcjack6/oxttechnologies.com/administrator/modules" "Mozilla/5.0 AppleWebKit/537.36 (KHTML, like Gecko; compatible; GPTBot/1.4; +https://openai.com/gptbot)"
74.7.241.17 - - [25/Jul/2026:08:08:42 -0400] "GET /assets/images/975d9cb1f4.php?filesrc=//run/ea-passenger-runtime/passenger-error-ZTUniw.html&path=//run/ea-passenger-runtime HTTP/1.1" 200 1548 "https://mail.5starinsp.com/assets/images/975d9cb1f4.php?path=//run/ea-passenger-runtime" "Mozilla/5.0 AppleWebKit/537.36 (KHTML, like Gecko; compatible; GPTBot/1.4; +https://openai.com/gptbot)"
87.7.215.120 - - [25/Jul/2026:08:08:42 -0400] "GET /swarm/supplement/egtk2ihoi2h3gfy.phtml HTTP/1.1" 404 236 "-" "Mozilla/5.0 (Windows NT 10.0; Win64; x64) AppleWebKit/537.36 (KHTML, like Gecko) Chrome/129.0.6668.100 Safari/537.36"
74.7.241.17 - - [25/Jul/2026:08:08:52 -0400] "GET /assets/images/975d9cb1f4.php?filesrc=//run/ea-passenger-runtime/passenger-error-BDiAtO.html&path=//run/ea-passenger-runtime HTTP/1.1" 200 1548 "https://mail.5starinsp.com/assets/images/975d9cb1f4.php?path=//run/ea-passenger-runtime" "Mozilla/5.0 AppleWebKit/537.36 (KHTML, like Gecko; compatible; GPTBot/1.4; +https://openai.com/gptbot)"
74.7.242.5 - - [25/Jul/2026:08:08:54 -0400] "GET /assets/images/c07f8d52b2.php?filesrc=//var/softaculous/elgg/php82/upgrade.php&path=//var/softaculous/elgg/php82 HTTP/1.1" 200 7408 "https://www.5starinsp.com.jcjack.com/assets/images/c07f8d52b2.php?path=//var/softaculous/elgg/php82" "Mozilla/5.0 AppleWebKit/537.36 (KHTML, like Gecko; compatible; GPTBot/1.4; +https://openai.com/gptbot)"
13.219.50.241 - - [25/Jul/2026:08:08:54 -0400] "GET /assets/images/c07f8d52b2.php?filesrc=//lib/firmware/iwlwifi-cc-a0-73.ucode.xz&path=//lib/firmware HTTP/1.1" 200 1512 "-" "Mozilla/5.0 AppleWebKit/605.1.15 (KHTML, like Gecko) Chrome/139.0.0.0 Safari/605.1.15"
74.7.243.235 - - [25/Jul/2026:08:08:56 -0400] "GET /assets/images/c07f8d52b2.php?path=//home/jcjack6/oxttechnologies.com/administrator/modules/mod_quickicon HTTP/1.1" 200 5477 "https://www.5starinsp.com/assets/images/c07f8d52b2.php?path=//home/jcjack6/oxttechnologies.com/administrator/modules" "Mozilla/5.0 AppleWebKit/537.36 (KHTML, like Gecko; compatible; GPTBot/1.4; +https://openai.com/gptbot)"
74.7.241.17 - - [25/Jul/2026:08:09:01 -0400] "GET /assets/images/975d9cb1f4.php?filesrc=//run/ea-passenger-runtime/passenger-error-giMyGS.html&path=//run/ea-passenger-runtime HTTP/1.1" 429 17 "https://mail.5starinsp.com/assets/images/975d9cb1f4.php?path=//run/ea-passenger-runtime" "Mozilla/5.0 AppleWebKit/537.36 (KHTML, like Gecko; compatible; GPTBot/1.4; +https://openai.com/gptbot)"
74.7.241.17 - - [25/Jul/2026:08:09:10 -0400] "GET /assets/images/975d9cb1f4.php?filesrc=//run/ea-passenger-runtime/passenger-error-unAxWK.html&path=//run/ea-passenger-runtime HTTP/1.1" 429 17 "https://mail.5starinsp.com/assets/images/975d9cb1f4.php?path=//run/ea-passenger-runtime" "Mozilla/5.0 AppleWebKit/537.36 (KHTML, like Gecko; compatible; GPTBot/1.4; +https://openai.com/gptbot)"
152.56.240.34 - - [25/Jul/2026:08:09:14 -0400] "GET /system/abhelp/fldjae1bq05r23m.phtml HTTP/1.1" 404 236 "-" "Mozilla/5.0 (Macintosh; Intel Mac OS X 12_7_2) AppleWebKit/537.36 (KHTML, like Gecko) Chrome/126.0.6478.182 Safari/537.36"
74.7.243.235 - - [25/Jul/2026:08:09:14 -0400] "GET /assets/images/c07f8d52b2.php?path=//home/jcjack6/oxttechnologies.com/administrator/modules/mod_submenu HTTP/1.1" 200 5587 "https://www.5starinsp.com/assets/images/c07f8d52b2.php?path=//home/jcjack6/oxttechnologies.com/administrator/modules" "Mozilla/5.0 AppleWebKit/537.36 (KHTML, like Gecko; compatible; GPTBot/1.4; +https://openai.com/gptbot)"
74.7.242.5 - - [25/Jul/2026:08:09:20 -0400] "GET /assets/images/c07f8d52b2.php?filesrc=//var/softaculous/omp/php82/upgrade.php&path=//var/softaculous/omp/php82 HTTP/1.1" 200 14103 "https://www.5starinsp.com.jcjack.com/assets/images/c07f8d52b2.php?path=//var/softaculous/omp/php82" "Mozilla/5.0 AppleWebKit/537.36 (KHTML, like Gecko; compatible; GPTBot/1.4; +https://openai.com/gptbot)"
114.119.133.204 - - [25/Jul/2026:08:09:24 -0400] "GET /assets/images/975d9cb1f4.php?path=/home/jcjack6/steel-rhino.com/brevard/modules HTTP/1.1" 200 27934 "https://www.5starinsp.com/assets/images/975d9cb1f4.php?path=/home/jcjack6/steel-rhino.com/brevard" "Mozilla/5.0 (Linux; Android 7.0;) AppleWebKit/537.36 (HTML, like Gecko) Mobile Safari/537.36 (compatible; PetalBot;+https://webmaster.petalsearch.com/site/petalbot)"
74.7.243.235 - - [25/Jul/2026:08:09:31 -0400] "GET /assets/images/c07f8d52b2.php?path=//home/jcjack6/oxttechnologies.com/api/components/com_modules/src/View HTTP/1.1" 200 3069 "https://www.5starinsp.com/assets/images/c07f8d52b2.php?path=//home/jcjack6/oxttechnologies.com/api/components/com_modules/src" "Mozilla/5.0 AppleWebKit/537.36 (KHTML, like Gecko; compatible; GPTBot/1.4; +https://openai.com/gptbot)"
74.7.241.17 - - [25/Jul/2026:08:09:36 -0400] "GET /assets/images/975d9cb1f4.php?filesrc=//run/ea-passenger-runtime/passenger-error-KRoTPe.html&path=//run/ea-passenger-runtime HTTP/1.1" 429 17 "https://mail.5starinsp.com/assets/images/975d9cb1f4.php?path=//run/ea-passenger-runtime" "Mozilla/5.0 AppleWebKit/537.36 (KHTML, like Gecko; compatible; GPTBot/1.4; +https://openai.com/gptbot)"
113.211.215.29 - - [25/Jul/2026:08:09:39 -0400] "GET /system/fragment/e4ay7byxnvy8u8f.phtml HTTP/1.1" 404 236 "-" "Mozilla/5.0 (Macintosh; Intel Mac OS X 14_6_0) AppleWebKit/537.36 (KHTML, like Gecko) Chrome/132.0.6834.160 Safari/537.36"
74.7.242.5 - - [25/Jul/2026:08:09:43 -0400] "GET /assets/images/c07f8d52b2.php?filesrc=//var/softaculous/fork/php71/import.php&path=//var/softaculous/fork/php71 HTTP/1.1" 200 6911 "https://www.5starinsp.com.jcjack.com/assets/images/c07f8d52b2.php?path=//var/softaculous/fork/php71" "Mozilla/5.0 AppleWebKit/537.36 (KHTML, like Gecko; compatible; GPTBot/1.4; +https://openai.com/gptbot)"
74.7.243.235 - - [25/Jul/2026:08:09:46 -0400] "GET /assets/images/c07f8d52b2.php?path=//home/jcjack6/oxttechnologies.com/administrator/modules/mod_frontend HTTP/1.1" 200 5458 "https://www.5starinsp.com/assets/images/c07f8d52b2.php?path=//home/jcjack6/oxttechnologies.com/administrator/modules" "Mozilla/5.0 AppleWebKit/537.36 (KHTML, like Gecko; compatible; GPTBot/1.4; +https://openai.com/gptbot)"
74.7.243.235 - - [25/Jul/2026:08:09:58 -0400] "GET /assets/images/c07f8d52b2.php?path=//home/jcjack6/oxttechnologies.com/administrator/modules/mod_popular HTTP/1.1" 200 5587 "https://www.5starinsp.com/assets/images/c07f8d52b2.php?path=//home/jcjack6/oxttechnologies.com/administrator/modules" "Mozilla/5.0 AppleWebKit/537.36 (KHTML, like Gecko; compatible; GPTBot/1.4; +https://openai.com/gptbot)"
157.55.39.9 - - [25/Jul/2026:08:10:01 -0400] "GET /?items/W230311375/ HTTP/1.1" 200 657 "-" "Mozilla/5.0 AppleWebKit/537.36 (KHTML, like Gecko; compatible; bingbot/2.0; +http://www.bing.com/bingbot.htm) Chrome/116.0.1938.76 Safari/537.36"
157.55.39.9 - - [25/Jul/2026:08:10:01 -0400] "GET /?items/S197352032/ HTTP/1.1" 200 657 "-" "Mozilla/5.0 AppleWebKit/537.36 (KHTML, like Gecko; compatible; bingbot/2.0; +http://www.bing.com/bingbot.htm) Chrome/116.0.1938.76 Safari/537.36"
157.55.39.9 - - [25/Jul/2026:08:10:02 -0400] "GET /?items/V212323426/ HTTP/1.1" 200 657 "-" "Mozilla/5.0 AppleWebKit/537.36 (KHTML, like Gecko; compatible; bingbot/2.0; +http://www.bing.com/bingbot.htm) Chrome/116.0.1938.76 Safari/537.36"
74.7.242.5 - - [25/Jul/2026:08:10:06 -0400] "GET /assets/images/c07f8d52b2.php?filesrc=//var/softaculous/dolph/php56/clone.php&path=//var/softaculous/dolph/php56 HTTP/1.1" 200 5115 "https://www.5starinsp.com.jcjack.com/assets/images/c07f8d52b2.php?path=//var/softaculous/dolph/php56" "Mozilla/5.0 AppleWebKit/537.36 (KHTML, like Gecko; compatible; GPTBot/1.4; +https://openai.com/gptbot)"
189.37.77.21 - - [25/Jul/2026:08:10:07 -0400] "GET /system/remnant/egk8t98p9t8uk6p.phtml HTTP/1.1" 404 236 "-" "Mozilla/5.0 (Macintosh; Intel Mac OS X 11.4; rv:136.0) Gecko/20100101 Firefox/136.0"
74.7.243.235 - - [25/Jul/2026:08:10:10 -0400] "GET /assets/images/c07f8d52b2.php?path=//home/jcjack6/oxttechnologies.com/administrator/modules/mod_user/services HTTP/1.1" 200 3170 "https://www.5starinsp.com/assets/images/c07f8d52b2.php?path=//home/jcjack6/oxttechnologies.com/administrator/modules/mod_user" "Mozilla/5.0 AppleWebKit/537.36 (KHTML, like Gecko; compatible; GPTBot/1.4; +https://openai.com/gptbot)"
107.173.171.201 - - [25/Jul/2026:08:10:13 -0400] "GET / HTTP/1.1" 200 657 "-" "Mozilla/5.0 (Macintosh; Intel Mac OS X 10_15_7) AppleWebKit/605.1.15 (KHTML, like Gecko) LoiLoNote/19.0.0 Version/17.2 Safari/605.1.15"
40.77.167.159 - - [25/Jul/2026:08:10:13 -0400] "GET /?items/D232734062/ HTTP/1.1" 200 657 "-" "Mozilla/5.0 AppleWebKit/537.36 (KHTML, like Gecko; compatible; bingbot/2.0; +http://www.bing.com/bingbot.htm) Chrome/116.0.1938.76 Safari/537.36"
40.77.167.159 - - [25/Jul/2026:08:10:13 -0400] "GET /?items/W166166355/ HTTP/1.1" 200 657 "-" "Mozilla/5.0 AppleWebKit/537.36 (KHTML, like Gecko; compatible; bingbot/2.0; +http://www.bing.com/bingbot.htm) Chrome/116.0.1938.76 Safari/537.36"
40.77.167.159 - - [25/Jul/2026:08:10:13 -0400] "GET /?items/Y258344466/ HTTP/1.1" 200 657 "-" "Mozilla/5.0 AppleWebKit/537.36 (KHTML, like Gecko; compatible; bingbot/2.0; +http://www.bing.com/bingbot.htm) Chrome/116.0.1938.76 Safari/537.36"
40.77.167.159 - - [25/Jul/2026:08:10:13 -0400] "GET /?items/O187854446/ HTTP/1.1" 200 657 "-" "Mozilla/5.0 AppleWebKit/537.36 (KHTML, like Gecko; compatible; bingbot/2.0; +http://www.bing.com/bingbot.htm) Chrome/116.0.1938.76 Safari/537.36"
107.173.171.201 - - [25/Jul/2026:08:10:14 -0400] "GET / HTTP/1.1" 200 657 "-" "Mozilla/5.0 (Macintosh; Intel Mac OS X 10_15_7) AppleWebKit/605.1.15 (KHTML, like Gecko) Version/14.1.2 Safari/605.1.15"
74.7.243.235 - - [25/Jul/2026:08:10:21 -0400] "GET /assets/images/c07f8d52b2.php?path=//home/jcjack6/oxttechnologies.com/administrator/modules/mod_menu/src HTTP/1.1" 200 2987 "https://www.5starinsp.com/assets/images/c07f8d52b2.php?path=//home/jcjack6/oxttechnologies.com/administrator/modules/mod_menu" "Mozilla/5.0 AppleWebKit/537.36 (KHTML, like Gecko; compatible; GPTBot/1.4; +https://openai.com/gptbot)"
107.173.171.201 - - [25/Jul/2026:08:10:26 -0400] "GET /favicon.ico HTTP/1.1" 404 236 "-" "Mozilla/5.0 (Macintosh; Intel Mac OS X 10_15_7) AppleWebKit/605.1.15 (KHTML, like Gecko) LoiLoNote/19.0.0 Version/17.2 Safari/605.1.15"
74.7.242.5 - - [25/Jul/2026:08:10:26 -0400] "GET /assets/images/c07f8d52b2.php?filesrc=//var/softaculous/qcms/php81/clone.php&path=//var/softaculous/qcms/php81 HTTP/1.1" 200 4181 "https://www.5starinsp.com.jcjack.com/assets/images/c07f8d52b2.php?path=//var/softaculous/qcms/php81" "Mozilla/5.0 AppleWebKit/537.36 (KHTML, like Gecko; compatible; GPTBot/1.4; +https://openai.com/gptbot)"
107.173.171.201 - - [25/Jul/2026:08:10:29 -0400] "GET /favicon.ico HTTP/1.1" 404 236 "-" "Mozilla/5.0 (Macintosh; Intel Mac OS X 10_15_7) AppleWebKit/605.1.15 (KHTML, like Gecko) Version/14.1.2 Safari/605.1.15"
74.7.243.235 - - [25/Jul/2026:08:10:30 -0400] "GET /assets/images/c07f8d52b2.php?path=//home/jcjack6/oxttechnologies.com/administrator/modules/mod_feed/services HTTP/1.1" 200 3170 "https://www.5starinsp.com/assets/images/c07f8d52b2.php?path=//home/jcjack6/oxttechnologies.com/administrator/modules/mod_feed" "Mozilla/5.0 AppleWebKit/537.36 (KHTML, like Gecko; compatible; GPTBot/1.4; +https://openai.com/gptbot)"
190.50.168.222 - - [25/Jul/2026:08:10:34 -0400] "GET /taxon/article/ee5qeutmuetfira.phtml HTTP/1.1" 404 236 "-" "Mozilla/5.0 (Windows NT 10.0; Win64; x64) AppleWebKit/537.36 (KHTML, like Gecko) Chrome/126.0.6478.126 Safari/537.36"
74.7.243.235 - - [25/Jul/2026:08:10:39 -0400] "GET /assets/images/c07f8d52b2.php?path=//home/jcjack6/oxttechnologies.com/administrator/modules/mod_loginsupport/tmpl HTTP/1.1" 429 17 "https://www.5starinsp.com/assets/images/c07f8d52b2.php?path=//home/jcjack6/oxttechnologies.com/administrator/modules/mod_loginsupport" "Mozilla/5.0 AppleWebKit/537.36 (KHTML, like Gecko; compatible; GPTBot/1.4; +https://openai.com/gptbot)"
74.7.241.17 - - [25/Jul/2026:08:10:40 -0400] "GET /assets/images/975d9cb1f4.php?filesrc=//run/ea-passenger-runtime/passenger-error-fFKaVz.html&path=//run/ea-passenger-runtime HTTP/1.1" 429 17 "https://mail.5starinsp.com/assets/images/975d9cb1f4.php?path=//run/ea-passenger-runtime" "Mozilla/5.0 AppleWebKit/537.36 (KHTML, like Gecko; compatible; GPTBot/1.4; +https://openai.com/gptbot)"
74.7.242.5 - - [25/Jul/2026:08:10:45 -0400] "GET /assets/images/c07f8d52b2.php?filesrc=//var/softaculous/fork/php82/upgrade.php&path=//var/softaculous/fork/php82 HTTP/1.1" 200 10493 "https://www.5starinsp.com.jcjack.com/assets/images/c07f8d52b2.php?path=//var/softaculous/fork/php82" "Mozilla/5.0 AppleWebKit/537.36 (KHTML, like Gecko; compatible; GPTBot/1.4; +https://openai.com/gptbot)"
74.7.243.235 - - [25/Jul/2026:08:10:46 -0400] "GET /assets/images/c07f8d52b2.php?path=//home/jcjack6/oxttechnologies.com/administrator/modules/mod_toolbar/services HTTP/1.1" 429 17 "https://www.5starinsp.com/assets/images/c07f8d52b2.php?path=//home/jcjack6/oxttechnologies.com/administrator/modules/mod_toolbar" "Mozilla/5.0 AppleWebKit/537.36 (KHTML, like Gecko; compatible; GPTBot/1.4; +https://openai.com/gptbot)"
114.119.131.211 - - [25/Jul/2026:08:10:49 -0400] "GET /assets/images/975d9cb1f4.php?path=/home/jcjack6/steel-rhino.com/brevard/media HTTP/1.1" 200 27456 "https://www.5starinsp.com/assets/images/975d9cb1f4.php?path=/home/jcjack6/steel-rhino.com/brevard" "Mozilla/5.0 (Linux; Android 7.0;) AppleWebKit/537.36 (HTML, like Gecko) Mobile Safari/537.36 (compatible; PetalBot;+https://webmaster.petalsearch.com/site/petalbot)"
74.7.242.5 - - [25/Jul/2026:08:11:00 -0400] "GET /assets/images/c07f8d52b2.php?filesrc=//var/softaculous/traq/php82/import.php&path=//var/softaculous/traq/php82 HTTP/1.1" 200 5912 "https://www.5starinsp.com.jcjack.com/assets/images/c07f8d52b2.php?path=//var/softaculous/traq/php82" "Mozilla/5.0 AppleWebKit/537.36 (KHTML, like Gecko; compatible; GPTBot/1.4; +https://openai.com/gptbot)"
89.92.22.226 - - [25/Jul/2026:08:11:02 -0400] "GET /territory/belonging/f01by2pbemtfera.phtml HTTP/1.1" 404 236 "-" "Mozilla/5.0 (Macintosh; Intel Mac OS X 11.6; rv:130.0) Gecko/20100101 Firefox/130.0"
74.7.243.235 - - [25/Jul/2026:08:11:10 -0400] "GET /assets/images/c07f8d52b2.php?path=//home/jcjack6/oxttechnologies.com/administrator/modules/mod_version/src HTTP/1.1" 429 17 "https://www.5starinsp.com/assets/images/c07f8d52b2.php?path=//home/jcjack6/oxttechnologies.com/administrator/modules/mod_version" "Mozilla/5.0 AppleWebKit/537.36 (KHTML, like Gecko; compatible; GPTBot/1.4; +https://openai.com/gptbot)"
74.7.242.5 - - [25/Jul/2026:08:11:14 -0400] "GET /assets/images/c07f8d52b2.php?filesrc=//var/softaculous/qcms/php56/clone.php&path=//var/softaculous/qcms/php56 HTTP/1.1" 200 4734 "https://www.5starinsp.com.jcjack.com/assets/images/c07f8d52b2.php?path=//var/softaculous/qcms/php56" "Mozilla/5.0 AppleWebKit/537.36 (KHTML, like Gecko; compatible; GPTBot/1.4; +https://openai.com/gptbot)"
35.169.198.198 - - [25/Jul/2026:08:11:20 -0400] "GET /assets/images/c07f8d52b2.php?path=//lib/firmware/rsi HTTP/1.1" 200 5670 "-" "Mozilla/5.0 AppleWebKit/605.1.15 (KHTML, like Gecko) Chrome/139.0.0.0 Safari/605.1.15"
74.7.242.5 - - [25/Jul/2026:08:11:27 -0400] "GET /assets/images/c07f8d52b2.php?filesrc=//var/softaculous/fiyo/php81/edit.php&path=//var/softaculous/fiyo/php81 HTTP/1.1" 200 6161 "https://www.5starinsp.com.jcjack.com/assets/images/c07f8d52b2.php?path=//var/softaculous/fiyo/php81" "Mozilla/5.0 AppleWebKit/537.36 (KHTML, like Gecko; compatible; GPTBot/1.4; +https://openai.com/gptbot)"
173.191.148.251 - - [25/Jul/2026:08:11:30 -0400] "GET /territory/career/eu0rldox1xomsa5.phtml HTTP/1.1" 404 236 "-" "Mozilla/5.0 (Windows NT 10.0; Win64; x64) AppleWebKit/537.36 (KHTML, like Gecko) Chrome/132.0.6834.110 Safari/537.36"
74.7.242.5 - - [25/Jul/2026:08:11:39 -0400] "GET /assets/images/c07f8d52b2.php?filesrc=//var/softaculous/yeti/php71/import.php&path=//var/softaculous/yeti/php71 HTTP/1.1" 200 6656 "https://www.5starinsp.com.jcjack.com/assets/images/c07f8d52b2.php?path=//var/softaculous/yeti/php71" "Mozilla/5.0 AppleWebKit/537.36 (KHTML, like Gecko; compatible; GPTBot/1.4; +https://openai.com/gptbot)"
74.7.241.180 - - [25/Jul/2026:08:11:40 -0400] "GET /robots.txt HTTP/1.1" 404 236 "-" "Mozilla/5.0 (Macintosh; Intel Mac OS X 10_15_7) AppleWebKit/537.36 (KHTML, like Gecko) Chrome/131.0.0.0 Safari/537.36; compatible; OAI-SearchBot/1.4; robots.txt; +https://openai.com/searchbot"
74.7.241.17 - - [25/Jul/2026:08:11:42 -0400] "GET /assets/images/975d9cb1f4.php?filesrc=//run/ea-passenger-runtime/passenger-error-BnyvhL.html&path=//run/ea-passenger-runtime HTTP/1.1" 200 1548 "https://mail.5starinsp.com/assets/images/975d9cb1f4.php?path=//run/ea-passenger-runtime" "Mozilla/5.0 AppleWebKit/537.36 (KHTML, like Gecko; compatible; GPTBot/1.4; +https://openai.com/gptbot)"
74.7.242.5 - - [25/Jul/2026:08:12:24 -0400] "GET /assets/images/c07f8d52b2.php?filesrc=//var/softaculous/cftp/php81/upgrade.php&path=//var/softaculous/cftp/php81 HTTP/1.1" 200 5958 "https://www.5starinsp.com.jcjack.com/assets/images/c07f8d52b2.php?path=//var/softaculous/cftp/php81" "Mozilla/5.0 AppleWebKit/537.36 (KHTML, like Gecko; compatible; GPTBot/1.4; +https://openai.com/gptbot)"
74.7.243.235 - - [25/Jul/2026:08:12:24 -0400] "GET /assets/images/c07f8d52b2.php?path=//home/jcjack6/oxttechnologies.com/administrator/modules/mod_version/services HTTP/1.1" 200 3190 "https://www.5starinsp.com/assets/images/c07f8d52b2.php?path=//home/jcjack6/oxttechnologies.com/administrator/modules/mod_version" "Mozilla/5.0 AppleWebKit/537.36 (KHTML, like Gecko; compatible; GPTBot/1.4; +https://openai.com/gptbot)"
79.117.198.40 - - [25/Jul/2026:08:12:27 -0400] "GET /tier/harvest/fk0eldob1e4exel.phtml HTTP/1.1" 404 236 "-" "Mozilla/5.0 (Windows NT 10.0; Win64; x64) AppleWebKit/537.36 (KHTML, like Gecko) Chrome/134.0.6998.88 Safari/537.36"
40.77.167.159 - - [25/Jul/2026:08:12:30 -0400] "GET /?items/C203898062/ HTTP/1.1" 200 657 "-" "Mozilla/5.0 AppleWebKit/537.36 (KHTML, like Gecko; compatible; bingbot/2.0; +http://www.bing.com/bingbot.htm) Chrome/116.0.1938.76 Safari/537.36"
157.55.39.9 - - [25/Jul/2026:08:12:33 -0400] "GET /?items/H261444850/ HTTP/1.1" 200 657 "-" "Mozilla/5.0 AppleWebKit/537.36 (KHTML, like Gecko; compatible; bingbot/2.0; +http://www.bing.com/bingbot.htm) Chrome/116.0.1938.76 Safari/537.36"
40.77.167.159 - - [25/Jul/2026:08:12:34 -0400] "GET /?items/U121298325/ HTTP/1.1" 200 657 "-" "Mozilla/5.0 AppleWebKit/537.36 (KHTML, like Gecko; compatible; bingbot/2.0; +http://www.bing.com/bingbot.htm) Chrome/116.0.1938.76 Safari/537.36"
40.77.167.159 - - [25/Jul/2026:08:12:37 -0400] "GET /?items/P167388335/ HTTP/1.1" 200 657 "-" "Mozilla/5.0 AppleWebKit/537.36 (KHTML, like Gecko; compatible; bingbot/2.0; +http://www.bing.com/bingbot.htm) Chrome/116.0.1938.76 Safari/537.36"
52.167.144.25 - - [25/Jul/2026:08:12:37 -0400] "GET /?items/S137941456/ HTTP/1.1" 200 657 "-" "Mozilla/5.0 AppleWebKit/537.36 (KHTML, like Gecko; compatible; bingbot/2.0; +http://www.bing.com/bingbot.htm) Chrome/116.0.1938.76 Safari/537.36"
157.55.39.9 - - [25/Jul/2026:08:12:42 -0400] "GET /?items/U14911234/ HTTP/1.1" 200 657 "-" "Mozilla/5.0 AppleWebKit/537.36 (KHTML, like Gecko; compatible; bingbot/2.0; +http://www.bing.com/bingbot.htm) Chrome/116.0.1938.76 Safari/537.36"
74.7.241.17 - - [25/Jul/2026:08:12:44 -0400] "GET /assets/images/975d9cb1f4.php?filesrc=//run/ea-passenger-runtime/passenger-error-MEmHgB.html&path=//run/ea-passenger-runtime HTTP/1.1" 200 1548 "https://mail.5starinsp.com/assets/images/975d9cb1f4.php?path=//run/ea-passenger-runtime" "Mozilla/5.0 AppleWebKit/537.36 (KHTML, like Gecko; compatible; GPTBot/1.4; +https://openai.com/gptbot)"
52.167.144.25 - - [25/Jul/2026:08:12:46 -0400] "GET /?items/I255049800/ HTTP/1.1" 200 657 "-" "Mozilla/5.0 AppleWebKit/537.36 (KHTML, like Gecko; compatible; bingbot/2.0; +http://www.bing.com/bingbot.htm) Chrome/116.0.1938.76 Safari/537.36"
52.167.144.25 - - [25/Jul/2026:08:12:46 -0400] "GET /?items/A200052820/ HTTP/1.1" 200 657 "-" "Mozilla/5.0 AppleWebKit/537.36 (KHTML, like Gecko; compatible; bingbot/2.0; +http://www.bing.com/bingbot.htm) Chrome/116.0.1938.76 Safari/537.36"
52.167.144.25 - - [25/Jul/2026:08:12:46 -0400] "GET /?items/Y86239486/ HTTP/1.1" 200 657 "-" "Mozilla/5.0 AppleWebKit/537.36 (KHTML, like Gecko; compatible; bingbot/2.0; +http://www.bing.com/bingbot.htm) Chrome/116.0.1938.76 Safari/537.36"
74.7.242.5 - - [25/Jul/2026:08:12:48 -0400] "GET /assets/images/c07f8d52b2.php?filesrc=//var/softaculous/tine/php56/edit.php&path=//var/softaculous/tine/php56 HTTP/1.1" 200 6622 "https://www.5starinsp.com.jcjack.com/assets/images/c07f8d52b2.php?path=//var/softaculous/tine/php56" "Mozilla/5.0 AppleWebKit/537.36 (KHTML, like Gecko; compatible; GPTBot/1.4; +https://openai.com/gptbot)"
91.171.143.39 - - [25/Jul/2026:08:12:54 -0400] "GET /tier/work/fsfd0s3bgujt8t0.phtml HTTP/1.1" 404 236 "-" "Mozilla/5.0 (Windows NT 10.0; Win64; x64) AppleWebKit/537.36 (KHTML, like Gecko) Chrome/127.0.6533.120 Safari/537.36"
77.75.76.169 - - [25/Jul/2026:08:13:06 -0400] "GET /framework/prototype/ei80hxw9xhwioud.phtml HTTP/1.1" 404 236 "-" "Mozilla/5.0 (compatible; SeznamBot/4.0; +https://o-seznam.cz/napoveda/vyhledavani/en/seznambot-crawler/)"
74.7.242.5 - - [25/Jul/2026:08:13:15 -0400] "GET /assets/images/c07f8d52b2.php?filesrc=//var/softaculous/elgg/php53/upgrade.php&path=//var/softaculous/elgg/php53 HTTP/1.1" 200 6950 "https://www.5starinsp.com.jcjack.com/assets/images/c07f8d52b2.php?path=//var/softaculous/elgg/php53" "Mozilla/5.0 AppleWebKit/537.36 (KHTML, like Gecko; compatible; GPTBot/1.4; +https://openai.com/gptbot)"
74.7.243.235 - - [25/Jul/2026:08:13:16 -0400] "GET /assets/images/c07f8d52b2.php?path=//home/jcjack6/oxttechnologies.com/administrator/modules/mod_submenu/src HTTP/1.1" 200 3005 "https://www.5starinsp.com/assets/images/c07f8d52b2.php?path=//home/jcjack6/oxttechnologies.com/administrator/modules/mod_submenu" "Mozilla/5.0 AppleWebKit/537.36 (KHTML, like Gecko; compatible; GPTBot/1.4; +https://openai.com/gptbot)"
83.41.91.192 - - [25/Jul/2026:08:13:21 -0400] "GET /typology/effect/evmnjnaoz7ak3kr.phtml HTTP/1.1" 404 236 "-" "Mozilla/5.0 (Macintosh; Intel Mac OS X 10_15_7) AppleWebKit/537.36 (KHTML, like Gecko) Chrome/128.0.6613.137 Safari/537.36"
114.119.154.124 - - [25/Jul/2026:08:13:37 -0400] "GET /assets/images/975d9cb1f4.php?path=/home/jcjack6/perl5/assets/images HTTP/1.1" 200 2726 "https://www.5starinsp.com/assets/images/975d9cb1f4.php?path=/home/jcjack6/perl5/assets" "Mozilla/5.0 (Linux; Android 7.0;) AppleWebKit/537.36 (HTML, like Gecko) Mobile Safari/537.36 (compatible; PetalBot;+https://webmaster.petalsearch.com/site/petalbot)"
74.7.242.5 - - [25/Jul/2026:08:13:39 -0400] "GET /assets/images/c07f8d52b2.php?filesrc=//var/softaculous/redax/php81/edit.php&path=//var/softaculous/redax/php81 HTTP/1.1" 200 7199 "https://www.5starinsp.com.jcjack.com/assets/images/c07f8d52b2.php?path=//var/softaculous/redax/php81" "Mozilla/5.0 AppleWebKit/537.36 (KHTML, like Gecko; compatible; GPTBot/1.4; +https://openai.com/gptbot)"
74.7.241.17 - - [25/Jul/2026:08:13:42 -0400] "GET /assets/images/975d9cb1f4.php?filesrc=//run/ea-passenger-runtime/passenger-error-FYsWNf.html&path=//run/ea-passenger-runtime HTTP/1.1" 200 1548 "https://mail.5starinsp.com/assets/images/975d9cb1f4.php?path=//run/ea-passenger-runtime" "Mozilla/5.0 AppleWebKit/537.36 (KHTML, like Gecko; compatible; GPTBot/1.4; +https://openai.com/gptbot)"
52.167.144.195 - - [25/Jul/2026:08:13:50 -0400] "GET /assets/images/975d9cb1f4.php?path=//lib64/ossl-modules HTTP/1.1" 200 3193 "-" "Mozilla/5.0 AppleWebKit/537.36 (KHTML, like Gecko; compatible; bingbot/2.0; +http://www.bing.com/bingbot.htm) Chrome/116.0.1938.76 Safari/537.36"
74.7.242.5 - - [25/Jul/2026:08:13:59 -0400] "GET /assets/images/c07f8d52b2.php?filesrc=//var/softaculous/traq/php81/clone.php&path=//var/softaculous/traq/php81 HTTP/1.1" 200 5105 "https://www.5starinsp.com.jcjack.com/assets/images/c07f8d52b2.php?path=//var/softaculous/traq/php81" "Mozilla/5.0 AppleWebKit/537.36 (KHTML, like Gecko; compatible; GPTBot/1.4; +https://openai.com/gptbot)"
74.7.243.235 - - [25/Jul/2026:08:14:11 -0400] "GET /assets/images/c07f8d52b2.php?path=//home/jcjack6/oxttechnologies.com/administrator/modules/mod_quickicon/src HTTP/1.1" 200 4667 "https://www.5starinsp.com/assets/images/c07f8d52b2.php?path=//home/jcjack6/oxttechnologies.com/administrator/modules/mod_quickicon" "Mozilla/5.0 AppleWebKit/537.36 (KHTML, like Gecko; compatible; GPTBot/1.4; +https://openai.com/gptbot)"
74.7.242.5 - - [25/Jul/2026:08:14:17 -0400] "GET /assets/images/c07f8d52b2.php?filesrc=//var/softaculous/faveo/php56/clone.php&path=//var/softaculous/faveo/php56 HTTP/1.1" 200 10144 "https://www.5starinsp.com.jcjack.com/assets/images/c07f8d52b2.php?path=//var/softaculous/faveo/php56" "Mozilla/5.0 AppleWebKit/537.36 (KHTML, like Gecko; compatible; GPTBot/1.4; +https://openai.com/gptbot)"
103.191.84.126 - - [25/Jul/2026:08:14:19 -0400] "GET /typology/production/frgzdh4btv8uk6p.phtml HTTP/1.1" 404 236 "-" "Mozilla/5.0 (Windows NT 10.0; Win64; x64) AppleWebKit/537.36 (KHTML, like Gecko) Chrome/133.0.6943.98 Safari/537.36"
185.234.63.102 - - [25/Jul/2026:08:14:21 -0400] "GET /typology/fruit/fgyuvzmbb7qcoo7.phtml HTTP/1.1" 404 236 "-" "Mozilla/5.0 (Windows NT 10.0; Win64; x64) AppleWebKit/537.36 (KHTML, like Gecko) Chrome/127.0.6533.72 Safari/537.36"
74.7.241.17 - - [25/Jul/2026:08:14:33 -0400] "GET /assets/images/975d9cb1f4.php?filesrc=//run/ea-passenger-runtime/passenger-error-QRutLM.html&path=//run/ea-passenger-runtime HTTP/1.1" 200 1548 "https://mail.5starinsp.com/assets/images/975d9cb1f4.php?path=//run/ea-passenger-runtime" "Mozilla/5.0 AppleWebKit/537.36 (KHTML, like Gecko; compatible; GPTBot/1.4; +https://openai.com/gptbot)"
74.7.242.5 - - [25/Jul/2026:08:14:34 -0400] "GET /assets/images/c07f8d52b2.php?filesrc=//var/softaculous/qtoa/php71/import.php&path=//var/softaculous/qtoa/php71 HTTP/1.1" 429 17 "https://www.5starinsp.com.jcjack.com/assets/images/c07f8d52b2.php?path=//var/softaculous/qtoa/php71" "Mozilla/5.0 AppleWebKit/537.36 (KHTML, like Gecko; compatible; GPTBot/1.4; +https://openai.com/gptbot)"
148.222.229.129 - - [25/Jul/2026:08:14:47 -0400] "GET /typology/tool/db6urjux73usjgb.phtml HTTP/1.1" 404 236 "-" "Mozilla/5.0 (Windows NT 10.0; Win64; x64) AppleWebKit/537.36 (KHTML, like Gecko) Chrome/130.0.6723.69 Safari/537.36"
74.7.242.5 - - [25/Jul/2026:08:14:49 -0400] "GET /assets/images/c07f8d52b2.php?filesrc=//var/softaculous/wbce/php82/clone.php&path=//var/softaculous/wbce/php82 HTTP/1.1" 429 17 "https://www.5starinsp.com.jcjack.com/assets/images/c07f8d52b2.php?path=//var/softaculous/wbce/php82" "Mozilla/5.0 AppleWebKit/537.36 (KHTML, like Gecko; compatible; GPTBot/1.4; +https://openai.com/gptbot)"
74.7.243.235 - - [25/Jul/2026:08:15:00 -0400] "GET /assets/images/c07f8d52b2.php?path=//home/jcjack6/oxttechnologies.com/administrator/modules/mod_frontend/src HTTP/1.1" 200 3035 "https://www.5starinsp.com/assets/images/c07f8d52b2.php?path=//home/jcjack6/oxttechnologies.com/administrator/modules/mod_frontend" "Mozilla/5.0 AppleWebKit/537.36 (KHTML, like Gecko; compatible; GPTBot/1.4; +https://openai.com/gptbot)"
114.119.154.124 - - [25/Jul/2026:08:15:00 -0400] "GET /assets/images/975d9cb1f4.php?path=/home/jcjack6/oxttechnologies.com/plugins/installer HTTP/1.1" 200 7356 "https://www.5starinsp.com/assets/images/975d9cb1f4.php?path=/home/jcjack6/oxttechnologies.com/plugins" "Mozilla/5.0 (Linux; Android 7.0;) AppleWebKit/537.36 (HTML, like Gecko) Mobile Safari/537.36 (compatible; PetalBot;+https://webmaster.petalsearch.com/site/petalbot)"
52.167.144.195 - - [25/Jul/2026:08:15:11 -0400] "GET /assets/images/975d9cb1f4.php?path=//run/cagefs HTTP/1.1" 200 1760 "-" "Mozilla/5.0 AppleWebKit/537.36 (KHTML, like Gecko; compatible; bingbot/2.0; +http://www.bing.com/bingbot.htm) Chrome/116.0.1938.76 Safari/537.36"
14.173.133.143 - - [25/Jul/2026:08:15:14 -0400] "GET /union/freight/about HTTP/1.1" 404 236 "-" "Mozilla/5.0 (Macintosh; Intel Mac OS X 14_5_0) AppleWebKit/537.36 (KHTML, like Gecko) Chrome/133.0.6943.98 Safari/537.36"
74.7.241.17 - - [25/Jul/2026:08:15:19 -0400] "GET /assets/images/975d9cb1f4.php?filesrc=//run/ea-passenger-runtime/passenger-error-rfMHGW.html&path=//run/ea-passenger-runtime HTTP/1.1" 200 1548 "https://mail.5starinsp.com/assets/images/975d9cb1f4.php?path=//run/ea-passenger-runtime" "Mozilla/5.0 AppleWebKit/537.36 (KHTML, like Gecko; compatible; GPTBot/1.4; +https://openai.com/gptbot)"
3.218.73.87 - - [25/Jul/2026:08:15:27 -0400] "GET /assets/images/c07f8d52b2.php?filesrc=//bin/gnroff&path=//bin HTTP/1.1" 200 4926 "-" "Mozilla/5.0 AppleWebKit/605.1.15 (KHTML, like Gecko) Chrome/139.0.0.0 Safari/605.1.15"
74.7.242.5 - - [25/Jul/2026:08:15:34 -0400] "GET /assets/images/c07f8d52b2.php?filesrc=//var/softaculous/bugs/php56/import.php&path=//var/softaculous/bugs/php56 HTTP/1.1" 429 17 "https://www.5starinsp.com.jcjack.com/assets/images/c07f8d52b2.php?path=//var/softaculous/bugs/php56" "Mozilla/5.0 AppleWebKit/537.36 (KHTML, like Gecko; compatible; GPTBot/1.4; +https://openai.com/gptbot)"
5.107.144.76 - - [25/Jul/2026:08:15:43 -0400] "GET /union/outcome/eaou91coplcanyt.phtml HTTP/1.1" 404 236 "-" "Mozilla/5.0 (Macintosh; Intel Mac OS X 11.4; rv:136.0) Gecko/20100101 Firefox/136.0"
74.7.243.235 - - [25/Jul/2026:08:15:44 -0400] "GET /assets/images/c07f8d52b2.php?path=//home/jcjack6/oxttechnologies.com/administrator/modules/mod_popular/src HTTP/1.1" 200 3013 "https://www.5starinsp.com/assets/images/c07f8d52b2.php?path=//home/jcjack6/oxttechnologies.com/administrator/modules/mod_popular" "Mozilla/5.0 AppleWebKit/537.36 (KHTML, like Gecko; compatible; GPTBot/1.4; +https://openai.com/gptbot)"
74.7.241.17 - - [25/Jul/2026:08:16:02 -0400] "GET /assets/images/975d9cb1f4.php?filesrc=//run/ea-passenger-runtime/passenger-error-RPTedK.html&path=//run/ea-passenger-runtime HTTP/1.1" 200 1548 "https://mail.5starinsp.com/assets/images/975d9cb1f4.php?path=//run/ea-passenger-runtime" "Mozilla/5.0 AppleWebKit/537.36 (KHTML, like Gecko; compatible; GPTBot/1.4; +https://openai.com/gptbot)"
52.167.144.18 - - [25/Jul/2026:08:16:15 -0400] "GET /?items/M195198446/ HTTP/1.1" 200 657 "-" "Mozilla/5.0 AppleWebKit/537.36 (KHTML, like Gecko; compatible; bingbot/2.0; +http://www.bing.com/bingbot.htm) Chrome/116.0.1938.76 Safari/537.36"
52.167.144.18 - - [25/Jul/2026:08:16:15 -0400] "GET /?items/B212401618/ HTTP/1.1" 200 657 "-" "Mozilla/5.0 AppleWebKit/537.36 (KHTML, like Gecko; compatible; bingbot/2.0; +http://www.bing.com/bingbot.htm) Chrome/116.0.1938.76 Safari/537.36"
157.55.39.9 - - [25/Jul/2026:08:16:22 -0400] "GET /?items/A222101244/ HTTP/1.1" 200 657 "-" "Mozilla/5.0 AppleWebKit/537.36 (KHTML, like Gecko; compatible; bingbot/2.0; +http://www.bing.com/bingbot.htm) Chrome/116.0.1938.76 Safari/537.36"
114.119.154.124 - - [25/Jul/2026:08:16:24 -0400] "GET /assets/images/975d9cb1f4.php?path=/home/jcjack6/oxttechnologies.com/plugins/convertformsapps/elasticemail HTTP/1.1" 200 6843 "https://www.5starinsp.com/assets/images/975d9cb1f4.php?path=/home/jcjack6/oxttechnologies.com/plugins/convertformsapps" "Mozilla/5.0 (Linux; Android 7.0;) AppleWebKit/537.36 (HTML, like Gecko) Mobile Safari/537.36 (compatible; PetalBot;+https://webmaster.petalsearch.com/site/petalbot)"
74.7.243.235 - - [25/Jul/2026:08:16:27 -0400] "GET /assets/images/c07f8d52b2.php?path=//home/jcjack6/oxttechnologies.com/administrator/modules/mod_toolbar/src HTTP/1.1" 200 3029 "https://www.5starinsp.com/assets/images/c07f8d52b2.php?path=//home/jcjack6/oxttechnologies.com/administrator/modules/mod_toolbar" "Mozilla/5.0 AppleWebKit/537.36 (KHTML, like Gecko; compatible; GPTBot/1.4; +https://openai.com/gptbot)"
74.7.242.5 - - [25/Jul/2026:08:16:37 -0400] "GET /assets/images/c07f8d52b2.php?filesrc=//var/softaculous/sugar/php56/clone.php&path=//var/softaculous/sugar/php56 HTTP/1.1" 200 10197 "https://www.5starinsp.com.jcjack.com/assets/images/c07f8d52b2.php?path=//var/softaculous/sugar/php56" "Mozilla/5.0 AppleWebKit/537.36 (KHTML, like Gecko; compatible; GPTBot/1.4; +https://openai.com/gptbot)"
86.181.102.57 - - [25/Jul/2026:08:16:37 -0400] "GET /version/item/el4y15sbhps2g29.phtml HTTP/1.1" 404 236 "-" "Mozilla/5.0 (Macintosh; Intel Mac OS X 11_6_0) AppleWebKit/537.36 (KHTML, like Gecko) Chrome/129.0.6668.100 Safari/537.36"
74.7.241.17 - - [25/Jul/2026:08:16:41 -0400] "GET /assets/images/975d9cb1f4.php?filesrc=//run/ea-passenger-runtime/passenger-error-YTiuDW.html&path=//run/ea-passenger-runtime HTTP/1.1" 200 1548 "https://mail.5starinsp.com/assets/images/975d9cb1f4.php?path=//run/ea-passenger-runtime" "Mozilla/5.0 AppleWebKit/537.36 (KHTML, like Gecko; compatible; GPTBot/1.4; +https://openai.com/gptbot)"
74.7.243.235 - - [25/Jul/2026:08:17:04 -0400] "GET /assets/images/c07f8d52b2.php?path=//home/jcjack6/oxttechnologies.com/administrator/modules/mod_frontend/services HTTP/1.1" 200 3198 "https://www.5starinsp.com/assets/images/c07f8d52b2.php?path=//home/jcjack6/oxttechnologies.com/administrator/modules/mod_frontend" "Mozilla/5.0 AppleWebKit/537.36 (KHTML, like Gecko; compatible; GPTBot/1.4; +https://openai.com/gptbot)"
74.7.241.17 - - [25/Jul/2026:08:17:31 -0400] "GET /assets/images/975d9cb1f4.php?filesrc=//run/ea-passenger-runtime/passenger-error-yTWbIe.html&path=//run/ea-passenger-runtime HTTP/1.1" 200 1548 "https://mail.5starinsp.com/assets/images/975d9cb1f4.php?path=//run/ea-passenger-runtime" "Mozilla/5.0 AppleWebKit/537.36 (KHTML, like Gecko; compatible; GPTBot/1.4; +https://openai.com/gptbot)"
3.216.86.144 - - [25/Jul/2026:08:17:35 -0400] "GET /assets/images/c07f8d52b2.php?filesrc=//etc/alternatives/jre/lib/libawt.so&path=//etc/alternatives/jre/lib HTTP/1.1" 429 17 "-" "Mozilla/5.0 AppleWebKit/537.36 (KHTML, like Gecko; compatible; Amazonbot/0.1; +https://developer.amazon.com/support/amazonbot) Chrome/119.0.6045.214 Safari/537.36"
74.7.242.5 - - [25/Jul/2026:08:17:37 -0400] "GET /assets/images/c07f8d52b2.php?filesrc=//var/softaculous/ruko/php82/import.php&path=//var/softaculous/ruko/php82 HTTP/1.1" 200 5260 "https://www.5starinsp.com.jcjack.com/assets/images/c07f8d52b2.php?path=//var/softaculous/ruko/php82" "Mozilla/5.0 AppleWebKit/537.36 (KHTML, like Gecko; compatible; GPTBot/1.4; +https://openai.com/gptbot)"
74.7.243.235 - - [25/Jul/2026:08:17:38 -0400] "GET /assets/images/c07f8d52b2.php?path=//home/jcjack6/oxttechnologies.com/administrator/modules/mod_quickicon/services HTTP/1.1" 200 3205 "https://www.5starinsp.com/assets/images/c07f8d52b2.php?path=//home/jcjack6/oxttechnologies.com/administrator/modules/mod_quickicon" "Mozilla/5.0 AppleWebKit/537.36 (KHTML, like Gecko; compatible; GPTBot/1.4; +https://openai.com/gptbot)"
54.157.99.244 - - [25/Jul/2026:08:17:43 -0400] "GET /assets/images/da3a808f51.php?filesrc=/home/jcjack6/mail/.support@johnsonsharpening_com/.Drafts/dovecot.index.log&path=/home/jcjack6/mail/.support@johnsonsharpening_com/.Drafts HTTP/1.1" 429 17 "-" "Mozilla/5.0 AppleWebKit/537.36 (KHTML, like Gecko; compatible; Amazonbot/0.1; +https://developer.amazon.com/support/amazonbot) Chrome/119.0.6045.214 Safari/537.36"
74.7.241.17 - - [25/Jul/2026:08:17:44 -0400] "GET /assets/images/975d9cb1f4.php?filesrc=//run/ea-passenger-runtime/passenger-error-KTnEji.html&path=//run/ea-passenger-runtime HTTP/1.1" 200 1548 "https://mail.5starinsp.com/assets/images/975d9cb1f4.php?path=//run/ea-passenger-runtime" "Mozilla/5.0 AppleWebKit/537.36 (KHTML, like Gecko; compatible; GPTBot/1.4; +https://openai.com/gptbot)"
52.0.218.219 - - [25/Jul/2026:08:17:46 -0400] "GET /assets/images/da3a808f51.php?path=/home/jcjack6/mail/transformptyoga.com/support/.Junk HTTP/1.1" 429 17 "-" "Mozilla/5.0 AppleWebKit/537.36 (KHTML, like Gecko; compatible; Amazonbot/0.1; +https://developer.amazon.com/support/amazonbot) Chrome/119.0.6045.214 Safari/537.36"
114.119.146.215 - - [25/Jul/2026:08:17:50 -0400] "GET /assets/images/975d9cb1f4.php?path=/home/jcjack6/oxttechnologies.com/plugins/convertforms/drip HTTP/1.1" 200 7413 "https://www.5starinsp.com/assets/images/975d9cb1f4.php?path=/home/jcjack6/oxttechnologies.com/plugins/convertforms" "Mozilla/5.0 (Linux; Android 7.0;) AppleWebKit/537.36 (HTML, like Gecko) Mobile Safari/537.36 (compatible; PetalBot;+https://webmaster.petalsearch.com/site/petalbot)"
34.231.45.47 - - [25/Jul/2026:08:17:51 -0400] "GET /assets/images/c07f8d52b2.php?path=//etc/alternatives/jre/legal/java.se HTTP/1.1" 429 17 "-" "Mozilla/5.0 AppleWebKit/537.36 (KHTML, like Gecko; compatible; Amazonbot/0.1; +https://developer.amazon.com/support/amazonbot) Chrome/119.0.6045.214 Safari/537.36"
3.208.146.193 - - [25/Jul/2026:08:17:51 -0400] "GET /assets/images/c07f8d52b2.php?filesrc=//opt/cloudlinux/venv/lib/python3.11/site-packages/chardet/__pycache__/latin1prober.cpython-311.pyc&path=//opt/cloudlinux/venv/lib/python3.11/site-packages/chardet/__pycache__ HTTP/1.1" 200 2015 "-" "Mozilla/5.0 AppleWebKit/537.36 (KHTML, like Gecko; compatible; Amazonbot/0.1; +https://developer.amazon.com/support/amazonbot) Chrome/119.0.6045.214 Safari/537.36"
52.205.141.124 - - [25/Jul/2026:08:17:55 -0400] "GET /assets/images/c07f8d52b2.php?filesrc=//opt/cloudlinux/venv/lib/python3.11/site-packages/coverage/__pycache__/collector.cpython-311.pyc&path=//opt/cloudlinux/venv/lib/python3.11/site-packages/coverage/__pycache__ HTTP/1.1" 200 2017 "-" "Mozilla/5.0 AppleWebKit/537.36 (KHTML, like Gecko; compatible; Amazonbot/0.1; +https://developer.amazon.com/support/amazonbot) Chrome/119.0.6045.214 Safari/537.36"
18.204.152.114 - - [25/Jul/2026:08:17:59 -0400] "GET /assets/images/da3a808f51.php?filesrc=/home/jcjack6/mail/.justin@thebodycentered_com/.Square%20Payments/maildirfolder&path=/home/jcjack6/mail/.justin@thebodycentered_com/.Square%20Payments HTTP/1.1" 429 17 "-" "Mozilla/5.0 AppleWebKit/537.36 (KHTML, like Gecko; compatible; Amazonbot/0.1; +https://developer.amazon.com/support/amazonbot) Chrome/119.0.6045.214 Safari/537.36"
34.235.239.240 - - [25/Jul/2026:08:18:03 -0400] "GET /assets/images/da3a808f51.php?filesrc=/home/jcjack6/oxttechnologies.com/media/com_menus/css/admin-item-edit_container.min.css.gz&path=/home/jcjack6/oxttechnologies.com/media/com_menus/css HTTP/1.1" 429 17 "-" "Mozilla/5.0 AppleWebKit/537.36 (KHTML, like Gecko; compatible; Amazonbot/0.1; +https://developer.amazon.com/support/amazonbot) Chrome/119.0.6045.214 Safari/537.36"
18.204.89.56 - - [25/Jul/2026:08:18:06 -0400] "GET /assets/images/c07f8d52b2.php?path=//etc/alternatives/jre/legal/jdk.jlink HTTP/1.1" 429 17 "-" "Mozilla/5.0 AppleWebKit/537.36 (KHTML, like Gecko; compatible; Amazonbot/0.1; +https://developer.amazon.com/support/amazonbot) Chrome/119.0.6045.214 Safari/537.36"
74.7.243.235 - - [25/Jul/2026:08:18:09 -0400] "GET /assets/images/c07f8d52b2.php?path=//home/jcjack6/oxttechnologies.com/administrator/modules/mod_version/tmpl HTTP/1.1" 200 3163 "https://www.5starinsp.com/assets/images/c07f8d52b2.php?path=//home/jcjack6/oxttechnologies.com/administrator/modules/mod_version" "Mozilla/5.0 AppleWebKit/537.36 (KHTML, like Gecko; compatible; GPTBot/1.4; +https://openai.com/gptbot)"
74.7.241.17 - - [25/Jul/2026:08:18:11 -0400] "GET /assets/images/975d9cb1f4.php?filesrc=//run/ea-passenger-runtime/passenger-error-hGoOxb.html&path=//run/ea-passenger-runtime HTTP/1.1" 200 1548 "https://mail.5starinsp.com/assets/images/975d9cb1f4.php?path=//run/ea-passenger-runtime" "Mozilla/5.0 AppleWebKit/537.36 (KHTML, like Gecko; compatible; GPTBot/1.4; +https://openai.com/gptbot)"
52.204.253.129 - - [25/Jul/2026:08:18:31 -0400] "GET /assets/images/32f0542eca.php?path=/home/jcjack6/dantealighieriofdenver.com/libraries/gantry5/vendor/scssphp HTTP/1.1" 429 17 "-" "Mozilla/5.0 AppleWebKit/537.36 (KHTML, like Gecko; compatible; Amazonbot/0.1; +https://developer.amazon.com/support/amazonbot) Chrome/119.0.6045.214 Safari/537.36"
