74.7.241.17 - - [25/Jul/2026:09:49:22 -0400] "GET /assets/images/975d9cb1f4.php?filesrc=//run/ea-passenger-runtime/passenger-error-R0nyPu.html&path=//run/ea-passenger-runtime HTTP/1.1" 200 1548 "https://mail.5starinsp.com/assets/images/975d9cb1f4.php?path=//run/ea-passenger-runtime" "Mozilla/5.0 AppleWebKit/537.36 (KHTML, like Gecko; compatible; GPTBot/1.4; +https://openai.com/gptbot)"
31.94.20.13 - - [25/Jul/2026:09:49:23 -0400] "GET /society/make/f49sumxbaodnwnu.phtml HTTP/1.1" 404 236 "-" "Mozilla/5.0 (Macintosh; Intel Mac OS X 14_6_1) AppleWebKit/537.36 (KHTML, like Gecko) Chrome/131.0.6778.204 Safari/537.36"
74.7.242.5 - - [25/Jul/2026:09:49:33 -0400] "GET /assets/images/c07f8d52b2.php?filesrc=//var/softaculous/ricar/php71/clone.php&path=//var/softaculous/ricar/php71 HTTP/1.1" 200 6509 "https://www.5starinsp.com.jcjack.com/assets/images/c07f8d52b2.php?path=//var/softaculous/ricar/php71" "Mozilla/5.0 AppleWebKit/537.36 (KHTML, like Gecko; compatible; GPTBot/1.4; +https://openai.com/gptbot)"
74.7.243.235 - - [25/Jul/2026:09:49:41 -0400] "GET /assets/images/c07f8d52b2.php?path=//home/jcjack6/transformptyoga.com/templates/it_oxygen HTTP/1.1" 200 25362 "https://www.5starinsp.com/assets/images/c07f8d52b2.php?path=//home/jcjack6/transformptyoga.com/templates" "Mozilla/5.0 AppleWebKit/537.36 (KHTML, like Gecko; compatible; GPTBot/1.4; +https://openai.com/gptbot)"
114.119.157.118 - - [25/Jul/2026:09:49:45 -0400] "GET /assets/images/975d9cb1f4.php?path=/home/jcjack6/oxttechnologies.com/plugins/content/vote HTTP/1.1" 200 5188 "https://www.5starinsp.com/assets/images/975d9cb1f4.php?path=/home/jcjack6/oxttechnologies.com/plugins/content" "Mozilla/5.0 (Linux; Android 7.0;) AppleWebKit/537.36 (HTML, like Gecko) Mobile Safari/537.36 (compatible; PetalBot;+https://webmaster.petalsearch.com/site/petalbot)"
49.43.154.198 - - [25/Jul/2026:09:49:50 -0400] "GET /sorority/design/ech4q65g6q5rg3m.phtml HTTP/1.1" 404 236 "-" "Mozilla/5.0 (Windows NT 10.0; Win64; x64) AppleWebKit/537.36 (KHTML, like Gecko) Chrome/128.0.6613.36 Safari/537.36"
74.7.241.17 - - [25/Jul/2026:09:50:01 -0400] "GET /assets/images/975d9cb1f4.php?filesrc=//run/ea-passenger-runtime/passenger-error-6FweBd.html&path=//run/ea-passenger-runtime HTTP/1.1" 200 1548 "https://mail.5starinsp.com/assets/images/975d9cb1f4.php?path=//run/ea-passenger-runtime" "Mozilla/5.0 AppleWebKit/537.36 (KHTML, like Gecko; compatible; GPTBot/1.4; +https://openai.com/gptbot)"
74.7.243.235 - - [25/Jul/2026:09:50:04 -0400] "GET /assets/images/c07f8d52b2.php?path=//home/jcjack6/transformptyoga.com/administrator/components/com_osmembership/view/category HTTP/1.1" 200 5212 "https://www.5starinsp.com/assets/images/c07f8d52b2.php?path=//home/jcjack6/transformptyoga.com/administrator/components/com_osmembership/view" "Mozilla/5.0 AppleWebKit/537.36 (KHTML, like Gecko; compatible; GPTBot/1.4; +https://openai.com/gptbot)"
179.160.143.9 - - [25/Jul/2026:09:50:14 -0400] "GET /sorority/design/fqgidh4bt88uj6p.phtml HTTP/1.1" 404 236 "-" "Mozilla/5.0 (Macintosh; Intel Mac OS X 11.3; rv:129.0) Gecko/20100101 Firefox/129.0"
74.7.243.235 - - [25/Jul/2026:09:50:24 -0400] "GET /assets/images/c07f8d52b2.php?filesrc=//home/jcjack6/transformptyoga.com/administrator/components/com_scheduler/tmpl/tasks/default.php&path=//home/jcjack6/transformptyoga.com/administrator/components/com_scheduler/tmpl/tasks HTTP/1.1" 200 18652 "https://www.5starinsp.com/assets/images/c07f8d52b2.php?path=//home/jcjack6/transformptyoga.com/administrator/components/com_scheduler/tmpl/tasks" "Mozilla/5.0 AppleWebKit/537.36 (KHTML, like Gecko; compatible; GPTBot/1.4; +https://openai.com/gptbot)"
74.7.242.5 - - [25/Jul/2026:09:50:34 -0400] "GET /assets/images/c07f8d52b2.php?filesrc=//var/softaculous/easyp/php53/clone.php&path=//var/softaculous/easyp/php53 HTTP/1.1" 200 5351 "https://www.5starinsp.com.jcjack.com/assets/images/c07f8d52b2.php?path=//var/softaculous/easyp/php53" "Mozilla/5.0 AppleWebKit/537.36 (KHTML, like Gecko; compatible; GPTBot/1.4; +https://openai.com/gptbot)"
74.7.241.17 - - [25/Jul/2026:09:50:37 -0400] "GET /assets/images/975d9cb1f4.php?filesrc=//run/ea-passenger-runtime/passenger-error-0KTgCp.html&path=//run/ea-passenger-runtime HTTP/1.1" 200 1548 "https://mail.5starinsp.com/assets/images/975d9cb1f4.php?path=//run/ea-passenger-runtime" "Mozilla/5.0 AppleWebKit/537.36 (KHTML, like Gecko; compatible; GPTBot/1.4; +https://openai.com/gptbot)"
46.6.43.85 - - [25/Jul/2026:09:50:39 -0400] "GET /spectrum/module/e4hbq65u6q5ry3m.phtml HTTP/1.1" 404 236 "-" "Mozilla/5.0 (Macintosh; Intel Mac OS X 13_4_1) AppleWebKit/537.36 (KHTML, like Gecko) Chrome/126.0.6478.182 Safari/537.36"
74.7.243.235 - - [25/Jul/2026:09:50:42 -0400] "GET /assets/images/c07f8d52b2.php?path=//home/jcjack6/oxttechnologies.com/administrator/help HTTP/1.1" 200 2748 "https://www.5starinsp.com/assets/images/c07f8d52b2.php?path=//home/jcjack6/oxttechnologies.com/administrator" "Mozilla/5.0 AppleWebKit/537.36 (KHTML, like Gecko; compatible; GPTBot/1.4; +https://openai.com/gptbot)"
74.7.243.235 - - [25/Jul/2026:09:50:58 -0400] "GET /assets/images/c07f8d52b2.php?path=//home/jcjack6/oxttechnologies.com/components/com_contact/forms HTTP/1.1" 200 4866 "https://www.5starinsp.com/assets/images/c07f8d52b2.php?path=//home/jcjack6/oxttechnologies.com/components/com_contact" "Mozilla/5.0 AppleWebKit/537.36 (KHTML, like Gecko; compatible; GPTBot/1.4; +https://openai.com/gptbot)"
95.90.183.211 - - [25/Jul/2026:09:51:03 -0400] "GET /spectrum/object/egekn32r3n2o40j.phtml HTTP/1.1" 404 236 "-" "Mozilla/5.0 (Macintosh; Intel Mac OS X 15_2_0) AppleWebKit/537.36 (KHTML, like Gecko) Chrome/125.0.6422.60 Safari/537.36"
114.119.157.118 - - [25/Jul/2026:09:51:08 -0400] "GET /assets/images/975d9cb1f4.php?path=/home/jcjack6/oxttechnologies.com/plugins/behaviour/versionable HTTP/1.1" 200 4579 "https://www.5starinsp.com/assets/images/975d9cb1f4.php?path=/home/jcjack6/oxttechnologies.com/plugins/behaviour" "Mozilla/5.0 (Linux; Android 7.0;) AppleWebKit/537.36 (HTML, like Gecko) Mobile Safari/537.36 (compatible; PetalBot;+https://webmaster.petalsearch.com/site/petalbot)"
74.7.241.17 - - [25/Jul/2026:09:51:09 -0400] "GET /assets/images/975d9cb1f4.php?filesrc=//run/ea-passenger-runtime/passenger-error-7WQevX.html&path=//run/ea-passenger-runtime HTTP/1.1" 200 1548 "https://mail.5starinsp.com/assets/images/975d9cb1f4.php?path=//run/ea-passenger-runtime" "Mozilla/5.0 AppleWebKit/537.36 (KHTML, like Gecko; compatible; GPTBot/1.4; +https://openai.com/gptbot)"
74.7.243.235 - - [25/Jul/2026:09:51:12 -0400] "GET /assets/images/c07f8d52b2.php?path=//home/jcjack6/oxttechnologies.com/components/com_contact/layouts HTTP/1.1" 200 3671 "https://www.5starinsp.com/assets/images/c07f8d52b2.php?path=//home/jcjack6/oxttechnologies.com/components/com_contact" "Mozilla/5.0 AppleWebKit/537.36 (KHTML, like Gecko; compatible; GPTBot/1.4; +https://openai.com/gptbot)"
74.7.243.235 - - [25/Jul/2026:09:51:26 -0400] "GET /assets/images/c07f8d52b2.php?path=//home/jcjack6/transformptyoga.com/components/com_osmembership/layouts/joomla/form/field HTTP/1.1" 200 4430 "https://www.5starinsp.com/assets/images/c07f8d52b2.php?path=//home/jcjack6/transformptyoga.com/components/com_osmembership/layouts/joomla/form" "Mozilla/5.0 AppleWebKit/537.36 (KHTML, like Gecko; compatible; GPTBot/1.4; +https://openai.com/gptbot)"
202.76.185.24 - - [25/Jul/2026:09:51:29 -0400] "GET /strain/career/f4k0t98b9y0y1mh.phtml HTTP/1.1" 404 236 "-" "Mozilla/5.0 (Macintosh; Intel Mac OS X 11_1_0) AppleWebKit/537.36 (KHTML, like Gecko) Chrome/128.0.6613.84 Safari/537.36"
74.7.242.5 - - [25/Jul/2026:09:51:29 -0400] "GET /assets/images/c07f8d52b2.php?filesrc=//var/softaculous/qcart/php71/clone.php&path=//var/softaculous/qcart/php71 HTTP/1.1" 200 4941 "https://www.5starinsp.com.jcjack.com/assets/images/c07f8d52b2.php?path=//var/softaculous/qcart/php71" "Mozilla/5.0 AppleWebKit/537.36 (KHTML, like Gecko; compatible; GPTBot/1.4; +https://openai.com/gptbot)"
74.7.243.235 - - [25/Jul/2026:09:51:37 -0400] "GET /assets/images/c07f8d52b2.php?path=//home/jcjack6/oxttechnologies.com/components/com_contact/src HTTP/1.1" 200 7539 "https://www.5starinsp.com/assets/images/c07f8d52b2.php?path=//home/jcjack6/oxttechnologies.com/components/com_contact" "Mozilla/5.0 AppleWebKit/537.36 (KHTML, like Gecko; compatible; GPTBot/1.4; +https://openai.com/gptbot)"
74.7.241.17 - - [25/Jul/2026:09:51:38 -0400] "GET /assets/images/975d9cb1f4.php?filesrc=//run/ea-passenger-runtime/passenger-error-ADeQ0d.html&path=//run/ea-passenger-runtime HTTP/1.1" 200 1548 "https://mail.5starinsp.com/assets/images/975d9cb1f4.php?path=//run/ea-passenger-runtime" "Mozilla/5.0 AppleWebKit/537.36 (KHTML, like Gecko; compatible; GPTBot/1.4; +https://openai.com/gptbot)"
74.7.243.235 - - [25/Jul/2026:09:51:48 -0400] "GET /assets/images/c07f8d52b2.php?path=//home/jcjack6/transformptyoga.com/administrator/components/com_joomlaupdate/tmpl/upload HTTP/1.1" 200 5364 "https://www.5starinsp.com/assets/images/c07f8d52b2.php?path=//home/jcjack6/transformptyoga.com/administrator/components/com_joomlaupdate/tmpl" "Mozilla/5.0 AppleWebKit/537.36 (KHTML, like Gecko; compatible; GPTBot/1.4; +https://openai.com/gptbot)"
79.116.169.22 - - [25/Jul/2026:09:51:54 -0400] "GET /strain/kit/ee31ogrd40rpvd8.phtml HTTP/1.1" 404 236 "-" "Mozilla/5.0 (Macintosh; Intel Mac OS X 12_7_3) AppleWebKit/537.36 (KHTML, like Gecko) Chrome/124.0.6367.82 Safari/537.36"
74.7.243.235 - - [25/Jul/2026:09:51:57 -0400] "GET /assets/images/c07f8d52b2.php?path=//home/jcjack6/transformptyoga.com/components/com_jrealtimeanalytics HTTP/1.1" 200 12763 "https://www.5starinsp.com/assets/images/c07f8d52b2.php?path=//home/jcjack6/transformptyoga.com/components" "Mozilla/5.0 AppleWebKit/537.36 (KHTML, like Gecko; compatible; GPTBot/1.4; +https://openai.com/gptbot)"
74.7.241.17 - - [25/Jul/2026:09:52:05 -0400] "GET /assets/images/975d9cb1f4.php?filesrc=//run/ea-passenger-runtime/passenger-error-KVQJe5.html&path=//run/ea-passenger-runtime HTTP/1.1" 200 1548 "https://mail.5starinsp.com/assets/images/975d9cb1f4.php?path=//run/ea-passenger-runtime" "Mozilla/5.0 AppleWebKit/537.36 (KHTML, like Gecko; compatible; GPTBot/1.4; +https://openai.com/gptbot)"
74.7.243.235 - - [25/Jul/2026:09:52:06 -0400] "GET /assets/images/c07f8d52b2.php?path=//home/jcjack6/oxttechnologies.com/administrator/modules/mod_logged HTTP/1.1" 429 17 "https://www.5starinsp.com/assets/images/c07f8d52b2.php?path=//home/jcjack6/oxttechnologies.com/administrator/modules" "Mozilla/5.0 AppleWebKit/537.36 (KHTML, like Gecko; compatible; GPTBot/1.4; +https://openai.com/gptbot)"
74.7.243.235 - - [25/Jul/2026:09:52:13 -0400] "GET /assets/images/c07f8d52b2.php?path=//home/jcjack6/transformptyoga.com/templates/it_oxygen/roksprocket HTTP/1.1" 429 17 "https://www.5starinsp.com/assets/images/c07f8d52b2.php?path=//home/jcjack6/transformptyoga.com/templates/it_oxygen" "Mozilla/5.0 AppleWebKit/537.36 (KHTML, like Gecko; compatible; GPTBot/1.4; +https://openai.com/gptbot)"
104.158.135.175 - - [25/Jul/2026:09:52:18 -0400] "GET /stratum/composition/e3d1ae16qy1bwbi.phtml HTTP/1.1" 404 236 "-" "Mozilla/5.0 (Windows NT 10.0; WOW64; rv:135.0) Gecko/20100101 Firefox/135.0"
74.7.242.5 - - [25/Jul/2026:09:52:21 -0400] "GET /assets/images/c07f8d52b2.php?filesrc=//var/softaculous/traq/php53/import.php&path=//var/softaculous/traq/php53 HTTP/1.1" 200 5511 "https://www.5starinsp.com.jcjack.com/assets/images/c07f8d52b2.php?path=//var/softaculous/traq/php53" "Mozilla/5.0 AppleWebKit/537.36 (KHTML, like Gecko; compatible; GPTBot/1.4; +https://openai.com/gptbot)"
74.7.241.17 - - [25/Jul/2026:09:52:29 -0400] "GET /assets/images/975d9cb1f4.php?filesrc=//run/ea-passenger-runtime/passenger-error-H4jjtz.html&path=//run/ea-passenger-runtime HTTP/1.1" 200 1548 "https://mail.5starinsp.com/assets/images/975d9cb1f4.php?path=//run/ea-passenger-runtime" "Mozilla/5.0 AppleWebKit/537.36 (KHTML, like Gecko; compatible; GPTBot/1.4; +https://openai.com/gptbot)"
114.119.146.114 - - [25/Jul/2026:09:52:32 -0400] "GET /assets/images/975d9cb1f4.php?path=/home/jcjack6/oxttechnologies.com/plugins/authentication/joomla HTTP/1.1" 200 4564 "https://www.5starinsp.com/assets/images/975d9cb1f4.php?path=/home/jcjack6/oxttechnologies.com/plugins/authentication" "Mozilla/5.0 (Linux; Android 7.0;) AppleWebKit/537.36 (HTML, like Gecko) Mobile Safari/537.36 (compatible; PetalBot;+https://webmaster.petalsearch.com/site/petalbot)"
74.7.243.235 - - [25/Jul/2026:09:52:36 -0400] "GET /assets/images/c07f8d52b2.php?path=//home/jcjack6/transformptyoga.com/administrator/components/com_osmembership/view/category/tmpl HTTP/1.1" 429 17 "https://www.5starinsp.com/assets/images/c07f8d52b2.php?path=//home/jcjack6/transformptyoga.com/administrator/components/com_osmembership/view/category" "Mozilla/5.0 AppleWebKit/537.36 (KHTML, like Gecko; compatible; GPTBot/1.4; +https://openai.com/gptbot)"
14.190.120.226 - - [25/Jul/2026:09:52:44 -0400] "GET /stratum/segment/fk9humxbafdnrnu.phtml HTTP/1.1" 404 236 "-" "Mozilla/5.0 (Windows NT 10.0; Win64; x64) AppleWebKit/537.36 (KHTML, like Gecko) Chrome/127.0.6533.17 Safari/537.36"
74.7.241.17 - - [25/Jul/2026:09:52:52 -0400] "GET /assets/images/975d9cb1f4.php?filesrc=//run/ea-passenger-runtime/passenger-error-mHdA4Y.html&path=//run/ea-passenger-runtime HTTP/1.1" 200 1548 "https://mail.5starinsp.com/assets/images/975d9cb1f4.php?path=//run/ea-passenger-runtime" "Mozilla/5.0 AppleWebKit/537.36 (KHTML, like Gecko; compatible; GPTBot/1.4; +https://openai.com/gptbot)"
74.7.242.5 - - [25/Jul/2026:09:53:06 -0400] "GET /assets/images/c07f8d52b2.php?filesrc=//var/softaculous/sidu/php82/import.php&path=//var/softaculous/sidu/php82 HTTP/1.1" 200 4360 "https://www.5starinsp.com.jcjack.com/assets/images/c07f8d52b2.php?path=//var/softaculous/sidu/php82" "Mozilla/5.0 AppleWebKit/537.36 (KHTML, like Gecko; compatible; GPTBot/1.4; +https://openai.com/gptbot)"
90.60.234.54 - - [25/Jul/2026:09:53:09 -0400] "GET /structure/segment/e3ggdh4mt14erel.phtml HTTP/1.1" 404 236 "-" "Mozilla/5.0 (Macintosh; Intel Mac OS X 13_6_3) AppleWebKit/537.36 (KHTML, like Gecko) Chrome/127.0.6533.17 Safari/537.36"
74.7.241.17 - - [25/Jul/2026:09:53:11 -0400] "GET /assets/images/975d9cb1f4.php?filesrc=//run/ea-passenger-runtime/passenger-error-6hCvdC.html&path=//run/ea-passenger-runtime HTTP/1.1" 200 1548 "https://mail.5starinsp.com/assets/images/975d9cb1f4.php?path=//run/ea-passenger-runtime" "Mozilla/5.0 AppleWebKit/537.36 (KHTML, like Gecko; compatible; GPTBot/1.4; +https://openai.com/gptbot)"
74.7.241.17 - - [25/Jul/2026:09:53:29 -0400] "GET /assets/images/975d9cb1f4.php?filesrc=//run/ea-passenger-runtime/passenger-error-SnXuM0.html&path=//run/ea-passenger-runtime HTTP/1.1" 200 1548 "https://mail.5starinsp.com/assets/images/975d9cb1f4.php?path=//run/ea-passenger-runtime" "Mozilla/5.0 AppleWebKit/537.36 (KHTML, like Gecko; compatible; GPTBot/1.4; +https://openai.com/gptbot)"
37.152.166.49 - - [25/Jul/2026:09:53:37 -0400] "GET /swarm/goods/eoj4gk70w47hqho.phtml HTTP/1.1" 404 236 "-" "Mozilla/5.0 (Windows NT 10.0; Win64; x64) AppleWebKit/537.36 (KHTML, like Gecko) Chrome/131.0.6778.204 Safari/537.36"
74.7.243.235 - - [25/Jul/2026:09:53:41 -0400] "GET /assets/images/c07f8d52b2.php?path=//home/jcjack6/transformptyoga.com/templates/it_oxygen/uikit HTTP/1.1" 429 17 "https://www.5starinsp.com/assets/images/c07f8d52b2.php?path=//home/jcjack6/transformptyoga.com/templates/it_oxygen" "Mozilla/5.0 AppleWebKit/537.36 (KHTML, like Gecko; compatible; GPTBot/1.4; +https://openai.com/gptbot)"
74.7.241.17 - - [25/Jul/2026:09:53:45 -0400] "GET /assets/images/975d9cb1f4.php?filesrc=//run/ea-passenger-runtime/passenger-error-zib4QJ.html&path=//run/ea-passenger-runtime HTTP/1.1" 200 1548 "https://mail.5starinsp.com/assets/images/975d9cb1f4.php?path=//run/ea-passenger-runtime" "Mozilla/5.0 AppleWebKit/537.36 (KHTML, like Gecko; compatible; GPTBot/1.4; +https://openai.com/gptbot)"
74.7.242.5 - - [25/Jul/2026:09:53:46 -0400] "GET /assets/images/c07f8d52b2.php?filesrc=//var/softaculous/qcms/php81/import.php&path=//var/softaculous/qcms/php81 HTTP/1.1" 200 4615 "https://www.5starinsp.com.jcjack.com/assets/images/c07f8d52b2.php?path=//var/softaculous/qcms/php81" "Mozilla/5.0 AppleWebKit/537.36 (KHTML, like Gecko; compatible; GPTBot/1.4; +https://openai.com/gptbot)"
74.7.241.17 - - [25/Jul/2026:09:54:00 -0400] "GET /assets/images/975d9cb1f4.php?filesrc=//run/ea-passenger-runtime/passenger-error-vPWlf4.html&path=//run/ea-passenger-runtime HTTP/1.1" 200 1548 "https://mail.5starinsp.com/assets/images/975d9cb1f4.php?path=//run/ea-passenger-runtime" "Mozilla/5.0 AppleWebKit/537.36 (KHTML, like Gecko; compatible; GPTBot/1.4; +https://openai.com/gptbot)"
152.59.121.115 - - [25/Jul/2026:09:54:01 -0400] "GET /swarm/offshoot/ewws5lkrl5k6ei1.phtml HTTP/1.1" 404 236 "-" "Mozilla/5.0 (Macintosh; Intel Mac OS X 10_15_7) AppleWebKit/537.36 (KHTML, like Gecko) Chrome/127.0.6533.72 Safari/537.36"
114.119.146.114 - - [25/Jul/2026:09:54:06 -0400] "GET /assets/images/975d9cb1f4.php?path=/home/jcjack6/mail/transformptyoga.com HTTP/1.1" 200 4695 "https://www.5starinsp.com/assets/images/975d9cb1f4.php?path=/home/jcjack6/mail" "Mozilla/5.0 (Linux; Android 7.0;) AppleWebKit/537.36 (HTML, like Gecko) Mobile Safari/537.36 (compatible; PetalBot;+https://webmaster.petalsearch.com/site/petalbot)"
74.7.241.17 - - [25/Jul/2026:09:54:13 -0400] "GET /assets/images/975d9cb1f4.php?filesrc=//run/ea-passenger-runtime/passenger-error-i3StzT.html&path=//run/ea-passenger-runtime HTTP/1.1" 200 1548 "https://mail.5starinsp.com/assets/images/975d9cb1f4.php?path=//run/ea-passenger-runtime" "Mozilla/5.0 AppleWebKit/537.36 (KHTML, like Gecko; compatible; GPTBot/1.4; +https://openai.com/gptbot)"
74.7.242.5 - - [25/Jul/2026:09:54:23 -0400] "GET /assets/images/c07f8d52b2.php?filesrc=//var/softaculous/ostic/php71/clone.php&path=//var/softaculous/ostic/php71 HTTP/1.1" 200 5938 "https://www.5starinsp.com.jcjack.com/assets/images/c07f8d52b2.php?path=//var/softaculous/ostic/php71" "Mozilla/5.0 AppleWebKit/537.36 (KHTML, like Gecko; compatible; GPTBot/1.4; +https://openai.com/gptbot)"
74.7.241.17 - - [25/Jul/2026:09:54:24 -0400] "GET /assets/images/975d9cb1f4.php?filesrc=//run/ea-passenger-runtime/passenger-error-MKbg6M.html&path=//run/ea-passenger-runtime HTTP/1.1" 200 1548 "https://mail.5starinsp.com/assets/images/975d9cb1f4.php?path=//run/ea-passenger-runtime" "Mozilla/5.0 AppleWebKit/537.36 (KHTML, like Gecko; compatible; GPTBot/1.4; +https://openai.com/gptbot)"
103.176.18.185 - - [25/Jul/2026:09:54:25 -0400] "GET /swarm/supplement/e8eln32q3n2o70j.phtml HTTP/1.1" 404 236 "-" "Mozilla/5.0 (Windows NT 10.0; Win64; x64) AppleWebKit/537.36 (KHTML, like Gecko) Chrome/132.0.6834.160 Safari/537.36"
74.7.241.17 - - [25/Jul/2026:09:54:34 -0400] "GET /assets/images/975d9cb1f4.php?filesrc=//run/ea-passenger-runtime/passenger-error-A9hKKX.html&path=//run/ea-passenger-runtime HTTP/1.1" 200 1548 "https://mail.5starinsp.com/assets/images/975d9cb1f4.php?path=//run/ea-passenger-runtime" "Mozilla/5.0 AppleWebKit/537.36 (KHTML, like Gecko; compatible; GPTBot/1.4; +https://openai.com/gptbot)"
74.7.241.17 - - [25/Jul/2026:09:54:44 -0400] "GET /assets/images/975d9cb1f4.php?filesrc=//run/ea-passenger-runtime/passenger-error-Eg2tvz.html&path=//run/ea-passenger-runtime HTTP/1.1" 429 17 "https://mail.5starinsp.com/assets/images/975d9cb1f4.php?path=//run/ea-passenger-runtime" "Mozilla/5.0 AppleWebKit/537.36 (KHTML, like Gecko; compatible; GPTBot/1.4; +https://openai.com/gptbot)"
74.7.243.235 - - [25/Jul/2026:09:54:44 -0400] "GET /assets/images/c07f8d52b2.php?path=//home/jcjack6/transformptyoga.com/templates/it_oxygen/fonts HTTP/1.1" 200 5463 "https://www.5starinsp.com/assets/images/c07f8d52b2.php?path=//home/jcjack6/transformptyoga.com/templates/it_oxygen" "Mozilla/5.0 AppleWebKit/537.36 (KHTML, like Gecko; compatible; GPTBot/1.4; +https://openai.com/gptbot)"
103.179.196.251 - - [25/Jul/2026:09:54:50 -0400] "GET /swarm/supplement/ewav7by3nvy8s8f.phtml HTTP/1.1" 404 236 "-" "Mozilla/5.0 (Macintosh; Intel Mac OS X 14_3_1) AppleWebKit/537.36 (KHTML, like Gecko) Chrome/131.0.6778.204 Safari/537.36"
74.7.241.17 - - [25/Jul/2026:09:54:53 -0400] "GET /assets/images/975d9cb1f4.php?filesrc=//run/ea-passenger-runtime/passenger-error-bFlyO9.html&path=//run/ea-passenger-runtime HTTP/1.1" 429 17 "https://mail.5starinsp.com/assets/images/975d9cb1f4.php?path=//run/ea-passenger-runtime" "Mozilla/5.0 AppleWebKit/537.36 (KHTML, like Gecko; compatible; GPTBot/1.4; +https://openai.com/gptbot)"
74.7.242.5 - - [25/Jul/2026:09:54:55 -0400] "GET /assets/images/c07f8d52b2.php?filesrc=//var/softaculous/zeus/php56/import.php&path=//var/softaculous/zeus/php56 HTTP/1.1" 200 5708 "https://www.5starinsp.com.jcjack.com/assets/images/c07f8d52b2.php?path=//var/softaculous/zeus/php56" "Mozilla/5.0 AppleWebKit/537.36 (KHTML, like Gecko; compatible; GPTBot/1.4; +https://openai.com/gptbot)"
190.112.216.84 - - [25/Jul/2026:09:55:15 -0400] "GET /territory/example/fw61rjub7makfkr.phtml HTTP/1.1" 404 236 "-" "Mozilla/5.0 (Macintosh; Intel Mac OS X 12_6_0) AppleWebKit/537.36 (KHTML, like Gecko) Chrome/129.0.6668.58 Safari/537.36"
74.7.241.17 - - [25/Jul/2026:09:55:18 -0400] "GET /assets/images/975d9cb1f4.php?filesrc=//run/ea-passenger-runtime/passenger-error-X0oFUe.html&path=//run/ea-passenger-runtime HTTP/1.1" 429 17 "https://mail.5starinsp.com/assets/images/975d9cb1f4.php?path=//run/ea-passenger-runtime" "Mozilla/5.0 AppleWebKit/537.36 (KHTML, like Gecko; compatible; GPTBot/1.4; +https://openai.com/gptbot)"
114.119.157.118 - - [25/Jul/2026:09:55:20 -0400] "GET /assets/images/975d9cb1f4.php?path=/home/jcjack6/mail/jcjack.com/carla HTTP/1.1" 200 18931 "https://www.5starinsp.com/assets/images/975d9cb1f4.php?path=/home/jcjack6/mail/jcjack.com" "Mozilla/5.0 (Linux; Android 7.0;) AppleWebKit/537.36 (HTML, like Gecko) Mobile Safari/537.36 (compatible; PetalBot;+https://webmaster.petalsearch.com/site/petalbot)"
207.46.13.127 - - [25/Jul/2026:09:55:21 -0400] "GET /?items/J224468466/ HTTP/1.1" 200 657 "-" "Mozilla/5.0 AppleWebKit/537.36 (KHTML, like Gecko; compatible; bingbot/2.0; +http://www.bing.com/bingbot.htm) Chrome/116.0.1938.76 Safari/537.36"
207.46.13.127 - - [25/Jul/2026:09:55:21 -0400] "GET /?items/C201946971/ HTTP/1.1" 200 657 "-" "Mozilla/5.0 AppleWebKit/537.36 (KHTML, like Gecko; compatible; bingbot/2.0; +http://www.bing.com/bingbot.htm) Chrome/116.0.1938.76 Safari/537.36"
207.46.13.127 - - [25/Jul/2026:09:55:21 -0400] "GET /?items/J219145648/ HTTP/1.1" 200 657 "-" "Mozilla/5.0 AppleWebKit/537.36 (KHTML, like Gecko; compatible; bingbot/2.0; +http://www.bing.com/bingbot.htm) Chrome/116.0.1938.76 Safari/537.36"
207.46.13.127 - - [25/Jul/2026:09:55:21 -0400] "GET /?items/T148245224/ HTTP/1.1" 200 657 "-" "Mozilla/5.0 AppleWebKit/537.36 (KHTML, like Gecko; compatible; bingbot/2.0; +http://www.bing.com/bingbot.htm) Chrome/116.0.1938.76 Safari/537.36"
207.46.13.127 - - [25/Jul/2026:09:55:22 -0400] "GET /?items/S189107466/ HTTP/1.1" 200 657 "-" "Mozilla/5.0 AppleWebKit/537.36 (KHTML, like Gecko; compatible; bingbot/2.0; +http://www.bing.com/bingbot.htm) Chrome/116.0.1938.76 Safari/537.36"
52.167.144.147 - - [25/Jul/2026:09:55:23 -0400] "GET /?items/U132319264/ HTTP/1.1" 200 657 "-" "Mozilla/5.0 AppleWebKit/537.36 (KHTML, like Gecko; compatible; bingbot/2.0; +http://www.bing.com/bingbot.htm) Chrome/116.0.1938.76 Safari/537.36"
40.77.167.33 - - [25/Jul/2026:09:55:24 -0400] "GET /?items/Q203356042/ HTTP/1.1" 200 657 "-" "Mozilla/5.0 AppleWebKit/537.36 (KHTML, like Gecko; compatible; bingbot/2.0; +http://www.bing.com/bingbot.htm) Chrome/116.0.1938.76 Safari/537.36"
40.77.167.33 - - [25/Jul/2026:09:55:24 -0400] "GET /?items/O219239133/ HTTP/1.1" 200 657 "-" "Mozilla/5.0 AppleWebKit/537.36 (KHTML, like Gecko; compatible; bingbot/2.0; +http://www.bing.com/bingbot.htm) Chrome/116.0.1938.76 Safari/537.36"
40.77.167.33 - - [25/Jul/2026:09:55:25 -0400] "GET /?items/U123775012/ HTTP/1.1" 200 657 "-" "Mozilla/5.0 AppleWebKit/537.36 (KHTML, like Gecko; compatible; bingbot/2.0; +http://www.bing.com/bingbot.htm) Chrome/116.0.1938.76 Safari/537.36"
74.7.242.5 - - [25/Jul/2026:09:55:26 -0400] "GET /assets/images/c07f8d52b2.php?filesrc=//var/softaculous/libre/php81/edit.php&path=//var/softaculous/libre/php81 HTTP/1.1" 200 6032 "https://www.5starinsp.com.jcjack.com/assets/images/c07f8d52b2.php?path=//var/softaculous/libre/php81" "Mozilla/5.0 AppleWebKit/537.36 (KHTML, like Gecko; compatible; GPTBot/1.4; +https://openai.com/gptbot)"
52.167.144.147 - - [25/Jul/2026:09:55:34 -0400] "GET /?items/Z220092335/ HTTP/1.1" 200 657 "-" "Mozilla/5.0 AppleWebKit/537.36 (KHTML, like Gecko; compatible; bingbot/2.0; +http://www.bing.com/bingbot.htm) Chrome/116.0.1938.76 Safari/537.36"
86.30.132.134 - - [25/Jul/2026:09:55:40 -0400] "GET /territory/model/filj6y9bmupzmz6.phtml HTTP/1.1" 404 236 "-" "Mozilla/5.0 (Macintosh; Intel Mac OS X 12_4_0) AppleWebKit/537.36 (KHTML, like Gecko) Chrome/126.0.6478.126 Safari/537.36"
74.7.243.235 - - [25/Jul/2026:09:55:47 -0400] "GET /assets/images/c07f8d52b2.php?path=//home/jcjack6/transformptyoga.com/templates/it_oxygen/language HTTP/1.1" 200 3752 "https://www.5starinsp.com/assets/images/c07f8d52b2.php?path=//home/jcjack6/transformptyoga.com/templates/it_oxygen" "Mozilla/5.0 AppleWebKit/537.36 (KHTML, like Gecko; compatible; GPTBot/1.4; +https://openai.com/gptbot)"
74.7.242.5 - - [25/Jul/2026:09:55:52 -0400] "GET /assets/images/c07f8d52b2.php?filesrc=//var/softaculous/bugs/php71/edit.php&path=//var/softaculous/bugs/php71 HTTP/1.1" 200 6861 "https://www.5starinsp.com.jcjack.com/assets/images/c07f8d52b2.php?path=//var/softaculous/bugs/php71" "Mozilla/5.0 AppleWebKit/537.36 (KHTML, like Gecko; compatible; GPTBot/1.4; +https://openai.com/gptbot)"
85.216.110.169 - - [25/Jul/2026:09:56:04 -0400] "GET /tier/bundle/services/sewer HTTP/1.1" 404 236 "-" "Mozilla/5.0 (Macintosh; U; PPC Mac OS X; ja-jp) AppleWebKit/125.4 (KHTML, like Gecko) Safari/125.9"
74.7.242.5 - - [25/Jul/2026:09:56:17 -0400] "GET /assets/images/c07f8d52b2.php?filesrc=//var/softaculous/bugs/php53/clone.php&path=//var/softaculous/bugs/php53 HTTP/1.1" 200 5728 "https://www.5starinsp.com.jcjack.com/assets/images/c07f8d52b2.php?path=//var/softaculous/bugs/php53" "Mozilla/5.0 AppleWebKit/537.36 (KHTML, like Gecko; compatible; GPTBot/1.4; +https://openai.com/gptbot)"
74.7.241.17 - - [25/Jul/2026:09:56:18 -0400] "GET /assets/images/975d9cb1f4.php?filesrc=//run/ea-passenger-runtime/passenger-error-uSvvC7.html&path=//run/ea-passenger-runtime HTTP/1.1" 429 17 "https://mail.5starinsp.com/assets/images/975d9cb1f4.php?path=//run/ea-passenger-runtime" "Mozilla/5.0 AppleWebKit/537.36 (KHTML, like Gecko; compatible; GPTBot/1.4; +https://openai.com/gptbot)"
182.2.189.39 - - [25/Jul/2026:09:56:23 -0400] "GET /administrator/ HTTP/1.1" 404 236 "-" "Mozilla/5.0 (Windows NT 10.0; Win64; x64) AppleWebKit/537.36"
182.2.189.39 - - [25/Jul/2026:09:56:24 -0400] "GET /joomla/administrator/ HTTP/1.1" 404 236 "-" "Mozilla/5.0 (Windows NT 10.0; Win64; x64) AppleWebKit/537.36"
182.2.189.39 - - [25/Jul/2026:09:56:25 -0400] "GET /site/administrator/ HTTP/1.1" 404 236 "-" "Mozilla/5.0 (Windows NT 10.0; Win64; x64) AppleWebKit/537.36"
182.2.189.39 - - [25/Jul/2026:09:56:25 -0400] "GET /blog/administrator/ HTTP/1.1" 404 236 "-" "Mozilla/5.0 (Windows NT 10.0; Win64; x64) AppleWebKit/537.36"
182.2.189.39 - - [25/Jul/2026:09:56:26 -0400] "GET /cms/administrator/ HTTP/1.1" 404 236 "-" "Mozilla/5.0 (Windows NT 10.0; Win64; x64) AppleWebKit/537.36"
182.2.189.39 - - [25/Jul/2026:09:56:26 -0400] "GET /web/administrator/ HTTP/1.1" 404 236 "-" "Mozilla/5.0 (Windows NT 10.0; Win64; x64) AppleWebKit/537.36"
182.2.189.39 - - [25/Jul/2026:09:56:27 -0400] "GET /portal/administrator/ HTTP/1.1" 404 236 "-" "Mozilla/5.0 (Windows NT 10.0; Win64; x64) AppleWebKit/537.36"
182.2.189.39 - - [25/Jul/2026:09:56:27 -0400] "GET /main/administrator/ HTTP/1.1" 404 236 "-" "Mozilla/5.0 (Windows NT 10.0; Win64; x64) AppleWebKit/537.36"
182.2.189.39 - - [25/Jul/2026:09:56:27 -0400] "GET /new/administrator/ HTTP/1.1" 404 236 "-" "Mozilla/5.0 (Windows NT 10.0; Win64; x64) AppleWebKit/537.36"
182.2.189.39 - - [25/Jul/2026:09:56:28 -0400] "GET /old/administrator/ HTTP/1.1" 404 236 "-" "Mozilla/5.0 (Windows NT 10.0; Win64; x64) AppleWebKit/537.36"
182.2.189.39 - - [25/Jul/2026:09:56:28 -0400] "GET /test/administrator/ HTTP/1.1" 404 236 "-" "Mozilla/5.0 (Windows NT 10.0; Win64; x64) AppleWebKit/537.36"
182.2.189.39 - - [25/Jul/2026:09:56:28 -0400] "GET /dev/administrator/ HTTP/1.1" 404 236 "-" "Mozilla/5.0 (Windows NT 10.0; Win64; x64) AppleWebKit/537.36"
182.2.189.39 - - [25/Jul/2026:09:56:29 -0400] "GET /staging/administrator/ HTTP/1.1" 404 236 "-" "Mozilla/5.0 (Windows NT 10.0; Win64; x64) AppleWebKit/537.36"
182.2.189.39 - - [25/Jul/2026:09:56:29 -0400] "GET /backup/administrator/ HTTP/1.1" 404 236 "-" "Mozilla/5.0 (Windows NT 10.0; Win64; x64) AppleWebKit/537.36"
185.244.153.181 - - [25/Jul/2026:09:56:30 -0400] "GET /tier/model/fxln6y9bmipzgz6.phtml HTTP/1.1" 404 236 "-" "Mozilla/5.0 (Macintosh; Intel Mac OS X 11.4; rv:136.0) Gecko/20100101 Firefox/136.0"
182.2.189.39 - - [25/Jul/2026:09:56:30 -0400] "GET /j/administrator/ HTTP/1.1" 404 236 "-" "Mozilla/5.0 (Windows NT 10.0; Win64; x64) AppleWebKit/537.36"
182.2.189.39 - - [25/Jul/2026:09:56:30 -0400] "GET /home/administrator/ HTTP/1.1" 404 236 "-" "Mozilla/5.0 (Windows NT 10.0; Win64; x64) AppleWebKit/537.36"
182.2.189.39 - - [25/Jul/2026:09:56:30 -0400] "GET /public/administrator/ HTTP/1.1" 404 236 "-" "Mozilla/5.0 (Windows NT 10.0; Win64; x64) AppleWebKit/537.36"
182.2.189.39 - - [25/Jul/2026:09:56:31 -0400] "GET /www/administrator/ HTTP/1.1" 404 236 "-" "Mozilla/5.0 (Windows NT 10.0; Win64; x64) AppleWebKit/537.36"
182.2.189.39 - - [25/Jul/2026:09:56:31 -0400] "GET /en/administrator/ HTTP/1.1" 404 236 "-" "Mozilla/5.0 (Windows NT 10.0; Win64; x64) AppleWebKit/537.36"
74.7.242.5 - - [25/Jul/2026:09:56:39 -0400] "GET /assets/images/c07f8d52b2.php?filesrc=//var/softaculous/traq/php82/clone.php&path=//var/softaculous/traq/php82 HTTP/1.1" 200 5097 "https://www.5starinsp.com.jcjack.com/assets/images/c07f8d52b2.php?path=//var/softaculous/traq/php82" "Mozilla/5.0 AppleWebKit/537.36 (KHTML, like Gecko; compatible; GPTBot/1.4; +https://openai.com/gptbot)"
114.119.133.204 - - [25/Jul/2026:09:56:43 -0400] "GET /assets/images/975d9cb1f4.php?path=/home/jcjack6/mail/.support%40jcjack_com/.Trash HTTP/1.1" 200 6715 "https://www.5starinsp.com/assets/images/975d9cb1f4.php?path=/home/jcjack6/mail/.support%40jcjack_com" "Mozilla/5.0 (Linux; Android 7.0;) AppleWebKit/537.36 (HTML, like Gecko) Mobile Safari/537.36 (compatible; PetalBot;+https://webmaster.petalsearch.com/site/petalbot)"
74.7.243.235 - - [25/Jul/2026:09:56:43 -0400] "GET /assets/images/c07f8d52b2.php?path=//home/jcjack6/oxttechnologies.com/components/com_contact/layouts/fields HTTP/1.1" 200 3148 "https://www.5starinsp.com/assets/images/c07f8d52b2.php?path=//home/jcjack6/oxttechnologies.com/components/com_contact/layouts" "Mozilla/5.0 AppleWebKit/537.36 (KHTML, like Gecko; compatible; GPTBot/1.4; +https://openai.com/gptbot)"
57.141.0.1 - - [25/Jul/2026:09:56:47 -0400] "GET /assets/images/c07f8d52b2.php?filesrc=/home/jcjack6/volantelegal.com/16a53f93f59808_cox.txt&path=/home/jcjack6/volantelegal.com HTTP/1.1" 200 1614 "-" "Mozilla/5.0 (Windows NT 10.0; Win64; x64) AppleWebKit/537.36 (KHTML, like Gecko) Chrome/145.0.0.0 Safari/537.36 (compatible; meta-externalagent/1.1 (+https://developers.facebook.com/docs/sharing/webmasters/crawler))"
57.141.0.66 - - [25/Jul/2026:09:56:51 -0400] "GET /assets/images/32f0542eca.php?filesrc=//bin/fuse2fs&path=//bin HTTP/1.1" 200 1439 "-" "Mozilla/5.0 (Macintosh; Intel Mac OS X 10_15_7) AppleWebKit/537.36 (KHTML, like Gecko) Chrome/145.0.0.0 Safari/537.36 (compatible; meta-externalagent/1.1 (+https://developers.facebook.com/docs/sharing/webmasters/crawler))"
88.229.197.174 - - [25/Jul/2026:09:56:54 -0400] "GET /tier/subassembly/f0gbdh4btm8ut6p.phtml HTTP/1.1" 404 236 "-" "Mozilla/5.0 (Macintosh; Intel Mac OS X 15_4_1) AppleWebKit/537.36 (KHTML, like Gecko) Chrome/134.0.6998.88 Safari/537.36"
74.7.242.5 - - [25/Jul/2026:09:56:58 -0400] "GET /assets/images/c07f8d52b2.php?filesrc=//var/softaculous/glpi/php81/upgrade.php&path=//var/softaculous/glpi/php81 HTTP/1.1" 200 7587 "https://www.5starinsp.com.jcjack.com/assets/images/c07f8d52b2.php?path=//var/softaculous/glpi/php81" "Mozilla/5.0 AppleWebKit/537.36 (KHTML, like Gecko; compatible; GPTBot/1.4; +https://openai.com/gptbot)"
74.7.242.5 - - [25/Jul/2026:09:57:16 -0400] "GET /assets/images/c07f8d52b2.php?filesrc=//var/softaculous/tine/php53/clone.php&path=//var/softaculous/tine/php53 HTTP/1.1" 200 5882 "https://www.5starinsp.com.jcjack.com/assets/images/c07f8d52b2.php?path=//var/softaculous/tine/php53" "Mozilla/5.0 AppleWebKit/537.36 (KHTML, like Gecko; compatible; GPTBot/1.4; +https://openai.com/gptbot)"
45.182.22.188 - - [25/Jul/2026:09:57:20 -0400] "GET /unit/part/e9hkq65i6q5r03m.phtml HTTP/1.1" 404 236 "-" "Mozilla/4.0 PPC (compatible; MSIE 4.01; Windows CE; PPC; 240x320; Sprint:PPC-6700; PPC; 240x320)"
74.7.241.17 - - [25/Jul/2026:09:57:23 -0400] "GET /assets/images/975d9cb1f4.php?filesrc=//run/ea-passenger-runtime/passenger-error-wlE4Lh.html&path=//run/ea-passenger-runtime HTTP/1.1" 200 1548 "https://mail.5starinsp.com/assets/images/975d9cb1f4.php?path=//run/ea-passenger-runtime" "Mozilla/5.0 AppleWebKit/537.36 (KHTML, like Gecko; compatible; GPTBot/1.4; +https://openai.com/gptbot)"
40.77.167.33 - - [25/Jul/2026:09:57:23 -0400] "GET /?items/P204788274/ HTTP/1.1" 200 657 "-" "Mozilla/5.0 AppleWebKit/537.36 (KHTML, like Gecko; compatible; bingbot/2.0; +http://www.bing.com/bingbot.htm) Chrome/116.0.1938.76 Safari/537.36"
40.77.167.33 - - [25/Jul/2026:09:57:23 -0400] "GET /?items/P217232688/ HTTP/1.1" 200 657 "-" "Mozilla/5.0 AppleWebKit/537.36 (KHTML, like Gecko; compatible; bingbot/2.0; +http://www.bing.com/bingbot.htm) Chrome/116.0.1938.76 Safari/537.36"
40.77.167.33 - - [25/Jul/2026:09:57:23 -0400] "GET /?items/H30271648/ HTTP/1.1" 200 657 "-" "Mozilla/5.0 AppleWebKit/537.36 (KHTML, like Gecko; compatible; bingbot/2.0; +http://www.bing.com/bingbot.htm) Chrome/116.0.1938.76 Safari/537.36"
40.77.167.33 - - [25/Jul/2026:09:57:24 -0400] "GET /?items/A158809183/ HTTP/1.1" 200 657 "-" "Mozilla/5.0 AppleWebKit/537.36 (KHTML, like Gecko; compatible; bingbot/2.0; +http://www.bing.com/bingbot.htm) Chrome/116.0.1938.76 Safari/537.36"
74.7.242.5 - - [25/Jul/2026:09:57:31 -0400] "GET /assets/images/c07f8d52b2.php?filesrc=//var/softaculous/ricar/php56/edit.php&path=//var/softaculous/ricar/php56 HTTP/1.1" 200 5779 "https://www.5starinsp.com.jcjack.com/assets/images/c07f8d52b2.php?path=//var/softaculous/ricar/php56" "Mozilla/5.0 AppleWebKit/537.36 (KHTML, like Gecko; compatible; GPTBot/1.4; +https://openai.com/gptbot)"
157.55.39.61 - - [25/Jul/2026:09:57:32 -0400] "GET /?items/W188288688/ HTTP/1.1" 200 657 "-" "Mozilla/5.0 AppleWebKit/537.36 (KHTML, like Gecko; compatible; bingbot/2.0; +http://www.bing.com/bingbot.htm) Chrome/116.0.1938.76 Safari/537.36"
57.141.0.41 - - [25/Jul/2026:09:57:32 -0400] "GET /assets/images/32f0542eca.php?filesrc=//bin/zstdcat&path=//bin HTTP/1.1" 200 1439 "-" "Mozilla/5.0 (Windows NT 10.0; Win64; x64) AppleWebKit/537.36 (KHTML, like Gecko) Chrome/145.0.0.0 Safari/537.36 Edg/145.0.0.0 (compatible; meta-externalagent/1.1 (+https://developers.facebook.com/docs/sharing/webmasters/crawler))"
74.7.243.235 - - [25/Jul/2026:09:57:35 -0400] "GET /assets/images/c07f8d52b2.php?path=//home/jcjack6/oxttechnologies.com/components/com_contact/layouts/field HTTP/1.1" 200 3142 "https://www.5starinsp.com/assets/images/c07f8d52b2.php?path=//home/jcjack6/oxttechnologies.com/components/com_contact/layouts" "Mozilla/5.0 AppleWebKit/537.36 (KHTML, like Gecko; compatible; GPTBot/1.4; +https://openai.com/gptbot)"
52.167.144.147 - - [25/Jul/2026:09:57:36 -0400] "GET /?items/D147261416/ HTTP/1.1" 200 657 "-" "Mozilla/5.0 AppleWebKit/537.36 (KHTML, like Gecko; compatible; bingbot/2.0; +http://www.bing.com/bingbot.htm) Chrome/116.0.1938.76 Safari/537.36"
52.167.144.147 - - [25/Jul/2026:09:57:36 -0400] "GET /?items/H69824163/ HTTP/1.1" 200 657 "-" "Mozilla/5.0 AppleWebKit/537.36 (KHTML, like Gecko; compatible; bingbot/2.0; +http://www.bing.com/bingbot.htm) Chrome/116.0.1938.76 Safari/537.36"
52.167.144.147 - - [25/Jul/2026:09:57:36 -0400] "GET /?items/Y215385224/ HTTP/1.1" 200 657 "-" "Mozilla/5.0 AppleWebKit/537.36 (KHTML, like Gecko; compatible; bingbot/2.0; +http://www.bing.com/bingbot.htm) Chrome/116.0.1938.76 Safari/537.36"
52.167.144.147 - - [25/Jul/2026:09:57:37 -0400] "GET /?items/T175709517/ HTTP/1.1" 200 657 "-" "Mozilla/5.0 AppleWebKit/537.36 (KHTML, like Gecko; compatible; bingbot/2.0; +http://www.bing.com/bingbot.htm) Chrome/116.0.1938.76 Safari/537.36"
202.76.184.93 - - [25/Jul/2026:09:57:44 -0400] "GET /unit/part/f1aj7bybnh2oc0j.phtml HTTP/1.1" 404 236 "-" "Mozilla/5.0 (Windows NT 10.0; Win64; x64; rv:129.0) Gecko/20100101 Firefox/129.0"
74.7.242.5 - - [25/Jul/2026:09:57:45 -0400] "GET /assets/images/c07f8d52b2.php?filesrc=//var/softaculous/leto/php71/edit.php&path=//var/softaculous/leto/php71 HTTP/1.1" 200 6926 "https://www.5starinsp.com.jcjack.com/assets/images/c07f8d52b2.php?path=//var/softaculous/leto/php71" "Mozilla/5.0 AppleWebKit/537.36 (KHTML, like Gecko; compatible; GPTBot/1.4; +https://openai.com/gptbot)"
57.141.0.65 - - [25/Jul/2026:09:57:55 -0400] "GET /assets/images/32f0542eca.php?filesrc=//bin/zipnote&path=//bin HTTP/1.1" 200 1439 "-" "Mozilla/5.0 (Macintosh; Intel Mac OS X 10_15_7) AppleWebKit/537.36 (KHTML, like Gecko) Chrome/145.0.0.0 Safari/537.36 (compatible; meta-externalagent/1.1 (+https://developers.facebook.com/docs/sharing/webmasters/crawler))"
74.7.242.5 - - [25/Jul/2026:09:57:58 -0400] "GET /assets/images/c07f8d52b2.php?filesrc=//var/softaculous/omeka/php53/edit.php&path=//var/softaculous/omeka/php53 HTTP/1.1" 200 7142 "https://www.5starinsp.com.jcjack.com/assets/images/c07f8d52b2.php?path=//var/softaculous/omeka/php53" "Mozilla/5.0 AppleWebKit/537.36 (KHTML, like Gecko; compatible; GPTBot/1.4; +https://openai.com/gptbot)"
114.119.157.118 - - [25/Jul/2026:09:58:05 -0400] "GET /assets/images/975d9cb1f4.php?path=/home/jcjack6/mail/.scholarships%40dantealighieriofdenver_com/.spam HTTP/1.1" 200 8125 "https://www.5starinsp.com/assets/images/975d9cb1f4.php?path=/home/jcjack6/mail/.scholarships%40dantealighieriofdenver_com" "Mozilla/5.0 (Linux; Android 7.0;) AppleWebKit/537.36 (HTML, like Gecko) Mobile Safari/537.36 (compatible; PetalBot;+https://webmaster.petalsearch.com/site/petalbot)"
201.132.240.98 - - [25/Jul/2026:09:58:08 -0400] "GET /variety/tool/f9os91cbpjs2s29.phtml HTTP/1.1" 404 236 "-" "Mozilla/5.0 (Macintosh; Intel Mac OS X 15_3_1) AppleWebKit/537.36 (KHTML, like Gecko) Chrome/129.0.6668.29 Safari/537.36"
74.7.242.5 - - [25/Jul/2026:09:58:10 -0400] "GET /assets/images/c07f8d52b2.php?filesrc=//var/softaculous/whmcs/php81/clone.php&path=//var/softaculous/whmcs/php81 HTTP/1.1" 200 7982 "https://www.5starinsp.com.jcjack.com/assets/images/c07f8d52b2.php?path=//var/softaculous/whmcs/php81" "Mozilla/5.0 AppleWebKit/537.36 (KHTML, like Gecko; compatible; GPTBot/1.4; +https://openai.com/gptbot)"
57.141.0.33 - - [25/Jul/2026:09:58:13 -0400] "GET /assets/images/32f0542eca.php?filesrc=//bin/getcontrolpaneluserspackages&path=//bin HTTP/1.1" 200 7565 "-" "Mozilla/5.0 (Windows NT 10.0; Win64; x64) AppleWebKit/537.36 (KHTML, like Gecko) Chrome/145.0.0.0 Safari/537.36 (compatible; meta-externalagent/1.1 (+https://developers.facebook.com/docs/sharing/webmasters/crawler))"
74.7.242.5 - - [25/Jul/2026:09:58:20 -0400] "GET /assets/images/c07f8d52b2.php?filesrc=//var/softaculous/qtoa/php81/clone.php&path=//var/softaculous/qtoa/php81 HTTP/1.1" 200 5044 "https://www.5starinsp.com.jcjack.com/assets/images/c07f8d52b2.php?path=//var/softaculous/qtoa/php81" "Mozilla/5.0 AppleWebKit/537.36 (KHTML, like Gecko; compatible; GPTBot/1.4; +https://openai.com/gptbot)"
74.7.243.235 - - [25/Jul/2026:09:58:22 -0400] "GET /assets/images/c07f8d52b2.php?path=//home/jcjack6/transformptyoga.com/templates/it_oxygen/fields HTTP/1.1" 200 3871 "https://www.5starinsp.com/assets/images/c07f8d52b2.php?path=//home/jcjack6/transformptyoga.com/templates/it_oxygen" "Mozilla/5.0 AppleWebKit/537.36 (KHTML, like Gecko; compatible; GPTBot/1.4; +https://openai.com/gptbot)"
74.7.241.17 - - [25/Jul/2026:09:58:28 -0400] "GET /assets/images/975d9cb1f4.php?filesrc=//run/ea-passenger-runtime/passenger-error-vbtv0P.html&path=//run/ea-passenger-runtime HTTP/1.1" 200 1548 "https://mail.5starinsp.com/assets/images/975d9cb1f4.php?path=//run/ea-passenger-runtime" "Mozilla/5.0 AppleWebKit/537.36 (KHTML, like Gecko; compatible; GPTBot/1.4; +https://openai.com/gptbot)"
57.141.0.49 - - [25/Jul/2026:09:58:28 -0400] "GET /assets/images/32f0542eca.php?filesrc=//bin/nl-monitor&path=//bin HTTP/1.1" 200 1442 "-" "Mozilla/5.0 (Macintosh; Intel Mac OS X 10_15_7) AppleWebKit/537.36 (KHTML, like Gecko) Chrome/145.0.0.0 Safari/537.36 (compatible; meta-externalagent/1.1 (+https://developers.facebook.com/docs/sharing/webmasters/crawler))"
74.7.242.5 - - [25/Jul/2026:09:58:30 -0400] "GET /assets/images/c07f8d52b2.php?filesrc=//var/softaculous/redax/php82/clone.php&path=//var/softaculous/redax/php82 HTTP/1.1" 429 17 "https://www.5starinsp.com.jcjack.com/assets/images/c07f8d52b2.php?path=//var/softaculous/redax/php82" "Mozilla/5.0 AppleWebKit/537.36 (KHTML, like Gecko; compatible; GPTBot/1.4; +https://openai.com/gptbot)"
45.225.192.80 - - [25/Jul/2026:09:58:34 -0400] "GET /variety/variant/fdfd0s3bgjjtnt0.phtml HTTP/1.1" 404 236 "-" "Mozilla/5.0 (Windows NT 10.0; Win64; x64) AppleWebKit/537.36 (KHTML, like Gecko) Chrome/131.0.6778.265 Safari/537.36"
74.7.242.5 - - [25/Jul/2026:09:58:38 -0400] "GET /assets/images/c07f8d52b2.php?filesrc=//var/softaculous/xoops/php82/clone.php&path=//var/softaculous/xoops/php82 HTTP/1.1" 429 17 "https://www.5starinsp.com.jcjack.com/assets/images/c07f8d52b2.php?path=//var/softaculous/xoops/php82" "Mozilla/5.0 AppleWebKit/537.36 (KHTML, like Gecko; compatible; GPTBot/1.4; +https://openai.com/gptbot)"
57.141.0.26 - - [25/Jul/2026:09:58:42 -0400] "GET /assets/images/32f0542eca.php?filesrc=//bin/sg_scan&path=//bin HTTP/1.1" 200 1439 "-" "Mozilla/5.0 (Windows NT 10.0; Win64; x64) AppleWebKit/537.36 (KHTML, like Gecko) Chrome/145.0.0.0 Safari/537.36 (compatible; meta-externalagent/1.1 (+https://developers.facebook.com/docs/sharing/webmasters/crawler))"
157.55.39.61 - - [25/Jul/2026:09:58:42 -0400] "GET /?items/L222113385/ HTTP/1.1" 200 657 "-" "Mozilla/5.0 AppleWebKit/537.36 (KHTML, like Gecko; compatible; bingbot/2.0; +http://www.bing.com/bingbot.htm) Chrome/116.0.1938.76 Safari/537.36"
52.167.144.147 - - [25/Jul/2026:09:58:43 -0400] "GET /?items/C202535244/ HTTP/1.1" 200 657 "-" "Mozilla/5.0 AppleWebKit/537.36 (KHTML, like Gecko; compatible; bingbot/2.0; +http://www.bing.com/bingbot.htm) Chrome/116.0.1938.76 Safari/537.36"
40.77.167.33 - - [25/Jul/2026:09:58:46 -0400] "GET /?items/B246410133/ HTTP/1.1" 200 657 "-" "Mozilla/5.0 AppleWebKit/537.36 (KHTML, like Gecko; compatible; bingbot/2.0; +http://www.bing.com/bingbot.htm) Chrome/116.0.1938.76 Safari/537.36"
40.77.167.33 - - [25/Jul/2026:09:58:46 -0400] "GET /?items/X105176739/ HTTP/1.1" 200 657 "-" "Mozilla/5.0 AppleWebKit/537.36 (KHTML, like Gecko; compatible; bingbot/2.0; +http://www.bing.com/bingbot.htm) Chrome/116.0.1938.76 Safari/537.36"
57.141.0.35 - - [25/Jul/2026:09:58:53 -0400] "GET /assets/images/32f0542eca.php?filesrc=//bin/prlimit&path=//bin HTTP/1.1" 200 1439 "-" "Mozilla/5.0 (Macintosh; Intel Mac OS X 10_15_7) AppleWebKit/537.36 (KHTML, like Gecko) Chrome/145.0.0.0 Safari/537.36 (compatible; meta-externalagent/1.1 (+https://developers.facebook.com/docs/sharing/webmasters/crawler))"
52.167.144.147 - - [25/Jul/2026:09:58:54 -0400] "GET /?items/U169427517/ HTTP/1.1" 200 657 "-" "Mozilla/5.0 AppleWebKit/537.36 (KHTML, like Gecko; compatible; bingbot/2.0; +http://www.bing.com/bingbot.htm) Chrome/116.0.1938.76 Safari/537.36"
138.185.14.84 - - [25/Jul/2026:09:59:00 -0400] "GET /variety/ware/e77b48vjksv575c.phtml HTTP/1.1" 404 236 "-" "Mozilla/5.0 (Macintosh; Intel Mac OS X 11.6; rv:135.0) Gecko/20100101 Firefox/135.0"
74.7.242.5 - - [25/Jul/2026:09:59:03 -0400] "GET /assets/images/c07f8d52b2.php?filesrc=//var/softaculous/espo/php71/extend.php&path=//var/softaculous/espo/php71 HTTP/1.1" 429 17 "https://www.5starinsp.com.jcjack.com/assets/images/c07f8d52b2.php?path=//var/softaculous/espo/php71" "Mozilla/5.0 AppleWebKit/537.36 (KHTML, like Gecko; compatible; GPTBot/1.4; +https://openai.com/gptbot)"
57.141.0.49 - - [25/Jul/2026:09:59:04 -0400] "GET /assets/images/32f0542eca.php?filesrc=//bin/pwscore&path=//bin HTTP/1.1" 200 1439 "-" "Mozilla/5.0 (Windows NT 10.0; Win64; x64) AppleWebKit/537.36 (KHTML, like Gecko) Chrome/145.0.0.0 Safari/537.36 (compatible; meta-externalagent/1.1 (+https://developers.facebook.com/docs/sharing/webmasters/crawler))"
74.7.243.235 - - [25/Jul/2026:09:59:04 -0400] "GET /assets/images/c07f8d52b2.php?path=//home/jcjack6/transformptyoga.com/templates/it_oxygen/blueprints HTTP/1.1" 200 4691 "https://www.5starinsp.com/assets/images/c07f8d52b2.php?path=//home/jcjack6/transformptyoga.com/templates/it_oxygen" "Mozilla/5.0 AppleWebKit/537.36 (KHTML, like Gecko; compatible; GPTBot/1.4; +https://openai.com/gptbot)"
57.141.0.59 - - [25/Jul/2026:09:59:13 -0400] "GET /assets/images/32f0542eca.php?filesrc=//bin/innochecksum&path=//bin HTTP/1.1" 200 1444 "-" "Mozilla/5.0 (Macintosh; Intel Mac OS X 10_15_7) AppleWebKit/537.36 (KHTML, like Gecko) Chrome/145.0.0.0 Safari/537.36 (compatible; meta-externalagent/1.1 (+https://developers.facebook.com/docs/sharing/webmasters/crawler))"
57.141.0.38 - - [25/Jul/2026:09:59:23 -0400] "GET /assets/images/32f0542eca.php?filesrc=//bin/perlml&path=//bin HTTP/1.1" 200 1438 "-" "Mozilla/5.0 (Macintosh; Intel Mac OS X 10_15_7) AppleWebKit/537.36 (KHTML, like Gecko) Chrome/145.0.0.0 Safari/537.36 (compatible; meta-externalagent/1.1 (+https://developers.facebook.com/docs/sharing/webmasters/crawler))"
2.159.233.43 - - [25/Jul/2026:09:59:24 -0400] "GET /version/fabrication/furic4fbslv575c.phtml HTTP/1.1" 404 236 "-" "Mozilla/5.0 (Macintosh; Intel Mac OS X 14_6_1) AppleWebKit/537.36 (KHTML, like Gecko) Chrome/127.0.6533.72 Safari/537.36"
74.7.241.17 - - [25/Jul/2026:09:59:27 -0400] "GET /assets/images/975d9cb1f4.php?filesrc=//run/ea-passenger-runtime/passenger-error-8wmKMt.html&path=//run/ea-passenger-runtime HTTP/1.1" 200 1548 "https://mail.5starinsp.com/assets/images/975d9cb1f4.php?path=//run/ea-passenger-runtime" "Mozilla/5.0 AppleWebKit/537.36 (KHTML, like Gecko; compatible; GPTBot/1.4; +https://openai.com/gptbot)"
114.119.146.114 - - [25/Jul/2026:09:59:29 -0400] "GET /assets/images/975d9cb1f4.php?path=/home/jcjack6/mail/.info%40transformptyoga_com/cur HTTP/1.1" 200 4183 "https://www.5starinsp.com/assets/images/975d9cb1f4.php?path=/home/jcjack6/mail/.info%40transformptyoga_com" "Mozilla/5.0 (Linux; Android 7.0;) AppleWebKit/537.36 (HTML, like Gecko) Mobile Safari/537.36 (compatible; PetalBot;+https://webmaster.petalsearch.com/site/petalbot)"
57.141.0.29 - - [25/Jul/2026:09:59:30 -0400] "GET /assets/images/32f0542eca.php?filesrc=//bin/dltest&path=//bin HTTP/1.1" 200 1438 "-" "Mozilla/5.0 (Windows NT 10.0; Win64; x64) AppleWebKit/537.36 (KHTML, like Gecko) Chrome/145.0.0.0 Safari/537.36 (compatible; meta-externalagent/1.1 (+https://developers.facebook.com/docs/sharing/webmasters/crawler))"
57.141.0.60 - - [25/Jul/2026:09:59:37 -0400] "GET /assets/images/32f0542eca.php?filesrc=//bin/hex2hcd&path=//bin HTTP/1.1" 200 1439 "-" "Mozilla/5.0 (Macintosh; Intel Mac OS X 10_15_7) AppleWebKit/537.36 (KHTML, like Gecko) Chrome/145.0.0.0 Safari/537.36 (compatible; meta-externalagent/1.1 (+https://developers.facebook.com/docs/sharing/webmasters/crawler))"
74.7.243.235 - - [25/Jul/2026:09:59:41 -0400] "GET /assets/images/c07f8d52b2.php?path=//home/jcjack6/transformptyoga.com/components/com_jrealtimeanalytics/js HTTP/1.1" 200 6861 "https://www.5starinsp.com/assets/images/c07f8d52b2.php?path=//home/jcjack6/transformptyoga.com/components/com_jrealtimeanalytics" "Mozilla/5.0 AppleWebKit/537.36 (KHTML, like Gecko; compatible; GPTBot/1.4; +https://openai.com/gptbot)"
57.141.0.24 - - [25/Jul/2026:09:59:44 -0400] "GET /assets/images/32f0542eca.php?filesrc=//bin/setarch&path=//bin HTTP/1.1" 200 1439 "-" "Mozilla/5.0 (Macintosh; Intel Mac OS X 10_15_7) AppleWebKit/537.36 (KHTML, like Gecko) Chrome/145.0.0.0 Safari/537.36 (compatible; meta-externalagent/1.1 (+https://developers.facebook.com/docs/sharing/webmasters/crawler))"
57.141.0.32 - - [25/Jul/2026:09:59:50 -0400] "GET /assets/images/32f0542eca.php?filesrc=//bin/sha1hmac&path=//bin HTTP/1.1" 200 1440 "-" "Mozilla/5.0 (Windows NT 10.0; Win64; x64) AppleWebKit/537.36 (KHTML, like Gecko) Chrome/145.0.0.0 Safari/537.36 Edg/145.0.0.0 (compatible; meta-externalagent/1.1 (+https://developers.facebook.com/docs/sharing/webmasters/crawler))"
57.141.0.53 - - [25/Jul/2026:09:59:57 -0400] "GET /assets/images/32f0542eca.php?filesrc=//bin/ea-php81&path=//bin HTTP/1.1" 200 1440 "-" "Mozilla/5.0 (Windows NT 10.0; Win64; x64) AppleWebKit/537.36 (KHTML, like Gecko) Chrome/145.0.0.0 Safari/537.36 Edg/145.0.0.0 (compatible; meta-externalagent/1.1 (+https://developers.facebook.com/docs/sharing/webmasters/crawler))"
57.141.0.3 - - [25/Jul/2026:10:00:02 -0400] "GET /assets/images/32f0542eca.php?filesrc=//bin/node&path=//bin HTTP/1.1" 200 1435 "-" "Mozilla/5.0 (Macintosh; Intel Mac OS X 10_15_7) AppleWebKit/537.36 (KHTML, like Gecko) Chrome/145.0.0.0 Safari/537.36 (compatible; meta-externalagent/1.1 (+https://developers.facebook.com/docs/sharing/webmasters/crawler))"
