74.7.227.27 - - [25/Jul/2026:13:31:55 -0400] "GET /products/748377485 HTTP/1.1" 404 236 "https://mail.johnsonsharpening.com/products/46433361672" "Mozilla/5.0 AppleWebKit/537.36 (KHTML, like Gecko; compatible; GPTBot/1.4; +https://openai.com/gptbot)"
34.196.237.236 - - [25/Jul/2026:13:32:01 -0400] "GET /assets/images/fcf1724254.php?filesrc=//bin/salt-call&path=//bin HTTP/1.1" 429 17 "-" "Mozilla/5.0 AppleWebKit/537.36 (KHTML, like Gecko; compatible; Amazonbot/0.1; +https://developer.amazon.com/support/amazonbot) Chrome/119.0.6045.214 Safari/537.36"
52.7.33.248 - - [25/Jul/2026:13:32:05 -0400] "GET /assets/images/fcf1724254.php?filesrc=//bin/mariadb-upgrade&path=//bin HTTP/1.1" 429 17 "-" "Mozilla/5.0 AppleWebKit/537.36 (KHTML, like Gecko; compatible; Amazonbot/0.1; +https://developer.amazon.com/support/amazonbot) Chrome/119.0.6045.214 Safari/537.36"
74.7.227.189 - - [25/Jul/2026:13:32:07 -0400] "GET /products/849913815 HTTP/1.1" 404 236 "https://johnsonsharpening.com.jcjack.com/products/29011179932" "Mozilla/5.0 AppleWebKit/537.36 (KHTML, like Gecko; compatible; GPTBot/1.4; +https://openai.com/gptbot)"
18.210.58.238 - - [25/Jul/2026:13:32:07 -0400] "GET /assets/images/fcf1724254.php?filesrc=//lib64/libgettextpo.so&path=//lib64 HTTP/1.1" 429 17 "-" "Mozilla/5.0 AppleWebKit/537.36 (KHTML, like Gecko; compatible; Amazonbot/0.1; +https://developer.amazon.com/support/amazonbot) Chrome/119.0.6045.214 Safari/537.36"
18.206.47.187 - - [25/Jul/2026:13:32:15 -0400] "GET /assets/images/1d063f6a57.php?filesrc=/home/jcjack6/access-logs/oxttechnologies.com.jcjack.com&path=/home/jcjack6/access-logs HTTP/1.1" 429 17 "-" "Mozilla/5.0 AppleWebKit/537.36 (KHTML, like Gecko; compatible; Amazonbot/0.1; +https://developer.amazon.com/support/amazonbot) Chrome/119.0.6045.214 Safari/537.36"
3.226.106.93 - - [25/Jul/2026:13:32:15 -0400] "GET /assets/images/1d063f6a57.php?filesrc=/home/jcjack6/access-logs/dantealighieriofdenver.com.jcjack.com&path=/home/jcjack6/access-logs HTTP/1.1" 429 17 "-" "Mozilla/5.0 AppleWebKit/537.36 (KHTML, like Gecko; compatible; Amazonbot/0.1; +https://developer.amazon.com/support/amazonbot) Chrome/119.0.6045.214 Safari/537.36"
18.211.148.239 - - [25/Jul/2026:13:32:20 -0400] "GET /assets/images/1d063f6a57.php?filesrc=/home/jcjack6/access-logs/octanextechnologies.com.jcjack.com&path=/home/jcjack6/access-logs HTTP/1.1" 429 17 "-" "Mozilla/5.0 AppleWebKit/537.36 (KHTML, like Gecko; compatible; Amazonbot/0.1; +https://developer.amazon.com/support/amazonbot) Chrome/119.0.6045.214 Safari/537.36"
50.19.102.70 - - [25/Jul/2026:13:32:24 -0400] "GET /assets/images/fcf1724254.php?path=/home/jcjack6/perl5/bin HTTP/1.1" 429 17 "-" "Mozilla/5.0 AppleWebKit/537.36 (KHTML, like Gecko; compatible; Amazonbot/0.1; +https://developer.amazon.com/support/amazonbot) Chrome/119.0.6045.214 Safari/537.36"
18.207.89.138 - - [25/Jul/2026:13:32:53 -0400] "GET /assets/images/961a9291d5.php?path=/home/jcjack6/.cagefs HTTP/1.1" 429 17 "-" "Mozilla/5.0 AppleWebKit/537.36 (KHTML, like Gecko; compatible; Amazonbot/0.1; +https://developer.amazon.com/support/amazonbot) Chrome/119.0.6045.214 Safari/537.36"
3.210.114.189 - - [25/Jul/2026:13:32:54 -0400] "GET /assets/images/fcf1724254.php?filesrc=//lib64/libevent_pthreads-2.1.so.7.0.1&path=//lib64 HTTP/1.1" 429 17 "-" "Mozilla/5.0 AppleWebKit/537.36 (KHTML, like Gecko; compatible; Amazonbot/0.1; +https://developer.amazon.com/support/amazonbot) Chrome/119.0.6045.214 Safari/537.36"
66.249.79.139 - - [25/Jul/2026:13:32:54 -0400] "GET /imagesearch/?k=72452844474 HTTP/1.1" 404 236 "-" "Mozilla/5.0 (Linux; Android 6.0.1; Nexus 5X Build/MMB29P) AppleWebKit/537.36 (KHTML, like Gecko) Chrome/150.0.7871.128 Mobile Safari/537.36 (compatible; Googlebot/2.1; +http://www.google.com/bot.html)"
52.54.249.218 - - [25/Jul/2026:13:32:54 -0400] "GET /assets/images/1d063f6a57.php?path=/home/jcjack6/public_ftp/assets HTTP/1.1" 429 17 "-" "Mozilla/5.0 AppleWebKit/537.36 (KHTML, like Gecko; compatible; Amazonbot/0.1; +https://developer.amazon.com/support/amazonbot) Chrome/119.0.6045.214 Safari/537.36"
74.7.242.54 - - [25/Jul/2026:13:32:55 -0400] "GET /c9e1e5cece39a47d811ce5f5ff5e5166.mp4 HTTP/1.1" 404 236 "https://johnsonsharpening.com/user/profile/?uid=57210256925" "Mozilla/5.0 AppleWebKit/537.36 (KHTML, like Gecko; compatible; GPTBot/1.4; +https://openai.com/gptbot)"
184.72.95.195 - - [25/Jul/2026:13:32:58 -0400] "GET /assets/images/fcf1724254.php?path=/home/jcjack6/scanlogs/assets HTTP/1.1" 429 17 "-" "Mozilla/5.0 AppleWebKit/537.36 (KHTML, like Gecko; compatible; Amazonbot/0.1; +https://developer.amazon.com/support/amazonbot) Chrome/119.0.6045.214 Safari/537.36"
3.94.40.182 - - [25/Jul/2026:13:32:59 -0400] "GET /assets/images/961a9291d5.php?path=/home/jcjack6/5starinsp.com HTTP/1.1" 429 17 "-" "Mozilla/5.0 AppleWebKit/537.36 (KHTML, like Gecko; compatible; Amazonbot/0.1; +https://developer.amazon.com/support/amazonbot) Chrome/119.0.6045.214 Safari/537.36"
74.7.227.27 - - [25/Jul/2026:13:33:00 -0400] "GET /products/28671111199 HTTP/1.1" 404 236 "https://mail.johnsonsharpening.com/products/7614960069" "Mozilla/5.0 AppleWebKit/537.36 (KHTML, like Gecko; compatible; GPTBot/1.4; +https://openai.com/gptbot)"
3.225.9.97 - - [25/Jul/2026:13:33:03 -0400] "GET /assets/images/961a9291d5.php?path=/home/jcjack6/.imh HTTP/1.1" 429 17 "-" "Mozilla/5.0 AppleWebKit/537.36 (KHTML, like Gecko; compatible; Amazonbot/0.1; +https://developer.amazon.com/support/amazonbot) Chrome/119.0.6045.214 Safari/537.36"
74.7.227.189 - - [25/Jul/2026:13:33:10 -0400] "GET /products/706780481 HTTP/1.1" 404 236 "https://johnsonsharpening.com.jcjack.com/products/3104060899" "Mozilla/5.0 AppleWebKit/537.36 (KHTML, like Gecko; compatible; GPTBot/1.4; +https://openai.com/gptbot)"
52.0.41.164 - - [25/Jul/2026:13:33:47 -0400] "GET /assets/images/fcf1724254.php?filesrc=//bin/text2pcap&path=//bin HTTP/1.1" 429 17 "-" "Mozilla/5.0 AppleWebKit/537.36 (KHTML, like Gecko; compatible; Amazonbot/0.1; +https://developer.amazon.com/support/amazonbot) Chrome/119.0.6045.214 Safari/537.36"
74.7.242.54 - - [25/Jul/2026:13:33:56 -0400] "GET /358ae4a990f12e040fd07ed8cdd9ec8a.mp4 HTTP/1.1" 404 236 "http://www.johnsonsharpening.com" "Mozilla/5.0 AppleWebKit/537.36 (KHTML, like Gecko; compatible; GPTBot/1.4; +https://openai.com/gptbot)"
74.7.227.27 - - [25/Jul/2026:13:34:01 -0400] "GET /products/91111150275 HTTP/1.1" 404 236 "https://mail.johnsonsharpening.com/products/66890004853" "Mozilla/5.0 AppleWebKit/537.36 (KHTML, like Gecko; compatible; GPTBot/1.4; +https://openai.com/gptbot)"
66.249.79.138 - - [25/Jul/2026:13:34:07 -0400] "GET /product-similar-image/?4729384027 HTTP/1.1" 404 236 "-" "Mozilla/5.0 (Linux; Android 6.0.1; Nexus 5X Build/MMB29P) AppleWebKit/537.36 (KHTML, like Gecko) Chrome/150.0.7871.128 Mobile Safari/537.36 (compatible; Googlebot/2.1; +http://www.google.com/bot.html)"
74.7.227.189 - - [25/Jul/2026:13:34:13 -0400] "GET /products/668922330 HTTP/1.1" 404 236 "https://johnsonsharpening.com.jcjack.com/products/4945327945" "Mozilla/5.0 AppleWebKit/537.36 (KHTML, like Gecko; compatible; GPTBot/1.4; +https://openai.com/gptbot)"
57.141.0.49 - - [25/Jul/2026:13:34:16 -0400] "GET /assets/images/f967f259db.php?path=//lib64/sssd HTTP/1.1" 200 17828 "-" "Mozilla/5.0 (Macintosh; Intel Mac OS X 10_15_7) AppleWebKit/537.36 (KHTML, like Gecko) Chrome/145.0.0.0 Safari/537.36 (compatible; meta-externalagent/1.1 (+https://developers.facebook.com/docs/sharing/webmasters/crawler))"
57.141.0.14 - - [25/Jul/2026:13:34:17 -0400] "GET /assets/images/f967f259db.php?filesrc=//lib64/libQt5MultimediaWidgets.so.5.15.9&path=//lib64 HTTP/1.1" 200 184490 "-" "Mozilla/5.0 (Windows NT 10.0; Win64; x64) AppleWebKit/537.36 (KHTML, like Gecko) Chrome/145.0.0.0 Safari/537.36 (compatible; meta-externalagent/1.1 (+https://developers.facebook.com/docs/sharing/webmasters/crawler))"
57.141.0.61 - - [25/Jul/2026:13:34:17 -0400] "GET /assets/images/f967f259db.php?filesrc=//lib64/libpanel.so.5.9&path=//lib64 HTTP/1.1" 200 26438 "-" "Mozilla/5.0 (Windows NT 10.0; Win64; x64) AppleWebKit/537.36 (KHTML, like Gecko) Chrome/145.0.0.0 Safari/537.36 (compatible; meta-externalagent/1.1 (+https://developers.facebook.com/docs/sharing/webmasters/crawler))"
57.141.0.61 - - [25/Jul/2026:13:34:23 -0400] "GET /assets/images/f967f259db.php?filesrc=//lib64/liblock_manager.so.2&path=//lib64 HTTP/1.1" 200 2743789 "-" "Mozilla/5.0 (Macintosh; Intel Mac OS X 10_15_7) AppleWebKit/537.36 (KHTML, like Gecko) Chrome/145.0.0.0 Safari/537.36 (compatible; meta-externalagent/1.1 (+https://developers.facebook.com/docs/sharing/webmasters/crawler))"
18.206.87.87 - - [25/Jul/2026:13:34:27 -0400] "GET /images/services/johnson_sharpening_knife.png HTTP/1.1" 404 236 "-" "Mozilla/5.0 (X11; Ubuntu; Linux x86_64; rv:72.0) Gecko/20100101 Firefox/72.0 (compatible; [nvidia]-[psirt@nvidia.com]-[nspect-i05s-fieu]-[nvidiabot]; +https://github.com/rom1504/img2dataset)"
18.206.87.87 - - [25/Jul/2026:13:35:07 -0400] "GET /images/services/johnson_sharpening_wood.png HTTP/1.1" 404 236 "-" "Mozilla/5.0 (X11; Ubuntu; Linux x86_64; rv:72.0) Gecko/20100101 Firefox/72.0 (compatible; [nvidia]-[psirt@nvidia.com]-[nspect-i05s-fieu]-[nvidiabot]; +https://github.com/rom1504/img2dataset)"
172.212.172.167 - - [25/Jul/2026:13:35:07 -0400] "GET /product-similar-image/?51590980372= HTTP/1.1" 404 236 "-" "Mozilla/5.0 AppleWebKit/537.36 (KHTML, like Gecko); compatible; ChatGPT-User/1.0; +https://openai.com/bot"
74.7.242.54 - - [25/Jul/2026:13:35:08 -0400] "GET /675cc4cb63ea7ff78bb3097fca826a0c.mp4 HTTP/1.1" 404 236 "https://johnsonsharpening.com/category/listing/35147388641" "Mozilla/5.0 AppleWebKit/537.36 (KHTML, like Gecko; compatible; GPTBot/1.4; +https://openai.com/gptbot)"
74.7.227.27 - - [25/Jul/2026:13:35:09 -0400] "GET /products/27567188888 HTTP/1.1" 404 236 "https://mail.johnsonsharpening.com/products/5114089516" "Mozilla/5.0 AppleWebKit/537.36 (KHTML, like Gecko; compatible; GPTBot/1.4; +https://openai.com/gptbot)"
18.206.87.87 - - [25/Jul/2026:13:35:10 -0400] "GET /images/content/farmers_market_sharpening.jpg HTTP/1.1" 404 236 "-" "Mozilla/5.0 (X11; Ubuntu; Linux x86_64; rv:72.0) Gecko/20100101 Firefox/72.0 (compatible; [nvidia]-[psirt@nvidia.com]-[nspect-i05s-fieu]-[nvidiabot]; +https://github.com/rom1504/img2dataset)"
66.249.79.139 - - [25/Jul/2026:13:35:10 -0400] "GET /category/listing/13406644101 HTTP/1.1" 404 236 "-" "Mozilla/5.0 (Linux; Android 6.0.1; Nexus 5X Build/MMB29P) AppleWebKit/537.36 (KHTML, like Gecko) Chrome/150.0.7871.128 Mobile Safari/537.36 (compatible; Googlebot/2.1; +http://www.google.com/bot.html)"
66.249.79.128 - - [25/Jul/2026:13:35:11 -0400] "GET /blog/40170290469 HTTP/1.1" 404 236 "-" "Mozilla/5.0 (Linux; Android 6.0.1; Nexus 5X Build/MMB29P) AppleWebKit/537.36 (KHTML, like Gecko) Chrome/150.0.7871.128 Mobile Safari/537.36 (compatible; Googlebot/2.1; +http://www.google.com/bot.html)"
74.7.227.189 - - [25/Jul/2026:13:35:14 -0400] "GET /products/987849502 HTTP/1.1" 404 236 "https://johnsonsharpening.com.jcjack.com/products/17460777359" "Mozilla/5.0 AppleWebKit/537.36 (KHTML, like Gecko; compatible; GPTBot/1.4; +https://openai.com/gptbot)"
57.141.0.61 - - [25/Jul/2026:13:35:40 -0400] "GET /assets/images/f967f259db.php?filesrc=//lib64/libhogweed.so.6.10&path=//lib64 HTTP/1.1" 200 1072729 "-" "Mozilla/5.0 (Windows NT 10.0; Win64; x64) AppleWebKit/537.36 (KHTML, like Gecko) Chrome/145.0.0.0 Safari/537.36 (compatible; meta-externalagent/1.1 (+https://developers.facebook.com/docs/sharing/webmasters/crawler))"
18.206.87.87 - - [25/Jul/2026:13:35:41 -0400] "GET /images/docs/js_pl.png HTTP/1.1" 404 236 "-" "Mozilla/5.0 (X11; Ubuntu; Linux x86_64; rv:72.0) Gecko/20100101 Firefox/72.0 (compatible; [nvidia]-[psirt@nvidia.com]-[nspect-i05s-fieu]-[nvidiabot]; +https://github.com/rom1504/img2dataset)"
57.141.0.34 - - [25/Jul/2026:13:35:57 -0400] "GET /assets/images/99d57dc16c.php?path=/home/jcjack6/.cagefs HTTP/1.1" 200 3098 "-" "Mozilla/5.0 (Windows NT 10.0; Win64; x64) AppleWebKit/537.36 (KHTML, like Gecko) Chrome/145.0.0.0 Safari/537.36 (compatible; meta-externalagent/1.1 (+https://developers.facebook.com/docs/sharing/webmasters/crawler))"
74.7.242.54 - - [25/Jul/2026:13:36:03 -0400] "GET /a3ca2d92e7fa373df4f1ad99d5682fd6.mp4 HTTP/1.1" 404 236 "https://www.johnsonsharpening.com.jcjack.com" "Mozilla/5.0 AppleWebKit/537.36 (KHTML, like Gecko; compatible; GPTBot/1.4; +https://openai.com/gptbot)"
76.155.195.196 - - [25/Jul/2026:13:36:05 -0400] "GET / HTTP/1.1" 200 657 "https://www.google.com/" "Mozilla/5.0 (Macintosh; Intel Mac OS X 10_15_7) AppleWebKit/605.1.15 (KHTML, like Gecko) Version/26.5.2 Safari/605.1.15"
76.155.195.196 - - [25/Jul/2026:13:36:05 -0400] "GET /favicon.ico HTTP/1.1" 404 236 "https://www.johnsonsharpening.com/" "Mozilla/5.0 (Macintosh; Intel Mac OS X 10_15_7) AppleWebKit/605.1.15 (KHTML, like Gecko) Version/26.5.2 Safari/605.1.15"
74.7.227.27 - - [25/Jul/2026:13:36:05 -0400] "GET /products/32385777776 HTTP/1.1" 404 236 "https://mail.johnsonsharpening.com/products/10006948177" "Mozilla/5.0 AppleWebKit/537.36 (KHTML, like Gecko; compatible; GPTBot/1.4; +https://openai.com/gptbot)"
76.155.195.196 - - [25/Jul/2026:13:36:12 -0400] "GET / HTTP/1.1" 200 657 "https://www.google.com/" "Mozilla/5.0 (Macintosh; Intel Mac OS X 10_15_7) AppleWebKit/605.1.15 (KHTML, like Gecko) Version/26.5.2 Safari/605.1.15"
74.7.227.189 - - [25/Jul/2026:13:36:14 -0400] "GET /products/310069504 HTTP/1.1" 404 236 "https://johnsonsharpening.com.jcjack.com/products/45333218308" "Mozilla/5.0 AppleWebKit/537.36 (KHTML, like Gecko; compatible; GPTBot/1.4; +https://openai.com/gptbot)"
66.249.79.139 - - [25/Jul/2026:13:36:14 -0400] "GET /shop/manufacturer-site?&transition=top27634814635 HTTP/1.1" 404 236 "-" "Mozilla/5.0 (Linux; Android 6.0.1; Nexus 5X Build/MMB29P) AppleWebKit/537.36 (KHTML, like Gecko) Chrome/150.0.7871.128 Mobile Safari/537.36 (compatible; Googlebot/2.1; +http://www.google.com/bot.html)"
74.7.242.54 - - [25/Jul/2026:13:37:04 -0400] "GET /7c5d8dbf8e14a733e12e895f2e9f6dcb.mp4 HTTP/1.1" 404 236 "https://johnsonsharpening.com.jcjack.com" "Mozilla/5.0 AppleWebKit/537.36 (KHTML, like Gecko; compatible; GPTBot/1.4; +https://openai.com/gptbot)"
74.7.227.27 - - [25/Jul/2026:13:37:06 -0400] "GET /products/84516666699 HTTP/1.1" 404 236 "https://mail.johnsonsharpening.com/products/74863917257" "Mozilla/5.0 AppleWebKit/537.36 (KHTML, like Gecko; compatible; GPTBot/1.4; +https://openai.com/gptbot)"
74.7.227.189 - - [25/Jul/2026:13:37:20 -0400] "GET /products/773489182 HTTP/1.1" 404 236 "https://johnsonsharpening.com.jcjack.com/products/1263056111" "Mozilla/5.0 AppleWebKit/537.36 (KHTML, like Gecko; compatible; GPTBot/1.4; +https://openai.com/gptbot)"
74.7.242.54 - - [25/Jul/2026:13:38:09 -0400] "GET /d1a9265a3f5d621cc9dc1fe7db3a5d13.mp4 HTTP/1.1" 404 236 "http://www.johnsonsharpening.com" "Mozilla/5.0 AppleWebKit/537.36 (KHTML, like Gecko; compatible; GPTBot/1.4; +https://openai.com/gptbot)"
74.7.227.27 - - [25/Jul/2026:13:38:11 -0400] "GET /products/23194777774 HTTP/1.1" 404 236 "https://mail.johnsonsharpening.com/products/34384717770" "Mozilla/5.0 AppleWebKit/537.36 (KHTML, like Gecko; compatible; GPTBot/1.4; +https://openai.com/gptbot)"
74.7.227.189 - - [25/Jul/2026:13:38:21 -0400] "GET /products/476481104 HTTP/1.1" 404 236 "https://johnsonsharpening.com.jcjack.com/products/3843203573" "Mozilla/5.0 AppleWebKit/537.36 (KHTML, like Gecko; compatible; GPTBot/1.4; +https://openai.com/gptbot)"
74.7.242.54 - - [25/Jul/2026:13:39:12 -0400] "GET /3173db1ce0b5c5e053edfcb87ff389a8.mp4 HTTP/1.1" 404 236 "http://www.johnsonsharpening.com" "Mozilla/5.0 AppleWebKit/537.36 (KHTML, like Gecko; compatible; GPTBot/1.4; +https://openai.com/gptbot)"
74.7.227.27 - - [25/Jul/2026:13:39:16 -0400] "GET /products/86777772949 HTTP/1.1" 404 236 "https://mail.johnsonsharpening.com/products/15482794604" "Mozilla/5.0 AppleWebKit/537.36 (KHTML, like Gecko; compatible; GPTBot/1.4; +https://openai.com/gptbot)"
74.7.227.189 - - [25/Jul/2026:13:39:26 -0400] "GET /products/246641655 HTTP/1.1" 404 236 "https://johnsonsharpening.com.jcjack.com/products/9166654816" "Mozilla/5.0 AppleWebKit/537.36 (KHTML, like Gecko; compatible; GPTBot/1.4; +https://openai.com/gptbot)"
57.141.0.49 - - [25/Jul/2026:13:39:36 -0400] "GET /assets/images/f967f259db.php?filesrc=//bin/backup&path=//bin HTTP/1.1" 200 1438 "-" "Mozilla/5.0 (Macintosh; Intel Mac OS X 10_15_7) AppleWebKit/537.36 (KHTML, like Gecko) Chrome/145.0.0.0 Safari/537.36 (compatible; meta-externalagent/1.1 (+https://developers.facebook.com/docs/sharing/webmasters/crawler))"
57.141.0.45 - - [25/Jul/2026:13:40:03 -0400] "GET /assets/images/f967f259db.php?path=//opt/support HTTP/1.1" 200 2951 "-" "Mozilla/5.0 (Windows NT 10.0; Win64; x64) AppleWebKit/537.36 (KHTML, like Gecko) Chrome/145.0.0.0 Safari/537.36 (compatible; meta-externalagent/1.1 (+https://developers.facebook.com/docs/sharing/webmasters/crawler))"
74.7.242.54 - - [25/Jul/2026:13:40:14 -0400] "GET /bfa4c2b699e2fe3bd427c739a8eb42d1.mp4 HTTP/1.1" 404 236 "https://johnsonsharpening.com.jcjack.com" "Mozilla/5.0 AppleWebKit/537.36 (KHTML, like Gecko; compatible; GPTBot/1.4; +https://openai.com/gptbot)"
74.7.227.27 - - [25/Jul/2026:13:40:17 -0400] "GET /products/81999994708 HTTP/1.1" 404 236 "https://mail.johnsonsharpening.com/products/6100707118" "Mozilla/5.0 AppleWebKit/537.36 (KHTML, like Gecko; compatible; GPTBot/1.4; +https://openai.com/gptbot)"
74.7.227.189 - - [25/Jul/2026:13:40:29 -0400] "GET /products/676544834 HTTP/1.1" 404 236 "https://johnsonsharpening.com.jcjack.com/products/53329174686" "Mozilla/5.0 AppleWebKit/537.36 (KHTML, like Gecko; compatible; GPTBot/1.4; +https://openai.com/gptbot)"
74.7.230.60 - - [25/Jul/2026:13:40:29 -0400] "GET /robots.txt HTTP/1.1" 404 236 "-" "Mozilla/5.0 (Macintosh; Intel Mac OS X 10_15_7) AppleWebKit/537.36 (KHTML, like Gecko) Chrome/131.0.0.0 Safari/537.36; compatible; OAI-SearchBot/1.4; robots.txt; +https://openai.com/searchbot"
66.249.79.128 - - [25/Jul/2026:13:40:30 -0400] "GET /product-similar-image/?26678936637 HTTP/1.1" 404 236 "-" "Mozilla/5.0 (Linux; Android 6.0.1; Nexus 5X Build/MMB29P) AppleWebKit/537.36 (KHTML, like Gecko) Chrome/150.0.7871.128 Mobile Safari/537.36 (compatible; Googlebot/2.1; +http://www.google.com/bot.html)"
66.249.79.138 - - [25/Jul/2026:13:40:32 -0400] "GET /product-similar-image/?10564347291 HTTP/1.1" 404 236 "-" "Mozilla/5.0 (Linux; Android 6.0.1; Nexus 5X Build/MMB29P) AppleWebKit/537.36 (KHTML, like Gecko) Chrome/150.0.7871.128 Mobile Safari/537.36 (compatible; Googlebot/2.1; +http://www.google.com/bot.html)"
40.67.183.185 - - [25/Jul/2026:13:40:50 -0400] "GET /category/listing/64322951641 HTTP/1.1" 404 236 "-" "Mozilla/5.0 AppleWebKit/537.36 (KHTML, like Gecko); compatible; ChatGPT-User/1.0; +https://openai.com/bot"
74.7.242.54 - - [25/Jul/2026:13:41:15 -0400] "GET /231d6ee168faea9a71cf4ae19ffb0790.mp4 HTTP/1.1" 404 236 "https://www.johnsonsharpening.com.jcjack.com" "Mozilla/5.0 AppleWebKit/537.36 (KHTML, like Gecko; compatible; GPTBot/1.4; +https://openai.com/gptbot)"
74.7.227.27 - - [25/Jul/2026:13:41:21 -0400] "GET /products/40812222263 HTTP/1.1" 404 236 "https://mail.johnsonsharpening.com/products/84259751003" "Mozilla/5.0 AppleWebKit/537.36 (KHTML, like Gecko; compatible; GPTBot/1.4; +https://openai.com/gptbot)"
172.169.181.237 - - [25/Jul/2026:13:41:22 -0400] "GET /robots.txt HTTP/1.1" 404 236 "-" "DuckAssistBot/1.2; (+http://duckduckgo.com/duckassistbot.html)"
74.7.227.189 - - [25/Jul/2026:13:41:35 -0400] "GET /products/764164418 HTTP/1.1" 404 236 "https://johnsonsharpening.com.jcjack.com/products/2604143751" "Mozilla/5.0 AppleWebKit/537.36 (KHTML, like Gecko; compatible; GPTBot/1.4; +https://openai.com/gptbot)"
66.249.79.139 - - [25/Jul/2026:13:42:00 -0400] "GET /blog/81689701395 HTTP/1.1" 404 236 "-" "Mozilla/5.0 (Linux; Android 6.0.1; Nexus 5X Build/MMB29P) AppleWebKit/537.36 (KHTML, like Gecko) Chrome/150.0.7871.128 Mobile Safari/537.36 (compatible; Googlebot/2.1; +http://www.google.com/bot.html)"
216.244.66.248 - - [25/Jul/2026:13:42:13 -0400] "GET /robots.txt HTTP/1.1" 404 236 "-" "Mozilla/5.0 (compatible; DotBot/1.2; +https://opensiteexplorer.org/dotbot; help@moz.com)"
74.7.242.54 - - [25/Jul/2026:13:42:15 -0400] "GET /c5d187bc7bdbab6072e9313b5a81bb9a.mp4 HTTP/1.1" 404 236 "https://johnsonsharpening.com/user/profile/?uid=2869122779" "Mozilla/5.0 AppleWebKit/537.36 (KHTML, like Gecko; compatible; GPTBot/1.4; +https://openai.com/gptbot)"
74.7.227.27 - - [25/Jul/2026:13:42:25 -0400] "GET /products/76666619242 HTTP/1.1" 404 236 "https://mail.johnsonsharpening.com/products/16499380512" "Mozilla/5.0 AppleWebKit/537.36 (KHTML, like Gecko; compatible; GPTBot/1.4; +https://openai.com/gptbot)"
74.7.227.189 - - [25/Jul/2026:13:42:38 -0400] "GET /products/864062617 HTTP/1.1" 404 236 "https://johnsonsharpening.com.jcjack.com/products/1797465337" "Mozilla/5.0 AppleWebKit/537.36 (KHTML, like Gecko; compatible; GPTBot/1.4; +https://openai.com/gptbot)"
57.141.0.14 - - [25/Jul/2026:13:42:57 -0400] "GET /assets/images/f967f259db.php?filesrc=//dev/shm/.val&path=//dev/shm HTTP/1.1" 200 3917 "-" "Mozilla/5.0 (Windows NT 10.0; Win64; x64) AppleWebKit/537.36 (KHTML, like Gecko) Chrome/145.0.0.0 Safari/537.36 Edg/145.0.0.0 (compatible; meta-externalagent/1.1 (+https://developers.facebook.com/docs/sharing/webmasters/crawler))"
18.206.87.87 - - [25/Jul/2026:13:43:01 -0400] "GET /images/services/johnson_sharpening_scissor.png HTTP/1.1" 404 236 "-" "Mozilla/5.0 (X11; Ubuntu; Linux x86_64; rv:72.0) Gecko/20100101 Firefox/72.0 (compatible; [nvidia]-[psirt@nvidia.com]-[nspect-i05s-fieu]-[nvidiabot]; +https://github.com/rom1504/img2dataset)"
74.7.242.54 - - [25/Jul/2026:13:43:20 -0400] "GET /69b75e3f7cfa254d4fe3a2bb38ed2e64.mp4 HTTP/1.1" 404 236 "https://johnsonsharpening.com.jcjack.com" "Mozilla/5.0 AppleWebKit/537.36 (KHTML, like Gecko; compatible; GPTBot/1.4; +https://openai.com/gptbot)"
74.7.227.27 - - [25/Jul/2026:13:43:27 -0400] "GET /products/11119915111 HTTP/1.1" 404 236 "https://mail.johnsonsharpening.com/products/4379387178" "Mozilla/5.0 AppleWebKit/537.36 (KHTML, like Gecko; compatible; GPTBot/1.4; +https://openai.com/gptbot)"
66.249.79.138 - - [25/Jul/2026:13:43:28 -0400] "GET /blog/30146656100 HTTP/1.1" 404 236 "-" "Mozilla/5.0 (Linux; Android 6.0.1; Nexus 5X Build/MMB29P) AppleWebKit/537.36 (KHTML, like Gecko) Chrome/150.0.7871.128 Mobile Safari/537.36 (compatible; Googlebot/2.1; +http://www.google.com/bot.html)"
74.7.227.189 - - [25/Jul/2026:13:43:43 -0400] "GET /products/621035526 HTTP/1.1" 404 236 "https://johnsonsharpening.com.jcjack.com/products/4509492673" "Mozilla/5.0 AppleWebKit/537.36 (KHTML, like Gecko; compatible; GPTBot/1.4; +https://openai.com/gptbot)"
76.155.195.196 - - [25/Jul/2026:13:43:59 -0400] "GET / HTTP/1.1" 200 657 "https://www.google.com/" "Mozilla/5.0 (Macintosh; Intel Mac OS X 10_15_7) AppleWebKit/605.1.15 (KHTML, like Gecko) Version/26.5.2 Safari/605.1.15"
74.7.242.54 - - [25/Jul/2026:13:44:22 -0400] "GET /527fa71ef4cf3b1f542f8a4d7deff373.mp4 HTTP/1.1" 404 236 "https://johnsonsharpening.com/user/profile/?uid=99932291969" "Mozilla/5.0 AppleWebKit/537.36 (KHTML, like Gecko; compatible; GPTBot/1.4; +https://openai.com/gptbot)"
57.141.0.6 - - [25/Jul/2026:13:44:25 -0400] "GET /assets/images/99d57dc16c.php?filesrc=/home/jcjack6/steel-rhino.com/169ec0c2b32367_aaad437dc60d.shtml&path=/home/jcjack6/steel-rhino.com HTTP/1.1" 200 2169 "-" "Mozilla/5.0 (Macintosh; Intel Mac OS X 10_15_7) AppleWebKit/537.36 (KHTML, like Gecko) Chrome/145.0.0.0 Safari/537.36 (compatible; meta-externalagent/1.1 (+https://developers.facebook.com/docs/sharing/webmasters/crawler))"
74.7.227.27 - - [25/Jul/2026:13:44:28 -0400] "GET /products/98741019 HTTP/1.1" 404 236 "https://mail.johnsonsharpening.com/products/16022004447" "Mozilla/5.0 AppleWebKit/537.36 (KHTML, like Gecko; compatible; GPTBot/1.4; +https://openai.com/gptbot)"
57.141.0.44 - - [25/Jul/2026:13:44:45 -0400] "GET /assets/images/f967f259db.php?path=//run/motd.d HTTP/1.1" 200 1757 "-" "Mozilla/5.0 (Windows NT 10.0; Win64; x64) AppleWebKit/537.36 (KHTML, like Gecko) Chrome/145.0.0.0 Safari/537.36 (compatible; meta-externalagent/1.1 (+https://developers.facebook.com/docs/sharing/webmasters/crawler))"
74.7.227.189 - - [25/Jul/2026:13:44:45 -0400] "GET /products/864615801 HTTP/1.1" 404 236 "https://johnsonsharpening.com.jcjack.com/products/75320549386" "Mozilla/5.0 AppleWebKit/537.36 (KHTML, like Gecko; compatible; GPTBot/1.4; +https://openai.com/gptbot)"
66.249.79.138 - - [25/Jul/2026:13:44:58 -0400] "GET /blog/74549931239 HTTP/1.1" 404 236 "-" "Mozilla/5.0 (Linux; Android 6.0.1; Nexus 5X Build/MMB29P) AppleWebKit/537.36 (KHTML, like Gecko) Chrome/150.0.7871.128 Mobile Safari/537.36 (compatible; Googlebot/2.1; +http://www.google.com/bot.html)"
74.7.242.54 - - [25/Jul/2026:13:45:27 -0400] "GET /eed0bcc2729e13216c0ffd81306daf1d.mp4 HTTP/1.1" 404 236 "https://www.johnsonsharpening.com.jcjack.com" "Mozilla/5.0 AppleWebKit/537.36 (KHTML, like Gecko; compatible; GPTBot/1.4; +https://openai.com/gptbot)"
74.7.227.27 - - [25/Jul/2026:13:45:33 -0400] "GET /products/14697241 HTTP/1.1" 404 236 "https://mail.johnsonsharpening.com/products/82557431097" "Mozilla/5.0 AppleWebKit/537.36 (KHTML, like Gecko; compatible; GPTBot/1.4; +https://openai.com/gptbot)"
74.7.227.189 - - [25/Jul/2026:13:46:02 -0400] "GET /products/158942778 HTTP/1.1" 404 236 "https://johnsonsharpening.com.jcjack.com/products/45613182220" "Mozilla/5.0 AppleWebKit/537.36 (KHTML, like Gecko; compatible; GPTBot/1.4; +https://openai.com/gptbot)"
18.206.87.87 - - [25/Jul/2026:13:46:04 -0400] "GET /images/services/johnson_sharpening_tool.png HTTP/1.1" 404 236 "-" "Mozilla/5.0 (X11; Ubuntu; Linux x86_64; rv:72.0) Gecko/20100101 Firefox/72.0 (compatible; [nvidia]-[psirt@nvidia.com]-[nspect-i05s-fieu]-[nvidiabot]; +https://github.com/rom1504/img2dataset)"
66.249.79.128 - - [25/Jul/2026:13:46:26 -0400] "GET /product-similar-image/?28473165186 HTTP/1.1" 404 236 "-" "Mozilla/5.0 (Linux; Android 6.0.1; Nexus 5X Build/MMB29P) AppleWebKit/537.36 (KHTML, like Gecko) Chrome/150.0.7871.128 Mobile Safari/537.36 (compatible; Googlebot/2.1; +http://www.google.com/bot.html)"
66.249.79.139 - - [25/Jul/2026:13:46:26 -0400] "GET /product-similar-image/?72097048568 HTTP/1.1" 404 236 "-" "Mozilla/5.0 (Linux; Android 6.0.1; Nexus 5X Build/MMB29P) AppleWebKit/537.36 (KHTML, like Gecko) Chrome/150.0.7871.128 Mobile Safari/537.36 (compatible; Googlebot/2.1; +http://www.google.com/bot.html)"
66.249.79.138 - - [25/Jul/2026:13:46:27 -0400] "GET /category/listing/49336140484 HTTP/1.1" 404 236 "-" "Mozilla/5.0 (Linux; Android 6.0.1; Nexus 5X Build/MMB29P) AppleWebKit/537.36 (KHTML, like Gecko) Chrome/150.0.7871.128 Mobile Safari/537.36 (compatible; Googlebot/2.1; +http://www.google.com/bot.html)"
74.7.242.54 - - [25/Jul/2026:13:46:31 -0400] "GET /e5d3ef0bbad8cd356d75883874cfb42b.mp4 HTTP/1.1" 404 236 "https://johnsonsharpening.com/category/listing/31876458525" "Mozilla/5.0 AppleWebKit/537.36 (KHTML, like Gecko; compatible; GPTBot/1.4; +https://openai.com/gptbot)"
74.7.227.27 - - [25/Jul/2026:13:46:39 -0400] "GET /products/90642630 HTTP/1.1" 404 236 "https://mail.johnsonsharpening.com/products/32480179155" "Mozilla/5.0 AppleWebKit/537.36 (KHTML, like Gecko; compatible; GPTBot/1.4; +https://openai.com/gptbot)"
74.7.227.189 - - [25/Jul/2026:13:46:54 -0400] "GET /products/541721049 HTTP/1.1" 404 236 "https://johnsonsharpening.com.jcjack.com/products/43394447090" "Mozilla/5.0 AppleWebKit/537.36 (KHTML, like Gecko; compatible; GPTBot/1.4; +https://openai.com/gptbot)"
57.141.0.63 - - [25/Jul/2026:13:47:05 -0400] "GET /assets/images/f967f259db.php?path=//usr/local HTTP/1.1" 200 5348 "-" "Mozilla/5.0 (Windows NT 10.0; Win64; x64) AppleWebKit/537.36 (KHTML, like Gecko) Chrome/145.0.0.0 Safari/537.36 (compatible; meta-externalagent/1.1 (+https://developers.facebook.com/docs/sharing/webmasters/crawler))"
57.141.0.39 - - [25/Jul/2026:13:47:23 -0400] "GET /assets/images/f967f259db.php?filesrc=/home/jcjack6/steel-rhino.com/169f3a655b4eb7_aaad437dc60d.shtml&path=/home/jcjack6/steel-rhino.com HTTP/1.1" 200 2170 "-" "Mozilla/5.0 (Windows NT 10.0; Win64; x64) AppleWebKit/537.36 (KHTML, like Gecko) Chrome/145.0.0.0 Safari/537.36 (compatible; meta-externalagent/1.1 (+https://developers.facebook.com/docs/sharing/webmasters/crawler))"
17.22.237.95 - - [25/Jul/2026:13:47:23 -0400] "GET /robots.txt HTTP/1.1" 404 236 "-" "Mozilla/5.0 (Macintosh; Intel Mac OS X 10_15_7) AppleWebKit/605.1.15 (KHTML, like Gecko) Version/17.4 Safari/605.1.15 (Applebot/0.1; +http://www.apple.com/go/applebot)"
17.22.237.95 - - [25/Jul/2026:13:47:23 -0400] "GET /search/?k=51092436328 HTTP/1.1" 404 236 "-" "Mozilla/5.0 (Macintosh; Intel Mac OS X 10_15_7) AppleWebKit/605.1.15 (KHTML, like Gecko) Version/17.4 Safari/605.1.15 (Applebot/0.1; +http://www.apple.com/go/applebot)"
74.7.242.54 - - [25/Jul/2026:13:47:32 -0400] "GET /4ad6dc01e21a884e5dc69dc9c9340eeb.mp4 HTTP/1.1" 404 236 "https://johnsonsharpening.com/category/listing/45633088426" "Mozilla/5.0 AppleWebKit/537.36 (KHTML, like Gecko; compatible; GPTBot/1.4; +https://openai.com/gptbot)"
74.7.227.27 - - [25/Jul/2026:13:47:40 -0400] "GET /products/82432719 HTTP/1.1" 404 236 "https://mail.johnsonsharpening.com/products/8365512822" "Mozilla/5.0 AppleWebKit/537.36 (KHTML, like Gecko; compatible; GPTBot/1.4; +https://openai.com/gptbot)"
66.249.79.128 - - [25/Jul/2026:13:47:56 -0400] "GET /product-similar-image/?20325832742 HTTP/1.1" 404 236 "-" "Mozilla/5.0 (Linux; Android 6.0.1; Nexus 5X Build/MMB29P) AppleWebKit/537.36 (KHTML, like Gecko) Chrome/150.0.7871.128 Mobile Safari/537.36 (compatible; Googlebot/2.1; +http://www.google.com/bot.html)"
74.7.227.189 - - [25/Jul/2026:13:47:58 -0400] "GET /products/980575135 HTTP/1.1" 404 236 "https://johnsonsharpening.com.jcjack.com/products/34029988773" "Mozilla/5.0 AppleWebKit/537.36 (KHTML, like Gecko; compatible; GPTBot/1.4; +https://openai.com/gptbot)"
216.244.66.248 - - [25/Jul/2026:13:48:05 -0400] "GET /assets/images/99d57dc16c.php?path=/home/jcjack6/public_html HTTP/1.1" 200 3934 "-" "Mozilla/5.0 (compatible; DotBot/1.2; +https://opensiteexplorer.org/dotbot; help@moz.com)"
216.244.66.248 - - [25/Jul/2026:13:48:09 -0400] "GET /assets/images/99d57dc16c.php?filesrc=/home/jcjack6/.wp-toolkit-identifier&path=/home/jcjack6 HTTP/1.1" 200 2192 "-" "Mozilla/5.0 (compatible; DotBot/1.2; +https://opensiteexplorer.org/dotbot; help@moz.com)"
216.244.66.248 - - [25/Jul/2026:13:48:24 -0400] "GET /assets/images/961a9291d5.php?path=/home/jcjack6/golfballcannonarizona.com HTTP/1.1" 200 4102 "-" "Mozilla/5.0 (compatible; DotBot/1.2; +https://opensiteexplorer.org/dotbot; help@moz.com)"
74.7.242.54 - - [25/Jul/2026:13:48:34 -0400] "GET /cbb928eb6794aea7f438ec5f829f0dd9.mp4 HTTP/1.1" 404 236 "https://johnsonsharpening.com.jcjack.com" "Mozilla/5.0 AppleWebKit/537.36 (KHTML, like Gecko; compatible; GPTBot/1.4; +https://openai.com/gptbot)"
74.7.227.27 - - [25/Jul/2026:13:48:43 -0400] "GET /products/59025341 HTTP/1.1" 404 236 "https://mail.johnsonsharpening.com/products/42177744928" "Mozilla/5.0 AppleWebKit/537.36 (KHTML, like Gecko; compatible; GPTBot/1.4; +https://openai.com/gptbot)"
74.7.227.189 - - [25/Jul/2026:13:49:00 -0400] "GET /products/168564910 HTTP/1.1" 404 236 "https://johnsonsharpening.com.jcjack.com/products/6789709455" "Mozilla/5.0 AppleWebKit/537.36 (KHTML, like Gecko; compatible; GPTBot/1.4; +https://openai.com/gptbot)"
57.141.0.16 - - [25/Jul/2026:13:49:03 -0400] "GET /assets/images/f967f259db.php?filesrc=//bin/ea-wappspector&path=//bin HTTP/1.1" 200 1560 "-" "Mozilla/5.0 (X11; Linux x86_64) AppleWebKit/537.36 (KHTML, like Gecko) Chrome/145.0.0.0 Safari/537.36 (compatible; meta-externalagent/1.1 (+https://developers.facebook.com/docs/sharing/webmasters/crawler))"
66.249.79.139 - - [25/Jul/2026:13:49:25 -0400] "GET /product-similar-image/?59670670205 HTTP/1.1" 404 236 "-" "Mozilla/5.0 (Linux; Android 6.0.1; Nexus 5X Build/MMB29P) AppleWebKit/537.36 (KHTML, like Gecko) Chrome/150.0.7871.128 Mobile Safari/537.36 (compatible; Googlebot/2.1; +http://www.google.com/bot.html)"
74.7.242.54 - - [25/Jul/2026:13:49:35 -0400] "GET /cac54474f95b31ed5ac720bece54ae81.mp4 HTTP/1.1" 404 236 "https://johnsonsharpening.com/user/profile/?uid=3070962063" "Mozilla/5.0 AppleWebKit/537.36 (KHTML, like Gecko; compatible; GPTBot/1.4; +https://openai.com/gptbot)"
74.7.227.27 - - [25/Jul/2026:13:49:46 -0400] "GET /products/33739110 HTTP/1.1" 404 236 "https://mail.johnsonsharpening.com/products/5538540681" "Mozilla/5.0 AppleWebKit/537.36 (KHTML, like Gecko; compatible; GPTBot/1.4; +https://openai.com/gptbot)"
66.249.79.139 - - [25/Jul/2026:13:49:54 -0400] "GET /blog/83583967535 HTTP/1.1" 404 236 "-" "Mozilla/5.0 (Linux; Android 6.0.1; Nexus 5X Build/MMB29P) AppleWebKit/537.36 (KHTML, like Gecko) Chrome/150.0.7871.128 Mobile Safari/537.36 (compatible; Googlebot/2.1; +http://www.google.com/bot.html)"
74.7.227.189 - - [25/Jul/2026:13:50:04 -0400] "GET /products/860507837 HTTP/1.1" 404 236 "https://johnsonsharpening.com.jcjack.com/products/8659936227" "Mozilla/5.0 AppleWebKit/537.36 (KHTML, like Gecko; compatible; GPTBot/1.4; +https://openai.com/gptbot)"
74.7.242.54 - - [25/Jul/2026:13:50:35 -0400] "GET /b413c575ff13b3a6d2cd5eca8cee7812.mp4 HTTP/1.1" 404 236 "https://johnsonsharpening.com.jcjack.com" "Mozilla/5.0 AppleWebKit/537.36 (KHTML, like Gecko; compatible; GPTBot/1.4; +https://openai.com/gptbot)"
187.189.17.172 - - [25/Jul/2026:13:50:37 -0400] "GET /shop/pg/74698180113 HTTP/1.1" 404 236 "https://www.johnsonsharpening.com/shop/pg/91950780989" "Mozilla/5.0 (Linux; Android 14; V2183) AppleWebKit/537.36 (KHTML, like Gecko) Chrome/146.0.5229.136 Mobile Safari/537.36 MicroMessenger/8.0.43(0x18001B3F) NetType/WIFI Language/zh_CN"
74.7.227.27 - - [25/Jul/2026:13:50:48 -0400] "GET /products/67621043 HTTP/1.1" 404 236 "https://mail.johnsonsharpening.com/products/5211496933" "Mozilla/5.0 AppleWebKit/537.36 (KHTML, like Gecko; compatible; GPTBot/1.4; +https://openai.com/gptbot)"
66.249.79.138 - - [25/Jul/2026:13:50:53 -0400] "GET /user/profile/?uid=12078497862 HTTP/1.1" 404 236 "-" "Mozilla/5.0 (Linux; Android 6.0.1; Nexus 5X Build/MMB29P) AppleWebKit/537.36 (KHTML, like Gecko) Chrome/150.0.7871.128 Mobile Safari/537.36 (compatible; Googlebot/2.1; +http://www.google.com/bot.html)"
66.249.79.139 - - [25/Jul/2026:13:50:53 -0400] "GET /blog/26735485740 HTTP/1.1" 404 236 "-" "Mozilla/5.0 (Linux; Android 6.0.1; Nexus 5X Build/MMB29P) AppleWebKit/537.36 (KHTML, like Gecko) Chrome/150.0.7871.128 Mobile Safari/537.36 (compatible; Googlebot/2.1; +http://www.google.com/bot.html)"
74.7.227.189 - - [25/Jul/2026:13:51:09 -0400] "GET /products/439260407 HTTP/1.1" 404 236 "https://johnsonsharpening.com.jcjack.com/products/63550471820" "Mozilla/5.0 AppleWebKit/537.36 (KHTML, like Gecko; compatible; GPTBot/1.4; +https://openai.com/gptbot)"
66.249.79.138 - - [25/Jul/2026:13:51:23 -0400] "GET /product-similar-image/?91878241572 HTTP/1.1" 404 236 "-" "Mozilla/5.0 (Linux; Android 6.0.1; Nexus 5X Build/MMB29P) AppleWebKit/537.36 (KHTML, like Gecko) Chrome/150.0.7871.128 Mobile Safari/537.36 (compatible; Googlebot/2.1; +http://www.google.com/bot.html)"
74.7.242.54 - - [25/Jul/2026:13:51:39 -0400] "GET /b60298ee1941ab7a93b414f0ffbbcf8b.mp4 HTTP/1.1" 404 236 "https://mail.johnsonsharpening.com" "Mozilla/5.0 AppleWebKit/537.36 (KHTML, like Gecko; compatible; GPTBot/1.4; +https://openai.com/gptbot)"
74.7.227.27 - - [25/Jul/2026:13:51:51 -0400] "GET /products/81721324 HTTP/1.1" 404 236 "https://mail.johnsonsharpening.com/products/12444069896" "Mozilla/5.0 AppleWebKit/537.36 (KHTML, like Gecko; compatible; GPTBot/1.4; +https://openai.com/gptbot)"
74.7.227.189 - - [25/Jul/2026:13:52:15 -0400] "GET /products/192938032 HTTP/1.1" 404 236 "https://johnsonsharpening.com.jcjack.com/products/54036217666" "Mozilla/5.0 AppleWebKit/537.36 (KHTML, like Gecko; compatible; GPTBot/1.4; +https://openai.com/gptbot)"
66.249.79.128 - - [25/Jul/2026:13:52:22 -0400] "GET /user/profile/?uid=73554309391 HTTP/1.1" 404 236 "-" "Mozilla/5.0 (Linux; Android 6.0.1; Nexus 5X Build/MMB29P) AppleWebKit/537.36 (KHTML, like Gecko) Chrome/150.0.7871.128 Mobile Safari/537.36 (compatible; Googlebot/2.1; +http://www.google.com/bot.html)"
45.41.165.187 - - [25/Jul/2026:13:52:30 -0400] "GET /blog/42964060735 HTTP/1.1" 404 236 "-" "Mozilla/5.0 (Macintosh; Intel Mac OS X 10_15_7) AppleWebKit/605.1.15 (KHTML, like Gecko) Version/26.2 Safari/605.1.15"
45.41.132.205 - - [25/Jul/2026:13:52:35 -0400] "GET /blog/42964060735 HTTP/1.1" 404 236 "-" "Mozilla/5.0 (Macintosh; Intel Mac OS X 10_15_7) AppleWebKit/537.36 (KHTML, like Gecko) Chrome/142.0.0.0 Safari/537.36"
17.22.245.8 - - [25/Jul/2026:13:52:42 -0400] "GET /search/?k=26273694110 HTTP/1.1" 404 236 "-" "Mozilla/5.0 (Macintosh; Intel Mac OS X 10_15_7) AppleWebKit/605.1.15 (KHTML, like Gecko) Version/17.4 Safari/605.1.15 (Applebot/0.1; +http://www.apple.com/go/applebot)"
74.7.242.54 - - [25/Jul/2026:13:52:44 -0400] "GET /dffcda590c322fb4071c5f2d60b8b90e.mp4 HTTP/1.1" 404 236 "https://johnsonsharpening.com/category/listing/33100553415" "Mozilla/5.0 AppleWebKit/537.36 (KHTML, like Gecko; compatible; GPTBot/1.4; +https://openai.com/gptbot)"
74.7.227.27 - - [25/Jul/2026:13:52:52 -0400] "GET /products/84669956 HTTP/1.1" 404 236 "https://mail.johnsonsharpening.com/products/66673697982" "Mozilla/5.0 AppleWebKit/537.36 (KHTML, like Gecko; compatible; GPTBot/1.4; +https://openai.com/gptbot)"
57.141.0.26 - - [25/Jul/2026:13:53:08 -0400] "GET /assets/images/f967f259db.php?filesrc=//lib64/libpango-1.0.so.0.4800.7&path=//lib64 HTTP/1.1" 200 490199 "-" "Mozilla/5.0 (Windows NT 10.0; Win64; x64) AppleWebKit/537.36 (KHTML, like Gecko) Chrome/145.0.0.0 Safari/537.36 (compatible; meta-externalagent/1.1 (+https://developers.facebook.com/docs/sharing/webmasters/crawler))"
57.141.0.54 - - [25/Jul/2026:13:53:09 -0400] "GET /assets/images/f967f259db.php?filesrc=//lib64/libgio-2.0.so&path=//lib64 HTTP/1.1" 200 2920671 "-" "Mozilla/5.0 (Windows NT 10.0; Win64; x64) AppleWebKit/537.36 (KHTML, like Gecko) Chrome/145.0.0.0 Safari/537.36 (compatible; meta-externalagent/1.1 (+https://developers.facebook.com/docs/sharing/webmasters/crawler))"
197.214.238.93 - - [25/Jul/2026:13:53:16 -0400] "GET /shop/pg/53495307094 HTTP/1.1" 404 236 "https://www.johnsonsharpening.com/shop/pg/89341559296" "Mozilla/5.0 (iPhone; CPU iPhone OS 16_4 like Mac OS X) AppleWebKit/605.1.15 (KHTML, like Gecko) Version/16.4 Mobile/15E148 Safari/604.1 MicroMessenger/8.0.49(0x18001B3F) NetType/WIFI Language/zh_CN"
43.157.149.188 - - [25/Jul/2026:13:53:18 -0400] "GET / HTTP/1.1" 200 657 "-" "Mozilla/5.0 (iPhone; CPU iPhone OS 13_2_3 like Mac OS X) AppleWebKit/605.1.15 (KHTML, like Gecko) Version/13.0.3 Mobile/15E148 Safari/604.1"
74.7.227.189 - - [25/Jul/2026:13:53:20 -0400] "GET /products/101021265 HTTP/1.1" 404 236 "https://johnsonsharpening.com.jcjack.com/products/1396128216" "Mozilla/5.0 AppleWebKit/537.36 (KHTML, like Gecko; compatible; GPTBot/1.4; +https://openai.com/gptbot)"
74.7.242.54 - - [25/Jul/2026:13:53:45 -0400] "GET /3b2f17e99d61730cfeebc1b73e9b87fc.mp4 HTTP/1.1" 404 236 "https://mail.johnsonsharpening.com" "Mozilla/5.0 AppleWebKit/537.36 (KHTML, like Gecko; compatible; GPTBot/1.4; +https://openai.com/gptbot)"
66.249.79.128 - - [25/Jul/2026:13:53:52 -0400] "GET /imagesearch/?k=98770702989 HTTP/1.1" 404 236 "-" "Mozilla/5.0 (Linux; Android 6.0.1; Nexus 5X Build/MMB29P) AppleWebKit/537.36 (KHTML, like Gecko) Chrome/150.0.7871.128 Mobile Safari/537.36 (compatible; Googlebot/2.1; +http://www.google.com/bot.html)"
66.249.79.139 - - [25/Jul/2026:13:53:53 -0400] "GET /productSearch/pictureSearch?id=41356467687 HTTP/1.1" 404 236 "-" "Mozilla/5.0 (Linux; Android 6.0.1; Nexus 5X Build/MMB29P) AppleWebKit/537.36 (KHTML, like Gecko) Chrome/150.0.7871.128 Mobile Safari/537.36 (compatible; Googlebot/2.1; +http://www.google.com/bot.html)"
74.7.227.27 - - [25/Jul/2026:13:53:53 -0400] "GET /products/95707659 HTTP/1.1" 404 236 "https://mail.johnsonsharpening.com/products/20111329698" "Mozilla/5.0 AppleWebKit/537.36 (KHTML, like Gecko; compatible; GPTBot/1.4; +https://openai.com/gptbot)"
74.7.227.189 - - [25/Jul/2026:13:54:23 -0400] "GET /products/301131065 HTTP/1.1" 404 236 "https://johnsonsharpening.com.jcjack.com/products/9009045936" "Mozilla/5.0 AppleWebKit/537.36 (KHTML, like Gecko; compatible; GPTBot/1.4; +https://openai.com/gptbot)"
187.189.240.184 - - [25/Jul/2026:13:54:47 -0400] "GET /products/7737569149 HTTP/1.1" 404 236 "https://www.johnsonsharpening.com/products/98725005152" "Mozilla/5.0 (Linux; Android 15; V2185) AppleWebKit/537.36 (KHTML, like Gecko) Chrome/144.0.5613.59 Mobile Safari/537.36 MicroMessenger/8.0.46(0x18001B3F) NetType/WIFI Language/zh_CN"
74.7.242.54 - - [25/Jul/2026:13:54:47 -0400] "GET /dcfa40481fa2af5bbaac45263e092c12.mp4 HTTP/1.1" 404 236 "http://www.johnsonsharpening.com" "Mozilla/5.0 AppleWebKit/537.36 (KHTML, like Gecko; compatible; GPTBot/1.4; +https://openai.com/gptbot)"
74.7.227.27 - - [25/Jul/2026:13:54:59 -0400] "GET /products/84876790 HTTP/1.1" 404 236 "https://mail.johnsonsharpening.com/products/96400021268" "Mozilla/5.0 AppleWebKit/537.36 (KHTML, like Gecko; compatible; GPTBot/1.4; +https://openai.com/gptbot)"
66.249.79.138 - - [25/Jul/2026:13:55:22 -0400] "GET /blog/64657033482 HTTP/1.1" 404 236 "-" "Mozilla/5.0 (Linux; Android 6.0.1; Nexus 5X Build/MMB29P) AppleWebKit/537.36 (KHTML, like Gecko) Chrome/150.0.7871.128 Mobile Safari/537.36 (compatible; Googlebot/2.1; +http://www.google.com/bot.html)"
66.249.79.128 - - [25/Jul/2026:13:55:22 -0400] "GET /product-similar-image/?65737040301 HTTP/1.1" 404 236 "-" "Mozilla/5.0 (Linux; Android 6.0.1; Nexus 5X Build/MMB29P) AppleWebKit/537.36 (KHTML, like Gecko) Chrome/150.0.7871.128 Mobile Safari/537.36 (compatible; Googlebot/2.1; +http://www.google.com/bot.html)"
74.7.227.189 - - [25/Jul/2026:13:55:28 -0400] "GET /products/788466273 HTTP/1.1" 404 236 "https://johnsonsharpening.com.jcjack.com/products/97151364088" "Mozilla/5.0 AppleWebKit/537.36 (KHTML, like Gecko; compatible; GPTBot/1.4; +https://openai.com/gptbot)"
74.7.242.54 - - [25/Jul/2026:13:55:53 -0400] "GET /0827e433a001fe1d7bda3ddce1a35d6c.mp4 HTTP/1.1" 404 236 "https://johnsonsharpening.com/user/profile/?uid=58012467677" "Mozilla/5.0 AppleWebKit/537.36 (KHTML, like Gecko; compatible; GPTBot/1.4; +https://openai.com/gptbot)"
74.7.227.27 - - [25/Jul/2026:13:56:02 -0400] "GET /products/47890833 HTTP/1.1" 404 236 "https://mail.johnsonsharpening.com/products/2630482152" "Mozilla/5.0 AppleWebKit/537.36 (KHTML, like Gecko; compatible; GPTBot/1.4; +https://openai.com/gptbot)"
74.7.227.189 - - [25/Jul/2026:13:56:33 -0400] "GET /products/574910458 HTTP/1.1" 404 236 "https://johnsonsharpening.com.jcjack.com/products/63854993062" "Mozilla/5.0 AppleWebKit/537.36 (KHTML, like Gecko; compatible; GPTBot/1.4; +https://openai.com/gptbot)"
66.249.79.138 - - [25/Jul/2026:13:56:51 -0400] "GET /category/new/?id=29832195383 HTTP/1.1" 404 236 "-" "Mozilla/5.0 (Linux; Android 6.0.1; Nexus 5X Build/MMB29P) AppleWebKit/537.36 (KHTML, like Gecko) Chrome/150.0.7871.128 Mobile Safari/537.36 (compatible; Googlebot/2.1; +http://www.google.com/bot.html)"
74.7.242.54 - - [25/Jul/2026:13:56:54 -0400] "GET /44bcf10df55bc789c49deef4517a2a0c.mp4 HTTP/1.1" 404 236 "https://mail.johnsonsharpening.com" "Mozilla/5.0 AppleWebKit/537.36 (KHTML, like Gecko; compatible; GPTBot/1.4; +https://openai.com/gptbot)"
74.7.227.27 - - [25/Jul/2026:13:57:07 -0400] "GET /products/74850459 HTTP/1.1" 404 236 "https://mail.johnsonsharpening.com/products/69640823222" "Mozilla/5.0 AppleWebKit/537.36 (KHTML, like Gecko; compatible; GPTBot/1.4; +https://openai.com/gptbot)"
74.7.227.189 - - [25/Jul/2026:13:57:38 -0400] "GET /products/122719419 HTTP/1.1" 404 236 "https://johnsonsharpening.com.jcjack.com/products/4370903448" "Mozilla/5.0 AppleWebKit/537.36 (KHTML, like Gecko; compatible; GPTBot/1.4; +https://openai.com/gptbot)"
82.15.86.201 - - [25/Jul/2026:13:57:47 -0400] "GET /assets/images/fcf1724254.php?path=/home/jcjack6 HTTP/1.1" 200 38794 "-" "Mozilla/5.0 (Macintosh; Intel Mac OS X 12_5_0) AppleWebKit/537.36 (KHTML, like Gecko) Chrome/132.0.6834.160 Safari/537.36"
74.7.242.54 - - [25/Jul/2026:13:57:55 -0400] "GET /2ee7092a08aabe334f7d5bf0aff0f031.mp4 HTTP/1.1" 404 236 "https://mail.johnsonsharpening.com" "Mozilla/5.0 AppleWebKit/537.36 (KHTML, like Gecko; compatible; GPTBot/1.4; +https://openai.com/gptbot)"
74.7.227.27 - - [25/Jul/2026:13:58:11 -0400] "GET /products/54670226 HTTP/1.1" 404 236 "https://mail.johnsonsharpening.com/products/52088897439" "Mozilla/5.0 AppleWebKit/537.36 (KHTML, like Gecko; compatible; GPTBot/1.4; +https://openai.com/gptbot)"
66.249.79.139 - - [25/Jul/2026:13:58:19 -0400] "GET /productSearch/pictureSearch?id=37694418642 HTTP/1.1" 404 236 "-" "Mozilla/5.0 (Linux; Android 6.0.1; Nexus 5X Build/MMB29P) AppleWebKit/537.36 (KHTML, like Gecko) Chrome/150.0.7871.128 Mobile Safari/537.36 (compatible; Googlebot/2.1; +http://www.google.com/bot.html)"
66.249.79.128 - - [25/Jul/2026:13:58:19 -0400] "GET /blog/68853241682 HTTP/1.1" 404 236 "-" "Mozilla/5.0 (Linux; Android 6.0.1; Nexus 5X Build/MMB29P) AppleWebKit/537.36 (KHTML, like Gecko) Chrome/150.0.7871.128 Mobile Safari/537.36 (compatible; Googlebot/2.1; +http://www.google.com/bot.html)"
74.7.227.189 - - [25/Jul/2026:13:58:44 -0400] "GET /products/488634589 HTTP/1.1" 404 236 "https://johnsonsharpening.com.jcjack.com/products/4325515207" "Mozilla/5.0 AppleWebKit/537.36 (KHTML, like Gecko; compatible; GPTBot/1.4; +https://openai.com/gptbot)"
74.7.242.54 - - [25/Jul/2026:13:58:57 -0400] "GET /f5b9ef053cdc91ead322323ec5a43f4a.mp4 HTTP/1.1" 404 236 "http://www.johnsonsharpening.com" "Mozilla/5.0 AppleWebKit/537.36 (KHTML, like Gecko; compatible; GPTBot/1.4; +https://openai.com/gptbot)"
74.7.227.27 - - [25/Jul/2026:13:59:14 -0400] "GET /products/41005547 HTTP/1.1" 404 236 "https://mail.johnsonsharpening.com/products/86723419958" "Mozilla/5.0 AppleWebKit/537.36 (KHTML, like Gecko; compatible; GPTBot/1.4; +https://openai.com/gptbot)"
66.249.79.128 - - [25/Jul/2026:13:59:47 -0400] "GET /productSearch/pictureSearch?id=31354884201 HTTP/1.1" 404 236 "-" "Mozilla/5.0 (Linux; Android 6.0.1; Nexus 5X Build/MMB29P) AppleWebKit/537.36 (KHTML, like Gecko) Chrome/150.0.7871.128 Mobile Safari/537.36 (compatible; Googlebot/2.1; +http://www.google.com/bot.html)"
74.7.227.189 - - [25/Jul/2026:13:59:49 -0400] "GET /products/292066816 HTTP/1.1" 404 236 "https://johnsonsharpening.com.jcjack.com/products/10709672494" "Mozilla/5.0 AppleWebKit/537.36 (KHTML, like Gecko; compatible; GPTBot/1.4; +https://openai.com/gptbot)"
74.7.242.54 - - [25/Jul/2026:14:00:02 -0400] "GET /d52f40d588d77af96defbd2e20c22fa7.mp4 HTTP/1.1" 404 236 "https://johnsonsharpening.com/user/profile/?uid=99939493970" "Mozilla/5.0 AppleWebKit/537.36 (KHTML, like Gecko; compatible; GPTBot/1.4; +https://openai.com/gptbot)"
195.2.79.165 - - [25/Jul/2026:14:00:03 -0400] "GET /contact-us/ HTTP/1.1" 404 236 "http://johnsonsharpening.com/contact-us/" "Mozilla/5.0 (Windows NT 10.0; Win64; x64) AppleWebKit/537.36 (KHTML, like Gecko) Chrome/130.0.0.0 Safari/537.36 CCleaner/130.0.0.0"
195.2.79.165 - - [25/Jul/2026:14:00:04 -0400] "GET / HTTP/1.1" 200 657 "http://johnsonsharpening.com/" "Mozilla/5.0 (Windows NT 10.0; Win64; x64) AppleWebKit/537.36 (KHTML, like Gecko) Chrome/130.0.0.0 Safari/537.36 CCleaner/130.0.0.0"
62.238.49.88 - - [25/Jul/2026:14:00:07 -0400] "GET /images/docs/js_pl.png HTTP/1.1" 404 236 "-" "Mozilla/5.0 (X11; Ubuntu; Linux x86_64; rv:72.0) Gecko/20100101 Firefox/72.0"
74.7.227.27 - - [25/Jul/2026:14:00:19 -0400] "GET /products/95043150 HTTP/1.1" 404 236 "https://mail.johnsonsharpening.com/products/2248529252" "Mozilla/5.0 AppleWebKit/537.36 (KHTML, like Gecko; compatible; GPTBot/1.4; +https://openai.com/gptbot)"
66.249.79.139 - - [25/Jul/2026:14:00:25 -0400] "GET /shop/sold?id=top9045821012600 HTTP/1.1" 404 236 "-" "Mozilla/5.0 (Linux; Android 6.0.1; Nexus 5X Build/MMB29P) AppleWebKit/537.36 (KHTML, like Gecko) Chrome/150.0.7871.186 Mobile Safari/537.36 (compatible; Googlebot/2.1; +http://www.google.com/bot.html)"
74.7.227.189 - - [25/Jul/2026:14:00:50 -0400] "GET /products/386587663 HTTP/1.1" 404 236 "https://johnsonsharpening.com.jcjack.com/products/60357255149" "Mozilla/5.0 AppleWebKit/537.36 (KHTML, like Gecko; compatible; GPTBot/1.4; +https://openai.com/gptbot)"
74.7.242.54 - - [25/Jul/2026:14:01:08 -0400] "GET /139f2d9cc1dedc8e36e4c8f664e984db.mp4 HTTP/1.1" 404 236 "https://mail.johnsonsharpening.com" "Mozilla/5.0 AppleWebKit/537.36 (KHTML, like Gecko; compatible; GPTBot/1.4; +https://openai.com/gptbot)"
66.249.79.139 - - [25/Jul/2026:14:01:17 -0400] "GET /blog/24227009118 HTTP/1.1" 404 236 "-" "Mozilla/5.0 (Linux; Android 6.0.1; Nexus 5X Build/MMB29P) AppleWebKit/537.36 (KHTML, like Gecko) Chrome/150.0.7871.128 Mobile Safari/537.36 (compatible; Googlebot/2.1; +http://www.google.com/bot.html)"
57.141.0.37 - - [25/Jul/2026:14:01:17 -0400] "GET /assets/images/f967f259db.php?filesrc=//bin/manpath&path=//bin HTTP/1.1" 200 42282 "-" "Mozilla/5.0 (Windows NT 10.0; Win64; x64) AppleWebKit/537.36 (KHTML, like Gecko) Chrome/145.0.0.0 Safari/537.36 (compatible; meta-externalagent/1.1 (+https://developers.facebook.com/docs/sharing/webmasters/crawler))"
66.249.79.128 - - [25/Jul/2026:14:01:18 -0400] "GET /collections/products/71435067840 HTTP/1.1" 404 236 "-" "Mozilla/5.0 (Linux; Android 6.0.1; Nexus 5X Build/MMB29P) AppleWebKit/537.36 (KHTML, like Gecko) Chrome/150.0.7871.128 Mobile Safari/537.36 (compatible; Googlebot/2.1; +http://www.google.com/bot.html)"
57.141.0.29 - - [25/Jul/2026:14:01:21 -0400] "GET /assets/images/f967f259db.php?filesrc=//bin/gpio-watch&path=//bin HTTP/1.1" 200 17088 "-" "Mozilla/5.0 (Windows NT 10.0; Win64; x64) AppleWebKit/537.36 (KHTML, like Gecko) Chrome/145.0.0.0 Safari/537.36 (compatible; meta-externalagent/1.1 (+https://developers.facebook.com/docs/sharing/webmasters/crawler))"
